66.249.74.71 - - [27/May/2025:19:30:07 -0400] "GET /product/edit/60117733 HTTP/1.1" 200 6362 "-" "Mozilla/5.0 (Linux; Android 6.0.1; Nexus 5X Build/MMB29P) AppleWebKit/537.36 (KHTML, like Gecko) Chrome/136.0.7103.113 Mobile Safari/537.36 (compatible; Googlebot/2.1; +http://www.google.com/bot.html)"
66.249.74.71 - - [27/May/2025:19:30:27 -0400] "GET /product/edit/28599711 HTTP/1.1" 200 6362 "-" "Mozilla/5.0 (Linux; Android 6.0.1; Nexus 5X Build/MMB29P) AppleWebKit/537.36 (KHTML, like Gecko) Chrome/136.0.7103.113 Mobile Safari/537.36 (compatible; Googlebot/2.1; +http://www.google.com/bot.html)"
66.249.74.71 - - [27/May/2025:19:30:51 -0400] "GET /product/edit/95245053 HTTP/1.1" 200 6362 "-" "Mozilla/5.0 (Linux; Android 6.0.1; Nexus 5X Build/MMB29P) AppleWebKit/537.36 (KHTML, like Gecko) Chrome/136.0.7103.113 Mobile Safari/537.36 (compatible; Googlebot/2.1; +http://www.google.com/bot.html)"
66.249.74.71 - - [27/May/2025:19:30:54 -0400] "GET /product/edit/92792507 HTTP/1.1" 200 6362 "-" "Mozilla/5.0 (Linux; Android 6.0.1; Nexus 5X Build/MMB29P) AppleWebKit/537.36 (KHTML, like Gecko) Chrome/136.0.7103.113 Mobile Safari/537.36 (compatible; Googlebot/2.1; +http://www.google.com/bot.html)"
66.249.65.194 - - [27/May/2025:19:31:01 -0400] "GET /js/main.js HTTP/1.1" 200 1033573 "https://sdipmtools.com/login" "Mozilla/5.0 (Linux; Android 6.0.1; Nexus 5X Build/MMB29P) AppleWebKit/537.36 (KHTML, like Gecko) Chrome/136.0.7103.92 Mobile Safari/537.36 (compatible; Googlebot/2.1; +http://www.google.com/bot.html)"
66.249.74.73 - - [27/May/2025:19:31:01 -0400] "GET /product/edit/29178028 HTTP/1.1" 200 6362 "-" "Mozilla/5.0 (Linux; Android 6.0.1; Nexus 5X Build/MMB29P) AppleWebKit/537.36 (KHTML, like Gecko) Chrome/136.0.7103.113 Mobile Safari/537.36 (compatible; Googlebot/2.1; +http://www.google.com/bot.html)"
66.249.65.193 - - [27/May/2025:19:31:02 -0400] "GET /js/main.js HTTP/1.1" 200 1033573 "https://sdipmtools.com/login" "Mozilla/5.0 (Linux; Android 6.0.1; Nexus 5X Build/MMB29P) AppleWebKit/537.36 (KHTML, like Gecko) Chrome/136.0.7103.92 Mobile Safari/537.36 (compatible; Googlebot/2.1; +http://www.google.com/bot.html)"
66.249.74.71 - - [27/May/2025:19:31:09 -0400] "GET /product/edit/65219513 HTTP/1.1" 200 6362 "-" "Mozilla/5.0 (Linux; Android 6.0.1; Nexus 5X Build/MMB29P) AppleWebKit/537.36 (KHTML, like Gecko) Chrome/136.0.7103.113 Mobile Safari/537.36 (compatible; Googlebot/2.1; +http://www.google.com/bot.html)"
66.249.74.71 - - [27/May/2025:19:31:24 -0400] "GET /product/edit/64409811 HTTP/1.1" 200 6362 "-" "Mozilla/5.0 (Linux; Android 6.0.1; Nexus 5X Build/MMB29P) AppleWebKit/537.36 (KHTML, like Gecko) Chrome/136.0.7103.113 Mobile Safari/537.36 (compatible; Googlebot/2.1; +http://www.google.com/bot.html)"
66.249.65.194 - - [27/May/2025:19:31:54 -0400] "GET /js/main.js HTTP/1.1" 200 1033573 "https://sdipmtools.com/login" "Mozilla/5.0 (Linux; Android 6.0.1; Nexus 5X Build/MMB29P) AppleWebKit/537.36 (KHTML, like Gecko) Chrome/136.0.7103.92 Mobile Safari/537.36 (compatible; Googlebot/2.1; +http://www.google.com/bot.html)"
66.249.74.71 - - [27/May/2025:19:31:58 -0400] "GET /product/edit/94510937 HTTP/1.1" 200 6362 "-" "Mozilla/5.0 (Linux; Android 6.0.1; Nexus 5X Build/MMB29P) AppleWebKit/537.36 (KHTML, like Gecko) Chrome/136.0.7103.113 Mobile Safari/537.36 (compatible; Googlebot/2.1; +http://www.google.com/bot.html)"
66.249.65.194 - - [27/May/2025:19:32:02 -0400] "GET /js/main.js HTTP/1.1" 200 1033573 "https://sdipmtools.com/login" "Mozilla/5.0 (Linux; Android 6.0.1; Nexus 5X Build/MMB29P) AppleWebKit/537.36 (KHTML, like Gecko) Chrome/136.0.7103.92 Mobile Safari/537.36 (compatible; Googlebot/2.1; +http://www.google.com/bot.html)"
66.249.74.72 - - [27/May/2025:19:30:14 -0400] "GET /product/edit/53360558 HTTP/1.1" 200 6362 "-" "Mozilla/5.0 (Linux; Android 6.0.1; Nexus 5X Build/MMB29P) AppleWebKit/537.36 (KHTML, like Gecko) Chrome/136.0.7103.113 Mobile Safari/537.36 (compatible; Googlebot/2.1; +http://www.google.com/bot.html)"
66.249.65.194 - - [27/May/2025:19:30:20 -0400] "GET /js/main.js HTTP/1.1" 200 1033573 "https://sdipmtools.com/login" "Mozilla/5.0 (Linux; Android 6.0.1; Nexus 5X Build/MMB29P) AppleWebKit/537.36 (KHTML, like Gecko) Chrome/136.0.7103.92 Mobile Safari/537.36 (compatible; Googlebot/2.1; +http://www.google.com/bot.html)"
66.249.74.71 - - [27/May/2025:19:30:21 -0400] "GET /product/edit/19491307 HTTP/1.1" 200 6362 "-" "Mozilla/5.0 (Linux; Android 6.0.1; Nexus 5X Build/MMB29P) AppleWebKit/537.36 (KHTML, like Gecko) Chrome/136.0.7103.113 Mobile Safari/537.36 (compatible; Googlebot/2.1; +http://www.google.com/bot.html)"
66.249.74.71 - - [27/May/2025:19:30:44 -0400] "GET /product/edit/13459349 HTTP/1.1" 200 6362 "-" "Mozilla/5.0 (Linux; Android 6.0.1; Nexus 5X Build/MMB29P) AppleWebKit/537.36 (KHTML, like Gecko) Chrome/136.0.7103.113 Mobile Safari/537.36 (compatible; Googlebot/2.1; +http://www.google.com/bot.html)"
66.249.74.71 - - [27/May/2025:19:31:47 -0400] "GET /product/edit/47238435 HTTP/1.1" 200 6362 "-" "Mozilla/5.0 (Linux; Android 6.0.1; Nexus 5X Build/MMB29P) AppleWebKit/537.36 (KHTML, like Gecko) Chrome/136.0.7103.113 Mobile Safari/537.36 (compatible; Googlebot/2.1; +http://www.google.com/bot.html)"
66.249.74.71 - - [27/May/2025:19:31:54 -0400] "GET /product/edit/25091681 HTTP/1.1" 200 6362 "-" "Mozilla/5.0 (Linux; Android 6.0.1; Nexus 5X Build/MMB29P) AppleWebKit/537.36 (KHTML, like Gecko) Chrome/136.0.7103.113 Mobile Safari/537.36 (compatible; Googlebot/2.1; +http://www.google.com/bot.html)"
66.249.74.71 - - [27/May/2025:19:32:24 -0400] "GET /product/edit/50677875 HTTP/1.1" 200 6362 "-" "Mozilla/5.0 (Linux; Android 6.0.1; Nexus 5X Build/MMB29P) AppleWebKit/537.36 (KHTML, like Gecko) Chrome/136.0.7103.113 Mobile Safari/537.36 (compatible; Googlebot/2.1; +http://www.google.com/bot.html)"
66.249.65.193 - - [27/May/2025:19:32:56 -0400] "GET /js/main.js HTTP/1.1" 200 1033573 "https://sdipmtools.com/login" "Mozilla/5.0 (Linux; Android 6.0.1; Nexus 5X Build/MMB29P) AppleWebKit/537.36 (KHTML, like Gecko) Chrome/136.0.7103.92 Mobile Safari/537.36 (compatible; Googlebot/2.1; +http://www.google.com/bot.html)"
66.249.74.73 - - [27/May/2025:19:33:03 -0400] "GET /product/edit/48308180 HTTP/1.1" 200 6362 "-" "Mozilla/5.0 (Linux; Android 6.0.1; Nexus 5X Build/MMB29P) AppleWebKit/537.36 (KHTML, like Gecko) Chrome/136.0.7103.113 Mobile Safari/537.36 (compatible; Googlebot/2.1; +http://www.google.com/bot.html)"
66.249.74.71 - - [27/May/2025:19:33:16 -0400] "GET /?_gl=1*rgknbr*_ga*MzY3MjE1MDcwLjE3MzcwOTUyMjA.*_ga_0VKVKKN4NV*MTczNzEwMjM4NC4yLjEuMTczNzEwMjQ1My42MC4wLjA.&_bd_prev_page=https://sdipmtools.com/detail.php?shopdetail/18078619 HTTP/1.1" 200 4430 "-" "Mozilla/5.0 (Linux; Android 6.0.1; Nexus 5X Build/MMB29P) AppleWebKit/537.36 (KHTML, like Gecko) Chrome/136.0.7103.113 Mobile Safari/537.36 (compatible; Googlebot/2.1; +http://www.google.com/bot.html)"
66.249.65.194 - - [27/May/2025:19:33:20 -0400] "GET /js/main.js HTTP/1.1" 200 1033573 "https://sdipmtools.com/login" "Mozilla/5.0 (Linux; Android 6.0.1; Nexus 5X Build/MMB29P) AppleWebKit/537.36 (KHTML, like Gecko) Chrome/136.0.7103.92 Mobile Safari/537.36 (compatible; Googlebot/2.1; +http://www.google.com/bot.html)"
66.249.74.71 - - [27/May/2025:19:33:29 -0400] "GET /product/edit/35485532 HTTP/1.1" 200 6362 "-" "Mozilla/5.0 (Linux; Android 6.0.1; Nexus 5X Build/MMB29P) AppleWebKit/537.36 (KHTML, like Gecko) Chrome/136.0.7103.113 Mobile Safari/537.36 (compatible; Googlebot/2.1; +http://www.google.com/bot.html)"
66.249.74.71 - - [27/May/2025:19:32:09 -0400] "GET /product/edit/59664182 HTTP/1.1" 200 6362 "-" "Mozilla/5.0 (Linux; Android 6.0.1; Nexus 5X Build/MMB29P) AppleWebKit/537.36 (KHTML, like Gecko) Chrome/136.0.7103.113 Mobile Safari/537.36 (compatible; Googlebot/2.1; +http://www.google.com/bot.html)"
66.249.74.72 - - [27/May/2025:19:32:21 -0400] "GET /?_gl=1*rgknbr*_ga*MzY3MjE1MDcwLjE3MzcwOTUyMjA.*_ga_0VKVKKN4NV*MTczNzEwMjM4NC4yLjEuMTczNzEwMjQ1My42MC4wLjA.&_bd_prev_page=https://sdipmtools.com/detail.php?shopdetail/24510375 HTTP/1.1" 200 4430 "-" "Mozilla/5.0 (Linux; Android 6.0.1; Nexus 5X Build/MMB29P) AppleWebKit/537.36 (KHTML, like Gecko) Chrome/136.0.7103.113 Mobile Safari/537.36 (compatible; Googlebot/2.1; +http://www.google.com/bot.html)"
66.249.74.71 - - [27/May/2025:19:32:21 -0400] "GET /product/edit/41918599 HTTP/1.1" 200 6362 "-" "Mozilla/5.0 (Linux; Android 6.0.1; Nexus 5X Build/MMB29P) AppleWebKit/537.36 (KHTML, like Gecko) Chrome/136.0.7103.113 Mobile Safari/537.36 (compatible; Googlebot/2.1; +http://www.google.com/bot.html)"
66.249.74.71 - - [27/May/2025:19:32:37 -0400] "GET /product/edit/36499975 HTTP/1.1" 200 6362 "-" "Mozilla/5.0 (Linux; Android 6.0.1; Nexus 5X Build/MMB29P) AppleWebKit/537.36 (KHTML, like Gecko) Chrome/136.0.7103.113 Mobile Safari/537.36 (compatible; Googlebot/2.1; +http://www.google.com/bot.html)"
66.249.74.71 - - [27/May/2025:19:32:43 -0400] "GET /product/edit/59209666 HTTP/1.1" 200 6362 "-" "Mozilla/5.0 (Linux; Android 6.0.1; Nexus 5X Build/MMB29P) AppleWebKit/537.36 (KHTML, like Gecko) Chrome/136.0.7103.113 Mobile Safari/537.36 (compatible; Googlebot/2.1; +http://www.google.com/bot.html)"
66.249.74.71 - - [27/May/2025:19:32:50 -0400] "GET /product/edit/72862560 HTTP/1.1" 200 6362 "-" "Mozilla/5.0 (Linux; Android 6.0.1; Nexus 5X Build/MMB29P) AppleWebKit/537.36 (KHTML, like Gecko) Chrome/136.0.7103.113 Mobile Safari/537.36 (compatible; Googlebot/2.1; +http://www.google.com/bot.html)"
66.249.74.71 - - [27/May/2025:19:33:17 -0400] "GET /product/edit/88848549 HTTP/1.1" 200 6362 "-" "Mozilla/5.0 (Linux; Android 6.0.1; Nexus 5X Build/MMB29P) AppleWebKit/537.36 (KHTML, like Gecko) Chrome/136.0.7103.113 Mobile Safari/537.36 (compatible; Googlebot/2.1; +http://www.google.com/bot.html)"
66.249.65.193 - - [27/May/2025:19:33:20 -0400] "GET /js/main.js HTTP/1.1" 200 1033573 "https://sdipmtools.com/login" "Mozilla/5.0 (Linux; Android 6.0.1; Nexus 5X Build/MMB29P) AppleWebKit/537.36 (KHTML, like Gecko) Chrome/136.0.7103.92 Mobile Safari/537.36 (compatible; Googlebot/2.1; +http://www.google.com/bot.html)"
66.249.65.193 - - [27/May/2025:19:33:36 -0400] "GET /js/main.js HTTP/1.1" 200 1033573 "https://sdipmtools.com/login" "Mozilla/5.0 (Linux; Android 6.0.1; Nexus 5X Build/MMB29P) AppleWebKit/537.36 (KHTML, like Gecko) Chrome/136.0.7103.92 Mobile Safari/537.36 (compatible; Googlebot/2.1; +http://www.google.com/bot.html)"
66.249.74.71 - - [27/May/2025:19:33:42 -0400] "GET /product/edit/96560878 HTTP/1.1" 200 6362 "-" "Mozilla/5.0 (Linux; Android 6.0.1; Nexus 5X Build/MMB29P) AppleWebKit/537.36 (KHTML, like Gecko) Chrome/136.0.7103.113 Mobile Safari/537.36 (compatible; Googlebot/2.1; +http://www.google.com/bot.html)"
66.249.74.71 - - [27/May/2025:19:33:57 -0400] "GET /product/edit/75608516 HTTP/1.1" 200 6362 "-" "Mozilla/5.0 (Linux; Android 6.0.1; Nexus 5X Build/MMB29P) AppleWebKit/537.36 (KHTML, like Gecko) Chrome/136.0.7103.113 Mobile Safari/537.36 (compatible; Googlebot/2.1; +http://www.google.com/bot.html)"
66.249.65.194 - - [27/May/2025:19:34:33 -0400] "GET /js/main.js HTTP/1.1" 200 1033573 "https://sdipmtools.com/login" "Mozilla/5.0 (Linux; Android 6.0.1; Nexus 5X Build/MMB29P) AppleWebKit/537.36 (KHTML, like Gecko) Chrome/136.0.7103.92 Mobile Safari/537.36 (compatible; Googlebot/2.1; +http://www.google.com/bot.html)"
66.249.65.194 - - [27/May/2025:19:33:32 -0400] "GET /js/main.js HTTP/1.1" 200 1033573 "https://sdipmtools.com/login" "Mozilla/5.0 (Linux; Android 6.0.1; Nexus 5X Build/MMB29P) AppleWebKit/537.36 (KHTML, like Gecko) Chrome/136.0.7103.92 Mobile Safari/537.36 (compatible; Googlebot/2.1; +http://www.google.com/bot.html)"
66.249.65.194 - - [27/May/2025:19:33:33 -0400] "GET /js/main.js HTTP/1.1" 200 1033573 "https://sdipmtools.com/login" "Mozilla/5.0 (Linux; Android 6.0.1; Nexus 5X Build/MMB29P) AppleWebKit/537.36 (KHTML, like Gecko) Chrome/136.0.7103.92 Mobile Safari/537.36 (compatible; Googlebot/2.1; +http://www.google.com/bot.html)"
66.249.74.71 - - [27/May/2025:19:33:36 -0400] "GET /product/edit/83398021 HTTP/1.1" 200 6362 "-" "Mozilla/5.0 (Linux; Android 6.0.1; Nexus 5X Build/MMB29P) AppleWebKit/537.36 (KHTML, like Gecko) Chrome/136.0.7103.113 Mobile Safari/537.36 (compatible; Googlebot/2.1; +http://www.google.com/bot.html)"
66.249.65.193 - - [27/May/2025:19:33:49 -0400] "GET /js/main.js HTTP/1.1" 200 1033573 "https://sdipmtools.com/login" "Mozilla/5.0 (Linux; Android 6.0.1; Nexus 5X Build/MMB29P) AppleWebKit/537.36 (KHTML, like Gecko) Chrome/136.0.7103.92 Mobile Safari/537.36 (compatible; Googlebot/2.1; +http://www.google.com/bot.html)"
66.249.65.193 - - [27/May/2025:19:33:52 -0400] "GET /js/main.js HTTP/1.1" 200 1033573 "https://sdipmtools.com/login" "Mozilla/5.0 (Linux; Android 6.0.1; Nexus 5X Build/MMB29P) AppleWebKit/537.36 (KHTML, like Gecko) Chrome/136.0.7103.92 Mobile Safari/537.36 (compatible; Googlebot/2.1; +http://www.google.com/bot.html)"
66.249.74.71 - - [27/May/2025:19:34:03 -0400] "GET /product/edit/22848839 HTTP/1.1" 200 6362 "-" "Mozilla/5.0 (Linux; Android 6.0.1; Nexus 5X Build/MMB29P) AppleWebKit/537.36 (KHTML, like Gecko) Chrome/136.0.7103.113 Mobile Safari/537.36 (compatible; Googlebot/2.1; +http://www.google.com/bot.html)"
66.249.74.71 - - [27/May/2025:19:34:10 -0400] "GET /product/edit/21690091 HTTP/1.1" 200 6362 "-" "Mozilla/5.0 (Linux; Android 6.0.1; Nexus 5X Build/MMB29P) AppleWebKit/537.36 (KHTML, like Gecko) Chrome/136.0.7103.113 Mobile Safari/537.36 (compatible; Googlebot/2.1; +http://www.google.com/bot.html)"
66.249.74.71 - - [27/May/2025:19:34:17 -0400] "GET /product/edit/63862691 HTTP/1.1" 200 6362 "-" "Mozilla/5.0 (Linux; Android 6.0.1; Nexus 5X Build/MMB29P) AppleWebKit/537.36 (KHTML, like Gecko) Chrome/136.0.7103.113 Mobile Safari/537.36 (compatible; Googlebot/2.1; +http://www.google.com/bot.html)"
66.249.74.71 - - [27/May/2025:19:34:29 -0400] "GET /product/edit/63545881 HTTP/1.1" 200 6362 "-" "Mozilla/5.0 (Linux; Android 6.0.1; Nexus 5X Build/MMB29P) AppleWebKit/537.36 (KHTML, like Gecko) Chrome/136.0.7103.113 Mobile Safari/537.36 (compatible; Googlebot/2.1; +http://www.google.com/bot.html)"
66.249.65.194 - - [27/May/2025:19:34:34 -0400] "GET /js/main.js HTTP/1.1" 200 1033573 "https://sdipmtools.com/login" "Mozilla/5.0 (Linux; Android 6.0.1; Nexus 5X Build/MMB29P) AppleWebKit/537.36 (KHTML, like Gecko) Chrome/136.0.7103.92 Mobile Safari/537.36 (compatible; Googlebot/2.1; +http://www.google.com/bot.html)"
66.249.74.71 - - [27/May/2025:19:34:46 -0400] "GET /product/edit/13789836 HTTP/1.1" 200 6362 "-" "Mozilla/5.0 (Linux; Android 6.0.1; Nexus 5X Build/MMB29P) AppleWebKit/537.36 (KHTML, like Gecko) Chrome/136.0.7103.113 Mobile Safari/537.36 (compatible; Googlebot/2.1; +http://www.google.com/bot.html)"
66.249.74.71 - - [27/May/2025:19:34:54 -0400] "GET /product/edit/36232842 HTTP/1.1" 200 6362 "-" "Mozilla/5.0 (Linux; Android 6.0.1; Nexus 5X Build/MMB29P) AppleWebKit/537.36 (KHTML, like Gecko) Chrome/136.0.7103.113 Mobile Safari/537.36 (compatible; Googlebot/2.1; +http://www.google.com/bot.html)"
66.249.74.71 - - [27/May/2025:19:35:09 -0400] "GET /shopdetail/27744331 HTTP/1.1" 200 6362 "-" "Mozilla/5.0 (Linux; Android 6.0.1; Nexus 5X Build/MMB29P) AppleWebKit/537.36 (KHTML, like Gecko) Chrome/136.0.7103.113 Mobile Safari/537.36 (compatible; Googlebot/2.1; +http://www.google.com/bot.html)"
66.249.74.71 - - [27/May/2025:19:34:43 -0400] "GET /product/edit/44725933 HTTP/1.1" 200 6362 "-" "Mozilla/5.0 (Linux; Android 6.0.1; Nexus 5X Build/MMB29P) AppleWebKit/537.36 (KHTML, like Gecko) Chrome/136.0.7103.113 Mobile Safari/537.36 (compatible; Googlebot/2.1; +http://www.google.com/bot.html)"
66.249.74.72 - - [27/May/2025:19:35:16 -0400] "GET /product/edit/79100206 HTTP/1.1" 200 6362 "-" "Mozilla/5.0 (Linux; Android 6.0.1; Nexus 5X Build/MMB29P) AppleWebKit/537.36 (KHTML, like Gecko) Chrome/136.0.7103.113 Mobile Safari/537.36 (compatible; Googlebot/2.1; +http://www.google.com/bot.html)"
66.249.74.71 - - [27/May/2025:19:35:29 -0400] "GET /product/edit/12404916 HTTP/1.1" 200 6362 "-" "Mozilla/5.0 (Linux; Android 6.0.1; Nexus 5X Build/MMB29P) AppleWebKit/537.36 (KHTML, like Gecko) Chrome/136.0.7103.113 Mobile Safari/537.36 (compatible; Googlebot/2.1; +http://www.google.com/bot.html)"
66.249.65.194 - - [27/May/2025:19:35:31 -0400] "GET /js/main.js HTTP/1.1" 200 1033573 "https://sdipmtools.com/login" "Mozilla/5.0 (Linux; Android 6.0.1; Nexus 5X Build/MMB29P) AppleWebKit/537.36 (KHTML, like Gecko) Chrome/136.0.7103.92 Mobile Safari/537.36 (compatible; Googlebot/2.1; +http://www.google.com/bot.html)"
66.249.74.71 - - [27/May/2025:19:35:48 -0400] "GET /product/edit/46547884 HTTP/1.1" 200 6362 "-" "Mozilla/5.0 (Linux; Android 6.0.1; Nexus 5X Build/MMB29P) AppleWebKit/537.36 (KHTML, like Gecko) Chrome/136.0.7103.113 Mobile Safari/537.36 (compatible; Googlebot/2.1; +http://www.google.com/bot.html)"
66.249.74.71 - - [27/May/2025:19:35:55 -0400] "GET /product/edit/78196635 HTTP/1.1" 200 6362 "-" "Mozilla/5.0 (Linux; Android 6.0.1; Nexus 5X Build/MMB29P) AppleWebKit/537.36 (KHTML, like Gecko) Chrome/136.0.7103.113 Mobile Safari/537.36 (compatible; Googlebot/2.1; +http://www.google.com/bot.html)"
66.249.74.72 - - [27/May/2025:19:36:02 -0400] "GET /product/edit/93693980 HTTP/1.1" 200 6362 "-" "Mozilla/5.0 (Linux; Android 6.0.1; Nexus 5X Build/MMB29P) AppleWebKit/537.36 (KHTML, like Gecko) Chrome/136.0.7103.113 Mobile Safari/537.36 (compatible; Googlebot/2.1; +http://www.google.com/bot.html)"
66.249.74.71 - - [27/May/2025:19:36:09 -0400] "GET /product/edit/31738761 HTTP/1.1" 200 6362 "-" "Mozilla/5.0 (Linux; Android 6.0.1; Nexus 5X Build/MMB29P) AppleWebKit/537.36 (KHTML, like Gecko) Chrome/136.0.7103.113 Mobile Safari/537.36 (compatible; Googlebot/2.1; +http://www.google.com/bot.html)"
66.249.74.71 - - [27/May/2025:19:35:24 -0400] "GET /js/main.js HTTP/1.1" 200 1033573 "https://sdipmtools.com/login" "Mozilla/5.0 (Linux; Android 6.0.1; Nexus 5X Build/MMB29P) AppleWebKit/537.36 (KHTML, like Gecko) Chrome/136.0.7103.92 Mobile Safari/537.36 (compatible; Googlebot/2.1; +http://www.google.com/bot.html)"
66.249.65.193 - - [27/May/2025:19:35:32 -0400] "GET /js/main.js HTTP/1.1" 200 1033573 "https://sdipmtools.com/login" "Mozilla/5.0 (Linux; Android 6.0.1; Nexus 5X Build/MMB29P) AppleWebKit/537.36 (KHTML, like Gecko) Chrome/136.0.7103.92 Mobile Safari/537.36 (compatible; Googlebot/2.1; +http://www.google.com/bot.html)"
66.249.74.71 - - [27/May/2025:19:35:36 -0400] "GET /product/edit/81180050 HTTP/1.1" 200 6362 "-" "Mozilla/5.0 (Linux; Android 6.0.1; Nexus 5X Build/MMB29P) AppleWebKit/537.36 (KHTML, like Gecko) Chrome/136.0.7103.113 Mobile Safari/537.36 (compatible; Googlebot/2.1; +http://www.google.com/bot.html)"
66.249.65.194 - - [27/May/2025:19:36:12 -0400] "GET /js/main.js HTTP/1.1" 200 1033573 "https://sdipmtools.com/login" "Mozilla/5.0 (Linux; Android 6.0.1; Nexus 5X Build/MMB29P) AppleWebKit/537.36 (KHTML, like Gecko) Chrome/136.0.7103.92 Mobile Safari/537.36 (compatible; Googlebot/2.1; +http://www.google.com/bot.html)"
66.249.65.193 - - [27/May/2025:19:36:17 -0400] "GET /js/main.js HTTP/1.1" 200 1033573 "https://sdipmtools.com/login" "Mozilla/5.0 (Linux; Android 6.0.1; Nexus 5X Build/MMB29P) AppleWebKit/537.36 (KHTML, like Gecko) Chrome/136.0.7103.92 Mobile Safari/537.36 (compatible; Googlebot/2.1; +http://www.google.com/bot.html)"
66.249.74.71 - - [27/May/2025:19:36:28 -0400] "GET /product/edit/66162589 HTTP/1.1" 200 6362 "-" "Mozilla/5.0 (Linux; Android 6.0.1; Nexus 5X Build/MMB29P) AppleWebKit/537.36 (KHTML, like Gecko) Chrome/136.0.7103.113 Mobile Safari/537.36 (compatible; Googlebot/2.1; +http://www.google.com/bot.html)"
66.249.74.71 - - [27/May/2025:19:36:33 -0400] "GET /product/edit/60676747 HTTP/1.1" 200 6362 "-" "Mozilla/5.0 (Linux; Android 6.0.1; Nexus 5X Build/MMB29P) AppleWebKit/537.36 (KHTML, like Gecko) Chrome/136.0.7103.113 Mobile Safari/537.36 (compatible; Googlebot/2.1; +http://www.google.com/bot.html)"
66.249.74.71 - - [27/May/2025:19:36:39 -0400] "GET /product/edit/86117041 HTTP/1.1" 200 6362 "-" "Mozilla/5.0 (Linux; Android 6.0.1; Nexus 5X Build/MMB29P) AppleWebKit/537.36 (KHTML, like Gecko) Chrome/136.0.7103.113 Mobile Safari/537.36 (compatible; Googlebot/2.1; +http://www.google.com/bot.html)"
66.249.74.71 - - [27/May/2025:19:36:56 -0400] "GET /js/main.js HTTP/1.1" 200 1033573 "https://sdipmtools.com/login" "Mozilla/5.0 (Linux; Android 6.0.1; Nexus 5X Build/MMB29P) AppleWebKit/537.36 (KHTML, like Gecko) Chrome/136.0.7103.92 Mobile Safari/537.36 (compatible; Googlebot/2.1; +http://www.google.com/bot.html)"
66.249.65.193 - - [27/May/2025:19:37:16 -0400] "GET /js/main.js HTTP/1.1" 200 1033573 "https://sdipmtools.com/login" "Mozilla/5.0 (Linux; Android 6.0.1; Nexus 5X Build/MMB29P) AppleWebKit/537.36 (KHTML, like Gecko) Chrome/136.0.7103.92 Mobile Safari/537.36 (compatible; Googlebot/2.1; +http://www.google.com/bot.html)"
66.249.74.72 - - [27/May/2025:19:37:24 -0400] "GET /product/edit/22561217 HTTP/1.1" 200 6362 "-" "Mozilla/5.0 (Linux; Android 6.0.1; Nexus 5X Build/MMB29P) AppleWebKit/537.36 (KHTML, like Gecko) Chrome/136.0.7103.113 Mobile Safari/537.36 (compatible; Googlebot/2.1; +http://www.google.com/bot.html)"
66.249.65.193 - - [27/May/2025:19:37:32 -0400] "GET /js/main.js HTTP/1.1" 200 1033573 "https://sdipmtools.com/login" "Mozilla/5.0 (Linux; Android 6.0.1; Nexus 5X Build/MMB29P) AppleWebKit/537.36 (KHTML, like Gecko) Chrome/136.0.7103.92 Mobile Safari/537.36 (compatible; Googlebot/2.1; +http://www.google.com/bot.html)"
66.249.74.71 - - [27/May/2025:19:37:39 -0400] "GET /product/edit/32506277 HTTP/1.1" 200 6362 "-" "Mozilla/5.0 (Linux; Android 6.0.1; Nexus 5X Build/MMB29P) AppleWebKit/537.36 (KHTML, like Gecko) Chrome/136.0.7103.113 Mobile Safari/537.36 (compatible; Googlebot/2.1; +http://www.google.com/bot.html)"
66.249.74.71 - - [27/May/2025:19:37:54 -0400] "GET /product/edit/31736260 HTTP/1.1" 200 6362 "-" "Mozilla/5.0 (Linux; Android 6.0.1; Nexus 5X Build/MMB29P) AppleWebKit/537.36 (KHTML, like Gecko) Chrome/136.0.7103.113 Mobile Safari/537.36 (compatible; Googlebot/2.1; +http://www.google.com/bot.html)"
66.249.74.73 - - [27/May/2025:19:38:01 -0400] "GET /product/edit/86482151 HTTP/1.1" 200 6362 "-" "Mozilla/5.0 (Linux; Android 6.0.1; Nexus 5X Build/MMB29P) AppleWebKit/537.36 (KHTML, like Gecko) Chrome/136.0.7103.113 Mobile Safari/537.36 (compatible; Googlebot/2.1; +http://www.google.com/bot.html)"
66.249.74.71 - - [27/May/2025:19:38:09 -0400] "GET /product/edit/10536911 HTTP/1.1" 200 6362 "-" "Mozilla/5.0 (Linux; Android 6.0.1; Nexus 5X Build/MMB29P) AppleWebKit/537.36 (KHTML, like Gecko) Chrome/136.0.7103.113 Mobile Safari/537.36 (compatible; Googlebot/2.1; +http://www.google.com/bot.html)"
66.249.65.194 - - [27/May/2025:19:38:15 -0400] "GET /js/main.js HTTP/1.1" 200 1033573 "https://sdipmtools.com/login" "Mozilla/5.0 (Linux; Android 6.0.1; Nexus 5X Build/MMB29P) AppleWebKit/537.36 (KHTML, like Gecko) Chrome/136.0.7103.92 Mobile Safari/537.36 (compatible; Googlebot/2.1; +http://www.google.com/bot.html)"
66.249.74.71 - - [27/May/2025:19:36:46 -0400] "GET /product/edit/85735717 HTTP/1.1" 200 6362 "-" "Mozilla/5.0 (Linux; Android 6.0.1; Nexus 5X Build/MMB29P) AppleWebKit/537.36 (KHTML, like Gecko) Chrome/136.0.7103.113 Mobile Safari/537.36 (compatible; Googlebot/2.1; +http://www.google.com/bot.html)"
66.249.65.193 - - [27/May/2025:19:36:55 -0400] "GET /js/main.js HTTP/1.1" 200 1033573 "https://sdipmtools.com/login" "Mozilla/5.0 (Linux; Android 6.0.1; Nexus 5X Build/MMB29P) AppleWebKit/537.36 (KHTML, like Gecko) Chrome/136.0.7103.92 Mobile Safari/537.36 (compatible; Googlebot/2.1; +http://www.google.com/bot.html)"
66.249.65.195 - - [27/May/2025:19:37:11 -0400] "GET /js/main.js HTTP/1.1" 200 1033573 "https://sdipmtools.com/login" "Mozilla/5.0 (Linux; Android 6.0.1; Nexus 5X Build/MMB29P) AppleWebKit/537.36 (KHTML, like Gecko) Chrome/136.0.7103.92 Mobile Safari/537.36 (compatible; Googlebot/2.1; +http://www.google.com/bot.html)"
66.249.74.71 - - [27/May/2025:19:37:31 -0400] "GET /product/edit/11821111 HTTP/1.1" 200 6362 "-" "Mozilla/5.0 (Linux; Android 6.0.1; Nexus 5X Build/MMB29P) AppleWebKit/537.36 (KHTML, like Gecko) Chrome/136.0.7103.113 Mobile Safari/537.36 (compatible; Googlebot/2.1; +http://www.google.com/bot.html)"
66.249.74.71 - - [27/May/2025:19:38:16 -0400] "GET /product/edit/30573240 HTTP/1.1" 200 6362 "-" "Mozilla/5.0 (Linux; Android 6.0.1; Nexus 5X Build/MMB29P) AppleWebKit/537.36 (KHTML, like Gecko) Chrome/136.0.7103.113 Mobile Safari/537.36 (compatible; Googlebot/2.1; +http://www.google.com/bot.html)"
66.249.65.194 - - [27/May/2025:19:38:28 -0400] "GET /?_gl=1*rgknbr*_ga*MzY3MjE1MDcwLjE3MzcwOTUyMjA.*_ga_0VKVKKN4NV*MTczNzEwMjM4NC4yLjEuMTczNzEwMjQ1My42MC4wLjA.&_bd_prev_page=https://www.sdipmtools.com/detail.php?shopdetail/23527764 HTTP/1.1" 200 4434 "-" "Mozilla/5.0 (Linux; Android 6.0.1; Nexus 5X Build/MMB29P) AppleWebKit/537.36 (KHTML, like Gecko) Chrome/136.0.7103.113 Mobile Safari/537.36 (compatible; Googlebot/2.1; +http://www.google.com/bot.html)"
66.249.74.71 - - [27/May/2025:19:38:31 -0400] "GET /product/edit/65806734 HTTP/1.1" 200 6362 "-" "Mozilla/5.0 (Linux; Android 6.0.1; Nexus 5X Build/MMB29P) AppleWebKit/537.36 (KHTML, like Gecko) Chrome/136.0.7103.113 Mobile Safari/537.36 (compatible; Googlebot/2.1; +http://www.google.com/bot.html)"
66.249.65.193 - - [27/May/2025:19:38:32 -0400] "GET /js/main.js HTTP/1.1" 200 1033573 "https://sdipmtools.com/login" "Mozilla/5.0 (Linux; Android 6.0.1; Nexus 5X Build/MMB29P) AppleWebKit/537.36 (KHTML, like Gecko) Chrome/136.0.7103.92 Mobile Safari/537.36 (compatible; Googlebot/2.1; +http://www.google.com/bot.html)"
66.249.65.195 - - [27/May/2025:19:39:09 -0400] "GET /js/main.js HTTP/1.1" 200 1033573 "https://www.sdipmtools.com/login" "Mozilla/5.0 (Linux; Android 6.0.1; Nexus 5X Build/MMB29P) AppleWebKit/537.36 (KHTML, like Gecko) Chrome/136.0.7103.92 Mobile Safari/537.36 (compatible; Googlebot/2.1; +http://www.google.com/bot.html)"
66.249.74.71 - - [27/May/2025:19:39:10 -0400] "GET /product/edit/44688088 HTTP/1.1" 200 6362 "-" "Mozilla/5.0 (Linux; Android 6.0.1; Nexus 5X Build/MMB29P) AppleWebKit/537.36 (KHTML, like Gecko) Chrome/136.0.7103.113 Mobile Safari/537.36 (compatible; Googlebot/2.1; +http://www.google.com/bot.html)"
52.167.144.139 - - [27/May/2025:19:39:21 -0400] "GET /fonts/HelveticaNeue-Medium.woff HTTP/1.1" 200 103536 "-" "Mozilla/5.0 AppleWebKit/537.36 (KHTML, like Gecko; compatible; bingbot/2.0; +http://www.bing.com/bingbot.htm) Chrome/116.0.1938.76 Safari/537.36"
52.167.144.139 - - [27/May/2025:19:39:22 -0400] "GET /fonts/HelveticaNeue-Medium.woff2 HTTP/1.1" 200 68452 "-" "Mozilla/5.0 AppleWebKit/537.36 (KHTML, like Gecko; compatible; bingbot/2.0; +http://www.bing.com/bingbot.htm) Chrome/116.0.1938.76 Safari/537.36"
66.249.74.72 - - [27/May/2025:19:39:22 -0400] "GET /product/edit/78627593 HTTP/1.1" 200 6362 "-" "Mozilla/5.0 (Linux; Android 6.0.1; Nexus 5X Build/MMB29P) AppleWebKit/537.36 (KHTML, like Gecko) Chrome/136.0.7103.113 Mobile Safari/537.36 (compatible; Googlebot/2.1; +http://www.google.com/bot.html)"
66.249.74.71 - - [27/May/2025:19:38:27 -0400] "GET /?_gl=1*rgknbr*_ga*MzY3MjE1MDcwLjE3MzcwOTUyMjA.*_ga_0VKVKKN4NV*MTczNzEwMjM4NC4yLjEuMTczNzEwMjQ1My42MC4wLjA.&_bd_prev_page=https://sdipmtools.com/detail.php?shopdetail/16750920 HTTP/1.1" 200 4430 "-" "Mozilla/5.0 (Linux; Android 6.0.1; Nexus 5X Build/MMB29P) AppleWebKit/537.36 (KHTML, like Gecko) Chrome/136.0.7103.113 Mobile Safari/537.36 (compatible; Googlebot/2.1; +http://www.google.com/bot.html)"
66.249.74.71 - - [27/May/2025:19:38:27 -0400] "GET /product/edit/88536279 HTTP/1.1" 200 6362 "-" "Mozilla/5.0 (Linux; Android 6.0.1; Nexus 5X Build/MMB29P) AppleWebKit/537.36 (KHTML, like Gecko) Chrome/136.0.7103.113 Mobile Safari/537.36 (compatible; Googlebot/2.1; +http://www.google.com/bot.html)"
66.249.65.193 - - [27/May/2025:19:38:29 -0400] "GET /js/main.js HTTP/1.1" 200 1033573 "https://sdipmtools.com/login" "Mozilla/5.0 (Linux; Android 6.0.1; Nexus 5X Build/MMB29P) AppleWebKit/537.36 (KHTML, like Gecko) Chrome/136.0.7103.92 Mobile Safari/537.36 (compatible; Googlebot/2.1; +http://www.google.com/bot.html)"
52.167.144.139 - - [27/May/2025:19:38:33 -0400] "GET /?_gl=1*rgknbr*_ga*MzY3MjE1MDcwLjE3MzcwOTUyMjA.*_ga_0VKVKKN4NV*MTczNzEwMjM4NC4yLjEuMTczNzEwMjQ1My42MC4wLjA.&_bd_prev_page=https://sdipmtools.com/detail.php?product/edit/61048028 HTTP/1.1" 200 4430 "-" "Mozilla/5.0 AppleWebKit/537.36 (KHTML, like Gecko; compatible; bingbot/2.0; +http://www.bing.com/bingbot.htm) Chrome/116.0.1938.76 Safari/537.36"
66.249.65.193 - - [27/May/2025:19:38:44 -0400] "GET /js/main.js HTTP/1.1" 200 1033573 "https://sdipmtools.com/login" "Mozilla/5.0 (Linux; Android 6.0.1; Nexus 5X Build/MMB29P) AppleWebKit/537.36 (KHTML, like Gecko) Chrome/136.0.7103.92 Mobile Safari/537.36 (compatible; Googlebot/2.1; +http://www.google.com/bot.html)"
66.249.65.193 - - [27/May/2025:19:39:16 -0400] "GET /js/main.js HTTP/1.1" 200 1033573 "https://sdipmtools.com/login" "Mozilla/5.0 (Linux; Android 6.0.1; Nexus 5X Build/MMB29P) AppleWebKit/537.36 (KHTML, like Gecko) Chrome/136.0.7103.92 Mobile Safari/537.36 (compatible; Googlebot/2.1; +http://www.google.com/bot.html)"
52.167.144.139 - - [27/May/2025:19:39:22 -0400] "GET /vendor/webfonts/fa-solid-900.ttf HTTP/1.1" 200 204528 "-" "Mozilla/5.0 AppleWebKit/537.36 (KHTML, like Gecko; compatible; bingbot/2.0; +http://www.bing.com/bingbot.htm) Chrome/116.0.1938.76 Safari/537.36"
52.167.144.139 - - [27/May/2025:19:39:22 -0400] "GET /vendor/webfonts/fa-solid-900.woff HTTP/1.1" 200 104280 "-" "Mozilla/5.0 AppleWebKit/537.36 (KHTML, like Gecko; compatible; bingbot/2.0; +http://www.bing.com/bingbot.htm) Chrome/116.0.1938.76 Safari/537.36"
157.55.39.60 - - [27/May/2025:19:39:25 -0400] "GET /fonts/HelveticaNeue.woff HTTP/1.1" 200 215260 "-" "Mozilla/5.0 AppleWebKit/537.36 (KHTML, like Gecko; compatible; bingbot/2.0; +http://www.bing.com/bingbot.htm) Chrome/116.0.1938.76 Safari/537.36"
157.55.39.60 - - [27/May/2025:19:39:26 -0400] "GET /fonts/HelveticaNeue.woff2 HTTP/1.1" 200 131712 "-" "Mozilla/5.0 AppleWebKit/537.36 (KHTML, like Gecko; compatible; bingbot/2.0; +http://www.bing.com/bingbot.htm) Chrome/116.0.1938.76 Safari/537.36"
66.249.74.71 - - [27/May/2025:19:39:32 -0400] "GET /product/edit/90883286 HTTP/1.1" 200 6362 "-" "Mozilla/5.0 (Linux; Android 6.0.1; Nexus 5X Build/MMB29P) AppleWebKit/537.36 (KHTML, like Gecko) Chrome/136.0.7103.113 Mobile Safari/537.36 (compatible; Googlebot/2.1; +http://www.google.com/bot.html)"
66.249.74.71 - - [27/May/2025:19:39:39 -0400] "GET /product/edit/98657975 HTTP/1.1" 200 6362 "-" "Mozilla/5.0 (Linux; Android 6.0.1; Nexus 5X Build/MMB29P) AppleWebKit/537.36 (KHTML, like Gecko) Chrome/136.0.7103.113 Mobile Safari/537.36 (compatible; Googlebot/2.1; +http://www.google.com/bot.html)"
66.249.65.193 - - [27/May/2025:19:39:53 -0400] "GET /js/main.js HTTP/1.1" 200 1033573 "https://sdipmtools.com/login" "Mozilla/5.0 (Linux; Android 6.0.1; Nexus 5X Build/MMB29P) AppleWebKit/537.36 (KHTML, like Gecko) Chrome/136.0.7103.92 Mobile Safari/537.36 (compatible; Googlebot/2.1; +http://www.google.com/bot.html)"
157.55.39.60 - - [27/May/2025:19:39:26 -0400] "GET /vendor/webfonts/fa-solid-900.woff2 HTTP/1.1" 200 80300 "-" "Mozilla/5.0 AppleWebKit/537.36 (KHTML, like Gecko; compatible; bingbot/2.0; +http://www.bing.com/bingbot.htm) Chrome/116.0.1938.76 Safari/537.36"
66.249.74.71 - - [27/May/2025:19:39:29 -0400] "GET /product/edit/44054375 HTTP/1.1" 200 6362 "-" "Mozilla/5.0 (Linux; Android 6.0.1; Nexus 5X Build/MMB29P) AppleWebKit/537.36 (KHTML, like Gecko) Chrome/136.0.7103.113 Mobile Safari/537.36 (compatible; Googlebot/2.1; +http://www.google.com/bot.html)"
66.249.74.71 - - [27/May/2025:19:39:46 -0400] "GET /product/edit/22814595 HTTP/1.1" 200 6362 "-" "Mozilla/5.0 (Linux; Android 6.0.1; Nexus 5X Build/MMB29P) AppleWebKit/537.36 (KHTML, like Gecko) Chrome/136.0.7103.113 Mobile Safari/537.36 (compatible; Googlebot/2.1; +http://www.google.com/bot.html)"
66.249.65.194 - - [27/May/2025:19:39:57 -0400] "GET /js/main.js HTTP/1.1" 200 1033573 "https://sdipmtools.com/login" "Mozilla/5.0 (Linux; Android 6.0.1; Nexus 5X Build/MMB29P) AppleWebKit/537.36 (KHTML, like Gecko) Chrome/136.0.7103.113 Mobile Safari/537.36 (compatible; Googlebot/2.1; +http://www.google.com/bot.html)"
66.249.74.71 - - [27/May/2025:19:39:57 -0400] "GET /shopdetail/27221520 HTTP/1.1" 200 6362 "-" "Mozilla/5.0 (Linux; Android 6.0.1; Nexus 5X Build/MMB29P) AppleWebKit/537.36 (KHTML, like Gecko) Chrome/136.0.7103.113 Mobile Safari/537.36 (compatible; Googlebot/2.1; +http://www.google.com/bot.html)"
66.249.65.194 - - [27/May/2025:19:40:02 -0400] "GET /js/main.js HTTP/1.1" 200 1033573 "https://sdipmtools.com/login" "Mozilla/5.0 (Linux; Android 6.0.1; Nexus 5X Build/MMB29P) AppleWebKit/537.36 (KHTML, like Gecko) Chrome/136.0.7103.92 Mobile Safari/537.36 (compatible; Googlebot/2.1; +http://www.google.com/bot.html)"
66.249.74.72 - - [27/May/2025:19:40:17 -0400] "GET /product/edit/87782043 HTTP/1.1" 200 6362 "-" "Mozilla/5.0 (Linux; Android 6.0.1; Nexus 5X Build/MMB29P) AppleWebKit/537.36 (KHTML, like Gecko) Chrome/136.0.7103.113 Mobile Safari/537.36 (compatible; Googlebot/2.1; +http://www.google.com/bot.html)"
66.249.74.71 - - [27/May/2025:19:40:23 -0400] "GET /js/main.js HTTP/1.1" 200 1033573 "https://sdipmtools.com/login" "Mozilla/5.0 (Linux; Android 6.0.1; Nexus 5X Build/MMB29P) AppleWebKit/537.36 (KHTML, like Gecko) Chrome/136.0.7103.92 Mobile Safari/537.36 (compatible; Googlebot/2.1; +http://www.google.com/bot.html)"
66.249.65.193 - - [27/May/2025:19:40:35 -0400] "GET /js/main.js HTTP/1.1" 200 1033573 "https://sdipmtools.com/login" "Mozilla/5.0 (Linux; Android 6.0.1; Nexus 5X Build/MMB29P) AppleWebKit/537.36 (KHTML, like Gecko) Chrome/136.0.7103.92 Mobile Safari/537.36 (compatible; Googlebot/2.1; +http://www.google.com/bot.html)"
66.249.65.194 - - [27/May/2025:19:40:48 -0400] "GET /js/main.js HTTP/1.1" 200 1033573 "https://sdipmtools.com/login" "Mozilla/5.0 (Linux; Android 6.0.1; Nexus 5X Build/MMB29P) AppleWebKit/537.36 (KHTML, like Gecko) Chrome/136.0.7103.92 Mobile Safari/537.36 (compatible; Googlebot/2.1; +http://www.google.com/bot.html)"
66.249.65.194 - - [27/May/2025:19:41:02 -0400] "GET /js/main.js HTTP/1.1" 200 1033573 "https://sdipmtools.com/login" "Mozilla/5.0 (Linux; Android 6.0.1; Nexus 5X Build/MMB29P) AppleWebKit/537.36 (KHTML, like Gecko) Chrome/136.0.7103.92 Mobile Safari/537.36 (compatible; Googlebot/2.1; +http://www.google.com/bot.html)"
66.249.74.71 - - [27/May/2025:19:41:04 -0400] "GET /product/edit/88529638 HTTP/1.1" 200 6362 "-" "Mozilla/5.0 (Linux; Android 6.0.1; Nexus 5X Build/MMB29P) AppleWebKit/537.36 (KHTML, like Gecko) Chrome/136.0.7103.113 Mobile Safari/537.36 (compatible; Googlebot/2.1; +http://www.google.com/bot.html)"
66.249.74.72 - - [27/May/2025:19:40:04 -0400] "GET /product/edit/79867655 HTTP/1.1" 200 6362 "-" "Mozilla/5.0 (Linux; Android 6.0.1; Nexus 5X Build/MMB29P) AppleWebKit/537.36 (KHTML, like Gecko) Chrome/136.0.7103.113 Mobile Safari/537.36 (compatible; Googlebot/2.1; +http://www.google.com/bot.html)"
66.249.65.193 - - [27/May/2025:19:40:20 -0400] "GET /js/main.js HTTP/1.1" 200 1033573 "https://sdipmtools.com/login" "Mozilla/5.0 (Linux; Android 6.0.1; Nexus 5X Build/MMB29P) AppleWebKit/537.36 (KHTML, like Gecko) Chrome/136.0.7103.92 Mobile Safari/537.36 (compatible; Googlebot/2.1; +http://www.google.com/bot.html)"
66.249.65.193 - - [27/May/2025:19:40:23 -0400] "GET /vendor/css/all.min.css HTTP/1.1" 200 12380 "https://sdipmtools.com/login" "Mozilla/5.0 (Linux; Android 6.0.1; Nexus 5X Build/MMB29P) AppleWebKit/537.36 (KHTML, like Gecko) Chrome/136.0.7103.92 Mobile Safari/537.36 (compatible; Googlebot/2.1; +http://www.google.com/bot.html)"
66.249.74.71 - - [27/May/2025:19:40:23 -0400] "GET /vendor/bootstrap/javascript/bootstrap-native.js HTTP/1.1" 200 12324 "https://sdipmtools.com/login" "Mozilla/5.0 (Linux; Android 6.0.1; Nexus 5X Build/MMB29P) AppleWebKit/537.36 (KHTML, like Gecko) Chrome/136.0.7103.92 Mobile Safari/537.36 (compatible; Googlebot/2.1; +http://www.google.com/bot.html)"
66.249.74.71 - - [27/May/2025:19:40:29 -0400] "GET /product/edit/50799848 HTTP/1.1" 200 6362 "-" "Mozilla/5.0 (Linux; Android 6.0.1; Nexus 5X Build/MMB29P) AppleWebKit/537.36 (KHTML, like Gecko) Chrome/136.0.7103.113 Mobile Safari/537.36 (compatible; Googlebot/2.1; +http://www.google.com/bot.html)"
66.249.74.71 - - [27/May/2025:19:40:34 -0400] "GET /product/edit/93368091 HTTP/1.1" 200 6362 "-" "Mozilla/5.0 (Linux; Android 6.0.1; Nexus 5X Build/MMB29P) AppleWebKit/537.36 (KHTML, like Gecko) Chrome/136.0.7103.113 Mobile Safari/537.36 (compatible; Googlebot/2.1; +http://www.google.com/bot.html)"
66.249.74.71 - - [27/May/2025:19:40:51 -0400] "GET /product/edit/53101785 HTTP/1.1" 200 6362 "-" "Mozilla/5.0 (Linux; Android 6.0.1; Nexus 5X Build/MMB29P) AppleWebKit/537.36 (KHTML, like Gecko) Chrome/136.0.7103.113 Mobile Safari/537.36 (compatible; Googlebot/2.1; +http://www.google.com/bot.html)"
66.249.65.193 - - [27/May/2025:19:40:53 -0400] "GET /js/main.js HTTP/1.1" 200 1033573 "https://sdipmtools.com/login" "Mozilla/5.0 (Linux; Android 6.0.1; Nexus 5X Build/MMB29P) AppleWebKit/537.36 (KHTML, like Gecko) Chrome/136.0.7103.92 Mobile Safari/537.36 (compatible; Googlebot/2.1; +http://www.google.com/bot.html)"
66.249.74.72 - - [27/May/2025:19:41:10 -0400] "GET /product/edit/75883449 HTTP/1.1" 200 6362 "-" "Mozilla/5.0 (Linux; Android 6.0.1; Nexus 5X Build/MMB29P) AppleWebKit/537.36 (KHTML, like Gecko) Chrome/136.0.7103.113 Mobile Safari/537.36 (compatible; Googlebot/2.1; +http://www.google.com/bot.html)"
66.249.74.71 - - [27/May/2025:19:41:18 -0400] "GET /vendor/bootstrap/javascript/bootstrap-native.js HTTP/1.1" 200 12324 "https://sdipmtools.com/login" "Mozilla/5.0 (Linux; Android 6.0.1; Nexus 5X Build/MMB29P) AppleWebKit/537.36 (KHTML, like Gecko) Chrome/136.0.7103.92 Mobile Safari/537.36 (compatible; Googlebot/2.1; +http://www.google.com/bot.html)"
66.249.65.194 - - [27/May/2025:19:41:19 -0400] "GET /js/main.js HTTP/1.1" 200 1033573 "https://sdipmtools.com/login" "Mozilla/5.0 (Linux; Android 6.0.1; Nexus 5X Build/MMB29P) AppleWebKit/537.36 (KHTML, like Gecko) Chrome/136.0.7103.92 Mobile Safari/537.36 (compatible; Googlebot/2.1; +http://www.google.com/bot.html)"
66.249.74.71 - - [27/May/2025:19:41:34 -0400] "GET /vendor/bootstrap/javascript/bootstrap-native.js HTTP/1.1" 200 12324 "https://sdipmtools.com/login" "Mozilla/5.0 (Linux; Android 6.0.1; Nexus 5X Build/MMB29P) AppleWebKit/537.36 (KHTML, like Gecko) Chrome/136.0.7103.92 Mobile Safari/537.36 (compatible; Googlebot/2.1; +http://www.google.com/bot.html)"
66.249.74.71 - - [27/May/2025:19:41:17 -0400] "GET /?_gl=1*rgknbr*_ga*MzY3MjE1MDcwLjE3MzcwOTUyMjA.*_ga_0VKVKKN4NV*MTczNzEwMjM4NC4yLjEuMTczNzEwMjQ1My42MC4wLjA.&_bd_prev_page=https://sdipmtools.com/detail.php?shopdetail/26605064 HTTP/1.1" 200 4430 "-" "Mozilla/5.0 (Linux; Android 6.0.1; Nexus 5X Build/MMB29P) AppleWebKit/537.36 (KHTML, like Gecko) Chrome/136.0.7103.113 Mobile Safari/537.36 (compatible; Googlebot/2.1; +http://www.google.com/bot.html)"
66.249.65.194 - - [27/May/2025:19:41:18 -0400] "GET /vendor/css/all.min.css HTTP/1.1" 200 12380 "https://sdipmtools.com/login" "Mozilla/5.0 (Linux; Android 6.0.1; Nexus 5X Build/MMB29P) AppleWebKit/537.36 (KHTML, like Gecko) Chrome/136.0.7103.92 Mobile Safari/537.36 (compatible; Googlebot/2.1; +http://www.google.com/bot.html)"
66.249.74.71 - - [27/May/2025:19:41:29 -0400] "GET /product/edit/98358385 HTTP/1.1" 200 6362 "-" "Mozilla/5.0 (Linux; Android 6.0.1; Nexus 5X Build/MMB29P) AppleWebKit/537.36 (KHTML, like Gecko) Chrome/136.0.7103.113 Mobile Safari/537.36 (compatible; Googlebot/2.1; +http://www.google.com/bot.html)"
66.249.65.193 - - [27/May/2025:19:41:34 -0400] "GET /vendor/css/all.min.css HTTP/1.1" 200 12380 "https://sdipmtools.com/login" "Mozilla/5.0 (Linux; Android 6.0.1; Nexus 5X Build/MMB29P) AppleWebKit/537.36 (KHTML, like Gecko) Chrome/136.0.7103.92 Mobile Safari/537.36 (compatible; Googlebot/2.1; +http://www.google.com/bot.html)"
66.249.74.71 - - [27/May/2025:19:41:35 -0400] "GET /vendor/froiden-helper/helper.css HTTP/1.1" 200 3233 "https://sdipmtools.com/login" "Mozilla/5.0 (Linux; Android 6.0.1; Nexus 5X Build/MMB29P) AppleWebKit/537.36 (KHTML, like Gecko) Chrome/136.0.7103.92 Mobile Safari/537.36 (compatible; Googlebot/2.1; +http://www.google.com/bot.html)"
66.249.74.71 - - [27/May/2025:19:41:42 -0400] "GET /product/edit/46351085 HTTP/1.1" 200 6362 "-" "Mozilla/5.0 (Linux; Android 6.0.1; Nexus 5X Build/MMB29P) AppleWebKit/537.36 (KHTML, like Gecko) Chrome/136.0.7103.113 Mobile Safari/537.36 (compatible; Googlebot/2.1; +http://www.google.com/bot.html)"
66.249.65.194 - - [27/May/2025:19:42:11 -0400] "GET /vendor/css/all.min.css HTTP/1.1" 200 12380 "https://sdipmtools.com/login" "Mozilla/5.0 (Linux; Android 6.0.1; Nexus 5X Build/MMB29P) AppleWebKit/537.36 (KHTML, like Gecko) Chrome/136.0.7103.92 Mobile Safari/537.36 (compatible; Googlebot/2.1; +http://www.google.com/bot.html)"
66.249.74.72 - - [27/May/2025:19:42:11 -0400] "GET /vendor/bootstrap/javascript/bootstrap-native.js HTTP/1.1" 200 12324 "https://sdipmtools.com/login" "Mozilla/5.0 (Linux; Android 6.0.1; Nexus 5X Build/MMB29P) AppleWebKit/537.36 (KHTML, like Gecko) Chrome/136.0.7103.92 Mobile Safari/537.36 (compatible; Googlebot/2.1; +http://www.google.com/bot.html)"
66.249.65.193 - - [27/May/2025:19:42:19 -0400] "GET /js/main.js HTTP/1.1" 200 1033573 "https://sdipmtools.com/login" "Mozilla/5.0 (Linux; Android 6.0.1; Nexus 5X Build/MMB29P) AppleWebKit/537.36 (KHTML, like Gecko) Chrome/136.0.7103.92 Mobile Safari/537.36 (compatible; Googlebot/2.1; +http://www.google.com/bot.html)"
66.249.74.71 - - [27/May/2025:19:42:19 -0400] "GET /product/edit/67031585 HTTP/1.1" 200 6362 "-" "Mozilla/5.0 (Linux; Android 6.0.1; Nexus 5X Build/MMB29P) AppleWebKit/537.36 (KHTML, like Gecko) Chrome/136.0.7103.113 Mobile Safari/537.36 (compatible; Googlebot/2.1; +http://www.google.com/bot.html)"
66.249.65.193 - - [27/May/2025:19:42:23 -0400] "GET /js/main.js HTTP/1.1" 200 1033573 "https://sdipmtools.com/login" "Mozilla/5.0 (Linux; Android 6.0.1; Nexus 5X Build/MMB29P) AppleWebKit/537.36 (KHTML, like Gecko) Chrome/136.0.7103.92 Mobile Safari/537.36 (compatible; Googlebot/2.1; +http://www.google.com/bot.html)"
66.249.74.71 - - [27/May/2025:19:42:30 -0400] "GET /vendor/jquery/all.min.js HTTP/1.1" 200 428365 "https://sdipmtools.com/login" "Mozilla/5.0 (Linux; Android 6.0.1; Nexus 5X Build/MMB29P) AppleWebKit/537.36 (KHTML, like Gecko) Chrome/136.0.7103.92 Mobile Safari/537.36 (compatible; Googlebot/2.1; +http://www.google.com/bot.html)"
66.249.74.71 - - [27/May/2025:19:41:36 -0400] "GET /product/edit/13957589 HTTP/1.1" 200 6362 "-" "Mozilla/5.0 (Linux; Android 6.0.1; Nexus 5X Build/MMB29P) AppleWebKit/537.36 (KHTML, like Gecko) Chrome/136.0.7103.113 Mobile Safari/537.36 (compatible; Googlebot/2.1; +http://www.google.com/bot.html)"
66.249.65.193 - - [27/May/2025:19:41:44 -0400] "GET /js/main.js HTTP/1.1" 200 1033573 "https://sdipmtools.com/login" "Mozilla/5.0 (Linux; Android 6.0.1; Nexus 5X Build/MMB29P) AppleWebKit/537.36 (KHTML, like Gecko) Chrome/136.0.7103.92 Mobile Safari/537.36 (compatible; Googlebot/2.1; +http://www.google.com/bot.html)"
66.249.74.71 - - [27/May/2025:19:41:49 -0400] "GET /js/main.js HTTP/1.1" 200 1033573 "https://sdipmtools.com/login" "Mozilla/5.0 (Linux; Android 6.0.1; Nexus 5X Build/MMB29P) AppleWebKit/537.36 (KHTML, like Gecko) Chrome/136.0.7103.92 Mobile Safari/537.36 (compatible; Googlebot/2.1; +http://www.google.com/bot.html)"
66.249.74.71 - - [27/May/2025:19:41:55 -0400] "GET /product/edit/61500907 HTTP/1.1" 200 6362 "-" "Mozilla/5.0 (Linux; Android 6.0.1; Nexus 5X Build/MMB29P) AppleWebKit/537.36 (KHTML, like Gecko) Chrome/136.0.7103.113 Mobile Safari/537.36 (compatible; Googlebot/2.1; +http://www.google.com/bot.html)"
66.249.65.194 - - [27/May/2025:19:42:00 -0400] "GET /js/main.js HTTP/1.1" 200 1033573 "https://sdipmtools.com/login" "Mozilla/5.0 (Linux; Android 6.0.1; Nexus 5X Build/MMB29P) AppleWebKit/537.36 (KHTML, like Gecko) Chrome/136.0.7103.92 Mobile Safari/537.36 (compatible; Googlebot/2.1; +http://www.google.com/bot.html)"
66.249.74.72 - - [27/May/2025:19:42:09 -0400] "GET /product/edit/11655288 HTTP/1.1" 200 6362 "-" "Mozilla/5.0 (Linux; Android 6.0.1; Nexus 5X Build/MMB29P) AppleWebKit/537.36 (KHTML, like Gecko) Chrome/136.0.7103.113 Mobile Safari/537.36 (compatible; Googlebot/2.1; +http://www.google.com/bot.html)"
66.249.74.71 - - [27/May/2025:19:42:44 -0400] "GET /product/edit/26952278 HTTP/1.1" 200 6362 "-" "Mozilla/5.0 (Linux; Android 6.0.1; Nexus 5X Build/MMB29P) AppleWebKit/537.36 (KHTML, like Gecko) Chrome/136.0.7103.113 Mobile Safari/537.36 (compatible; Googlebot/2.1; +http://www.google.com/bot.html)"
66.249.74.71 - - [27/May/2025:19:43:02 -0400] "GET /product/edit/94699305 HTTP/1.1" 200 6362 "-" "Mozilla/5.0 (Linux; Android 6.0.1; Nexus 5X Build/MMB29P) AppleWebKit/537.36 (KHTML, like Gecko) Chrome/136.0.7103.113 Mobile Safari/537.36 (compatible; Googlebot/2.1; +http://www.google.com/bot.html)"
66.249.74.71 - - [27/May/2025:19:43:18 -0400] "GET /js/main.js HTTP/1.1" 200 1033573 "https://sdipmtools.com/login" "Mozilla/5.0 (Linux; Android 6.0.1; Nexus 5X Build/MMB29P) AppleWebKit/537.36 (KHTML, like Gecko) Chrome/136.0.7103.92 Mobile Safari/537.36 (compatible; Googlebot/2.1; +http://www.google.com/bot.html)"
66.249.65.194 - - [27/May/2025:19:43:21 -0400] "GET /js/main.js HTTP/1.1" 200 1033573 "https://sdipmtools.com/login" "Mozilla/5.0 (Linux; Android 6.0.1; Nexus 5X Build/MMB29P) AppleWebKit/537.36 (KHTML, like Gecko) Chrome/136.0.7103.92 Mobile Safari/537.36 (compatible; Googlebot/2.1; +http://www.google.com/bot.html)"
66.249.74.71 - - [27/May/2025:19:43:21 -0400] "GET /product/edit/34483880 HTTP/1.1" 200 6362 "-" "Mozilla/5.0 (Linux; Android 6.0.1; Nexus 5X Build/MMB29P) AppleWebKit/537.36 (KHTML, like Gecko) Chrome/136.0.7103.113 Mobile Safari/537.36 (compatible; Googlebot/2.1; +http://www.google.com/bot.html)"
66.249.74.71 - - [27/May/2025:19:43:25 -0400] "GET /product/edit/66890890 HTTP/1.1" 200 6362 "-" "Mozilla/5.0 (Linux; Android 6.0.1; Nexus 5X Build/MMB29P) AppleWebKit/537.36 (KHTML, like Gecko) Chrome/136.0.7103.113 Mobile Safari/537.36 (compatible; Googlebot/2.1; +http://www.google.com/bot.html)"
66.249.74.71 - - [27/May/2025:19:43:39 -0400] "GET /product/edit/50742412 HTTP/1.1" 200 6362 "-" "Mozilla/5.0 (Linux; Android 6.0.1; Nexus 5X Build/MMB29P) AppleWebKit/537.36 (KHTML, like Gecko) Chrome/136.0.7103.113 Mobile Safari/537.36 (compatible; Googlebot/2.1; +http://www.google.com/bot.html)"
66.249.65.194 - - [27/May/2025:19:42:30 -0400] "GET /vendor/css/all.min.css HTTP/1.1" 200 12380 "https://sdipmtools.com/login" "Mozilla/5.0 (Linux; Android 6.0.1; Nexus 5X Build/MMB29P) AppleWebKit/537.36 (KHTML, like Gecko) Chrome/136.0.7103.92 Mobile Safari/537.36 (compatible; Googlebot/2.1; +http://www.google.com/bot.html)"
66.249.74.71 - - [27/May/2025:19:42:30 -0400] "GET /vendor/jquery/jquery.min.js HTTP/1.1" 200 30047 "https://sdipmtools.com/login" "Mozilla/5.0 (Linux; Android 6.0.1; Nexus 5X Build/MMB29P) AppleWebKit/537.36 (KHTML, like Gecko) Chrome/136.0.7103.92 Mobile Safari/537.36 (compatible; Googlebot/2.1; +http://www.google.com/bot.html)"
66.249.74.71 - - [27/May/2025:19:42:31 -0400] "GET /vendor/bootstrap/javascript/bootstrap-native.js HTTP/1.1" 200 12324 "https://sdipmtools.com/login" "Mozilla/5.0 (Linux; Android 6.0.1; Nexus 5X Build/MMB29P) AppleWebKit/537.36 (KHTML, like Gecko) Chrome/136.0.7103.92 Mobile Safari/537.36 (compatible; Googlebot/2.1; +http://www.google.com/bot.html)"
66.249.74.71 - - [27/May/2025:19:42:37 -0400] "GET /product/edit/73992216 HTTP/1.1" 200 6362 "-" "Mozilla/5.0 (Linux; Android 6.0.1; Nexus 5X Build/MMB29P) AppleWebKit/537.36 (KHTML, like Gecko) Chrome/136.0.7103.113 Mobile Safari/537.36 (compatible; Googlebot/2.1; +http://www.google.com/bot.html)"
66.249.74.71 - - [27/May/2025:19:42:48 -0400] "GET /product/edit/34468845 HTTP/1.1" 200 6362 "-" "Mozilla/5.0 (Linux; Android 6.0.1; Nexus 5X Build/MMB29P) AppleWebKit/537.36 (KHTML, like Gecko) Chrome/136.0.7103.113 Mobile Safari/537.36 (compatible; Googlebot/2.1; +http://www.google.com/bot.html)"
66.249.74.71 - - [27/May/2025:19:43:09 -0400] "GET /product/edit/27546008 HTTP/1.1" 200 6362 "-" "Mozilla/5.0 (Linux; Android 6.0.1; Nexus 5X Build/MMB29P) AppleWebKit/537.36 (KHTML, like Gecko) Chrome/136.0.7103.113 Mobile Safari/537.36 (compatible; Googlebot/2.1; +http://www.google.com/bot.html)"
66.249.65.194 - - [27/May/2025:19:43:14 -0400] "GET /js/main.js HTTP/1.1" 200 1033573 "https://sdipmtools.com/login" "Mozilla/5.0 (Linux; Android 6.0.1; Nexus 5X Build/MMB29P) AppleWebKit/537.36 (KHTML, like Gecko) Chrome/136.0.7103.92 Mobile Safari/537.36 (compatible; Googlebot/2.1; +http://www.google.com/bot.html)"
66.249.74.71 - - [27/May/2025:19:43:24 -0400] "GET /js/main.js HTTP/1.1" 200 1033573 "https://sdipmtools.com/login" "Mozilla/5.0 (Linux; Android 6.0.1; Nexus 5X Build/MMB29P) AppleWebKit/537.36 (KHTML, like Gecko) Chrome/136.0.7103.92 Mobile Safari/537.36 (compatible; Googlebot/2.1; +http://www.google.com/bot.html)"
66.249.74.71 - - [27/May/2025:19:43:25 -0400] "GET /vendor/bootstrap/javascript/bootstrap-native.js HTTP/1.1" 200 12324 "https://sdipmtools.com/login" "Mozilla/5.0 (Linux; Android 6.0.1; Nexus 5X Build/MMB29P) AppleWebKit/537.36 (KHTML, like Gecko) Chrome/136.0.7103.92 Mobile Safari/537.36 (compatible; Googlebot/2.1; +http://www.google.com/bot.html)"
66.249.74.71 - - [27/May/2025:19:43:32 -0400] "GET /product/edit/65991739 HTTP/1.1" 200 6362 "-" "Mozilla/5.0 (Linux; Android 6.0.1; Nexus 5X Build/MMB29P) AppleWebKit/537.36 (KHTML, like Gecko) Chrome/136.0.7103.113 Mobile Safari/537.36 (compatible; Googlebot/2.1; +http://www.google.com/bot.html)"
