20.171.207.182 - - [21/Jun/2025:00:33:37 -0400] "GET /wp-sitemap.xml HTTP/1.1" 200 197 "-" "Mozilla/5.0 AppleWebKit/537.36 (KHTML, like Gecko; compatible; GPTBot/1.2; +https://openai.com/gptbot)"
40.69.213.226 - - [21/Jun/2025:00:20:24 -0400] "GET /wp-includes/images/ HTTP/1.1" 403 1242 "-" "-"
40.69.213.226 - - [21/Jun/2025:00:20:25 -0400] "GET /wp-includes/js/codemirror/ HTTP/1.1" 403 1242 "-" "-"
40.69.213.226 - - [21/Jun/2025:00:20:25 -0400] "GET /wp-includes/js/dist/ HTTP/1.1" 403 1242 "-" "-"
40.69.213.226 - - [21/Jun/2025:00:20:26 -0400] "GET /wp-includes/js/tinymce/ HTTP/1.1" 403 1242 "-" "-"
40.69.213.226 - - [21/Jun/2025:00:20:26 -0400] "GET /wp-includes/js/tinymce/langs/ HTTP/1.1" 403 1242 "-" "-"
40.69.213.226 - - [21/Jun/2025:00:20:26 -0400] "GET /wp-includes/js/tinymce/plugins/compat3x/ HTTP/1.1" 403 1242 "-" "-"
40.69.213.226 - - [21/Jun/2025:00:20:26 -0400] "GET /wp-includes/js/tinymce/skins/lightgray/ HTTP/1.1" 403 1242 "-" "-"
40.69.213.226 - - [21/Jun/2025:00:20:27 -0400] "GET /wp-includes/js/jquery/ HTTP/1.1" 403 1242 "-" "-"
40.69.213.226 - - [21/Jun/2025:00:20:27 -0400] "GET /wp-includes/js/plupload/ HTTP/1.1" 403 1242 "-" "-"
40.69.213.226 - - [21/Jun/2025:00:20:27 -0400] "GET /wp-includes/js/swfupload/ HTTP/1.1" 403 1242 "-" "-"
40.69.213.226 - - [21/Jun/2025:00:20:28 -0400] "GET /wp-includes/images/media/ HTTP/1.1" 403 1242 "-" "-"
40.69.213.226 - - [21/Jun/2025:00:20:28 -0400] "GET /wp-includes/sodium_compat/namespaced/Core/ HTTP/1.1" 403 1242 "-" "-"
40.69.213.226 - - [21/Jun/2025:00:20:28 -0400] "GET /wp-includes/sodium_compat/namespaced/ HTTP/1.1" 403 1242 "-" "-"
40.69.213.226 - - [21/Jun/2025:00:20:29 -0400] "GET /wp-includes/theme-compat/theme-compat/ HTTP/1.1" 404 14952 "-" "-"
40.69.213.226 - - [21/Jun/2025:00:20:30 -0400] "GET /wp-includes/Requests/library/ HTTP/1.1" 403 1242 "-" "-"
40.69.213.226 - - [21/Jun/2025:00:20:30 -0400] "GET /wp-includes/Requests/src/ HTTP/1.1" 403 1242 "-" "-"
40.69.213.226 - - [21/Jun/2025:00:20:30 -0400] "GET /wp-includes/Text/Diff/ HTTP/1.1" 403 1242 "-" "-"
40.69.213.226 - - [21/Jun/2025:00:20:30 -0400] "GET /wp-includes/sitemaps/providers/ HTTP/1.1" 403 1242 "-" "-"
40.69.213.226 - - [21/Jun/2025:00:20:31 -0400] "GET /wp-includes/Text/Diff/Engine/ HTTP/1.1" 403 1242 "-" "-"
40.69.213.226 - - [21/Jun/2025:00:20:33 -0400] "GET /UserFiles/ HTTP/1.1" 404 14952 "-" "-"
40.69.213.226 - - [21/Jun/2025:00:20:33 -0400] "GET /usersfiles/ HTTP/1.1" 404 14952 "-" "-"
40.69.213.226 - - [21/Jun/2025:00:20:36 -0400] "GET /assets/images/ HTTP/1.1" 404 14952 "-" "-"
40.69.213.226 - - [21/Jun/2025:00:20:37 -0400] "GET /sites/default/files/ HTTP/1.1" 404 14952 "-" "-"
40.69.213.226 - - [21/Jun/2025:00:20:37 -0400] "GET /admin/controller/extension/extension/ HTTP/1.1" 404 14952 "-" "-"
40.69.213.226 - - [21/Jun/2025:00:20:39 -0400] "GET /up/ HTTP/1.1" 404 14952 "-" "-"
196.251.117.231 - - [21/Jun/2025:00:22:22 -0400] "GET /wp-login.php HTTP/1.1" 302 771 "-" "python-requests/2.32.3"
4.227.36.106 - - [21/Jun/2025:00:33:34 -0400] "GET /robots.txt HTTP/1.1" 200 102 "-" "Mozilla/5.0 AppleWebKit/537.36 (KHTML, like Gecko; compatible; GPTBot/1.2; +https://openai.com/gptbot)"
198.54.114.35 - - [21/Jun/2025:00:47:40 -0400] "POST /wp-cron.php?doing_wp_cron=1750481260.2277901172637939453125 HTTP/1.1" 200 0 "-" "WordPress/6.8.1; https://socialdigiinnovator.com"
2a03:2880:f800:b:: - - [21/Jun/2025:00:47:37 -0400] "GET /virtual-assistant-services/social-media-management/branding/ HTTP/1.1" 200 14752 "-" "meta-externalagent/1.1 (+https://developers.facebook.com/docs/sharing/webmasters/crawler)"
198.54.114.35 - - [21/Jun/2025:00:48:31 -0400] "POST /wp-cron.php?doing_wp_cron=1750481311.7394020557403564453125 HTTP/1.1" 200 0 "-" "WordPress/6.8.1; https://socialdigiinnovator.com"
3.89.176.255 - - [21/Jun/2025:00:48:31 -0400] "GET /importance-of-a-brand-logo/ HTTP/1.1" 200 19730 "-" "Mozilla/5.0 AppleWebKit/537.36 (KHTML, like Gecko; compatible; Amazonbot/0.1; +https://developer.amazon.com/support/amazonbot) Chrome/119.0.6045.214 Safari/537.36"
198.54.114.35 - - [21/Jun/2025:00:35:25 -0400] "POST /wp-cron.php?doing_wp_cron=1750480525.1724960803985595703125 HTTP/1.1" 200 0 "-" "WordPress/6.8.1; https://socialdigiinnovator.com"
54.147.80.137 - - [21/Jun/2025:00:35:23 -0400] "GET /essentials-of-a-successful-e-commerce-store/ HTTP/1.1" 200 19976 "-" "Mozilla/5.0 AppleWebKit/537.36 (KHTML, like Gecko; compatible; Amazonbot/0.1; +https://developer.amazon.com/support/amazonbot) Chrome/119.0.6045.214 Safari/537.36"
196.251.117.231 - - [21/Jun/2025:00:40:11 -0400] "GET /wp-login.php HTTP/1.1" 302 771 "-" "python-requests/2.32.3"
196.251.117.231 - - [21/Jun/2025:00:48:34 -0400] "GET /wp-login.php HTTP/1.1" 302 771 "-" "python-requests/2.32.3"
196.251.117.231 - - [21/Jun/2025:00:50:19 -0400] "GET /wp-login.php HTTP/1.1" 302 771 "-" "python-requests/2.32.3"
198.54.114.35 - - [21/Jun/2025:00:54:46 -0400] "POST /wp-cron.php?doing_wp_cron=1750481686.0985488891601562500000 HTTP/1.1" 200 0 "-" "WordPress/6.8.1; https://socialdigiinnovator.com"
2a03:2880:f800:f:: - - [21/Jun/2025:00:54:44 -0400] "GET /importance-of-a-brand-logo/ HTTP/1.1" 200 19728 "-" "meta-externalagent/1.1 (+https://developers.facebook.com/docs/sharing/webmasters/crawler)"
198.54.114.35 - - [21/Jun/2025:00:57:55 -0400] "POST /wp-cron.php?doing_wp_cron=1750481875.4737210273742675781250 HTTP/1.1" 200 0 "-" "WordPress/6.8.1; https://socialdigiinnovator.com"
3.236.136.76 - - [21/Jun/2025:00:57:53 -0400] "HEAD /virtual-assistant-services/community-management/ HTTP/1.1" 200 0 "-" "Mozilla/5.0 (Macintosh; Intel Mac OS X 13_3; rv:126.0.1) Gecko/20100101 Firefox/126.0.1"
198.54.114.35 - - [21/Jun/2025:01:05:47 -0400] "POST /wp-cron.php?doing_wp_cron=1750482347.5078749656677246093750 HTTP/1.1" 200 0 "-" "WordPress/6.8.1; https://socialdigiinnovator.com"
222.79.103.59 - - [21/Jun/2025:01:05:44 -0400] "GET / HTTP/1.1" 301 0 "http://www.socialdigiinnovator.com" "Mozilla/5.0 (iPhone; CPU iPhone OS 13_2_3 like Mac OS X) AppleWebKit/605.1.15 (KHTML, like Gecko) Version/13.0.3 Mobile/15E148 Safari/604.1"
222.79.103.59 - - [21/Jun/2025:01:05:49 -0400] "GET / HTTP/1.1" 200 21728 "https://www.socialdigiinnovator.com/" "Mozilla/5.0 (iPhone; CPU iPhone OS 13_2_3 like Mac OS X) AppleWebKit/605.1.15 (KHTML, like Gecko) Version/13.0.3 Mobile/15E148 Safari/604.1"
198.54.114.35 - - [21/Jun/2025:01:08:02 -0400] "POST /wp-cron.php?doing_wp_cron=1750482482.3833210468292236328125 HTTP/1.1" 200 0 "-" "WordPress/6.8.1; https://socialdigiinnovator.com"
165.22.211.89 - - [21/Jun/2025:01:08:07 -0400] "GET /public/file-manager/content HTTP/1.1" 404 14933 "-" "Mozilla/5.0 (Linux; Android 11; Redmi Note 9 Pro Build/RKQ1.200826.002; wv) AppleWebKit/537.36 (KHTML, like Gecko) Version/4.0 Chrome/101.0.4951.61 Mobile Safari/537.36"
165.22.211.89 - - [21/Jun/2025:01:08:13 -0400] "GET /laravel-file-manager/tinymce HTTP/1.1" 404 14952 "-" "Mozilla/5.0 (Linux; Android 11; Redmi Note 9 Pro Build/RKQ1.200826.002; wv) AppleWebKit/537.36 (KHTML, like Gecko) Version/4.0 Chrome/101.0.4951.61 Mobile Safari/537.36"
165.22.211.89 - - [21/Jun/2025:01:08:16 -0400] "GET /public/laravel-file-manager/tinymce HTTP/1.1" 404 14952 "-" "Mozilla/5.0 (Linux; Android 11; Redmi Note 9 Pro Build/RKQ1.200826.002; wv) AppleWebKit/537.36 (KHTML, like Gecko) Version/4.0 Chrome/101.0.4951.61 Mobile Safari/537.36"
198.54.114.35 - - [21/Jun/2025:01:11:37 -0400] "POST /wp-cron.php?doing_wp_cron=1750482697.4487879276275634765625 HTTP/1.1" 200 0 "-" "WordPress/6.8.1; https://socialdigiinnovator.com"
165.22.211.89 - - [21/Jun/2025:01:08:00 -0400] "GET /file-manager/tinymce HTTP/1.1" 404 14952 "-" "Mozilla/5.0 (Linux; Android 11; Redmi Note 9 Pro Build/RKQ1.200826.002; wv) AppleWebKit/537.36 (KHTML, like Gecko) Version/4.0 Chrome/101.0.4951.61 Mobile Safari/537.36"
165.22.211.89 - - [21/Jun/2025:01:08:04 -0400] "GET /public/file-manager/tinymce HTTP/1.1" 404 14952 "-" "Mozilla/5.0 (Linux; Android 11; Redmi Note 9 Pro Build/RKQ1.200826.002; wv) AppleWebKit/537.36 (KHTML, like Gecko) Version/4.0 Chrome/101.0.4951.61 Mobile Safari/537.36"
165.22.211.89 - - [21/Jun/2025:01:08:06 -0400] "GET /file-manager/content HTTP/1.1" 404 14952 "-" "Mozilla/5.0 (Linux; Android 11; Redmi Note 9 Pro Build/RKQ1.200826.002; wv) AppleWebKit/537.36 (KHTML, like Gecko) Version/4.0 Chrome/101.0.4951.61 Mobile Safari/537.36"
13.219.224.35 - - [21/Jun/2025:01:11:35 -0400] "HEAD /virtual-assistant-services/lead-generation-appointment-setter/ HTTP/1.1" 200 0 "-" "Mozilla/5.0 (Macintosh; Intel Mac OS X 10_15_7) AppleWebKit/537.36 (KHTML, like Gecko) Chrome/123.0.6312.113 Safari/537.36"
196.251.117.231 - - [21/Jun/2025:01:15:02 -0400] "GET /wp-login.php HTTP/1.1" 302 771 "-" "python-requests/2.32.3"
198.54.114.35 - - [21/Jun/2025:01:37:18 -0400] "POST /wp-cron.php?doing_wp_cron=1750484238.4283540248870849609375 HTTP/1.1" 200 0 "-" "WordPress/6.8.1; https://socialdigiinnovator.com"
52.167.144.21 - - [21/Jun/2025:01:37:18 -0400] "GET /wp-sitemap.xml HTTP/1.1" 200 197 "-" "Mozilla/5.0 AppleWebKit/537.36 (KHTML, like Gecko; compatible; bingbot/2.0; +http://www.bing.com/bingbot.htm) Chrome/116.0.1938.76 Safari/537.36"
198.54.114.35 - - [21/Jun/2025:01:36:14 -0400] "POST /wp-cron.php?doing_wp_cron=1750484174.6531739234924316406250 HTTP/1.1" 200 0 "-" "WordPress/6.8.1; https://socialdigiinnovator.com"
52.167.144.21 - - [21/Jun/2025:01:36:11 -0400] "GET /sitemap.xml HTTP/1.1" 301 0 "-" "Mozilla/5.0 AppleWebKit/537.36 (KHTML, like Gecko; compatible; bingbot/2.0; +http://www.bing.com/bingbot.htm) Chrome/116.0.1938.76 Safari/537.36"
198.54.114.35 - - [21/Jun/2025:01:37:59 -0400] "POST /wp-cron.php?doing_wp_cron=1750484279.4930250644683837890625 HTTP/1.1" 200 0 "-" "WordPress/6.8.1; https://socialdigiinnovator.com"
216.244.66.226 - - [21/Jun/2025:01:37:59 -0400] "GET /robots.txt HTTP/1.1" 200 102 "-" "Mozilla/5.0 (compatible; DotBot/1.2; +https://opensiteexplorer.org/dotbot; help@moz.com)"
81.77.11.96 - - [21/Jun/2025:02:00:12 -0400] "GET /vendor/phpunit/phpunit/LICENSE HTTP/1.1" 404 14952 "-" "Mozilla/5.0 (Windows NT 10.0; Win64; x64) AppleWebKit/537.36 (KHTML, like Gecko) Chrome/106.0.0.0 Safari/537.36"
100.14.211.213 - - [21/Jun/2025:02:00:18 -0400] "GET /404 HTTP/1.1" 404 14952 "-" "Mozilla/5.0 (Windows NT 10.0; Win64; x64) AppleWebKit/537.36 (KHTML, like Gecko) Chrome/106.0.0.0 Safari/537.36"
198.54.114.35 - - [21/Jun/2025:01:53:47 -0400] "POST /wp-cron.php?doing_wp_cron=1750485227.5670330524444580078125 HTTP/1.1" 200 0 "-" "WordPress/6.8.1; https://socialdigiinnovator.com"
44.197.147.223 - - [21/Jun/2025:01:53:45 -0400] "HEAD /confirmation/ HTTP/1.1" 200 0 "-" "Mozilla/5.0 (Macintosh; Intel Mac OS X 10_15_7) AppleWebKit/537.36 (KHTML, like Gecko) Chrome/124.0.6367.151 Safari/537.36"
198.54.114.35 - - [21/Jun/2025:02:00:15 -0400] "POST /wp-cron.php?doing_wp_cron=1750485615.0553040504455566406250 HTTP/1.1" 200 0 "-" "WordPress/6.8.1; https://socialdigiinnovator.com"
109.76.12.43 - - [21/Jun/2025:02:00:16 -0400] "GET /vendor/phpunit/phpunit/src/Util/PHP/ HTTP/1.1" 404 14952 "-" "Mozilla/5.0 (Windows NT 10.0; Win64; x64) AppleWebKit/537.36 (KHTML, like Gecko) Chrome/106.0.0.0 Safari/537.36"
100.14.211.213 - - [21/Jun/2025:02:00:18 -0400] "GET /wp-login.php HTTP/1.1" 302 0 "-" "Mozilla/5.0 (Windows NT 10.0; Win64; x64) AppleWebKit/537.36 (KHTML, like Gecko) Chrome/106.0.0.0 Safari/537.36"
198.54.114.35 - - [21/Jun/2025:02:25:17 -0400] "POST /wp-cron.php?doing_wp_cron=1750487117.5617489814758300781250 HTTP/1.1" 200 0 "-" "WordPress/6.8.1; https://socialdigiinnovator.com"
57.141.0.25 - - [21/Jun/2025:02:25:14 -0400] "GET /technical-services/web-ada-comply/ HTTP/1.1" 200 15589 "-" "meta-externalagent/1.1 (+https://developers.facebook.com/docs/sharing/webmasters/crawler)"
198.54.114.35 - - [21/Jun/2025:02:52:05 -0400] "POST /wp-cron.php?doing_wp_cron=1750488725.8250110149383544921875 HTTP/1.1" 200 0 "-" "WordPress/6.8.1; https://socialdigiinnovator.com"
43.135.182.43 - - [21/Jun/2025:02:52:02 -0400] "GET / HTTP/1.1" 200 21728 "http://socialdigiinnovator.com" "Mozilla/5.0 (iPhone; CPU iPhone OS 13_2_3 like Mac OS X) AppleWebKit/605.1.15 (KHTML, like Gecko) Version/13.0.3 Mobile/15E148 Safari/604.1"
198.54.114.35 - - [21/Jun/2025:02:58:21 -0400] "POST /wp-cron.php?doing_wp_cron=1750489101.2707180976867675781250 HTTP/1.1" 200 0 "-" "WordPress/6.8.1; https://socialdigiinnovator.com"
44.212.131.50 - - [21/Jun/2025:02:58:18 -0400] "GET /facebook-as-a-lead-generation-magnet/ HTTP/1.1" 200 19313 "-" "Mozilla/5.0 AppleWebKit/537.36 (KHTML, like Gecko; compatible; Amazonbot/0.1; +https://developer.amazon.com/support/amazonbot) Chrome/119.0.6045.214 Safari/537.36"
54.36.149.28 - - [21/Jun/2025:03:24:59 -0400] "GET / HTTP/1.1" 302 771 "-" "Mozilla/5.0 (compatible; AhrefsBot/7.0; +http://ahrefs.com/robot/)"
44.201.246.110 - - [21/Jun/2025:03:29:06 -0400] "HEAD /virtual-assistant-complete-guide-ebook/ HTTP/1.1" 200 0 "-" "Mozilla/5.0 (Macintosh; Intel Mac OS X 10_15_7; rv:125.0.1) Gecko/20100101 Firefox/125.0.1"
198.54.114.35 - - [21/Jun/2025:03:31:54 -0400] "POST /wp-cron.php?doing_wp_cron=1750491114.6028790473937988281250 HTTP/1.1" 200 0 "-" "WordPress/6.8.1; https://socialdigiinnovator.com"
198.54.114.35 - - [21/Jun/2025:03:28:38 -0400] "POST /wp-cron.php?doing_wp_cron=1750490917.8456981182098388671875 HTTP/1.1" 200 0 "-" "WordPress/6.8.1; https://socialdigiinnovator.com"
66.249.73.101 - - [21/Jun/2025:03:28:34 -0400] "GET /?news%2F HTTP/1.1" 200 21728 "-" "Mozilla/5.0 (Linux; Android 6.0.1; Nexus 5X Build/MMB29P) AppleWebKit/537.36 (KHTML, like Gecko) Chrome/137.0.7151.103 Mobile Safari/537.36 (compatible; Googlebot/2.1; +http://www.google.com/bot.html)"
66.249.73.100 - - [21/Jun/2025:03:28:41 -0400] "GET /wp-content/plugins/elementor/assets/js/counter.12335f45aaa79d244f24.bundle.min.js HTTP/1.1" 200 442 "https://socialdigiinnovator.com/?news%2F" "Mozilla/5.0 (Linux; Android 6.0.1; Nexus 5X Build/MMB29P) AppleWebKit/537.36 (KHTML, like Gecko) Chrome/137.0.7151.68 Mobile Safari/537.36 (compatible; Googlebot/2.1; +http://www.google.com/bot.html)"
198.54.114.35 - - [21/Jun/2025:03:29:06 -0400] "POST /wp-cron.php?doing_wp_cron=1750490946.4758770465850830078125 HTTP/1.1" 200 0 "-" "WordPress/6.8.1; https://socialdigiinnovator.com"
40.77.167.23 - - [21/Jun/2025:03:31:50 -0400] "GET /?s=2024 HTTP/1.1" 200 10031 "-" "Mozilla/5.0 AppleWebKit/537.36 (KHTML, like Gecko; compatible; bingbot/2.0; +http://www.bing.com/bingbot.htm) Chrome/116.0.1938.76 Safari/537.36"
198.54.114.35 - - [21/Jun/2025:03:35:37 -0400] "POST /wp-cron.php?doing_wp_cron=1750491337.4435510635375976562500 HTTP/1.1" 200 0 "-" "WordPress/6.8.1; https://socialdigiinnovator.com"
196.251.72.211 - - [21/Jun/2025:03:35:35 -0400] "GET / HTTP/1.1" 200 0 "-" "-"
196.251.72.211 - - [21/Jun/2025:03:35:40 -0400] "GET / HTTP/1.1" 200 21728 "-" "-"
196.251.72.211 - - [21/Jun/2025:03:35:41 -0400] "GET /wordpress HTTP/1.1" 404 14952 "-" "-"
196.251.72.211 - - [21/Jun/2025:03:35:42 -0400] "GET /wp-admin/setup-config.php HTTP/1.1" 403 1242 "-" "-"
196.251.72.211 - - [21/Jun/2025:03:35:42 -0400] "GET /wp-admin/install.php HTTP/1.1" 200 426 "-" "-"
196.251.72.211 - - [21/Jun/2025:03:35:44 -0400] "GET /blog HTTP/1.1" 301 0 "-" "-"
196.251.72.211 - - [21/Jun/2025:03:35:44 -0400] "GET /blog/ HTTP/1.1" 200 14543 "-" "-"
196.251.72.211 - - [21/Jun/2025:03:35:47 -0400] "GET /test HTTP/1.1" 404 14952 "-" "-"
196.251.72.211 - - [21/Jun/2025:03:35:49 -0400] "GET /site HTTP/1.1" 404 14952 "-" "-"
196.251.72.211 - - [21/Jun/2025:03:35:50 -0400] "GET /backup HTTP/1.1" 404 14933 "-" "-"
196.251.72.211 - - [21/Jun/2025:03:35:29 -0400] "GET / HTTP/1.1" 200 0 "-" "-"
198.54.114.35 - - [21/Jun/2025:03:35:37 -0400] "POST /wp-cron.php?doing_wp_cron=1750491337.4428610801696777343750 HTTP/1.1" 200 0 "-" "WordPress/6.8.1; https://socialdigiinnovator.com"
198.54.114.35 - - [21/Jun/2025:03:35:42 -0400] "POST /wp-cron.php?doing_wp_cron=1750491342.7246189117431640625000 HTTP/1.1" 200 0 "-" "WordPress/6.8.1; https://socialdigiinnovator.com"
198.54.114.35 - - [21/Jun/2025:03:35:43 -0400] "POST /wp-cron.php?doing_wp_cron=1750491343.5232119560241699218750 HTTP/1.1" 200 0 "-" "WordPress/6.8.1; https://socialdigiinnovator.com"
196.251.72.211 - - [21/Jun/2025:03:35:43 -0400] "GET /wp HTTP/1.1" 404 14952 "-" "-"
196.251.72.211 - - [21/Jun/2025:03:35:45 -0400] "GET /new HTTP/1.1" 404 14952 "-" "-"
196.251.72.211 - - [21/Jun/2025:03:35:46 -0400] "GET /old HTTP/1.1" 404 14952 "-" "-"
196.251.72.211 - - [21/Jun/2025:03:35:46 -0400] "GET /newsite HTTP/1.1" 404 14952 "-" "-"
196.251.72.211 - - [21/Jun/2025:03:35:48 -0400] "GET /main HTTP/1.1" 404 14952 "-" "-"
196.251.72.211 - - [21/Jun/2025:03:35:49 -0400] "GET /testing HTTP/1.1" 404 14952 "-" "-"
196.251.72.211 - - [21/Jun/2025:03:35:51 -0400] "GET /demo HTTP/1.1" 404 14952 "-" "-"
196.251.72.211 - - [21/Jun/2025:03:35:51 -0400] "GET /home HTTP/1.1" 301 0 "-" "-"
196.251.72.211 - - [21/Jun/2025:03:35:53 -0400] "GET /tmp HTTP/1.1" 404 14952 "-" "-"
196.251.72.211 - - [21/Jun/2025:03:35:55 -0400] "GET /portal HTTP/1.1" 404 14952 "-" "-"
196.251.72.211 - - [21/Jun/2025:03:35:52 -0400] "GET / HTTP/1.1" 200 21728 "-" "-"
196.251.72.211 - - [21/Jun/2025:03:35:53 -0400] "GET /dev HTTP/1.1" 404 14952 "-" "-"
196.251.72.211 - - [21/Jun/2025:03:35:54 -0400] "GET /cms HTTP/1.1" 404 14952 "-" "-"
196.251.72.211 - - [21/Jun/2025:03:35:55 -0400] "GET /web HTTP/1.1" 301 0 "-" "-"
196.251.72.211 - - [21/Jun/2025:03:35:56 -0400] "GET /technical-services/web-ada-comply/ HTTP/1.1" 200 15591 "-" "-"
198.54.114.35 - - [21/Jun/2025:03:40:09 -0400] "POST /wp-cron.php?doing_wp_cron=1750491609.3486390113830566406250 HTTP/1.1" 200 0 "-" "WordPress/6.8.1; https://socialdigiinnovator.com"
13.74.148.99 - - [21/Jun/2025:03:40:11 -0400] "GET /wp-admin/includes/media.php.INFECTED.php HTTP/1.1" 404 14952 "-" "-"
13.74.148.99 - - [21/Jun/2025:03:40:12 -0400] "GET /wp-includes/block-bindings.php HTTP/1.1" 403 1242 "-" "-"
13.74.148.99 - - [21/Jun/2025:03:40:12 -0400] "GET /wp-admin/maint/wp-act.php HTTP/1.1" 404 14952 "-" "-"
13.74.148.99 - - [21/Jun/2025:03:40:14 -0400] "GET /wp-includes/class-json-ajax-session.php HTTP/1.1" 404 14952 "-" "-"
13.74.148.99 - - [21/Jun/2025:03:40:14 -0400] "GET /wp-includes/0.php HTTP/1.1" 404 14952 "-" "-"
13.74.148.99 - - [21/Jun/2025:03:40:15 -0400] "GET /wp-admin/css/acces.php HTTP/1.1" 404 14933 "-" "-"
13.74.148.99 - - [21/Jun/2025:03:40:16 -0400] "GET /wp-admin/maint/go.php HTTP/1.1" 404 14952 "-" "-"
13.74.148.99 - - [21/Jun/2025:03:40:19 -0400] "GET /wp-admin/maint/wp-damin.php HTTP/1.1" 404 14952 "-" "-"
13.74.148.99 - - [21/Jun/2025:03:40:20 -0400] "GET /wp-admin/includes/go.php HTTP/1.1" 404 14952 "-" "-"
13.74.148.99 - - [21/Jun/2025:03:40:21 -0400] "GET /wp-includes/class-wp-simplepie-sanitize-kses-stream.php HTTP/1.1" 404 14952 "-" "-"
13.74.148.99 - - [21/Jun/2025:03:40:22 -0400] "GET /wp-includes/fonts/class-wp-font-collection.php HTTP/1.1" 403 1242 "-" "-"
13.74.148.99 - - [21/Jun/2025:03:40:22 -0400] "GET /wp-admin/includes/class-wp-pagebuilders-BDsjLk.php HTTP/1.1" 404 14933 "-" "-"
13.74.148.99 - - [21/Jun/2025:03:40:23 -0400] "GET /wp-admin/css/bgFbMo.php HTTP/1.1" 404 14952 "-" "-"
13.74.148.99 - - [21/Jun/2025:03:40:25 -0400] "GET /wp-admin/maint/doc.php HTTP/1.1" 404 14952 "-" "-"
13.74.148.99 - - [21/Jun/2025:03:40:26 -0400] "GET /wp-admin/css/go.php HTTP/1.1" 404 14952 "-" "-"
13.74.148.99 - - [21/Jun/2025:03:40:26 -0400] "GET /wp-admin/maint/cong.php HTTP/1.1" 404 14933 "-" "-"
13.74.148.99 - - [21/Jun/2025:03:40:27 -0400] "GET /wp-content/upgrade/about.php HTTP/1.1" 404 14952 "-" "-"
13.74.148.99 - - [21/Jun/2025:03:40:29 -0400] "GET /images/test.php HTTP/1.1" 404 14952 "-" "-"
13.74.148.99 - - [21/Jun/2025:03:40:30 -0400] "GET /wp-admin/css/colors/dkSUq.php HTTP/1.1" 404 14952 "-" "-"
13.74.148.99 - - [21/Jun/2025:03:40:31 -0400] "GET /wp-admin/js/widgets/hYdXrMgTbH.php HTTP/1.1" 404 14952 "-" "-"
13.74.148.99 - - [21/Jun/2025:03:40:31 -0400] "GET /wp-includes/Text/Diff/Renderer/last.php HTTP/1.1" 404 14952 "-" "-"
13.74.148.99 - - [21/Jun/2025:03:40:33 -0400] "GET /wp-admin/css/colors/midnight/strcmp.php HTTP/1.1" 404 14952 "-" "-"
13.74.148.99 - - [21/Jun/2025:03:40:34 -0400] "GET /wp-content/uploads/emvvuhwx.php HTTP/1.1" 404 14952 "-" "-"
13.74.148.99 - - [21/Jun/2025:03:40:34 -0400] "GET /wp-includes/css/str_replace.php HTTP/1.1" 404 14952 "-" "-"
13.74.148.99 - - [21/Jun/2025:03:40:35 -0400] "GET /wp-admin/includes/ace.php HTTP/1.1" 404 14952 "-" "-"
13.74.148.99 - - [21/Jun/2025:03:40:36 -0400] "GET /wp-includes/wp-admin-css.php HTTP/1.1" 404 14952 "-" "-"
13.74.148.99 - - [21/Jun/2025:03:40:36 -0400] "GET /wp-content/upgrade/120f9.php HTTP/1.1" 404 14952 "-" "-"
13.74.148.99 - - [21/Jun/2025:03:40:37 -0400] "GET /wp-includes/Text/moon.php HTTP/1.1" 404 14933 "-" "-"
13.74.148.99 - - [21/Jun/2025:03:40:37 -0400] "GET /wp-admin/css/colors/light/qwas.php HTTP/1.1" 404 14952 "-" "-"
13.74.148.99 - - [21/Jun/2025:03:40:39 -0400] "GET /wp-includes/block-template-utils.php HTTP/1.1" 403 1242 "-" "-"
13.74.148.99 - - [21/Jun/2025:03:40:39 -0400] "GET /wp-includes/fonts/browser.php HTTP/1.1" 404 14952 "-" "-"
13.74.148.99 - - [21/Jun/2025:03:40:40 -0400] "GET /wp-admin/maint/smile.php HTTP/1.1" 404 14952 "-" "-"
13.74.148.99 - - [21/Jun/2025:03:40:41 -0400] "GET /images/up.php HTTP/1.1" 404 14933 "-" "-"
13.74.148.99 - - [21/Jun/2025:03:40:41 -0400] "GET /wp-includes/link-template-git.php HTTP/1.1" 404 14952 "-" "-"
13.74.148.99 - - [21/Jun/2025:03:40:42 -0400] "GET /wp-admin/images/searchl.php HTTP/1.1" 404 14952 "-" "-"
13.74.148.99 - - [21/Jun/2025:03:40:05 -0400] "GET /wp-content/plugins/hellopress/wp_filemanager.php HTTP/1.1" 404 14952 "-" "-"
13.74.148.99 - - [21/Jun/2025:03:40:10 -0400] "GET /wp-includes/pomo/mpvloi.php HTTP/1.1" 404 14952 "-" "-"
13.74.148.99 - - [21/Jun/2025:03:40:10 -0400] "GET /wp-admin/images/edit-tags.php HTTP/1.1" 404 14952 "-" "-"
13.74.148.99 - - [21/Jun/2025:03:40:12 -0400] "GET /wp-admin/css/colors/ectoplasm/str_shuffcle.php HTTP/1.1" 404 14952 "-" "-"
13.74.148.99 - - [21/Jun/2025:03:40:13 -0400] "GET /wp-includes/css/dist/niil.php HTTP/1.1" 404 14952 "-" "-"
13.74.148.99 - - [21/Jun/2025:03:40:13 -0400] "GET /files/css_compare.php HTTP/1.1" 404 14952 "-" "-"
13.74.148.99 - - [21/Jun/2025:03:40:16 -0400] "GET /wp-includes/about.php HTTP/1.1" 404 14952 "-" "-"
13.74.148.99 - - [21/Jun/2025:03:40:17 -0400] "GET /wp-admin/includes/wp-login.php HTTP/1.1" 302 0 "-" "-"
13.74.148.99 - - [21/Jun/2025:03:40:17 -0400] "GET /404 HTTP/1.1" 404 14952 "-" "-"
13.74.148.99 - - [21/Jun/2025:03:40:17 -0400] "GET /wp-content/uploads/suit5y.php HTTP/1.1" 404 14952 "-" "-"
13.74.148.99 - - [21/Jun/2025:03:40:18 -0400] "GET /uploads/update_with_pics.php HTTP/1.1" 404 14933 "-" "-"
13.74.148.99 - - [21/Jun/2025:03:40:19 -0400] "GET /wp-admin/includes/admin-ajax.php HTTP/1.1" 404 14952 "-" "-"
13.74.148.99 - - [21/Jun/2025:03:40:20 -0400] "GET /uploads/upload.php HTTP/1.1" 404 14952 "-" "-"
13.74.148.99 - - [21/Jun/2025:03:40:21 -0400] "GET /wp-includes/prayer_intentions.php HTTP/1.1" 404 14952 "-" "-"
13.74.148.99 - - [21/Jun/2025:03:40:23 -0400] "GET /wp-includes/cof.php HTTP/1.1" 404 14952 "-" "-"
13.74.148.99 - - [21/Jun/2025:03:40:24 -0400] "GET /wp-admin/includes/class-wp-pagebuilders-5tgxav.php HTTP/1.1" 404 14952 "-" "-"
13.74.148.99 - - [21/Jun/2025:03:40:24 -0400] "GET /wp-admin/css/OK.php HTTP/1.1" 404 14952 "-" "-"
13.74.148.99 - - [21/Jun/2025:03:40:27 -0400] "GET /wp-admin/maint/yes.php HTTP/1.1" 404 14952 "-" "-"
13.74.148.99 - - [21/Jun/2025:03:40:28 -0400] "GET /wp-admin/includes/class-wp-media-list-table-ezd.php HTTP/1.1" 404 14952 "-" "-"
13.74.148.99 - - [21/Jun/2025:03:40:28 -0400] "GET /wp-includes/pomo/yellow.php HTTP/1.1" 404 14952 "-" "-"
13.74.148.99 - - [21/Jun/2025:03:40:30 -0400] "GET /wp-admin/images/wp-ksv1i.php HTTP/1.1" 404 14952 "-" "-"
13.74.148.99 - - [21/Jun/2025:03:40:32 -0400] "GET /wp-content/uploads/admin.php HTTP/1.1" 404 14952 "-" "-"
13.74.148.99 - - [21/Jun/2025:03:40:32 -0400] "GET /wp-content/languages/ru_RU_lite.mo.php HTTP/1.1" 404 14952 "-" "-"
13.74.148.99 - - [21/Jun/2025:03:40:33 -0400] "GET /wp-includes/widgets/hehe.php HTTP/1.1" 404 14952 "-" "-"
13.74.148.99 - - [21/Jun/2025:03:40:38 -0400] "GET /wp-includes/davoeqyv.php HTTP/1.1" 404 14952 "-" "-"
13.74.148.99 - - [21/Jun/2025:03:40:38 -0400] "GET /wp-includes/js/codemirror/87.php HTTP/1.1" 404 14952 "-" "-"
13.74.148.99 - - [21/Jun/2025:03:40:40 -0400] "GET /wp-includes/wp-2019.php HTTP/1.1" 404 14952 "-" "-"
13.74.148.99 - - [21/Jun/2025:03:40:40 -0400] "GET /wp-includes/Text/Diff/Engine.php HTTP/1.1" 404 14952 "-" "-"
198.54.114.35 - - [21/Jun/2025:03:40:42 -0400] "POST /wp-cron.php?doing_wp_cron=1750491642.0233991146087646484375 HTTP/1.1" 200 0 "-" "WordPress/6.8.1; https://socialdigiinnovator.com"
13.74.148.99 - - [21/Jun/2025:03:40:43 -0400] "GET /wp-content/uploads/js.php HTTP/1.1" 404 14952 "-" "-"
13.74.148.99 - - [21/Jun/2025:03:40:43 -0400] "GET /wp-includes/PHPMailer/brand.php HTTP/1.1" 404 14952 "-" "-"
13.74.148.99 - - [21/Jun/2025:03:40:44 -0400] "GET /wp-includes/widgets/class-wp-widget-media-audio-module.php HTTP/1.1" 404 14952 "-" "-"
13.74.148.99 - - [21/Jun/2025:03:40:44 -0400] "GET /wp-admin/includes/class-wp-pagebuilders-3bv4aS.php HTTP/1.1" 404 14952 "-" "-"
13.74.148.99 - - [21/Jun/2025:03:40:45 -0400] "GET /wp-includes/ID3/favicon.php HTTP/1.1" 404 14952 "-" "-"
13.74.148.99 - - [21/Jun/2025:03:40:46 -0400] "GET /uploads/phUploader.php HTTP/1.1" 404 14952 "-" "-"
13.74.148.99 - - [21/Jun/2025:03:40:46 -0400] "GET /wp-includes/fonts/themes.php HTTP/1.1" 404 14952 "-" "-"
13.74.148.99 - - [21/Jun/2025:03:40:47 -0400] "GET /wp-admin/css/wp-damin.php HTTP/1.1" 404 14952 "-" "-"
13.74.148.99 - - [21/Jun/2025:03:40:47 -0400] "GET /wp-content/up HTTP/1.1" 404 14952 "-" "-"
13.74.148.99 - - [21/Jun/2025:03:40:49 -0400] "GET /ty.php?p= HTTP/1.1" 301 0 "-" "-"
13.74.148.99 - - [21/Jun/2025:03:40:49 -0400] "GET /ty.php HTTP/1.1" 404 14952 "-" "-"
13.74.148.99 - - [21/Jun/2025:03:40:50 -0400] "GET /wp-content/plugins/index.php HTTP/1.1" 403 1242 "-" "-"
13.74.148.99 - - [21/Jun/2025:03:40:50 -0400] "GET /file.php?fm=true HTTP/1.1" 404 14952 "-" "-"
13.74.148.99 - - [21/Jun/2025:03:40:51 -0400] "GET /wp-admin/css/colors/blue/ HTTP/1.1" 403 1242 "-" "-"
13.74.148.99 - - [21/Jun/2025:03:40:52 -0400] "GET /404 HTTP/1.1" 404 14952 "-" "-"
13.74.148.99 - - [21/Jun/2025:03:40:52 -0400] "GET /xleet.php HTTP/1.1" 404 14952 "-" "-"
13.74.148.99 - - [21/Jun/2025:03:40:53 -0400] "GET /.well-known/pki-validation/xp.php HTTP/1.1" 404 1251 "-" "-"
13.74.148.99 - - [21/Jun/2025:03:40:53 -0400] "GET /wp-content/languages/index.php HTTP/1.1" 301 0 "-" "-"
13.74.148.99 - - [21/Jun/2025:03:40:54 -0400] "GET /dropdown.php?p= HTTP/1.1" 301 0 "-" "-"
13.74.148.99 - - [21/Jun/2025:03:40:55 -0400] "GET /moon.php HTTP/1.1" 404 14952 "-" "-"
13.74.148.99 - - [21/Jun/2025:03:40:56 -0400] "GET /img/wp-login.php HTTP/1.1" 302 0 "-" "-"
13.74.148.99 - - [21/Jun/2025:03:40:56 -0400] "GET /404 HTTP/1.1" 404 14952 "-" "-"
13.74.148.99 - - [21/Jun/2025:03:40:58 -0400] "GET /images/anjay.php HTTP/1.1" 404 14952 "-" "-"
13.74.148.99 - - [21/Jun/2025:03:40:59 -0400] "GET /vendor/phpunit/phpunit/src/Util/PHP/small.php HTTP/1.1" 404 14952 "-" "-"
13.74.148.99 - - [21/Jun/2025:03:41:00 -0400] "GET /core.php HTTP/1.1" 404 14952 "-" "-"
13.74.148.99 - - [21/Jun/2025:03:41:00 -0400] "GET /wp-content/plugins/core-plugin/include.php HTTP/1.1" 404 14952 "-" "-"
13.74.148.99 - - [21/Jun/2025:03:41:02 -0400] "GET /makeasmtp.php?p= HTTP/1.1" 301 0 "-" "-"
13.74.148.99 - - [21/Jun/2025:03:41:03 -0400] "GET /cgi-bin/index.php HTTP/1.1" 404 1251 "-" "-"
13.74.148.99 - - [21/Jun/2025:03:41:04 -0400] "GET /wp-content/themes/seotheme/mar.php HTTP/1.1" 404 14952 "-" "-"
13.74.148.99 - - [21/Jun/2025:03:41:06 -0400] "GET /wp-admin/css/colors/blue/admin.php HTTP/1.1" 404 14952 "-" "-"
13.74.148.99 - - [21/Jun/2025:03:41:06 -0400] "GET /wp-includes/fonts/index.php HTTP/1.1" 301 0 "-" "-"
13.74.148.99 - - [21/Jun/2025:03:41:07 -0400] "GET /wp-includes/fonts/ HTTP/1.1" 403 1242 "-" "-"
13.74.148.99 - - [21/Jun/2025:03:41:10 -0400] "GET /classwithtostring.php HTTP/1.1" 404 14952 "-" "-"
13.74.148.99 - - [21/Jun/2025:03:41:11 -0400] "GET /cgi-bin/xmrlpc.php HTTP/1.1" 404 14952 "-" "-"
13.74.148.99 - - [21/Jun/2025:03:41:11 -0400] "GET /wp-admin/includes/index.php HTTP/1.1" 301 0 "-" "-"
13.74.148.99 - - [21/Jun/2025:03:41:12 -0400] "GET /wp-admin/includes/ HTTP/1.1" 403 1242 "-" "-"
13.74.148.99 - - [21/Jun/2025:03:41:12 -0400] "GET /readme.php HTTP/1.1" 404 14952 "-" "-"
13.74.148.99 - - [21/Jun/2025:03:41:13 -0400] "GET /wp-content/uploads/index.php HTTP/1.1" 301 0 "-" "-"
13.74.148.99 - - [21/Jun/2025:03:41:13 -0400] "GET /wp-admin/images/index.php HTTP/1.1" 301 0 "-" "-"
13.74.148.99 - - [21/Jun/2025:03:41:14 -0400] "GET /filemanager.php HTTP/1.1" 404 14952 "-" "-"
13.74.148.99 - - [21/Jun/2025:03:41:15 -0400] "GET /.well-known/ HTTP/1.1" 404 14952 "-" "-"
13.74.148.99 - - [21/Jun/2025:03:41:16 -0400] "GET /file.php HTTP/1.1" 404 14952 "-" "-"
13.74.148.99 - - [21/Jun/2025:03:41:17 -0400] "GET /defaults.php HTTP/1.1" 404 14952 "-" "-"
13.74.148.99 - - [21/Jun/2025:03:41:21 -0400] "GET /wp-content/plugins/seoplugins/mar.php HTTP/1.1" 404 14952 "-" "-"
13.74.148.99 - - [21/Jun/2025:03:41:21 -0400] "GET /cong.php HTTP/1.1" 404 14952 "-" "-"
13.74.148.99 - - [21/Jun/2025:03:41:23 -0400] "GET /wp-content/themes/index.php HTTP/1.1" 403 1242 "-" "-"
13.74.148.99 - - [21/Jun/2025:03:41:23 -0400] "GET /.well-known/pki-validation/about.php HTTP/1.1" 404 1251 "-" "-"
13.74.148.99 - - [21/Jun/2025:03:41:24 -0400] "GET /alfa.php HTTP/1.1" 404 14952 "-" "-"
13.74.148.99 - - [21/Jun/2025:03:40:45 -0400] "GET /wp-admin/includes/rfzhh.php HTTP/1.1" 404 14952 "-" "-"
13.74.148.99 - - [21/Jun/2025:03:40:48 -0400] "GET /text.php?fm=true HTTP/1.1" 404 14952 "-" "-"
13.74.148.99 - - [21/Jun/2025:03:40:48 -0400] "GET /admin.php HTTP/1.1" 404 14952 "-" "-"
13.74.148.99 - - [21/Jun/2025:03:40:51 -0400] "GET /function.php HTTP/1.1" 404 14952 "-" "-"
13.74.148.99 - - [21/Jun/2025:03:40:51 -0400] "GET /wp-admin/css/colors/blue/index.php HTTP/1.1" 301 0 "-" "-"
13.74.148.99 - - [21/Jun/2025:03:40:52 -0400] "GET /.well-known/wp-login.php HTTP/1.1" 302 0 "-" "-"
13.74.148.99 - - [21/Jun/2025:03:40:54 -0400] "GET /wp-content/languages/ HTTP/1.1" 404 14952 "-" "-"
13.74.148.99 - - [21/Jun/2025:03:40:54 -0400] "GET /dropdown.php HTTP/1.1" 404 14952 "-" "-"
13.74.148.99 - - [21/Jun/2025:03:40:55 -0400] "GET /radio.php HTTP/1.1" 404 14952 "-" "-"
13.74.148.99 - - [21/Jun/2025:03:40:57 -0400] "GET /wp-admin/maint/maint.php HTTP/1.1" 404 14933 "-" "-"
13.74.148.99 - - [21/Jun/2025:03:40:57 -0400] "GET /mah.php?p= HTTP/1.1" 301 0 "-" "-"
13.74.148.99 - - [21/Jun/2025:03:40:58 -0400] "GET /mah.php HTTP/1.1" 404 14952 "-" "-"
13.74.148.99 - - [21/Jun/2025:03:40:59 -0400] "GET /webadmin.php HTTP/1.1" 404 14933 "-" "-"
13.74.148.99 - - [21/Jun/2025:03:41:01 -0400] "GET /vendor/phpunit/phpunit/src/Util/PHP/astab.php HTTP/1.1" 404 14952 "-" "-"
13.74.148.99 - - [21/Jun/2025:03:41:02 -0400] "GET /astab.php HTTP/1.1" 404 14952 "-" "-"
13.74.148.99 - - [21/Jun/2025:03:41:02 -0400] "GET /makeasmtp.php HTTP/1.1" 404 14952 "-" "-"
13.74.148.99 - - [21/Jun/2025:03:41:03 -0400] "GET /abe.php HTTP/1.1" 404 14952 "-" "-"
13.74.148.99 - - [21/Jun/2025:03:41:04 -0400] "GET /packed.php HTTP/1.1" 404 14952 "-" "-"
13.74.148.99 - - [21/Jun/2025:03:41:05 -0400] "GET /about/function.php HTTP/1.1" 404 14952 "-" "-"
13.74.148.99 - - [21/Jun/2025:03:41:05 -0400] "GET /index/admin.php HTTP/1.1" 404 14952 "-" "-"
13.74.148.99 - - [21/Jun/2025:03:41:07 -0400] "GET /wp-admin/images/about.php HTTP/1.1" 404 14952 "-" "-"
13.74.148.99 - - [21/Jun/2025:03:41:08 -0400] "GET /simple.php HTTP/1.1" 404 14952 "-" "-"
13.74.148.99 - - [21/Jun/2025:03:41:09 -0400] "GET /index/function.php HTTP/1.1" 404 14952 "-" "-"
13.74.148.99 - - [21/Jun/2025:03:41:09 -0400] "GET /item.php HTTP/1.1" 404 14952 "-" "-"
13.74.148.99 - - [21/Jun/2025:03:41:11 -0400] "GET /cgi-bin/xmrlpc.php?p= HTTP/1.1" 301 0 "-" "-"
13.74.148.99 - - [21/Jun/2025:03:41:13 -0400] "GET /wp-content/uploads/ HTTP/1.1" 403 1242 "-" "-"
13.74.148.99 - - [21/Jun/2025:03:41:13 -0400] "GET /wp-admin/images/ HTTP/1.1" 403 1242 "-" "-"
13.74.148.99 - - [21/Jun/2025:03:41:14 -0400] "GET /shell20211028.php HTTP/1.1" 404 14952 "-" "-"
13.74.148.99 - - [21/Jun/2025:03:41:15 -0400] "GET /.well-known/index.php HTTP/1.1" 301 0 "-" "-"
13.74.148.99 - - [21/Jun/2025:03:41:16 -0400] "GET /info.php HTTP/1.1" 404 14952 "-" "-"
13.74.148.99 - - [21/Jun/2025:03:41:17 -0400] "GET /wp-mail.php HTTP/1.1" 403 958 "-" "-"
13.74.148.99 - - [21/Jun/2025:03:41:18 -0400] "GET /about.php HTTP/1.1" 404 14952 "-" "-"
13.74.148.99 - - [21/Jun/2025:03:41:18 -0400] "GET /wp-content/uploads/autoload_classmap.php HTTP/1.1" 404 14952 "-" "-"
13.74.148.99 - - [21/Jun/2025:03:41:19 -0400] "GET /wp-admin/404.php HTTP/1.1" 404 14952 "-" "-"
13.74.148.99 - - [21/Jun/2025:03:41:19 -0400] "GET /db.php HTTP/1.1" 404 14952 "-" "-"
13.74.148.99 - - [21/Jun/2025:03:41:20 -0400] "GET /wp-admin/css/colors/coffee/index.php HTTP/1.1" 301 0 "-" "-"
13.74.148.99 - - [21/Jun/2025:03:41:20 -0400] "GET /wp-admin/css/colors/coffee/ HTTP/1.1" 403 1242 "-" "-"
13.74.148.99 - - [21/Jun/2025:03:41:22 -0400] "GET /wp-admin/css/colors/index.php HTTP/1.1" 301 0 "-" "-"
13.74.148.99 - - [21/Jun/2025:03:41:22 -0400] "GET /wp-admin/css/colors/ HTTP/1.1" 403 1242 "-" "-"
13.74.148.99 - - [21/Jun/2025:03:41:22 -0400] "GET /install.php HTTP/1.1" 404 14952 "-" "-"
13.74.148.99 - - [21/Jun/2025:03:41:23 -0400] "GET /wp-content/themes/ HTTP/1.1" 403 1242 "-" "-"
13.74.148.99 - - [21/Jun/2025:03:41:23 -0400] "GET /mah.php HTTP/1.1" 404 14952 "-" "-"
13.74.148.99 - - [21/Jun/2025:03:41:25 -0400] "GET /wp-admin/js/ HTTP/1.1" 403 1242 "-" "-"
13.74.148.99 - - [21/Jun/2025:03:41:25 -0400] "GET /wp-admin/index.php HTTP/1.1" 302 0 "-" "-"
13.74.148.99 - - [21/Jun/2025:03:41:27 -0400] "GET /randkeyword.php HTTP/1.1" 404 14952 "-" "-"
13.74.148.99 - - [21/Jun/2025:03:41:28 -0400] "GET /wp-content/about.php HTTP/1.1" 404 14952 "-" "-"
13.74.148.99 - - [21/Jun/2025:03:41:29 -0400] "GET /buy.php HTTP/1.1" 404 14952 "-" "-"
13.74.148.99 - - [21/Jun/2025:03:41:29 -0400] "GET /wp-admin/autoload_classmap.php HTTP/1.1" 404 14952 "-" "-"
13.74.148.99 - - [21/Jun/2025:03:41:31 -0400] "GET /404 HTTP/1.1" 404 14952 "-" "-"
13.74.148.99 - - [21/Jun/2025:03:41:24 -0400] "GET /wp-admin/js/index.php HTTP/1.1" 301 0 "-" "-"
13.74.148.99 - - [21/Jun/2025:03:41:27 -0400] "GET /wp-login.php?redirect_to=https%3A%2F%2Fsocialdigiinnovator.com%2Fwp-admin%2Findex.php&reauth=1 HTTP/1.1" 302 0 "-" "-"
13.74.148.99 - - [21/Jun/2025:03:41:27 -0400] "GET /404 HTTP/1.1" 404 14952 "-" "-"
13.74.148.99 - - [21/Jun/2025:03:41:30 -0400] "GET /wp-content/file.php HTTP/1.1" 404 14952 "-" "-"
13.74.148.99 - - [21/Jun/2025:03:41:30 -0400] "GET /autoload_classmap.php HTTP/1.1" 404 14952 "-" "-"
13.74.148.99 - - [21/Jun/2025:03:41:31 -0400] "GET /wp-admin/user/index.php HTTP/1.1" 302 0 "-" "-"
13.74.148.99 - - [21/Jun/2025:03:41:31 -0400] "GET /wp-login.php?redirect_to=https%3A%2F%2Fsocialdigiinnovator.com%2Fwp-admin%2Fuser%2Findex.php&reauth=1 HTTP/1.1" 302 0 "-" "-"
13.74.148.99 - - [21/Jun/2025:03:41:32 -0400] "GET /wp-content/plugins/dummyyummy/wp-signup.php HTTP/1.1" 404 14952 "-" "-"
66.249.65.64 - - [21/Jun/2025:03:46:34 -0400] "GET / HTTP/1.1" 301 0 "-" "Mozilla/5.0 (Linux; Android 6.0.1; Nexus 5X Build/MMB29P) AppleWebKit/537.36 (KHTML, like Gecko) Chrome/137.0.7151.103 Mobile Safari/537.36 (compatible; Googlebot/2.1; +http://www.google.com/bot.html)"
198.54.114.35 - - [21/Jun/2025:03:46:37 -0400] "POST /wp-cron.php?doing_wp_cron=1750491996.8693079948425292968750 HTTP/1.1" 200 0 "-" "WordPress/6.8.1; https://socialdigiinnovator.com"
66.249.73.102 - - [21/Jun/2025:03:46:37 -0400] "GET / HTTP/1.1" 200 21728 "-" "Mozilla/5.0 (Linux; Android 6.0.1; Nexus 5X Build/MMB29P) AppleWebKit/537.36 (KHTML, like Gecko) Chrome/137.0.7151.103 Mobile Safari/537.36 (compatible; Googlebot/2.1; +http://www.google.com/bot.html)"
18.97.9.174 - - [21/Jun/2025:03:49:24 -0400] "GET /robots.txt HTTP/1.1" 200 102 "-" "CCBot/2.0 (https://commoncrawl.org/faq/)"
198.54.114.35 - - [21/Jun/2025:03:52:50 -0400] "POST /wp-cron.php?doing_wp_cron=1750492370.6004889011383056640625 HTTP/1.1" 200 0 "-" "WordPress/6.8.1; https://socialdigiinnovator.com"
216.244.66.226 - - [21/Jun/2025:03:52:48 -0400] "GET /robots.txt HTTP/1.1" 301 0 "-" "Mozilla/5.0 (compatible; DotBot/1.2; +https://opensiteexplorer.org/dotbot; help@moz.com)"
198.54.114.35 - - [21/Jun/2025:03:49:26 -0400] "POST /wp-cron.php?doing_wp_cron=1750492166.4758601188659667968750 HTTP/1.1" 200 0 "-" "WordPress/6.8.1; https://socialdigiinnovator.com"
18.97.9.174 - - [21/Jun/2025:03:49:26 -0400] "GET /technical-services/crm-customization-integrations-management/ HTTP/1.1" 200 15416 "-" "CCBot/2.0 (https://commoncrawl.org/faq/)"
216.244.66.226 - - [21/Jun/2025:03:52:51 -0400] "GET /robots.txt HTTP/1.1" 200 102 "-" "Mozilla/5.0 (compatible; DotBot/1.2; +https://opensiteexplorer.org/dotbot; help@moz.com)"
198.54.114.35 - - [21/Jun/2025:03:57:21 -0400] "POST /wp-cron.php?doing_wp_cron=1750492641.0555620193481445312500 HTTP/1.1" 200 0 "-" "WordPress/6.8.1; https://socialdigiinnovator.com"
2a03:2880:f800:12:: - - [21/Jun/2025:03:57:18 -0400] "GET /non-technical-services/ HTTP/1.1" 200 15321 "-" "meta-externalagent/1.1 (+https://developers.facebook.com/docs/sharing/webmasters/crawler)"
198.54.114.35 - - [21/Jun/2025:04:04:36 -0400] "POST /wp-cron.php?doing_wp_cron=1750493076.4480590820312500000000 HTTP/1.1" 200 0 "-" "WordPress/6.8.1; https://socialdigiinnovator.com"
66.249.73.98 - - [21/Jun/2025:04:04:34 -0400] "GET /perks-of-hiring-a-va-things-you-need-to-know/ HTTP/1.1" 200 19647 "-" "Mozilla/5.0 (Linux; Android 6.0.1; Nexus 5X Build/MMB29P) AppleWebKit/537.36 (KHTML, like Gecko) Chrome/137.0.7151.103 Mobile Safari/537.36 (compatible; Googlebot/2.1; +http://www.google.com/bot.html)"
66.249.73.97 - - [21/Jun/2025:04:04:42 -0400] "GET /wp-content/uploads/elementor/css/post-2357.css?ver=1749116776 HTTP/1.1" 200 188 "https://socialdigiinnovator.com/perks-of-hiring-a-va-things-you-need-to-know/" "Mozilla/5.0 (Linux; Android 6.0.1; Nexus 5X Build/MMB29P) AppleWebKit/537.36 (KHTML, like Gecko) Chrome/137.0.7151.68 Mobile Safari/537.36 (compatible; Googlebot/2.1; +http://www.google.com/bot.html)"
66.249.73.98 - - [21/Jun/2025:04:04:44 -0400] "GET /wp-includes/css/dist/block-library/common.min.css?ver=6.8.1 HTTP/1.1" 200 956 "https://socialdigiinnovator.com/perks-of-hiring-a-va-things-you-need-to-know/" "Mozilla/5.0 (Linux; Android 6.0.1; Nexus 5X Build/MMB29P) AppleWebKit/537.36 (KHTML, like Gecko) Chrome/137.0.7151.68 Mobile Safari/537.36 (compatible; Googlebot/2.1; +http://www.google.com/bot.html)"
Copyright ©2k19 -
Hexid
|
Tex7ure