2600:1900:0:2d08::900 - - [20/Jun/2025:13:13:18 -0400] "GET /wp-content/plugins/elementor/assets/lib/font-awesome/css/v4-shims.min.css?ver=3.29.2 HTTP/1.1" 200 3987 "https://socialdigiinnovator.com/talk/" "Mozilla/5.0 (Macintosh; Intel Mac OS X 10_15_7) AppleWebKit/537.36 (KHTML, like Gecko) Chrome/137.0.0.0 Safari/537.36"
2600:1900:0:2d08::900 - - [20/Jun/2025:13:13:18 -0400] "GET /wp-content/uploads/elementor/css/post-86.css?ver=1749067505 HTTP/1.1" 200 421 "https://socialdigiinnovator.com/talk/" "Mozilla/5.0 (Macintosh; Intel Mac OS X 10_15_7) AppleWebKit/537.36 (KHTML, like Gecko) Chrome/137.0.0.0 Safari/537.36"
2600:1900:0:2d08::900 - - [20/Jun/2025:13:13:18 -0400] "GET /wp-content/plugins/contact-form-7/includes/css/styles.css?ver=6.0.6 HTTP/1.1" 200 890 "https://socialdigiinnovator.com/talk/" "Mozilla/5.0 (Macintosh; Intel Mac OS X 10_15_7) AppleWebKit/537.36 (KHTML, like Gecko) Chrome/137.0.0.0 Safari/537.36"
2600:1900:0:2d08::900 - - [20/Jun/2025:13:13:18 -0400] "GET /wp-content/plugins/elementor/assets/css/widget-image.min.css?ver=3.29.2 HTTP/1.1" 200 254 "https://socialdigiinnovator.com/talk/" "Mozilla/5.0 (Macintosh; Intel Mac OS X 10_15_7) AppleWebKit/537.36 (KHTML, like Gecko) Chrome/137.0.0.0 Safari/537.36"
2600:1900:0:2d08::900 - - [20/Jun/2025:13:13:18 -0400] "GET /wp-content/plugins/contact-form-7/includes/js/index.js?ver=6.0.6 HTTP/1.1" 304 0 "https://socialdigiinnovator.com/talk/" "Mozilla/5.0 (Macintosh; Intel Mac OS X 10_15_7) AppleWebKit/537.36 (KHTML, like Gecko) Chrome/137.0.0.0 Safari/537.36"
2600:1900:0:2d08::900 - - [20/Jun/2025:13:13:18 -0400] "GET /wp-content/plugins/elementor/assets/css/frontend.min.css?ver=3.29.2 HTTP/1.1" 200 6472 "https://socialdigiinnovator.com/talk/" "Mozilla/5.0 (Macintosh; Intel Mac OS X 10_15_7) AppleWebKit/537.36 (KHTML, like Gecko) Chrome/137.0.0.0 Safari/537.36"
2600:1900:0:2d08::900 - - [20/Jun/2025:13:13:18 -0400] "GET /wp-content/plugins/elementor/assets/lib/eicons/css/elementor-icons.min.css?ver=5.40.0 HTTP/1.1" 200 3983 "https://socialdigiinnovator.com/talk/" "Mozilla/5.0 (Macintosh; Intel Mac OS X 10_15_7) AppleWebKit/537.36 (KHTML, like Gecko) Chrome/137.0.0.0 Safari/537.36"
2600:1900:0:2d08::900 - - [20/Jun/2025:13:13:18 -0400] "GET /wp-content/plugins/elementor/assets/css/widget-video.min.css?ver=3.29.2 HTTP/1.1" 200 354 "https://socialdigiinnovator.com/talk/" "Mozilla/5.0 (Macintosh; Intel Mac OS X 10_15_7) AppleWebKit/537.36 (KHTML, like Gecko) Chrome/137.0.0.0 Safari/537.36"
2600:1900:0:2d08::900 - - [20/Jun/2025:13:13:18 -0400] "GET /wp-includes/js/jquery/jquery.min.js?ver=3.7.1 HTTP/1.1" 200 29744 "https://socialdigiinnovator.com/talk/" "Mozilla/5.0 (Macintosh; Intel Mac OS X 10_15_7) AppleWebKit/537.36 (KHTML, like Gecko) Chrome/137.0.0.0 Safari/537.36"
2600:1900:0:2d08::900 - - [20/Jun/2025:13:13:18 -0400] "GET /wp-content/plugins/elementor-pro/assets/js/elements-handlers.min.js?ver=3.29.0 HTTP/1.1" 304 0 "https://socialdigiinnovator.com/talk/" "Mozilla/5.0 (Macintosh; Intel Mac OS X 10_15_7) AppleWebKit/537.36 (KHTML, like Gecko) Chrome/137.0.0.0 Safari/537.36"
2600:1900:0:2d08::900 - - [20/Jun/2025:13:13:18 -0400] "GET /wp-includes/js/dist/i18n.min.js?ver=5e580eb46a90c2b997e6 HTTP/1.1" 304 0 "https://socialdigiinnovator.com/talk/" "Mozilla/5.0 (Macintosh; Intel Mac OS X 10_15_7) AppleWebKit/537.36 (KHTML, like Gecko) Chrome/137.0.0.0 Safari/537.36"
2600:1900:0:2d08::900 - - [20/Jun/2025:13:13:18 -0400] "GET /wp-content/plugins/elementor/assets/js/frontend.min.js?ver=3.29.2 HTTP/1.1" 200 10288 "https://socialdigiinnovator.com/talk/" "Mozilla/5.0 (Macintosh; Intel Mac OS X 10_15_7) AppleWebKit/537.36 (KHTML, like Gecko) Chrome/137.0.0.0 Safari/537.36"
2600:1900:0:2d08::900 - - [20/Jun/2025:13:13:18 -0400] "GET /wp-content/plugins/contact-form-7/includes/swv/js/index.js?ver=6.0.6 HTTP/1.1" 304 0 "https://socialdigiinnovator.com/talk/" "Mozilla/5.0 (Macintosh; Intel Mac OS X 10_15_7) AppleWebKit/537.36 (KHTML, like Gecko) Chrome/137.0.0.0 Safari/537.36"
2600:1900:0:2d08::900 - - [20/Jun/2025:13:13:18 -0400] "GET /wp-content/uploads/elementor/google-fonts/css/roboto.css?ver=1742243672 HTTP/1.1" 200 1871 "https://socialdigiinnovator.com/talk/" "Mozilla/5.0 (Macintosh; Intel Mac OS X 10_15_7) AppleWebKit/537.36 (KHTML, like Gecko) Chrome/137.0.0.0 Safari/537.36"
2600:1900:0:2d08::900 - - [20/Jun/2025:13:13:18 -0400] "GET /wp-content/uploads/elementor/google-fonts/css/robotoslab.css?ver=1742243687 HTTP/1.1" 200 703 "https://socialdigiinnovator.com/talk/" "Mozilla/5.0 (Macintosh; Intel Mac OS X 10_15_7) AppleWebKit/537.36 (KHTML, like Gecko) Chrome/137.0.0.0 Safari/537.36"
2600:1900:0:2d08::900 - - [20/Jun/2025:13:13:18 -0400] "GET /wp-content/plugins/elementor/assets/js/frontend-modules.min.js?ver=3.29.2 HTTP/1.1" 200 14423 "https://socialdigiinnovator.com/talk/" "Mozilla/5.0 (Macintosh; Intel Mac OS X 10_15_7) AppleWebKit/537.36 (KHTML, like Gecko) Chrome/137.0.0.0 Safari/537.36"
2600:1900:0:2d08::900 - - [20/Jun/2025:13:13:18 -0400] "GET /wp-content/uploads/elementor/css/post-2904.css?ver=1749121574 HTTP/1.1" 200 1083 "https://socialdigiinnovator.com/talk/" "Mozilla/5.0 (Macintosh; Intel Mac OS X 10_15_7) AppleWebKit/537.36 (KHTML, like Gecko) Chrome/137.0.0.0 Safari/537.36"
2600:1900:0:2d08::900 - - [20/Jun/2025:13:13:18 -0400] "GET /wp-content/plugins/elementor/assets/js/webpack.runtime.min.js?ver=3.29.2 HTTP/1.1" 200 2319 "https://socialdigiinnovator.com/talk/" "Mozilla/5.0 (Macintosh; Intel Mac OS X 10_15_7) AppleWebKit/537.36 (KHTML, like Gecko) Chrome/137.0.0.0 Safari/537.36"
2600:1900:0:2d08::900 - - [20/Jun/2025:13:13:18 -0400] "GET /wp-includes/js/jquery/ui/core.min.js?ver=1.13.3 HTTP/1.1" 304 0 "https://socialdigiinnovator.com/talk/" "Mozilla/5.0 (Macintosh; Intel Mac OS X 10_15_7) AppleWebKit/537.36 (KHTML, like Gecko) Chrome/137.0.0.0 Safari/537.36"
2600:1900:0:2d08::900 - - [20/Jun/2025:13:13:18 -0400] "GET /wp-includes/js/dist/hooks.min.js?ver=4d63a3d491d11ffd8ac6 HTTP/1.1" 304 0 "https://socialdigiinnovator.com/talk/" "Mozilla/5.0 (Macintosh; Intel Mac OS X 10_15_7) AppleWebKit/537.36 (KHTML, like Gecko) Chrome/137.0.0.0 Safari/537.36"
2600:1900:0:2d08::900 - - [20/Jun/2025:13:13:18 -0400] "GET /wp-content/uploads/elementor/google-fonts/css/opensans.css?ver=1742268949 HTTP/1.1" 200 1826 "https://socialdigiinnovator.com/talk/" "Mozilla/5.0 (Macintosh; Intel Mac OS X 10_15_7) AppleWebKit/537.36 (KHTML, like Gecko) Chrome/137.0.0.0 Safari/537.36"
2600:1900:0:2d08::900 - - [20/Jun/2025:13:13:18 -0400] "GET /wp-content/plugins/elementor/assets/lib/font-awesome/js/v4-shims.min.js?ver=3.29.2 HTTP/1.1" 200 4042 "https://socialdigiinnovator.com/talk/" "Mozilla/5.0 (Macintosh; Intel Mac OS X 10_15_7) AppleWebKit/537.36 (KHTML, like Gecko) Chrome/137.0.0.0 Safari/537.36"
2600:1900:0:2d08::900 - - [20/Jun/2025:13:13:18 -0400] "GET /wp-includes/js/comment-reply.min.js?ver=6.8.1 HTTP/1.1" 304 0 "https://socialdigiinnovator.com/talk/" "Mozilla/5.0 (Macintosh; Intel Mac OS X 10_15_7) AppleWebKit/537.36 (KHTML, like Gecko) Chrome/137.0.0.0 Safari/537.36"
2600:1900:0:2d06::3b01 - - [20/Jun/2025:13:13:18 -0400] "GET /wp-content/uploads/elementor/google-fonts/css/nunito.css?ver=1742245159 HTTP/1.1" 200 724 "https://socialdigiinnovator.com/" "Mozilla/5.0 (Macintosh; Intel Mac OS X 10_15_7) AppleWebKit/537.36 (KHTML, like Gecko) Chrome/137.0.0.0 Safari/537.36"
2600:1900:0:2d06::3b01 - - [20/Jun/2025:13:13:18 -0400] "GET /wp-includes/blocks/navigation/style.min.css?ver=6.8.1 HTTP/1.1" 200 2057 "https://socialdigiinnovator.com/" "Mozilla/5.0 (Macintosh; Intel Mac OS X 10_15_7) AppleWebKit/537.36 (KHTML, like Gecko) Chrome/137.0.0.0 Safari/537.36"
2600:1900:0:2d06::3b01 - - [20/Jun/2025:13:13:18 -0400] "GET /wp-content/plugins/elementor-pro/assets/css/widget-call-to-action.min.css?ver=3.29.0 HTTP/1.1" 200 1376 "https://socialdigiinnovator.com/" "Mozilla/5.0 (Macintosh; Intel Mac OS X 10_15_7) AppleWebKit/537.36 (KHTML, like Gecko) Chrome/137.0.0.0 Safari/537.36"
2600:1900:0:2d06::3b01 - - [20/Jun/2025:13:13:18 -0400] "GET /wp-content/plugins/elementor/assets/css/conditionals/e-swiper.min.css?ver=3.29.2 HTTP/1.1" 200 699 "https://socialdigiinnovator.com/" "Mozilla/5.0 (Macintosh; Intel Mac OS X 10_15_7) AppleWebKit/537.36 (KHTML, like Gecko) Chrome/137.0.0.0 Safari/537.36"
2600:1900:0:2d08::900 - - [20/Jun/2025:13:13:18 -0400] "GET /wp-content/uploads/elementor/google-fonts/fonts/oswald-tk3iwkuhhaijg752gt8g.woff2 HTTP/1.1" 200 28512 "https://socialdigiinnovator.com/wp-content/uploads/elementor/google-fonts/css/oswald.css?ver=1742268938" "Mozilla/5.0 (Macintosh; Intel Mac OS X 10_15_7) AppleWebKit/537.36 (KHTML, like Gecko) Chrome/137.0.0.0 Safari/537.36"
2600:1900:0:2d08::900 - - [20/Jun/2025:13:13:18 -0400] "GET /wp-content/themes/twentytwentyfive/assets/fonts/manrope/Manrope-VariableFont_wght.woff2 HTTP/1.1" 200 53600 "https://socialdigiinnovator.com/talk/" "Mozilla/5.0 (Macintosh; Intel Mac OS X 10_15_7) AppleWebKit/537.36 (KHTML, like Gecko) Chrome/137.0.0.0 Safari/537.36"
2600:1900:0:2d06::3b01 - - [20/Jun/2025:13:13:18 -0400] "GET /wp-includes/js/dist/script-modules/interactivity/index.min.js?ver=55aebb6e0a16726baffb HTTP/1.1" 304 0 "https://socialdigiinnovator.com/" "Mozilla/5.0 (Macintosh; Intel Mac OS X 10_15_7) AppleWebKit/537.36 (KHTML, like Gecko) Chrome/137.0.0.0 Safari/537.36"
2600:1900:0:2d06::3b01 - - [20/Jun/2025:13:13:18 -0400] "GET /wp-content/uploads/2022/09/7402118-scaled-594x594.jpg HTTP/1.1" 200 31340 "https://socialdigiinnovator.com/" "Mozilla/5.0 (Macintosh; Intel Mac OS X 10_15_7) AppleWebKit/537.36 (KHTML, like Gecko) Chrome/137.0.0.0 Safari/537.36"
2600:1900:0:2d06::3b01 - - [20/Jun/2025:13:13:18 -0400] "GET /wp-content/uploads/2022/09/7-300x300.jpg HTTP/1.1" 200 12386 "https://socialdigiinnovator.com/" "Mozilla/5.0 (Macintosh; Intel Mac OS X 10_15_7) AppleWebKit/537.36 (KHTML, like Gecko) Chrome/137.0.0.0 Safari/537.36"
2600:1900:0:2d08::900 - - [20/Jun/2025:13:13:18 -0400] "GET /wp-content/plugins/elementor-pro/assets/js/frontend.min.js?ver=3.29.0 HTTP/1.1" 304 0 "https://socialdigiinnovator.com/talk/" "Mozilla/5.0 (Macintosh; Intel Mac OS X 10_15_7) AppleWebKit/537.36 (KHTML, like Gecko) Chrome/137.0.0.0 Safari/537.36"
2600:1900:0:2d08::900 - - [20/Jun/2025:13:13:18 -0400] "GET /wp-content/uploads/2022/08/arrow.png HTTP/1.1" 200 15819 "https://socialdigiinnovator.com/talk/" "Mozilla/5.0 (Macintosh; Intel Mac OS X 10_15_7) AppleWebKit/537.36 (KHTML, like Gecko) Chrome/137.0.0.0 Safari/537.36"
2600:1900:0:2d08::900 - - [20/Jun/2025:13:13:18 -0400] "GET /wp-content/uploads/elementor/google-fonts/fonts/opensans-memvyags126mizpba-uvwbx2vvnxbbobj2ovts-muw.woff2 HTTP/1.1" 200 48236 "https://socialdigiinnovator.com/wp-content/uploads/elementor/google-fonts/css/opensans.css?ver=1742268949" "Mozilla/5.0 (Macintosh; Intel Mac OS X 10_15_7) AppleWebKit/537.36 (KHTML, like Gecko) Chrome/137.0.0.0 Safari/537.36"
2600:1900:0:2d06::3b01 - - [20/Jun/2025:13:13:18 -0400] "GET /wp-content/plugins/elementor/assets/css/widget-image-carousel.min.css?ver=3.29.2 HTTP/1.1" 304 0 "https://socialdigiinnovator.com/" "Mozilla/5.0 (Macintosh; Intel Mac OS X 10_15_7) AppleWebKit/537.36 (KHTML, like Gecko) Chrome/137.0.0.0 Safari/537.36"
2600:1900:0:2d08::900 - - [20/Jun/2025:13:13:18 -0400] "GET /wp-content/uploads/2022/08/WhatsApp-Image-2022-08-02-at-9.21.44-PM-2.jpeg HTTP/1.1" 200 83810 "https://socialdigiinnovator.com/talk/" "Mozilla/5.0 (Macintosh; Intel Mac OS X 10_15_7) AppleWebKit/537.36 (KHTML, like Gecko) Chrome/137.0.0.0 Safari/537.36"
2600:1900:0:2d06::3b01 - - [20/Jun/2025:13:13:18 -0400] "GET /wp-includes/js/dist/script-modules/block-library/navigation/view.min.js?ver=61572d447d60c0aa5240 HTTP/1.1" 200 1049 "https://socialdigiinnovator.com/" "Mozilla/5.0 (Macintosh; Intel Mac OS X 10_15_7) AppleWebKit/537.36 (KHTML, like Gecko) Chrome/137.0.0.0 Safari/537.36"
2600:1900:0:2d06::3b01 - - [20/Jun/2025:13:13:18 -0400] "GET /wp-content/uploads/2022/09/1-300x300.png HTTP/1.1" 200 18635 "https://socialdigiinnovator.com/" "Mozilla/5.0 (Macintosh; Intel Mac OS X 10_15_7) AppleWebKit/537.36 (KHTML, like Gecko) Chrome/137.0.0.0 Safari/537.36"
2600:1900:0:2d06::3b01 - - [20/Jun/2025:13:13:18 -0400] "GET /wp-content/plugins/elementor/assets/css/widget-counter.min.css?ver=3.29.2 HTTP/1.1" 200 234 "https://socialdigiinnovator.com/" "Mozilla/5.0 (Macintosh; Intel Mac OS X 10_15_7) AppleWebKit/537.36 (KHTML, like Gecko) Chrome/137.0.0.0 Safari/537.36"
2600:1900:0:2d06::3b01 - - [20/Jun/2025:13:13:18 -0400] "GET /wp-content/uploads/2022/09/8-300x300.jpg HTTP/1.1" 200 6391 "https://socialdigiinnovator.com/" "Mozilla/5.0 (Macintosh; Intel Mac OS X 10_15_7) AppleWebKit/537.36 (KHTML, like Gecko) Chrome/137.0.0.0 Safari/537.36"
2600:1900:0:2d06::3b01 - - [20/Jun/2025:13:13:18 -0400] "GET /wp-content/uploads/2022/09/9-300x300.jpeg HTTP/1.1" 200 12115 "https://socialdigiinnovator.com/" "Mozilla/5.0 (Macintosh; Intel Mac OS X 10_15_7) AppleWebKit/537.36 (KHTML, like Gecko) Chrome/137.0.0.0 Safari/537.36"
2600:1900:0:2d06::3b01 - - [20/Jun/2025:13:13:18 -0400] "GET /wp-content/plugins/elementor/assets/lib/swiper/v8/swiper.min.js?ver=8.4.5 HTTP/1.1" 200 38152 "https://socialdigiinnovator.com/" "Mozilla/5.0 (Macintosh; Intel Mac OS X 10_15_7) AppleWebKit/537.36 (KHTML, like Gecko) Chrome/137.0.0.0 Safari/537.36"
2600:1900:0:2d06::3b01 - - [20/Jun/2025:13:13:18 -0400] "GET /wp-content/uploads/2022/09/4-300x300.jpg HTTP/1.1" 200 8631 "https://socialdigiinnovator.com/" "Mozilla/5.0 (Macintosh; Intel Mac OS X 10_15_7) AppleWebKit/537.36 (KHTML, like Gecko) Chrome/137.0.0.0 Safari/537.36"
2600:1900:0:2d06::3b01 - - [20/Jun/2025:13:13:18 -0400] "GET /wp-content/uploads/2022/09/6-300x300.jpg HTTP/1.1" 200 8202 "https://socialdigiinnovator.com/" "Mozilla/5.0 (Macintosh; Intel Mac OS X 10_15_7) AppleWebKit/537.36 (KHTML, like Gecko) Chrome/137.0.0.0 Safari/537.36"
2600:1900:0:2d06::3b01 - - [20/Jun/2025:13:13:18 -0400] "GET /wp-content/uploads/2022/09/5-300x300.png HTTP/1.1" 200 22959 "https://socialdigiinnovator.com/" "Mozilla/5.0 (Macintosh; Intel Mac OS X 10_15_7) AppleWebKit/537.36 (KHTML, like Gecko) Chrome/137.0.0.0 Safari/537.36"
2600:1900:0:2d06::3b01 - - [20/Jun/2025:13:13:18 -0400] "GET /wp-content/uploads/2022/09/3-300x300.jpg HTTP/1.1" 200 10181 "https://socialdigiinnovator.com/" "Mozilla/5.0 (Macintosh; Intel Mac OS X 10_15_7) AppleWebKit/537.36 (KHTML, like Gecko) Chrome/137.0.0.0 Safari/537.36"
2600:1900:0:2d06::3b01 - - [20/Jun/2025:13:13:18 -0400] "GET /wp-content/uploads/2022/09/10-300x300.jpeg HTTP/1.1" 200 9889 "https://socialdigiinnovator.com/" "Mozilla/5.0 (Macintosh; Intel Mac OS X 10_15_7) AppleWebKit/537.36 (KHTML, like Gecko) Chrome/137.0.0.0 Safari/537.36"
2600:1900:0:2d06::3b01 - - [20/Jun/2025:13:13:18 -0400] "GET /wp-content/uploads/2022/09/2-300x300.png HTTP/1.1" 200 13208 "https://socialdigiinnovator.com/" "Mozilla/5.0 (Macintosh; Intel Mac OS X 10_15_7) AppleWebKit/537.36 (KHTML, like Gecko) Chrome/137.0.0.0 Safari/537.36"
2600:1900:0:2d06::3b01 - - [20/Jun/2025:13:13:18 -0400] "GET /wp-content/uploads/2022/08/cropped-cropped-Logo-Presentation-Final-06-2-300x241-2.png HTTP/1.1" 200 2382 "https://socialdigiinnovator.com/" "Mozilla/5.0 (Macintosh; Intel Mac OS X 10_15_7) AppleWebKit/537.36 (KHTML, like Gecko) Chrome/137.0.0.0 Safari/537.36"
2600:1900:0:2d06::3b01 - - [20/Jun/2025:13:13:18 -0400] "GET /wp-content/uploads/elementor/google-fonts/fonts/quicksand-6xktdszam9ie8kbpra_hk1qn.woff2 HTTP/1.1" 200 28360 "https://socialdigiinnovator.com/wp-content/uploads/elementor/google-fonts/css/quicksand.css?ver=1742243705" "Mozilla/5.0 (Macintosh; Intel Mac OS X 10_15_7) AppleWebKit/537.36 (KHTML, like Gecko) Chrome/137.0.0.0 Safari/537.36"
2600:1900:0:2d06::3b01 - - [20/Jun/2025:13:13:18 -0400] "GET /wp-content/uploads/2022/09/elementor/thumbs/2-1-pvdwa72vq5yedtmnnfiiqsvglvj4vj7srmzj5y316g.png HTTP/1.1" 404 14951 "https://socialdigiinnovator.com/" "Mozilla/5.0 (Macintosh; Intel Mac OS X 10_15_7) AppleWebKit/537.36 (KHTML, like Gecko) Chrome/137.0.0.0 Safari/537.36"
2600:1900:0:2d06::3b01 - - [20/Jun/2025:13:13:19 -0400] "GET /wp-includes/js/wp-emoji-release.min.js?ver=6.8.1 HTTP/1.1" 200 4771 "https://socialdigiinnovator.com/" "Mozilla/5.0 (Macintosh; Intel Mac OS X 10_15_7) AppleWebKit/537.36 (KHTML, like Gecko) Chrome/137.0.0.0 Safari/537.36"
2600:1900:0:2d06::3b01 - - [20/Jun/2025:13:13:19 -0400] "GET /wp-content/plugins/elementor/assets/js/counter.12335f45aaa79d244f24.bundle.min.js HTTP/1.1" 200 442 "https://socialdigiinnovator.com/" "Mozilla/5.0 (Macintosh; Intel Mac OS X 10_15_7) AppleWebKit/537.36 (KHTML, like Gecko) Chrome/137.0.0.0 Safari/537.36"
2600:1900:0:2d08::900 - - [20/Jun/2025:13:13:19 -0400] "GET /wp-content/plugins/elementor/assets/js/video.6ebfa2c3f5493cb2eaaf.bundle.min.js HTTP/1.1" 200 1228 "https://socialdigiinnovator.com/talk/" "Mozilla/5.0 (Macintosh; Intel Mac OS X 10_15_7) AppleWebKit/537.36 (KHTML, like Gecko) Chrome/137.0.0.0 Safari/537.36"
2600:1900:0:2d06::3b01 - - [20/Jun/2025:13:13:29 -0400] "GET /wp-content/uploads/2022/09/2-1-150x150.png HTTP/1.1" 200 7532 "https://socialdigiinnovator.com/" "Mozilla/5.0 (Macintosh; Intel Mac OS X 10_15_7) AppleWebKit/537.36 (KHTML, like Gecko) Chrome/137.0.0.0 Safari/537.36"
2600:1900:0:2d06::3b01 - - [20/Jun/2025:13:13:29 -0400] "GET /wp-content/uploads/2022/09/7402118-scaled-330x330.jpg HTTP/1.1" 200 17823 "https://socialdigiinnovator.com/" "Mozilla/5.0 (Macintosh; Intel Mac OS X 10_15_7) AppleWebKit/537.36 (KHTML, like Gecko) Chrome/137.0.0.0 Safari/537.36"
85.239.243.68 - - [20/Jun/2025:13:14:17 -0400] "POST /xmlrpc.php HTTP/1.1" 403 1242 "https://socialdigiinnovator.com" "Mozilla/5.0 (Macintosh; Intel Mac OS X 14_6) AppleWebKit/605.1.15 (KHTML, like Gecko) Version/17.5 Safari/605.1.15"
2600:1900:0:2d06::3b01 - - [20/Jun/2025:13:13:18 -0400] "GET /wp-content/plugins/elementor/assets/lib/jquery-numerator/jquery-numerator.min.js?ver=0.2.1 HTTP/1.1" 200 677 "https://socialdigiinnovator.com/" "Mozilla/5.0 (Macintosh; Intel Mac OS X 10_15_7) AppleWebKit/537.36 (KHTML, like Gecko) Chrome/137.0.0.0 Safari/537.36"
2600:1900:0:2d06::3b01 - - [20/Jun/2025:13:13:18 -0400] "GET /wp-content/plugins/depicter/resources/scripts/player/depicter.js?ver=1750191298 HTTP/1.1" 200 68087 "https://socialdigiinnovator.com/" "Mozilla/5.0 (Macintosh; Intel Mac OS X 10_15_7) AppleWebKit/537.36 (KHTML, like Gecko) Chrome/137.0.0.0 Safari/537.36"
2600:1900:0:2d06::3b01 - - [20/Jun/2025:13:13:18 -0400] "GET /wp-content/uploads/2022/09/1-300x300.jpg HTTP/1.1" 200 10811 "https://socialdigiinnovator.com/" "Mozilla/5.0 (Macintosh; Intel Mac OS X 10_15_7) AppleWebKit/537.36 (KHTML, like Gecko) Chrome/137.0.0.0 Safari/537.36"
2600:1900:0:2d06::3b01 - - [20/Jun/2025:13:13:18 -0400] "GET /wp-content/plugins/elementor/assets/lib/eicons/fonts/eicons.woff2?5.41.0 HTTP/1.1" 200 103012 "https://socialdigiinnovator.com/wp-content/plugins/elementor/assets/lib/eicons/css/elementor-icons.min.css?ver=5.40.0" "Mozilla/5.0 (Macintosh; Intel Mac OS X 10_15_7) AppleWebKit/537.36 (KHTML, like Gecko) Chrome/137.0.0.0 Safari/537.36"
2600:1900:0:2d06::3b01 - - [20/Jun/2025:13:13:19 -0400] "GET /wp-content/plugins/elementor/assets/js/image-carousel.6167d20b95b33386757b.bundle.min.js HTTP/1.1" 304 0 "https://socialdigiinnovator.com/" "Mozilla/5.0 (Macintosh; Intel Mac OS X 10_15_7) AppleWebKit/537.36 (KHTML, like Gecko) Chrome/137.0.0.0 Safari/537.36"
2600:1900:0:2d06::3b01 - - [20/Jun/2025:13:13:19 -0400] "GET /wp-content/plugins/elementor/assets/js/section-frontend-handlers.d85ab872da118940910d.bundle.min.js HTTP/1.1" 304 0 "https://socialdigiinnovator.com/" "Mozilla/5.0 (Macintosh; Intel Mac OS X 10_15_7) AppleWebKit/537.36 (KHTML, like Gecko) Chrome/137.0.0.0 Safari/537.36"
2600:1900:0:2d06::3b01 - - [20/Jun/2025:13:13:19 -0400] "GET /wp-content/plugins/elementor/assets/js/shared-frontend-handlers.30dc2f9c080845a413a6.bundle.min.js HTTP/1.1" 304 0 "https://socialdigiinnovator.com/" "Mozilla/5.0 (Macintosh; Intel Mac OS X 10_15_7) AppleWebKit/537.36 (KHTML, like Gecko) Chrome/137.0.0.0 Safari/537.36"
2600:1900:0:2d06::3b01 - - [20/Jun/2025:13:13:19 -0400] "GET /wp-content/plugins/elementor/assets/js/text-editor.c084ef86600b6f11690d.bundle.min.js HTTP/1.1" 304 0 "https://socialdigiinnovator.com/" "Mozilla/5.0 (Macintosh; Intel Mac OS X 10_15_7) AppleWebKit/537.36 (KHTML, like Gecko) Chrome/137.0.0.0 Safari/537.36"
2600:1900:0:2d08::900 - - [20/Jun/2025:13:13:19 -0400] "GET /wp-content/uploads/elementor/google-fonts/fonts/roboto-kfo7cnqeu92fr1me7ksn66agldtyluama3yuba.woff2 HTTP/1.1" 200 40128 "https://socialdigiinnovator.com/wp-content/uploads/elementor/google-fonts/css/roboto.css?ver=1742243672" "Mozilla/5.0 (Macintosh; Intel Mac OS X 10_15_7) AppleWebKit/537.36 (KHTML, like Gecko) Chrome/137.0.0.0 Safari/537.36"
2600:1900:0:2d06::3b01 - - [20/Jun/2025:13:13:29 -0400] "GET /wp-content/uploads/2022/09/elementor/thumbs/2-1-pvdwa72vq5yedtmnnfiiqsvglvj4vj7srmzj5y316g.png HTTP/1.1" 404 14951 "https://socialdigiinnovator.com/" "Mozilla/5.0 (Macintosh; Intel Mac OS X 10_15_7) AppleWebKit/537.36 (KHTML, like Gecko) Chrome/137.0.0.0 Safari/537.36"
34.23.241.143 - - [20/Jun/2025:13:15:42 -0400] "GET /?p=5287 HTTP/1.1" 301 0 "-" "Mozilla/5.0/(X11; Linux x86_64) AppleWebKit/537.36 (KHTML, like Gecko) Chrome/125.0.0.0 Safari/537.36"
43.157.22.57 - - [20/Jun/2025:13:16:16 -0400] "GET / HTTP/1.1" 200 21730 "http://socialdigiinnovator.com" "Mozilla/5.0 (iPhone; CPU iPhone OS 13_2_3 like Mac OS X) AppleWebKit/605.1.15 (KHTML, like Gecko) Version/13.0.3 Mobile/15E148 Safari/604.1"
51.161.172.247 - - [20/Jun/2025:13:19:03 -0400] "POST /xmlrpc.php HTTP/1.1" 403 1242 "https://socialdigiinnovator.com" "Mozilla/5.0 (Windows NT 10.0; Win64; x64; rv:125.0.1) Gecko/20100101 Firefox/125.0.1"
34.23.241.143 - - [20/Jun/2025:13:15:31 -0400] "GET /wp-content/uploads/2022/10/BDY-scaled.webp HTTP/1.1" 200 108628 "-" "Mozilla/5.0/(X11; Linux x86_64) AppleWebKit/537.36 (KHTML, like Gecko) Chrome/125.0.0.0 Safari/537.36"
198.54.114.35 - - [20/Jun/2025:13:15:44 -0400] "POST /wp-cron.php?doing_wp_cron=1750439744.2696619033813476562500 HTTP/1.1" 200 0 "-" "WordPress/6.8.1; https://socialdigiinnovator.com"
34.23.241.143 - - [20/Jun/2025:13:15:47 -0400] "GET /virtual-assistant-services/social-media-management/ HTTP/1.1" 200 16253 "-" "Mozilla/5.0/(X11; Linux x86_64) AppleWebKit/537.36 (KHTML, like Gecko) Chrome/125.0.0.0 Safari/537.36"
34.23.241.143 - - [20/Jun/2025:13:19:16 -0400] "GET /wp-content/uploads/2023/09/customized-strategy-tailored-to-your-audience.webp HTTP/1.1" 200 25774 "-" "Mozilla/5.0/(X11; Linux x86_64) AppleWebKit/537.36 (KHTML, like Gecko) Chrome/125.0.0.0 Safari/537.36"
34.23.241.143 - - [20/Jun/2025:13:20:13 -0400] "GET /xmlrpc.php?rsd HTTP/1.1" 403 1242 "-" "Mozilla/5.0/(X11; Linux x86_64) AppleWebKit/537.36 (KHTML, like Gecko) Chrome/125.0.0.0 Safari/537.36"
34.23.241.143 - - [20/Jun/2025:13:21:33 -0400] "GET /wp-content/plugins/depicter/resources/scripts/player/ HTTP/1.1" 403 1242 "-" "Mozilla/5.0/(X11; Linux x86_64) AppleWebKit/537.36 (KHTML, like Gecko) Chrome/125.0.0.0 Safari/537.36"
98.80.138.91 - - [20/Jun/2025:13:27:29 -0400] "GET /virtual-assistant-services/social-media-management HTTP/1.1" 301 0 "-" "Mozilla/5.0 (X11; Linux x86_64) AppleWebKit/537.36 (KHTML, like Gecko) HeadlessChrome/88.0.4298.0 Safari/537.36"
98.80.138.91 - - [20/Jun/2025:13:27:33 -0400] "GET /wp-content/plugins/elementor/assets/lib/font-awesome/js/v4-shims.min.js?ver=3.29.2 HTTP/1.1" 200 4042 "https://socialdigiinnovator.com/virtual-assistant-services/social-media-management/" "Mozilla/5.0 (X11; Linux x86_64) AppleWebKit/537.36 (KHTML, like Gecko) HeadlessChrome/88.0.4298.0 Safari/537.36"
98.80.138.91 - - [20/Jun/2025:13:27:33 -0400] "GET /wp-content/plugins/contact-form-7/includes/js/index.js?ver=6.0.6 HTTP/1.1" 200 4008 "https://socialdigiinnovator.com/virtual-assistant-services/social-media-management/" "Mozilla/5.0 (X11; Linux x86_64) AppleWebKit/537.36 (KHTML, like Gecko) HeadlessChrome/88.0.4298.0 Safari/537.36"
98.80.138.91 - - [20/Jun/2025:13:27:33 -0400] "GET /wp-content/uploads/2022/10/Social-Media-manage-1536x1192.webp HTTP/1.1" 200 76102 "https://socialdigiinnovator.com/virtual-assistant-services/social-media-management/" "Mozilla/5.0 (X11; Linux x86_64) AppleWebKit/537.36 (KHTML, like Gecko) HeadlessChrome/88.0.4298.0 Safari/537.36"
98.80.138.91 - - [20/Jun/2025:13:27:33 -0400] "GET /wp-content/plugins/elementor/assets/js/webpack.runtime.min.js?ver=3.29.2 HTTP/1.1" 200 2319 "https://socialdigiinnovator.com/virtual-assistant-services/social-media-management/" "Mozilla/5.0 (X11; Linux x86_64) AppleWebKit/537.36 (KHTML, like Gecko) HeadlessChrome/88.0.4298.0 Safari/537.36"
98.80.138.91 - - [20/Jun/2025:13:27:34 -0400] "GET /wp-includes/js/jquery/ui/core.min.js?ver=1.13.3 HTTP/1.1" 304 0 "https://socialdigiinnovator.com/virtual-assistant-services/social-media-management/" "Mozilla/5.0 (X11; Linux x86_64) AppleWebKit/537.36 (KHTML, like Gecko) HeadlessChrome/88.0.4298.0 Safari/537.36"
98.80.138.91 - - [20/Jun/2025:13:27:34 -0400] "GET /wp-content/plugins/elementor/assets/js/frontend.min.js?ver=3.29.2 HTTP/1.1" 304 0 "https://socialdigiinnovator.com/virtual-assistant-services/social-media-management/" "Mozilla/5.0 (X11; Linux x86_64) AppleWebKit/537.36 (KHTML, like Gecko) HeadlessChrome/88.0.4298.0 Safari/537.36"
98.80.138.91 - - [20/Jun/2025:13:27:34 -0400] "GET /wp-content/plugins/contact-form-7/includes/swv/js/index.js?ver=6.0.6 HTTP/1.1" 200 3369 "https://socialdigiinnovator.com/virtual-assistant-services/social-media-management/" "Mozilla/5.0 (X11; Linux x86_64) AppleWebKit/537.36 (KHTML, like Gecko) HeadlessChrome/88.0.4298.0 Safari/537.36"
98.80.138.91 - - [20/Jun/2025:13:27:34 -0400] "GET /wp-includes/js/dist/i18n.min.js?ver=5e580eb46a90c2b997e6 HTTP/1.1" 200 3542 "https://socialdigiinnovator.com/virtual-assistant-services/social-media-management/" "Mozilla/5.0 (X11; Linux x86_64) AppleWebKit/537.36 (KHTML, like Gecko) HeadlessChrome/88.0.4298.0 Safari/537.36"
98.80.138.91 - - [20/Jun/2025:13:27:34 -0400] "GET /wp-content/plugins/elementor-pro/assets/js/elements-handlers.min.js?ver=3.29.0 HTTP/1.1" 200 10221 "https://socialdigiinnovator.com/virtual-assistant-services/social-media-management/" "Mozilla/5.0 (X11; Linux x86_64) AppleWebKit/537.36 (KHTML, like Gecko) HeadlessChrome/88.0.4298.0 Safari/537.36"
98.80.138.91 - - [20/Jun/2025:13:27:34 -0400] "GET /wp-content/plugins/elementor-pro/assets/js/webpack-pro.runtime.min.js?ver=3.29.0 HTTP/1.1" 200 2621 "https://socialdigiinnovator.com/virtual-assistant-services/social-media-management/" "Mozilla/5.0 (X11; Linux x86_64) AppleWebKit/537.36 (KHTML, like Gecko) HeadlessChrome/88.0.4298.0 Safari/537.36"
98.80.138.91 - - [20/Jun/2025:13:27:34 -0400] "GET /wp-includes/js/wp-emoji-release.min.js?ver=6.8.1 HTTP/1.1" 200 4771 "https://socialdigiinnovator.com/virtual-assistant-services/social-media-management/" "Mozilla/5.0 (X11; Linux x86_64) AppleWebKit/537.36 (KHTML, like Gecko) HeadlessChrome/88.0.4298.0 Safari/537.36"
2400:6180:100:d0::9bc:e001 - - [20/Jun/2025:13:23:51 -0400] "POST /xmlrpc.php HTTP/1.1" 403 1242 "https://socialdigiinnovator.com" "Mozilla/5.0 (Windows NT 10.0; Win64; x64; rv:127.0) Gecko/20100101 Firefox/127.0"
34.23.241.143 - - [20/Jun/2025:13:24:05 -0400] "GET /wp-content/uploads/2022/10/Social-seller-image-1-scaled.webp HTTP/1.1" 200 82964 "-" "Mozilla/5.0/(X11; Linux x86_64) AppleWebKit/537.36 (KHTML, like Gecko) Chrome/125.0.0.0 Safari/537.36"
185.40.4.132 - - [20/Jun/2025:13:24:32 -0400] "POST /xmlrpc.php HTTP/1.1" 403 1242 "-" "Mozilla/5.0 (Windows NT 10.0; Win64; x64; rv:124.0) Gecko/20100101 Firefox/124.0"
185.40.4.132 - - [20/Jun/2025:13:24:31 -0400] "POST /xmlrpc.php HTTP/1.1" 403 1242 "-" "Mozilla/5.0 (Windows NT 10.0; Win64; x64; rv:124.0) Gecko/20100101 Firefox/124.0"
198.54.114.35 - - [20/Jun/2025:13:27:32 -0400] "POST /wp-cron.php?doing_wp_cron=1750440452.1580851078033447265625 HTTP/1.1" 200 0 "-" "WordPress/6.8.1; https://socialdigiinnovator.com"
98.80.138.91 - - [20/Jun/2025:13:27:32 -0400] "GET /virtual-assistant-services/social-media-management/ HTTP/1.1" 200 16253 "-" "Mozilla/5.0 (X11; Linux x86_64) AppleWebKit/537.36 (KHTML, like Gecko) HeadlessChrome/88.0.4298.0 Safari/537.36"
98.80.138.91 - - [20/Jun/2025:13:27:33 -0400] "GET /wp-includes/js/jquery/jquery-migrate.min.js?ver=3.4.1 HTTP/1.1" 200 4678 "https://socialdigiinnovator.com/virtual-assistant-services/social-media-management/" "Mozilla/5.0 (X11; Linux x86_64) AppleWebKit/537.36 (KHTML, like Gecko) HeadlessChrome/88.0.4298.0 Safari/537.36"
98.80.138.91 - - [20/Jun/2025:13:27:33 -0400] "GET /wp-includes/js/dist/script-modules/block-library/navigation/view.min.js?ver=61572d447d60c0aa5240 HTTP/1.1" 200 1049 "https://socialdigiinnovator.com/virtual-assistant-services/social-media-management/" "Mozilla/5.0 (X11; Linux x86_64) AppleWebKit/537.36 (KHTML, like Gecko) HeadlessChrome/88.0.4298.0 Safari/537.36"
98.80.138.91 - - [20/Jun/2025:13:27:33 -0400] "GET /wp-includes/js/jquery/jquery.min.js?ver=3.7.1 HTTP/1.1" 200 29744 "https://socialdigiinnovator.com/virtual-assistant-services/social-media-management/" "Mozilla/5.0 (X11; Linux x86_64) AppleWebKit/537.36 (KHTML, like Gecko) HeadlessChrome/88.0.4298.0 Safari/537.36"
98.80.138.91 - - [20/Jun/2025:13:27:33 -0400] "GET /wp-includes/js/dist/script-modules/interactivity/index.min.js?ver=55aebb6e0a16726baffb HTTP/1.1" 200 13727 "https://socialdigiinnovator.com/virtual-assistant-services/social-media-management/" "Mozilla/5.0 (X11; Linux x86_64) AppleWebKit/537.36 (KHTML, like Gecko) HeadlessChrome/88.0.4298.0 Safari/537.36"
98.80.138.91 - - [20/Jun/2025:13:27:33 -0400] "GET /wp-content/plugins/elementor/assets/js/frontend-modules.min.js?ver=3.29.2 HTTP/1.1" 200 14423 "https://socialdigiinnovator.com/virtual-assistant-services/social-media-management/" "Mozilla/5.0 (X11; Linux x86_64) AppleWebKit/537.36 (KHTML, like Gecko) HeadlessChrome/88.0.4298.0 Safari/537.36"
98.80.138.91 - - [20/Jun/2025:13:27:34 -0400] "GET /wp-includes/js/dist/hooks.min.js?ver=4d63a3d491d11ffd8ac6 HTTP/1.1" 200 1571 "https://socialdigiinnovator.com/virtual-assistant-services/social-media-management/" "Mozilla/5.0 (X11; Linux x86_64) AppleWebKit/537.36 (KHTML, like Gecko) HeadlessChrome/88.0.4298.0 Safari/537.36"
98.80.138.91 - - [20/Jun/2025:13:27:34 -0400] "GET /wp-content/plugins/elementor-pro/assets/js/frontend.min.js?ver=3.29.0 HTTP/1.1" 200 6279 "https://socialdigiinnovator.com/virtual-assistant-services/social-media-management/" "Mozilla/5.0 (X11; Linux x86_64) AppleWebKit/537.36 (KHTML, like Gecko) HeadlessChrome/88.0.4298.0 Safari/537.36"
98.80.138.91 - - [20/Jun/2025:13:27:34 -0400] "GET /wp-content/plugins/elementor/assets/js/text-editor.c084ef86600b6f11690d.bundle.min.js HTTP/1.1" 200 621 "https://socialdigiinnovator.com/virtual-assistant-services/social-media-management/" "Mozilla/5.0 (X11; Linux x86_64) AppleWebKit/537.36 (KHTML, like Gecko) HeadlessChrome/88.0.4298.0 Safari/537.36"
98.80.138.91 - - [20/Jun/2025:13:27:34 -0400] "GET /wp-content/plugins/elementor/assets/js/shared-frontend-handlers.30dc2f9c080845a413a6.bundle.min.js HTTP/1.1" 200 2546 "https://socialdigiinnovator.com/virtual-assistant-services/social-media-management/" "Mozilla/5.0 (X11; Linux x86_64) AppleWebKit/537.36 (KHTML, like Gecko) HeadlessChrome/88.0.4298.0 Safari/537.36"
91.151.95.70 - - [20/Jun/2025:13:28:42 -0400] "POST /xmlrpc.php HTTP/1.1" 403 1242 "https://socialdigiinnovator.com" "Mozilla/5.0 (Macintosh; Intel Mac OS X 10_15_7) AppleWebKit/537.36 (KHTML, like Gecko) Chrome/115.0.5790.102 Safari/537.36"
66.249.65.64 - - [20/Jun/2025:13:34:17 -0400] "GET / HTTP/1.1" 301 0 "-" "Mozilla/5.0 (Linux; Android 6.0.1; Nexus 5X Build/MMB29P) AppleWebKit/537.36 (KHTML, like Gecko) Chrome/137.0.7151.103 Mobile Safari/537.36 (compatible; Googlebot/2.1; +http://www.google.com/bot.html)"
2a01:7a7:2:3eb6:225:90ff:fefb:553c - - [20/Jun/2025:13:38:12 -0400] "POST /xmlrpc.php HTTP/1.1" 403 1242 "https://socialdigiinnovator.com" "Mozilla/5.0 (Windows NT 10.0; Win64; x64) AppleWebKit/537.36 (KHTML, like Gecko) Chrome/112.0.5615.138 Safari/537.36 Edg/112.0.1722.68"
98.80.138.91 - - [20/Jun/2025:13:27:34 -0400] "GET /wp-content/plugins/elementor/assets/js/section-frontend-handlers.d85ab872da118940910d.bundle.min.js HTTP/1.1" 200 254 "https://socialdigiinnovator.com/virtual-assistant-services/social-media-management/" "Mozilla/5.0 (X11; Linux x86_64) AppleWebKit/537.36 (KHTML, like Gecko) HeadlessChrome/88.0.4298.0 Safari/537.36"
198.54.114.35 - - [20/Jun/2025:13:32:09 -0400] "POST /wp-cron.php?doing_wp_cron=1750440729.7441890239715576171875 HTTP/1.1" 200 0 "-" "WordPress/6.8.1; https://socialdigiinnovator.com"
43.153.10.83 - - [20/Jun/2025:13:32:07 -0400] "GET /paid-advertisement/ HTTP/1.1" 200 15353 "-" "Mozilla/5.0 (iPhone; CPU iPhone OS 13_2_3 like Mac OS X) AppleWebKit/605.1.15 (KHTML, like Gecko) Version/13.0.3 Mobile/15E148 Safari/604.1"
91.151.95.70 - - [20/Jun/2025:13:33:28 -0400] "POST /xmlrpc.php HTTP/1.1" 403 1242 "https://socialdigiinnovator.com" "Mozilla/5.0 (Windows NT 10.0; Win64; x64) AppleWebKit/537.36 (KHTML, like Gecko) Chrome/113.0.5672.93 Safari/537.36"
108.174.8.25 - - [20/Jun/2025:13:34:16 -0400] "GET /wp-content/uploads/2022/08/arrow.png HTTP/1.1" 200 15819 "-" "LinkedInBot/1.0 (compatible; Mozilla/5.0; Apache-HttpClient +http://www.linkedin.com)"
108.174.8.25 - - [20/Jun/2025:13:34:16 -0400] "GET /wp-content/uploads/2022/08/cropped-cropped-Logo-Presentation-Final-06-2-300x241-2-50x50.png HTTP/1.1" 200 4278 "-" "LinkedInBot/1.0 (compatible; Mozilla/5.0; Apache-HttpClient +http://www.linkedin.com)"
198.54.114.35 - - [20/Jun/2025:13:34:17 -0400] "POST /wp-cron.php?doing_wp_cron=1750440857.5684909820556640625000 HTTP/1.1" 200 0 "-" "WordPress/6.8.1; https://socialdigiinnovator.com"
66.249.65.64 - - [20/Jun/2025:13:34:16 -0400] "GET /robots.txt HTTP/1.1" 200 102 "-" "Mozilla/5.0 (compatible; Googlebot/2.1; +http://www.google.com/bot.html)"
66.249.73.100 - - [20/Jun/2025:13:34:18 -0400] "GET / HTTP/1.1" 200 21735 "-" "Mozilla/5.0 (Linux; Android 6.0.1; Nexus 5X Build/MMB29P) AppleWebKit/537.36 (KHTML, like Gecko) Chrome/137.0.7151.103 Mobile Safari/537.36 (compatible; Googlebot/2.1; +http://www.google.com/bot.html)"
198.54.114.35 - - [20/Jun/2025:13:39:29 -0400] "POST /wp-cron.php?doing_wp_cron=1750441169.4993898868560791015625 HTTP/1.1" 200 0 "-" "WordPress/6.8.1; https://socialdigiinnovator.com"
198.54.114.35 - - [20/Jun/2025:13:41:19 -0400] "POST /wp-cron.php?doing_wp_cron=1750441279.2738769054412841796875 HTTP/1.1" 200 0 "-" "WordPress/6.8.1; https://socialdigiinnovator.com"
143.198.127.169 - - [20/Jun/2025:13:44:17 -0400] "GET / HTTP/1.1" 200 21730 "-" "Mozilla/5.0 (Windows NT 10.0; Win64; x64) AppleWebKit/537.36 (KHTML, like Gecko) Chrome/80.0.3987.149 Safari/537.36"
143.198.127.169 - - [20/Jun/2025:13:44:26 -0400] "GET //xmlrpc.php?rsd HTTP/1.1" 403 1242 "-" "Mozilla/5.0 (Windows NT 10.0; Win64; x64) AppleWebKit/537.36 (KHTML, like Gecko) Chrome/80.0.3987.149 Safari/537.36"
143.198.127.169 - - [20/Jun/2025:13:44:29 -0400] "POST //xmlrpc.php HTTP/1.1" 403 1242 "-" "Mozilla/5.0 (Windows NT 10.0; Win64; x64) AppleWebKit/537.36 (KHTML, like Gecko) Chrome/80.0.3987.149 Safari/537.36"
2a03:2880:f800:a:: - - [20/Jun/2025:13:45:30 -0400] "GET /lg-sales-playbook/ HTTP/1.1" 200 15820 "-" "meta-externalagent/1.1 (+https://developers.facebook.com/docs/sharing/webmasters/crawler)"
198.54.114.35 - - [20/Jun/2025:13:51:17 -0400] "POST /wp-cron.php?doing_wp_cron=1750441877.6434960365295410156250 HTTP/1.1" 200 0 "-" "WordPress/6.8.1; https://socialdigiinnovator.com"
43.159.141.150 - - [20/Jun/2025:13:51:14 -0400] "GET /virtual-assistant-services/social-media-management/branding/ HTTP/1.1" 200 14750 "-" "Mozilla/5.0 (iPhone; CPU iPhone OS 13_2_3 like Mac OS X) AppleWebKit/605.1.15 (KHTML, like Gecko) Version/13.0.3 Mobile/15E148 Safari/604.1"
103.179.190.244 - - [20/Jun/2025:13:52:47 -0400] "POST /xmlrpc.php HTTP/1.1" 403 1242 "https://socialdigiinnovator.com" "Mozilla/5.0 (Windows NT 10.0; Win64; x64; rv:125.0.1) Gecko/20100101 Firefox/125.0.1"
185.191.171.17 - - [20/Jun/2025:13:39:27 -0400] "GET /magnesium-nickel4/daebc264621.html HTTP/1.1" 404 14951 "-" "Mozilla/5.0 (compatible; SemrushBot/7~bl; +http://www.semrush.com/bot.html)"
43.153.54.14 - - [20/Jun/2025:13:41:17 -0400] "GET /wp-json/oembed/1.0/embed?url=https%3A%2F%2Fsocialdigiinnovator.com%2F&format=xml HTTP/1.1" 200 1026 "-" "Mozilla/5.0 (iPhone; CPU iPhone OS 13_2_3 like Mac OS X) AppleWebKit/605.1.15 (KHTML, like Gecko) Version/13.0.3 Mobile/15E148 Safari/604.1"
4.224.244.18 - - [20/Jun/2025:13:43:00 -0400] "POST /xmlrpc.php HTTP/1.1" 403 1242 "https://socialdigiinnovator.com" "Mozilla/5.0 (Macintosh; Intel Mac OS X 10_15_7; rv:129.0) Gecko/20100101 Firefox/129.0"
198.54.114.35 - - [20/Jun/2025:13:44:19 -0400] "POST /wp-cron.php?doing_wp_cron=1750441458.9122788906097412109375 HTTP/1.1" 200 0 "-" "WordPress/6.8.1; https://socialdigiinnovator.com"
143.198.127.169 - - [20/Jun/2025:13:44:25 -0400] "GET //wp-includes/wlwmanifest.xml HTTP/1.1" 301 0 "-" "Mozilla/5.0 (Windows NT 10.0; Win64; x64) AppleWebKit/537.36 (KHTML, like Gecko) Chrome/80.0.3987.149 Safari/537.36"
143.198.127.169 - - [20/Jun/2025:13:44:26 -0400] "GET / HTTP/1.1" 200 21730 "-" "Mozilla/5.0 (Windows NT 10.0; Win64; x64) AppleWebKit/537.36 (KHTML, like Gecko) Chrome/80.0.3987.149 Safari/537.36"
143.198.127.169 - - [20/Jun/2025:13:44:28 -0400] "GET //?author=1 HTTP/1.1" 403 1242 "-" "Mozilla/5.0 (Windows NT 10.0; Win64; x64) AppleWebKit/537.36 (KHTML, like Gecko) Chrome/80.0.3987.149 Safari/537.36"
143.198.127.169 - - [20/Jun/2025:13:44:28 -0400] "GET //?author=2 HTTP/1.1" 403 1242 "-" "Mozilla/5.0 (Windows NT 10.0; Win64; x64) AppleWebKit/537.36 (KHTML, like Gecko) Chrome/80.0.3987.149 Safari/537.36"
143.198.127.169 - - [20/Jun/2025:13:44:28 -0400] "GET //wp-json/wp/v2/users/ HTTP/1.1" 200 938 "-" "Mozilla/5.0 (Windows NT 10.0; Win64; x64) AppleWebKit/537.36 (KHTML, like Gecko) Chrome/80.0.3987.149 Safari/537.36"
198.54.114.35 - - [20/Jun/2025:13:45:30 -0400] "POST /wp-cron.php?doing_wp_cron=1750441530.8699231147766113281250 HTTP/1.1" 200 0 "-" "WordPress/6.8.1; https://socialdigiinnovator.com"
51.92.62.246 - - [20/Jun/2025:13:47:51 -0400] "POST /xmlrpc.php HTTP/1.1" 403 1242 "https://socialdigiinnovator.com" "Mozilla/5.0 (Windows NT 10.0; Win64; x64) AppleWebKit/537.36 (KHTML, like Gecko) Chrome/114.0.5735.134 Safari/537.36"
202.131.117.90 - - [20/Jun/2025:13:55:45 -0400] "POST /xmlrpc.php HTTP/1.1" 403 1242 "-" "Mozilla/5.0 (X11; Ubuntu; Linux x86_64; rv:85.0) Gecko/20100101 Firefox/91.0"
5.101.157.127 - - [20/Jun/2025:13:57:28 -0400] "POST /xmlrpc.php HTTP/1.1" 403 1242 "https://socialdigiinnovator.com" "Mozilla/5.0 (Macintosh; Intel Mac OS X 10_15_7) AppleWebKit/537.36 (KHTML, like Gecko) Chrome/112.0.5615.138 Safari/537.36"
119.155.247.76 - - [20/Jun/2025:14:01:02 -0400] "GET /wp-content/uploads/2022/09/elementor/thumbs/2-1-pvdwa72vq5yedtmnnfiiqsvglvj4vj7srmzj5y316g.png HTTP/1.1" 404 14951 "https://socialdigiinnovator.com/" "Mozilla/5.0 (Windows NT 10.0; Win64; x64) AppleWebKit/537.36 (KHTML, like Gecko) Chrome/137.0.0.0 Safari/537.36"
43.130.71.237 - - [20/Jun/2025:14:01:13 -0400] "GET /virtual-assistant-services/social-seller/ HTTP/1.1" 200 15752 "-" "Mozilla/5.0 (iPhone; CPU iPhone OS 13_2_3 like Mac OS X) AppleWebKit/605.1.15 (KHTML, like Gecko) Version/13.0.3 Mobile/15E148 Safari/604.1"
198.54.114.35 - - [20/Jun/2025:14:05:31 -0400] "POST /wp-cron.php?doing_wp_cron=1750442731.5978848934173583984375 HTTP/1.1" 200 0 "-" "WordPress/6.8.1; https://socialdigiinnovator.com"
198.54.114.35 - - [20/Jun/2025:14:05:31 -0400] "POST /wp-cron.php?doing_wp_cron=1750442731.5979309082031250000000 HTTP/1.1" 200 0 "-" "WordPress/6.8.1; https://socialdigiinnovator.com"
141.95.4.134 - - [20/Jun/2025:14:05:29 -0400] "GET /images/images/cache.php HTTP/1.1" 404 14938 "-" "Mozilla/5.0 (Windows NT 10.0; Win64; x64) AppleWebKit/537.36 (KHTML, like Gecko) Chrome/127.0.0.0 Safari/537.36"
198.54.114.35 - - [20/Jun/2025:14:06:11 -0400] "POST /wp-cron.php?doing_wp_cron=1750442771.3369359970092773437500 HTTP/1.1" 200 0 "-" "WordPress/6.8.1; https://socialdigiinnovator.com"
119.155.247.76 - - [20/Jun/2025:14:06:11 -0400] "GET / HTTP/1.1" 200 21695 "-" "Mozilla/5.0 (Windows NT 10.0; Win64; x64) AppleWebKit/537.36 (KHTML, like Gecko) Chrome/137.0.0.0 Safari/537.36"
119.155.247.76 - - [20/Jun/2025:14:06:13 -0400] "GET /wp-content/uploads/2022/09/elementor/thumbs/2-1-pvdwa72vq5yedtmnnfiiqsvglvj4vj7srmzj5y316g.png HTTP/1.1" 404 14951 "https://socialdigiinnovator.com/" "Mozilla/5.0 (Windows NT 10.0; Win64; x64) AppleWebKit/537.36 (KHTML, like Gecko) Chrome/137.0.0.0 Safari/537.36"
119.155.247.76 - - [20/Jun/2025:14:06:41 -0400] "GET /wp-content/uploads/2022/09/2-300x300.png HTTP/1.1" 200 13208 "https://www.google.com/" "Mozilla/5.0 (Windows NT 10.0; Win64; x64) AppleWebKit/537.36 (KHTML, like Gecko) Chrome/137.0.0.0 Safari/537.36"
198.54.114.35 - - [20/Jun/2025:14:01:06 -0400] "POST /wp-cron.php?doing_wp_cron=1750442465.8874559402465820312500 HTTP/1.1" 200 0 "-" "WordPress/6.8.1; https://socialdigiinnovator.com"
104.250.128.234 - - [20/Jun/2025:14:02:18 -0400] "POST /xmlrpc.php HTTP/1.1" 403 1242 "https://socialdigiinnovator.com" "Mozilla/5.0 (Windows NT 10.0; Win64; x64) AppleWebKit/537.36 (KHTML, like Gecko) Chrome/113.0.5672.93 Safari/537.36"
141.95.4.134 - - [20/Jun/2025:14:05:29 -0400] "GET /assets/images/accesson.php HTTP/1.1" 404 14951 "-" "Mozilla/5.0 (Windows NT 10.0; Win64; x64) AppleWebKit/537.36 (KHTML, like Gecko) Chrome/127.0.0.0 Safari/537.36"
119.155.247.76 - - [20/Jun/2025:14:06:13 -0400] "GET /wp-content/uploads/2022/09/1.webp HTTP/1.1" 404 14938 "https://socialdigiinnovator.com/" "Mozilla/5.0 (Windows NT 10.0; Win64; x64) AppleWebKit/537.36 (KHTML, like Gecko) Chrome/137.0.0.0 Safari/537.36"
119.155.247.76 - - [20/Jun/2025:14:06:13 -0400] "GET /wp-content/uploads/2022/09/2.webp HTTP/1.1" 404 14951 "https://socialdigiinnovator.com/" "Mozilla/5.0 (Windows NT 10.0; Win64; x64) AppleWebKit/537.36 (KHTML, like Gecko) Chrome/137.0.0.0 Safari/537.36"
119.155.247.76 - - [20/Jun/2025:14:06:14 -0400] "GET /wp-content/uploads/2022/09/3.webp HTTP/1.1" 404 14951 "https://socialdigiinnovator.com/" "Mozilla/5.0 (Windows NT 10.0; Win64; x64) AppleWebKit/537.36 (KHTML, like Gecko) Chrome/137.0.0.0 Safari/537.36"
2a03:4000:6c:32d:c8c8:50ff:fe0f:2247 - - [20/Jun/2025:14:07:02 -0400] "POST /xmlrpc.php HTTP/1.1" 403 1242 "https://socialdigiinnovator.com" "Mozilla/5.0 (Macintosh; Intel Mac OS X 13_3) AppleWebKit/537.36 (KHTML, like Gecko) Chrome/126.0.0.0 Safari/537.36"
139.180.141.95 - - [20/Jun/2025:14:11:46 -0400] "POST /xmlrpc.php HTTP/1.1" 403 1242 "https://socialdigiinnovator.com" "Mozilla/5.0 (Macintosh; Intel Mac OS X 13.3; rv:126.0) Gecko/20100101 Firefox/126.0"
198.54.114.35 - - [20/Jun/2025:14:13:02 -0400] "POST /wp-cron.php?doing_wp_cron=1750443182.0368270874023437500000 HTTP/1.1" 200 0 "-" "WordPress/6.8.1; https://socialdigiinnovator.com"
198.54.114.35 - - [20/Jun/2025:14:19:36 -0400] "POST /wp-cron.php?doing_wp_cron=1750443575.9132609367370605468750 HTTP/1.1" 200 0 "-" "WordPress/6.8.1; https://socialdigiinnovator.com"
185.191.171.7 - - [20/Jun/2025:14:19:33 -0400] "GET /robots.txt HTTP/1.1" 200 102 "-" "Mozilla/5.0 (compatible; SemrushBot/7~bl; +http://www.semrush.com/bot.html)"
85.208.96.208 - - [20/Jun/2025:14:19:36 -0400] "GET /sploshycf5c/cf1261337.html HTTP/1.1" 404 14951 "-" "Mozilla/5.0 (compatible; SemrushBot/7~bl; +http://www.semrush.com/bot.html)"
43.225.52.185 - - [20/Jun/2025:14:21:22 -0400] "POST /xmlrpc.php HTTP/1.1" 403 1242 "https://socialdigiinnovator.com" "Mozilla/5.0 (Macintosh; Intel Mac OS X 10_15_7) AppleWebKit/537.36 (KHTML, like Gecko) Chrome/114.0.5735.134 Safari/537.36"
49.51.252.146 - - [20/Jun/2025:14:12:59 -0400] "GET /lg-sales-playbook/ HTTP/1.1" 200 15822 "-" "Mozilla/5.0 (iPhone; CPU iPhone OS 13_2_3 like Mac OS X) AppleWebKit/605.1.15 (KHTML, like Gecko) Version/13.0.3 Mobile/15E148 Safari/604.1"
8.133.253.244 - - [20/Jun/2025:14:16:35 -0400] "POST /xmlrpc.php HTTP/1.1" 403 1242 "https://socialdigiinnovator.com" "Mozilla/5.0 (Windows NT 10.0; Win64; x64) AppleWebKit/537.36 (KHTML, like Gecko) Chrome/113.0.5672.126 Safari/537.36 Edg/113.0.1774.50"
198.54.114.35 - - [20/Jun/2025:14:21:04 -0400] "POST /wp-cron.php?doing_wp_cron=1750443664.7775290012359619140625 HTTP/1.1" 200 0 "-" "WordPress/6.8.1; https://socialdigiinnovator.com"
43.153.96.233 - - [20/Jun/2025:14:21:03 -0400] "GET /wp-json/wp/v2/pages/85 HTTP/1.1" 200 53744 "-" "Mozilla/5.0 (iPhone; CPU iPhone OS 13_2_3 like Mac OS X) AppleWebKit/605.1.15 (KHTML, like Gecko) Version/13.0.3 Mobile/15E148 Safari/604.1"
2402:1f00:8303:100::928 - - [20/Jun/2025:14:26:06 -0400] "POST /xmlrpc.php HTTP/1.1" 403 1242 "https://socialdigiinnovator.com" "Mozilla/5.0 (Windows NT 11.0; Win64; x64; rv:126.0) Gecko/20100101 Firefox/126.0"
198.54.114.35 - - [20/Jun/2025:14:30:00 -0400] "POST /wp-cron.php?doing_wp_cron=1750444200.5629849433898925781250 HTTP/1.1" 200 0 "-" "WordPress/6.8.1; https://socialdigiinnovator.com"
198.54.114.35 - - [20/Jun/2025:14:34:17 -0400] "POST /wp-cron.php?doing_wp_cron=1750444457.7570118904113769531250 HTTP/1.1" 200 0 "-" "WordPress/6.8.1; https://socialdigiinnovator.com"
185.4.176.64 - - [20/Jun/2025:14:35:31 -0400] "POST /xmlrpc.php HTTP/1.1" 403 1242 "https://socialdigiinnovator.com" "Mozilla/5.0 (Macintosh; Intel Mac OS X 10_15_7) AppleWebKit/537.36 (KHTML, like Gecko) Chrome/115.0.5790.102 Safari/537.36"
84.247.129.95 - - [20/Jun/2025:14:40:17 -0400] "POST /xmlrpc.php HTTP/1.1" 403 1242 "https://socialdigiinnovator.com" "Mozilla/5.0 (Windows NT 11.0; Win64; x64) AppleWebKit/537.36 (KHTML, like Gecko) Chrome/126.0.0.0 Safari/537.36 Edg/126.0.0.0"
148.72.214.194 - - [20/Jun/2025:14:40:36 -0400] "POST /xmlrpc.php HTTP/1.1" 403 1242 "-" "Mozilla/5.0 (X11; Ubuntu; Linux x86_64; rv:85.0) Gecko/20100101 Firefox/91.0"
122.154.30.155 - - [20/Jun/2025:14:40:50 -0400] "GET /404 HTTP/1.1" 404 14951 "-" "Mozilla"
43.157.156.190 - - [20/Jun/2025:14:29:58 -0400] "GET /wp-json/wp/v2/pages/188 HTTP/1.1" 200 7093 "-" "Mozilla/5.0 (iPhone; CPU iPhone OS 13_2_3 like Mac OS X) AppleWebKit/605.1.15 (KHTML, like Gecko) Version/13.0.3 Mobile/15E148 Safari/604.1"
64.227.153.209 - - [20/Jun/2025:14:30:49 -0400] "POST /xmlrpc.php HTTP/1.1" 403 1242 "https://socialdigiinnovator.com" "Mozilla/5.0 (Windows NT 11.0; Win64; x64; rv:126.0) Gecko/20100101 Firefox/126.0"
66.249.73.102 - - [20/Jun/2025:14:34:16 -0400] "GET /, HTTP/1.1" 301 0 "-" "Mozilla/5.0 (Linux; Android 6.0.1; Nexus 5X Build/MMB29P) AppleWebKit/537.36 (KHTML, like Gecko) Chrome/137.0.7151.103 Mobile Safari/537.36 (compatible; Googlebot/2.1; +http://www.google.com/bot.html)"
198.54.114.35 - - [20/Jun/2025:14:38:38 -0400] "POST /wp-cron.php?doing_wp_cron=1750444718.1365430355072021484375 HTTP/1.1" 200 0 "-" "WordPress/6.8.1; https://socialdigiinnovator.com"
43.130.40.120 - - [20/Jun/2025:14:38:36 -0400] "GET /embed/ HTTP/1.1" 301 0 "-" "Mozilla/5.0 (iPhone; CPU iPhone OS 13_2_3 like Mac OS X) AppleWebKit/605.1.15 (KHTML, like Gecko) Version/13.0.3 Mobile/15E148 Safari/604.1"
198.54.114.35 - - [20/Jun/2025:14:38:43 -0400] "POST /wp-cron.php?doing_wp_cron=1750444723.1093130111694335937500 HTTP/1.1" 200 0 "-" "WordPress/6.8.1; https://socialdigiinnovator.com"
43.130.40.120 - - [20/Jun/2025:14:38:42 -0400] "GET / HTTP/1.1" 200 21730 "https://socialdigiinnovator.com/embed/" "Mozilla/5.0 (iPhone; CPU iPhone OS 13_2_3 like Mac OS X) AppleWebKit/605.1.15 (KHTML, like Gecko) Version/13.0.3 Mobile/15E148 Safari/604.1"
122.154.30.155 - - [20/Jun/2025:14:40:48 -0400] "POST /wp-login.php/wp-login.php HTTP/1.1" 302 0 "-" "Mozilla"
198.54.114.35 - - [20/Jun/2025:14:40:51 -0400] "POST /wp-cron.php?doing_wp_cron=1750444850.9279639720916748046875 HTTP/1.1" 200 0 "-" "WordPress/6.8.1; https://socialdigiinnovator.com"
43.166.239.145 - - [20/Jun/2025:14:50:39 -0400] "GET /wp-json/oembed/1.0/embed?url=https%3A%2F%2Fsocialdigiinnovator.com%2Fvirtual-assistant-services%2Fsocial-media-management%2Fbranding%2F HTTP/1.1" 200 2218 "-" "Mozilla/5.0 (iPhone; CPU iPhone OS 13_2_3 like Mac OS X) AppleWebKit/605.1.15 (KHTML, like Gecko) Version/13.0.3 Mobile/15E148 Safari/604.1"
222.255.214.45 - - [20/Jun/2025:14:54:22 -0400] "POST /xmlrpc.php HTTP/1.1" 403 1242 "https://socialdigiinnovator.com" "Mozilla/5.0 (Windows NT 10.0; Win64; x64; rv:129.0) Gecko/20100101 Firefox/129.0"
198.54.114.35 - - [20/Jun/2025:14:54:36 -0400] "POST /wp-cron.php?doing_wp_cron=1750445676.2539041042327880859375 HTTP/1.1" 200 0 "-" "WordPress/6.8.1; https://socialdigiinnovator.com"
54.89.222.23 - - [20/Jun/2025:14:54:34 -0400] "GET /style.php HTTP/1.1" 404 14951 "-" "Mozlila/5.0 (Linux; Android 7.0; SM-G892A Bulid/NRD90M; wv) AppleWebKit/537.36 (KHTML, like Gecko) Version/4.0 Chrome/60.0.3112.107 Moblie Safari/537.36"
157.245.99.16 - - [20/Jun/2025:14:56:03 -0400] "GET /wp-admin/css/ HTTP/1.1" 403 1242 "binance.com" "Mozilla/5.0 (Windows NT 10.0; Win64; x64) AppleWebKit/537.36 (KHTML, like Gecko) Chrome/90.0.4430.85 Safari/537.36"
143.244.137.54 - - [20/Jun/2025:14:59:08 -0400] "POST /xmlrpc.php HTTP/1.1" 403 1242 "https://socialdigiinnovator.com" "Mozilla/5.0 (Macintosh; Intel Mac OS X 14_4_1) AppleWebKit/605.1.15 (KHTML, like Gecko) Version/17.3.1 Safari/605.1.15"
202.62.14.65 - - [20/Jun/2025:14:59:33 -0400] "GET /vendor/phpunit/phpunit/LICENSE HTTP/1.1" 404 14951 "-" "Mozilla/5.0 (Windows NT 10.0; Win64; x64) AppleWebKit/537.36 (KHTML, like Gecko) Chrome/106.0.0.0 Safari/537.36"
198.54.114.35 - - [20/Jun/2025:14:59:42 -0400] "POST /wp-cron.php?doing_wp_cron=1750445982.8724029064178466796875 HTTP/1.1" 200 0 "-" "WordPress/6.8.1; https://socialdigiinnovator.com"
