196.251.66.105 - - [20/Jun/2025:23:32:16 -0400] "GET /wp-includes/Text/Diff/Engine/ HTTP/1.1" 403 1242 "https://www.google.com" "Mozilla/5.0 (Linux; Android 7.0; SM-G892A Build/NRD90M; wv) AppleWebKit/537.36 (KHTML, Gecko) Version/4.0 Chrome/60.0.3112.107 Mobile Safari/537.36"
196.251.66.105 - - [20/Jun/2025:23:32:26 -0400] "GET /wp-includes/assets/index.php HTTP/1.1" 301 0 "https://www.google.com" "Mozilla/5.0 (Linux; Android 7.0; SM-G892A Build/NRD90M; wv) AppleWebKit/537.36 (KHTML, Gecko) Version/4.0 Chrome/60.0.3112.107 Mobile Safari/537.36"
196.251.66.105 - - [20/Jun/2025:23:32:19 -0400] "GET /wp-includes/Text/Diff/Renderer/index.php HTTP/1.1" 301 0 "https://www.google.com" "Mozilla/5.0 (Linux; Android 7.0; SM-G892A Build/NRD90M; wv) AppleWebKit/537.36 (KHTML, Gecko) Version/4.0 Chrome/60.0.3112.107 Mobile Safari/537.36"
196.251.66.105 - - [20/Jun/2025:23:32:19 -0400] "GET /wp-includes/Text/Diff/Renderer/ HTTP/1.1" 403 1242 "https://www.google.com" "Mozilla/5.0 (Linux; Android 7.0; SM-G892A Build/NRD90M; wv) AppleWebKit/537.36 (KHTML, Gecko) Version/4.0 Chrome/60.0.3112.107 Mobile Safari/537.36"
196.251.66.105 - - [20/Jun/2025:23:32:27 -0400] "GET /wp-includes/block-patterns/index.php HTTP/1.1" 301 0 "https://www.google.com" "Mozilla/5.0 (Linux; Android 7.0; SM-G892A Build/NRD90M; wv) AppleWebKit/537.36 (KHTML, Gecko) Version/4.0 Chrome/60.0.3112.107 Mobile Safari/537.36"
196.251.66.105 - - [20/Jun/2025:23:32:32 -0400] "GET /wp-includes/block-supports/ HTTP/1.1" 403 1242 "https://www.google.com" "Mozilla/5.0 (Linux; Android 7.0; SM-G892A Build/NRD90M; wv) AppleWebKit/537.36 (KHTML, Gecko) Version/4.0 Chrome/60.0.3112.107 Mobile Safari/537.36"
196.251.66.105 - - [20/Jun/2025:23:32:33 -0400] "GET /wp-includes/blocks/index.php HTTP/1.1" 403 1242 "https://www.google.com" "Mozilla/5.0 (Linux; Android 7.0; SM-G892A Build/NRD90M; wv) AppleWebKit/537.36 (KHTML, Gecko) Version/4.0 Chrome/60.0.3112.107 Mobile Safari/537.36"
196.251.66.105 - - [20/Jun/2025:23:32:40 -0400] "GET /wp-includes/blocks/archives/ HTTP/1.1" 403 1242 "https://www.google.com" "Mozilla/5.0 (Linux; Android 7.0; SM-G892A Build/NRD90M; wv) AppleWebKit/537.36 (KHTML, Gecko) Version/4.0 Chrome/60.0.3112.107 Mobile Safari/537.36"
196.251.117.231 - - [20/Jun/2025:23:32:42 -0400] "GET /wp-login.php HTTP/1.1" 302 771 "-" "python-requests/2.32.3"
196.251.66.105 - - [20/Jun/2025:23:32:43 -0400] "GET /wp-includes/blocks/audio/ HTTP/1.1" 403 1242 "https://www.google.com" "Mozilla/5.0 (Linux; Android 7.0; SM-G892A Build/NRD90M; wv) AppleWebKit/537.36 (KHTML, Gecko) Version/4.0 Chrome/60.0.3112.107 Mobile Safari/537.36"
196.251.66.105 - - [20/Jun/2025:23:32:46 -0400] "GET /wp-includes/blocks/block/index.php HTTP/1.1" 301 0 "https://www.google.com" "Mozilla/5.0 (Linux; Android 7.0; SM-G892A Build/NRD90M; wv) AppleWebKit/537.36 (KHTML, Gecko) Version/4.0 Chrome/60.0.3112.107 Mobile Safari/537.36"
196.251.66.105 - - [20/Jun/2025:23:32:47 -0400] "GET /wp-includes/blocks/block/ HTTP/1.1" 403 1242 "https://www.google.com" "Mozilla/5.0 (Linux; Android 7.0; SM-G892A Build/NRD90M; wv) AppleWebKit/537.36 (KHTML, Gecko) Version/4.0 Chrome/60.0.3112.107 Mobile Safari/537.36"
196.251.66.105 - - [20/Jun/2025:23:32:56 -0400] "GET /wp-includes/blocks/buttons/ HTTP/1.1" 403 1242 "https://www.google.com" "Mozilla/5.0 (Linux; Android 7.0; SM-G892A Build/NRD90M; wv) AppleWebKit/537.36 (KHTML, Gecko) Version/4.0 Chrome/60.0.3112.107 Mobile Safari/537.36"
196.251.66.105 - - [20/Jun/2025:23:33:08 -0400] "GET /wp-includes/blocks/calendar/ HTTP/1.1" 403 1242 "https://www.google.com" "Mozilla/5.0 (Linux; Android 7.0; SM-G892A Build/NRD90M; wv) AppleWebKit/537.36 (KHTML, Gecko) Version/4.0 Chrome/60.0.3112.107 Mobile Safari/537.36"
196.251.66.105 - - [20/Jun/2025:23:33:11 -0400] "GET /wp-includes/blocks/categories/ HTTP/1.1" 403 1242 "https://www.google.com" "Mozilla/5.0 (Linux; Android 7.0; SM-G892A Build/NRD90M; wv) AppleWebKit/537.36 (KHTML, Gecko) Version/4.0 Chrome/60.0.3112.107 Mobile Safari/537.36"
196.251.66.105 - - [20/Jun/2025:23:33:22 -0400] "GET /wp-includes/blocks/column/index.php HTTP/1.1" 301 0 "https://www.google.com" "Mozilla/5.0 (Linux; Android 7.0; SM-G892A Build/NRD90M; wv) AppleWebKit/537.36 (KHTML, Gecko) Version/4.0 Chrome/60.0.3112.107 Mobile Safari/537.36"
196.251.66.105 - - [20/Jun/2025:23:33:25 -0400] "GET /wp-includes/blocks/columns/index.php HTTP/1.1" 301 0 "https://www.google.com" "Mozilla/5.0 (Linux; Android 7.0; SM-G892A Build/NRD90M; wv) AppleWebKit/537.36 (KHTML, Gecko) Version/4.0 Chrome/60.0.3112.107 Mobile Safari/537.36"
196.251.66.105 - - [20/Jun/2025:23:32:26 -0400] "GET /wp-includes/assets/ HTTP/1.1" 403 1242 "https://www.google.com" "Mozilla/5.0 (Linux; Android 7.0; SM-G892A Build/NRD90M; wv) AppleWebKit/537.36 (KHTML, Gecko) Version/4.0 Chrome/60.0.3112.107 Mobile Safari/537.36"
196.251.66.105 - - [20/Jun/2025:23:32:27 -0400] "GET /wp-includes/block-patterns/ HTTP/1.1" 403 1242 "https://www.google.com" "Mozilla/5.0 (Linux; Android 7.0; SM-G892A Build/NRD90M; wv) AppleWebKit/537.36 (KHTML, Gecko) Version/4.0 Chrome/60.0.3112.107 Mobile Safari/537.36"
196.251.66.105 - - [20/Jun/2025:23:32:31 -0400] "GET /wp-includes/block-supports/index.php HTTP/1.1" 301 0 "https://www.google.com" "Mozilla/5.0 (Linux; Android 7.0; SM-G892A Build/NRD90M; wv) AppleWebKit/537.36 (KHTML, Gecko) Version/4.0 Chrome/60.0.3112.107 Mobile Safari/537.36"
196.251.66.105 - - [20/Jun/2025:23:32:37 -0400] "GET /wp-includes/blocks/archives/index.php HTTP/1.1" 301 0 "https://www.google.com" "Mozilla/5.0 (Linux; Android 7.0; SM-G892A Build/NRD90M; wv) AppleWebKit/537.36 (KHTML, Gecko) Version/4.0 Chrome/60.0.3112.107 Mobile Safari/537.36"
198.54.114.35 - - [20/Jun/2025:23:32:42 -0400] "POST /wp-cron.php?doing_wp_cron=1750476762.4903309345245361328125 HTTP/1.1" 200 0 "-" "WordPress/6.8.1; https://socialdigiinnovator.com"
196.251.66.105 - - [20/Jun/2025:23:32:42 -0400] "GET /wp-includes/blocks/audio/index.php HTTP/1.1" 301 0 "https://www.google.com" "Mozilla/5.0 (Linux; Android 7.0; SM-G892A Build/NRD90M; wv) AppleWebKit/537.36 (KHTML, Gecko) Version/4.0 Chrome/60.0.3112.107 Mobile Safari/537.36"
196.251.66.105 - - [20/Jun/2025:23:32:51 -0400] "GET /wp-includes/blocks/button/index.php HTTP/1.1" 301 0 "https://www.google.com" "Mozilla/5.0 (Linux; Android 7.0; SM-G892A Build/NRD90M; wv) AppleWebKit/537.36 (KHTML, Gecko) Version/4.0 Chrome/60.0.3112.107 Mobile Safari/537.36"
196.251.66.105 - - [20/Jun/2025:23:32:52 -0400] "GET /wp-includes/blocks/button/ HTTP/1.1" 403 1242 "https://www.google.com" "Mozilla/5.0 (Linux; Android 7.0; SM-G892A Build/NRD90M; wv) AppleWebKit/537.36 (KHTML, Gecko) Version/4.0 Chrome/60.0.3112.107 Mobile Safari/537.36"
196.251.66.105 - - [20/Jun/2025:23:32:55 -0400] "GET /wp-includes/blocks/buttons/index.php HTTP/1.1" 301 0 "https://www.google.com" "Mozilla/5.0 (Linux; Android 7.0; SM-G892A Build/NRD90M; wv) AppleWebKit/537.36 (KHTML, Gecko) Version/4.0 Chrome/60.0.3112.107 Mobile Safari/537.36"
196.251.66.105 - - [20/Jun/2025:23:33:07 -0400] "GET /wp-includes/blocks/calendar/index.php HTTP/1.1" 301 0 "https://www.google.com" "Mozilla/5.0 (Linux; Android 7.0; SM-G892A Build/NRD90M; wv) AppleWebKit/537.36 (KHTML, Gecko) Version/4.0 Chrome/60.0.3112.107 Mobile Safari/537.36"
196.251.66.105 - - [20/Jun/2025:23:33:10 -0400] "GET /wp-includes/blocks/categories/index.php HTTP/1.1" 301 0 "https://www.google.com" "Mozilla/5.0 (Linux; Android 7.0; SM-G892A Build/NRD90M; wv) AppleWebKit/537.36 (KHTML, Gecko) Version/4.0 Chrome/60.0.3112.107 Mobile Safari/537.36"
196.251.66.105 - - [20/Jun/2025:23:33:13 -0400] "GET /wp-includes/blocks/code/index.php HTTP/1.1" 301 0 "https://www.google.com" "Mozilla/5.0 (Linux; Android 7.0; SM-G892A Build/NRD90M; wv) AppleWebKit/537.36 (KHTML, Gecko) Version/4.0 Chrome/60.0.3112.107 Mobile Safari/537.36"
196.251.66.105 - - [20/Jun/2025:23:33:14 -0400] "GET /wp-includes/blocks/code/ HTTP/1.1" 403 1242 "https://www.google.com" "Mozilla/5.0 (Linux; Android 7.0; SM-G892A Build/NRD90M; wv) AppleWebKit/537.36 (KHTML, Gecko) Version/4.0 Chrome/60.0.3112.107 Mobile Safari/537.36"
196.251.66.105 - - [20/Jun/2025:23:33:23 -0400] "GET /wp-includes/blocks/column/ HTTP/1.1" 403 1242 "https://www.google.com" "Mozilla/5.0 (Linux; Android 7.0; SM-G892A Build/NRD90M; wv) AppleWebKit/537.36 (KHTML, Gecko) Version/4.0 Chrome/60.0.3112.107 Mobile Safari/537.36"
196.251.66.105 - - [20/Jun/2025:23:33:27 -0400] "GET /wp-includes/blocks/cover/index.php HTTP/1.1" 301 0 "https://www.google.com" "Mozilla/5.0 (Linux; Android 7.0; SM-G892A Build/NRD90M; wv) AppleWebKit/537.36 (KHTML, Gecko) Version/4.0 Chrome/60.0.3112.107 Mobile Safari/537.36"
196.251.66.105 - - [20/Jun/2025:23:33:26 -0400] "GET /wp-includes/blocks/columns/ HTTP/1.1" 403 1242 "https://www.google.com" "Mozilla/5.0 (Linux; Android 7.0; SM-G892A Build/NRD90M; wv) AppleWebKit/537.36 (KHTML, Gecko) Version/4.0 Chrome/60.0.3112.107 Mobile Safari/537.36"
196.251.66.105 - - [20/Jun/2025:23:33:27 -0400] "GET /wp-includes/blocks/cover/ HTTP/1.1" 403 1242 "https://www.google.com" "Mozilla/5.0 (Linux; Android 7.0; SM-G892A Build/NRD90M; wv) AppleWebKit/537.36 (KHTML, Gecko) Version/4.0 Chrome/60.0.3112.107 Mobile Safari/537.36"
196.251.66.105 - - [20/Jun/2025:23:33:33 -0400] "GET /wp-includes/blocks/embed/index.php HTTP/1.1" 301 0 "https://www.google.com" "Mozilla/5.0 (Linux; Android 7.0; SM-G892A Build/NRD90M; wv) AppleWebKit/537.36 (KHTML, Gecko) Version/4.0 Chrome/60.0.3112.107 Mobile Safari/537.36"
196.251.66.105 - - [20/Jun/2025:23:33:35 -0400] "GET /wp-includes/blocks/file/index.php HTTP/1.1" 301 0 "https://www.google.com" "Mozilla/5.0 (Linux; Android 7.0; SM-G892A Build/NRD90M; wv) AppleWebKit/537.36 (KHTML, Gecko) Version/4.0 Chrome/60.0.3112.107 Mobile Safari/537.36"
196.251.66.105 - - [20/Jun/2025:23:33:36 -0400] "GET /wp-includes/blocks/file/ HTTP/1.1" 403 1242 "https://www.google.com" "Mozilla/5.0 (Linux; Android 7.0; SM-G892A Build/NRD90M; wv) AppleWebKit/537.36 (KHTML, Gecko) Version/4.0 Chrome/60.0.3112.107 Mobile Safari/537.36"
196.251.66.105 - - [20/Jun/2025:23:33:41 -0400] "GET /wp-includes/blocks/freeform/ HTTP/1.1" 403 1242 "https://www.google.com" "Mozilla/5.0 (Linux; Android 7.0; SM-G892A Build/NRD90M; wv) AppleWebKit/537.36 (KHTML, Gecko) Version/4.0 Chrome/60.0.3112.107 Mobile Safari/537.36"
198.54.114.35 - - [20/Jun/2025:23:33:46 -0400] "POST /wp-cron.php?doing_wp_cron=1750476826.1879580020904541015625 HTTP/1.1" 200 0 "-" "WordPress/6.8.1; https://socialdigiinnovator.com"
196.251.66.105 - - [20/Jun/2025:23:33:49 -0400] "GET /wp-includes/blocks/gallery/ HTTP/1.1" 403 1242 "https://www.google.com" "Mozilla/5.0 (Linux; Android 7.0; SM-G892A Build/NRD90M; wv) AppleWebKit/537.36 (KHTML, Gecko) Version/4.0 Chrome/60.0.3112.107 Mobile Safari/537.36"
196.251.66.105 - - [20/Jun/2025:23:33:54 -0400] "GET /wp-includes/blocks/group/index.php HTTP/1.1" 301 0 "https://www.google.com" "Mozilla/5.0 (Linux; Android 7.0; SM-G892A Build/NRD90M; wv) AppleWebKit/537.36 (KHTML, Gecko) Version/4.0 Chrome/60.0.3112.107 Mobile Safari/537.36"
196.251.66.105 - - [20/Jun/2025:23:33:56 -0400] "GET /wp-includes/blocks/group/ HTTP/1.1" 403 1242 "https://www.google.com" "Mozilla/5.0 (Linux; Android 7.0; SM-G892A Build/NRD90M; wv) AppleWebKit/537.36 (KHTML, Gecko) Version/4.0 Chrome/60.0.3112.107 Mobile Safari/537.36"
196.251.66.105 - - [20/Jun/2025:23:34:05 -0400] "GET /wp-includes/blocks/html/index.php HTTP/1.1" 301 0 "https://www.google.com" "Mozilla/5.0 (Linux; Android 7.0; SM-G892A Build/NRD90M; wv) AppleWebKit/537.36 (KHTML, Gecko) Version/4.0 Chrome/60.0.3112.107 Mobile Safari/537.36"
196.251.66.105 - - [20/Jun/2025:23:34:10 -0400] "GET /wp-includes/blocks/image/index.php HTTP/1.1" 301 0 "https://www.google.com" "Mozilla/5.0 (Linux; Android 7.0; SM-G892A Build/NRD90M; wv) AppleWebKit/537.36 (KHTML, Gecko) Version/4.0 Chrome/60.0.3112.107 Mobile Safari/537.36"
196.251.66.105 - - [20/Jun/2025:23:34:11 -0400] "GET /wp-includes/blocks/image/ HTTP/1.1" 403 1242 "https://www.google.com" "Mozilla/5.0 (Linux; Android 7.0; SM-G892A Build/NRD90M; wv) AppleWebKit/537.36 (KHTML, Gecko) Version/4.0 Chrome/60.0.3112.107 Mobile Safari/537.36"
196.251.66.105 - - [20/Jun/2025:23:34:17 -0400] "GET /wp-includes/blocks/latest-comments/index.php HTTP/1.1" 301 0 "https://www.google.com" "Mozilla/5.0 (Linux; Android 7.0; SM-G892A Build/NRD90M; wv) AppleWebKit/537.36 (KHTML, Gecko) Version/4.0 Chrome/60.0.3112.107 Mobile Safari/537.36"
196.251.66.105 - - [20/Jun/2025:23:34:17 -0400] "GET /wp-includes/blocks/latest-comments/ HTTP/1.1" 403 1242 "https://www.google.com" "Mozilla/5.0 (Linux; Android 7.0; SM-G892A Build/NRD90M; wv) AppleWebKit/537.36 (KHTML, Gecko) Version/4.0 Chrome/60.0.3112.107 Mobile Safari/537.36"
196.251.66.105 - - [20/Jun/2025:23:33:33 -0400] "GET /wp-includes/blocks/embed/ HTTP/1.1" 403 1242 "https://www.google.com" "Mozilla/5.0 (Linux; Android 7.0; SM-G892A Build/NRD90M; wv) AppleWebKit/537.36 (KHTML, Gecko) Version/4.0 Chrome/60.0.3112.107 Mobile Safari/537.36"
196.251.66.105 - - [20/Jun/2025:23:33:40 -0400] "GET /wp-includes/blocks/freeform/index.php HTTP/1.1" 301 0 "https://www.google.com" "Mozilla/5.0 (Linux; Android 7.0; SM-G892A Build/NRD90M; wv) AppleWebKit/537.36 (KHTML, Gecko) Version/4.0 Chrome/60.0.3112.107 Mobile Safari/537.36"
196.251.66.105 - - [20/Jun/2025:23:33:46 -0400] "GET /wp-includes/blocks/gallery/index.php HTTP/1.1" 301 0 "https://www.google.com" "Mozilla/5.0 (Linux; Android 7.0; SM-G892A Build/NRD90M; wv) AppleWebKit/537.36 (KHTML, Gecko) Version/4.0 Chrome/60.0.3112.107 Mobile Safari/537.36"
196.251.117.231 - - [20/Jun/2025:23:33:59 -0400] "GET /wp-login.php HTTP/1.1" 302 771 "-" "python-requests/2.32.3"
196.251.66.105 - - [20/Jun/2025:23:34:01 -0400] "GET /wp-includes/blocks/heading/index.php HTTP/1.1" 301 0 "https://www.google.com" "Mozilla/5.0 (Linux; Android 7.0; SM-G892A Build/NRD90M; wv) AppleWebKit/537.36 (KHTML, Gecko) Version/4.0 Chrome/60.0.3112.107 Mobile Safari/537.36"
196.251.66.105 - - [20/Jun/2025:23:34:02 -0400] "GET /wp-includes/blocks/heading/ HTTP/1.1" 403 1242 "https://www.google.com" "Mozilla/5.0 (Linux; Android 7.0; SM-G892A Build/NRD90M; wv) AppleWebKit/537.36 (KHTML, Gecko) Version/4.0 Chrome/60.0.3112.107 Mobile Safari/537.36"
196.251.66.105 - - [20/Jun/2025:23:34:06 -0400] "GET /wp-includes/blocks/html/ HTTP/1.1" 403 1242 "https://www.google.com" "Mozilla/5.0 (Linux; Android 7.0; SM-G892A Build/NRD90M; wv) AppleWebKit/537.36 (KHTML, Gecko) Version/4.0 Chrome/60.0.3112.107 Mobile Safari/537.36"
196.251.66.105 - - [20/Jun/2025:23:34:28 -0400] "GET /wp-includes/blocks/latest-posts/index.php HTTP/1.1" 301 0 "https://www.google.com" "Mozilla/5.0 (Linux; Android 7.0; SM-G892A Build/NRD90M; wv) AppleWebKit/537.36 (KHTML, Gecko) Version/4.0 Chrome/60.0.3112.107 Mobile Safari/537.36"
196.251.66.105 - - [20/Jun/2025:23:34:28 -0400] "GET /wp-includes/blocks/latest-posts/ HTTP/1.1" 403 1242 "https://www.google.com" "Mozilla/5.0 (Linux; Android 7.0; SM-G892A Build/NRD90M; wv) AppleWebKit/537.36 (KHTML, Gecko) Version/4.0 Chrome/60.0.3112.107 Mobile Safari/537.36"
196.251.66.105 - - [20/Jun/2025:23:34:30 -0400] "GET /wp-includes/blocks/legacy-widget/index.php HTTP/1.1" 301 0 "https://www.google.com" "Mozilla/5.0 (Linux; Android 7.0; SM-G892A Build/NRD90M; wv) AppleWebKit/537.36 (KHTML, Gecko) Version/4.0 Chrome/60.0.3112.107 Mobile Safari/537.36"
196.251.66.105 - - [20/Jun/2025:23:34:30 -0400] "GET /wp-includes/blocks/legacy-widget/ HTTP/1.1" 403 1242 "https://www.google.com" "Mozilla/5.0 (Linux; Android 7.0; SM-G892A Build/NRD90M; wv) AppleWebKit/537.36 (KHTML, Gecko) Version/4.0 Chrome/60.0.3112.107 Mobile Safari/537.36"
196.251.66.105 - - [20/Jun/2025:23:34:36 -0400] "GET /wp-includes/blocks/list/ HTTP/1.1" 403 1242 "https://www.google.com" "Mozilla/5.0 (Linux; Android 7.0; SM-G892A Build/NRD90M; wv) AppleWebKit/537.36 (KHTML, Gecko) Version/4.0 Chrome/60.0.3112.107 Mobile Safari/537.36"
198.54.114.35 - - [20/Jun/2025:23:34:50 -0400] "POST /wp-cron.php?doing_wp_cron=1750476889.9671390056610107421875 HTTP/1.1" 200 0 "-" "WordPress/6.8.1; https://socialdigiinnovator.com"
196.251.66.105 - - [20/Jun/2025:23:34:50 -0400] "GET /wp-includes/blocks/loginout/ HTTP/1.1" 403 1242 "https://www.google.com" "Mozilla/5.0 (Linux; Android 7.0; SM-G892A Build/NRD90M; wv) AppleWebKit/537.36 (KHTML, Gecko) Version/4.0 Chrome/60.0.3112.107 Mobile Safari/537.36"
196.251.66.105 - - [20/Jun/2025:23:34:56 -0400] "GET /wp-includes/blocks/media-text/ HTTP/1.1" 403 1242 "https://www.google.com" "Mozilla/5.0 (Linux; Android 7.0; SM-G892A Build/NRD90M; wv) AppleWebKit/537.36 (KHTML, Gecko) Version/4.0 Chrome/60.0.3112.107 Mobile Safari/537.36"
196.251.66.105 - - [20/Jun/2025:23:35:03 -0400] "GET /wp-includes/blocks/more/index.php HTTP/1.1" 301 0 "https://www.google.com" "Mozilla/5.0 (Linux; Android 7.0; SM-G892A Build/NRD90M; wv) AppleWebKit/537.36 (KHTML, Gecko) Version/4.0 Chrome/60.0.3112.107 Mobile Safari/537.36"
196.251.66.105 - - [20/Jun/2025:23:35:04 -0400] "GET /wp-includes/blocks/more/ HTTP/1.1" 403 1242 "https://www.google.com" "Mozilla/5.0 (Linux; Android 7.0; SM-G892A Build/NRD90M; wv) AppleWebKit/537.36 (KHTML, Gecko) Version/4.0 Chrome/60.0.3112.107 Mobile Safari/537.36"
196.251.66.105 - - [20/Jun/2025:23:35:07 -0400] "GET /wp-includes/blocks/nextpage/index.php HTTP/1.1" 301 0 "https://www.google.com" "Mozilla/5.0 (Linux; Android 7.0; SM-G892A Build/NRD90M; wv) AppleWebKit/537.36 (KHTML, Gecko) Version/4.0 Chrome/60.0.3112.107 Mobile Safari/537.36"
196.251.66.105 - - [20/Jun/2025:23:35:16 -0400] "GET /wp-includes/blocks/paragraph/ HTTP/1.1" 403 1242 "https://www.google.com" "Mozilla/5.0 (Linux; Android 7.0; SM-G892A Build/NRD90M; wv) AppleWebKit/537.36 (KHTML, Gecko) Version/4.0 Chrome/60.0.3112.107 Mobile Safari/537.36"
196.251.66.105 - - [20/Jun/2025:23:35:19 -0400] "GET /wp-includes/blocks/post-content/index.php HTTP/1.1" 301 0 "https://www.google.com" "Mozilla/5.0 (Linux; Android 7.0; SM-G892A Build/NRD90M; wv) AppleWebKit/537.36 (KHTML, Gecko) Version/4.0 Chrome/60.0.3112.107 Mobile Safari/537.36"
196.251.66.105 - - [20/Jun/2025:23:35:19 -0400] "GET /wp-includes/blocks/post-content/ HTTP/1.1" 403 1242 "https://www.google.com" "Mozilla/5.0 (Linux; Android 7.0; SM-G892A Build/NRD90M; wv) AppleWebKit/537.36 (KHTML, Gecko) Version/4.0 Chrome/60.0.3112.107 Mobile Safari/537.36"
196.251.66.105 - - [20/Jun/2025:23:35:27 -0400] "GET /wp-includes/blocks/post-excerpt/ HTTP/1.1" 403 1242 "https://www.google.com" "Mozilla/5.0 (Linux; Android 7.0; SM-G892A Build/NRD90M; wv) AppleWebKit/537.36 (KHTML, Gecko) Version/4.0 Chrome/60.0.3112.107 Mobile Safari/537.36"
198.54.114.35 - - [20/Jun/2025:23:35:45 -0400] "POST /wp-cron.php?doing_wp_cron=1750476945.3482871055603027343750 HTTP/1.1" 200 0 "-" "WordPress/6.8.1; https://socialdigiinnovator.com"
196.251.66.105 - - [20/Jun/2025:23:35:45 -0400] "GET /wp-includes/blocks/post-featured-image/index.php HTTP/1.1" 301 0 "https://www.google.com" "Mozilla/5.0 (Linux; Android 7.0; SM-G892A Build/NRD90M; wv) AppleWebKit/537.36 (KHTML, Gecko) Version/4.0 Chrome/60.0.3112.107 Mobile Safari/537.36"
196.251.66.105 - - [20/Jun/2025:23:35:51 -0400] "GET /wp-includes/blocks/post-template/index.php HTTP/1.1" 301 0 "https://www.google.com" "Mozilla/5.0 (Linux; Android 7.0; SM-G892A Build/NRD90M; wv) AppleWebKit/537.36 (KHTML, Gecko) Version/4.0 Chrome/60.0.3112.107 Mobile Safari/537.36"
196.251.66.105 - - [20/Jun/2025:23:35:51 -0400] "GET /wp-includes/blocks/post-template/ HTTP/1.1" 403 1242 "https://www.google.com" "Mozilla/5.0 (Linux; Android 7.0; SM-G892A Build/NRD90M; wv) AppleWebKit/537.36 (KHTML, Gecko) Version/4.0 Chrome/60.0.3112.107 Mobile Safari/537.36"
196.251.66.105 - - [20/Jun/2025:23:35:54 -0400] "GET /wp-includes/blocks/post-terms/ HTTP/1.1" 403 1242 "https://www.google.com" "Mozilla/5.0 (Linux; Android 7.0; SM-G892A Build/NRD90M; wv) AppleWebKit/537.36 (KHTML, Gecko) Version/4.0 Chrome/60.0.3112.107 Mobile Safari/537.36"
196.251.66.105 - - [20/Jun/2025:23:35:57 -0400] "GET /wp-includes/blocks/post-title/index.php HTTP/1.1" 301 0 "https://www.google.com" "Mozilla/5.0 (Linux; Android 7.0; SM-G892A Build/NRD90M; wv) AppleWebKit/537.36 (KHTML, Gecko) Version/4.0 Chrome/60.0.3112.107 Mobile Safari/537.36"
196.251.66.105 - - [20/Jun/2025:23:35:57 -0400] "GET /wp-includes/blocks/post-title/ HTTP/1.1" 403 1242 "https://www.google.com" "Mozilla/5.0 (Linux; Android 7.0; SM-G892A Build/NRD90M; wv) AppleWebKit/537.36 (KHTML, Gecko) Version/4.0 Chrome/60.0.3112.107 Mobile Safari/537.36"
196.251.66.105 - - [20/Jun/2025:23:34:35 -0400] "GET /wp-includes/blocks/list/index.php HTTP/1.1" 301 0 "https://www.google.com" "Mozilla/5.0 (Linux; Android 7.0; SM-G892A Build/NRD90M; wv) AppleWebKit/537.36 (KHTML, Gecko) Version/4.0 Chrome/60.0.3112.107 Mobile Safari/537.36"
196.251.66.105 - - [20/Jun/2025:23:34:49 -0400] "GET /wp-includes/blocks/loginout/index.php HTTP/1.1" 301 0 "https://www.google.com" "Mozilla/5.0 (Linux; Android 7.0; SM-G892A Build/NRD90M; wv) AppleWebKit/537.36 (KHTML, Gecko) Version/4.0 Chrome/60.0.3112.107 Mobile Safari/537.36"
196.251.66.105 - - [20/Jun/2025:23:34:52 -0400] "GET /wp-includes/blocks/media-text/index.php HTTP/1.1" 301 0 "https://www.google.com" "Mozilla/5.0 (Linux; Android 7.0; SM-G892A Build/NRD90M; wv) AppleWebKit/537.36 (KHTML, Gecko) Version/4.0 Chrome/60.0.3112.107 Mobile Safari/537.36"
196.251.66.105 - - [20/Jun/2025:23:34:57 -0400] "GET /wp-includes/blocks/missing/index.php HTTP/1.1" 301 0 "https://www.google.com" "Mozilla/5.0 (Linux; Android 7.0; SM-G892A Build/NRD90M; wv) AppleWebKit/537.36 (KHTML, Gecko) Version/4.0 Chrome/60.0.3112.107 Mobile Safari/537.36"
196.251.66.105 - - [20/Jun/2025:23:34:57 -0400] "GET /wp-includes/blocks/missing/ HTTP/1.1" 403 1242 "https://www.google.com" "Mozilla/5.0 (Linux; Android 7.0; SM-G892A Build/NRD90M; wv) AppleWebKit/537.36 (KHTML, Gecko) Version/4.0 Chrome/60.0.3112.107 Mobile Safari/537.36"
196.251.66.105 - - [20/Jun/2025:23:35:07 -0400] "GET /wp-includes/blocks/nextpage/ HTTP/1.1" 403 1242 "https://www.google.com" "Mozilla/5.0 (Linux; Android 7.0; SM-G892A Build/NRD90M; wv) AppleWebKit/537.36 (KHTML, Gecko) Version/4.0 Chrome/60.0.3112.107 Mobile Safari/537.36"
196.251.66.105 - - [20/Jun/2025:23:35:12 -0400] "GET /wp-includes/blocks/page-list/index.php HTTP/1.1" 301 0 "https://www.google.com" "Mozilla/5.0 (Linux; Android 7.0; SM-G892A Build/NRD90M; wv) AppleWebKit/537.36 (KHTML, Gecko) Version/4.0 Chrome/60.0.3112.107 Mobile Safari/537.36"
196.251.66.105 - - [20/Jun/2025:23:35:12 -0400] "GET /wp-includes/blocks/page-list/ HTTP/1.1" 403 1242 "https://www.google.com" "Mozilla/5.0 (Linux; Android 7.0; SM-G892A Build/NRD90M; wv) AppleWebKit/537.36 (KHTML, Gecko) Version/4.0 Chrome/60.0.3112.107 Mobile Safari/537.36"
196.251.66.105 - - [20/Jun/2025:23:35:15 -0400] "GET /wp-includes/blocks/paragraph/index.php HTTP/1.1" 301 0 "https://www.google.com" "Mozilla/5.0 (Linux; Android 7.0; SM-G892A Build/NRD90M; wv) AppleWebKit/537.36 (KHTML, Gecko) Version/4.0 Chrome/60.0.3112.107 Mobile Safari/537.36"
196.251.66.105 - - [20/Jun/2025:23:35:23 -0400] "GET /wp-includes/blocks/post-date/index.php HTTP/1.1" 301 0 "https://www.google.com" "Mozilla/5.0 (Linux; Android 7.0; SM-G892A Build/NRD90M; wv) AppleWebKit/537.36 (KHTML, Gecko) Version/4.0 Chrome/60.0.3112.107 Mobile Safari/537.36"
196.251.66.105 - - [20/Jun/2025:23:35:25 -0400] "GET /wp-includes/blocks/post-date/ HTTP/1.1" 403 1242 "https://www.google.com" "Mozilla/5.0 (Linux; Android 7.0; SM-G892A Build/NRD90M; wv) AppleWebKit/537.36 (KHTML, Gecko) Version/4.0 Chrome/60.0.3112.107 Mobile Safari/537.36"
196.251.66.105 - - [20/Jun/2025:23:35:27 -0400] "GET /wp-includes/blocks/post-excerpt/index.php HTTP/1.1" 301 0 "https://www.google.com" "Mozilla/5.0 (Linux; Android 7.0; SM-G892A Build/NRD90M; wv) AppleWebKit/537.36 (KHTML, Gecko) Version/4.0 Chrome/60.0.3112.107 Mobile Safari/537.36"
196.251.66.105 - - [20/Jun/2025:23:35:45 -0400] "GET /wp-includes/blocks/post-featured-image/ HTTP/1.1" 403 1242 "https://www.google.com" "Mozilla/5.0 (Linux; Android 7.0; SM-G892A Build/NRD90M; wv) AppleWebKit/537.36 (KHTML, Gecko) Version/4.0 Chrome/60.0.3112.107 Mobile Safari/537.36"
196.251.66.105 - - [20/Jun/2025:23:35:54 -0400] "GET /wp-includes/blocks/post-terms/index.php HTTP/1.1" 301 0 "https://www.google.com" "Mozilla/5.0 (Linux; Android 7.0; SM-G892A Build/NRD90M; wv) AppleWebKit/537.36 (KHTML, Gecko) Version/4.0 Chrome/60.0.3112.107 Mobile Safari/537.36"
196.251.66.105 - - [20/Jun/2025:23:36:00 -0400] "GET /wp-includes/blocks/preformatted/index.php HTTP/1.1" 301 0 "https://www.google.com" "Mozilla/5.0 (Linux; Android 7.0; SM-G892A Build/NRD90M; wv) AppleWebKit/537.36 (KHTML, Gecko) Version/4.0 Chrome/60.0.3112.107 Mobile Safari/537.36"
196.251.66.105 - - [20/Jun/2025:23:36:00 -0400] "GET /wp-includes/blocks/preformatted/ HTTP/1.1" 403 1242 "https://www.google.com" "Mozilla/5.0 (Linux; Android 7.0; SM-G892A Build/NRD90M; wv) AppleWebKit/537.36 (KHTML, Gecko) Version/4.0 Chrome/60.0.3112.107 Mobile Safari/537.36"
196.251.66.105 - - [20/Jun/2025:23:36:04 -0400] "GET /wp-includes/blocks/pullquote/index.php HTTP/1.1" 301 0 "https://www.google.com" "Mozilla/5.0 (Linux; Android 7.0; SM-G892A Build/NRD90M; wv) AppleWebKit/537.36 (KHTML, Gecko) Version/4.0 Chrome/60.0.3112.107 Mobile Safari/537.36"
196.251.66.105 - - [20/Jun/2025:23:36:07 -0400] "GET /wp-includes/blocks/query-pagination-next/index.php HTTP/1.1" 301 0 "https://www.google.com" "Mozilla/5.0 (Linux; Android 7.0; SM-G892A Build/NRD90M; wv) AppleWebKit/537.36 (KHTML, Gecko) Version/4.0 Chrome/60.0.3112.107 Mobile Safari/537.36"
196.251.66.105 - - [20/Jun/2025:23:36:08 -0400] "GET /wp-includes/blocks/query-pagination-next/ HTTP/1.1" 403 1242 "https://www.google.com" "Mozilla/5.0 (Linux; Android 7.0; SM-G892A Build/NRD90M; wv) AppleWebKit/537.36 (KHTML, Gecko) Version/4.0 Chrome/60.0.3112.107 Mobile Safari/537.36"
196.251.66.105 - - [20/Jun/2025:23:36:11 -0400] "GET /wp-includes/blocks/query-pagination-numbers/index.php HTTP/1.1" 301 0 "https://www.google.com" "Mozilla/5.0 (Linux; Android 7.0; SM-G892A Build/NRD90M; wv) AppleWebKit/537.36 (KHTML, Gecko) Version/4.0 Chrome/60.0.3112.107 Mobile Safari/537.36"
196.251.66.105 - - [20/Jun/2025:23:36:23 -0400] "GET /wp-includes/blocks/query-pagination/index.php HTTP/1.1" 301 0 "https://www.google.com" "Mozilla/5.0 (Linux; Android 7.0; SM-G892A Build/NRD90M; wv) AppleWebKit/537.36 (KHTML, Gecko) Version/4.0 Chrome/60.0.3112.107 Mobile Safari/537.36"
196.251.66.105 - - [20/Jun/2025:23:36:28 -0400] "GET /wp-includes/blocks/query-title/index.php HTTP/1.1" 301 0 "https://www.google.com" "Mozilla/5.0 (Linux; Android 7.0; SM-G892A Build/NRD90M; wv) AppleWebKit/537.36 (KHTML, Gecko) Version/4.0 Chrome/60.0.3112.107 Mobile Safari/537.36"
196.251.66.105 - - [20/Jun/2025:23:36:38 -0400] "GET /wp-includes/blocks/query/index.php HTTP/1.1" 301 0 "https://www.google.com" "Mozilla/5.0 (Linux; Android 7.0; SM-G892A Build/NRD90M; wv) AppleWebKit/537.36 (KHTML, Gecko) Version/4.0 Chrome/60.0.3112.107 Mobile Safari/537.36"
196.251.66.105 - - [20/Jun/2025:23:36:39 -0400] "GET /wp-includes/blocks/query/ HTTP/1.1" 403 1242 "https://www.google.com" "Mozilla/5.0 (Linux; Android 7.0; SM-G892A Build/NRD90M; wv) AppleWebKit/537.36 (KHTML, Gecko) Version/4.0 Chrome/60.0.3112.107 Mobile Safari/537.36"
198.54.114.35 - - [20/Jun/2025:23:36:42 -0400] "POST /wp-cron.php?doing_wp_cron=1750477002.6420910358428955078125 HTTP/1.1" 200 0 "-" "WordPress/6.8.1; https://socialdigiinnovator.com"
207.46.13.229 - - [20/Jun/2025:23:36:42 -0400] "GET /robots.txt HTTP/1.1" 200 102 "-" "Mozilla/5.0 AppleWebKit/537.36 (KHTML, like Gecko; compatible; bingbot/2.0; +http://www.bing.com/bingbot.htm) Chrome/116.0.1938.76 Safari/537.36"
196.251.66.105 - - [20/Jun/2025:23:36:43 -0400] "GET /wp-includes/blocks/quote/ HTTP/1.1" 403 1242 "https://www.google.com" "Mozilla/5.0 (Linux; Android 7.0; SM-G892A Build/NRD90M; wv) AppleWebKit/537.36 (KHTML, Gecko) Version/4.0 Chrome/60.0.3112.107 Mobile Safari/537.36"
196.251.66.105 - - [20/Jun/2025:23:36:46 -0400] "GET /wp-includes/blocks/rss/index.php HTTP/1.1" 301 0 "https://www.google.com" "Mozilla/5.0 (Linux; Android 7.0; SM-G892A Build/NRD90M; wv) AppleWebKit/537.36 (KHTML, Gecko) Version/4.0 Chrome/60.0.3112.107 Mobile Safari/537.36"
196.251.66.105 - - [20/Jun/2025:23:36:05 -0400] "GET /wp-includes/blocks/pullquote/ HTTP/1.1" 403 1242 "https://www.google.com" "Mozilla/5.0 (Linux; Android 7.0; SM-G892A Build/NRD90M; wv) AppleWebKit/537.36 (KHTML, Gecko) Version/4.0 Chrome/60.0.3112.107 Mobile Safari/537.36"
196.251.66.105 - - [20/Jun/2025:23:36:12 -0400] "GET /wp-includes/blocks/query-pagination-numbers/ HTTP/1.1" 403 1242 "https://www.google.com" "Mozilla/5.0 (Linux; Android 7.0; SM-G892A Build/NRD90M; wv) AppleWebKit/537.36 (KHTML, Gecko) Version/4.0 Chrome/60.0.3112.107 Mobile Safari/537.36"
196.251.66.105 - - [20/Jun/2025:23:36:15 -0400] "GET /wp-includes/blocks/query-pagination-previous/index.php HTTP/1.1" 301 0 "https://www.google.com" "Mozilla/5.0 (Linux; Android 7.0; SM-G892A Build/NRD90M; wv) AppleWebKit/537.36 (KHTML, Gecko) Version/4.0 Chrome/60.0.3112.107 Mobile Safari/537.36"
196.251.66.105 - - [20/Jun/2025:23:36:16 -0400] "GET /wp-includes/blocks/query-pagination-previous/ HTTP/1.1" 403 1242 "https://www.google.com" "Mozilla/5.0 (Linux; Android 7.0; SM-G892A Build/NRD90M; wv) AppleWebKit/537.36 (KHTML, Gecko) Version/4.0 Chrome/60.0.3112.107 Mobile Safari/537.36"
196.251.66.105 - - [20/Jun/2025:23:36:23 -0400] "GET /wp-includes/blocks/query-pagination/ HTTP/1.1" 403 1242 "https://www.google.com" "Mozilla/5.0 (Linux; Android 7.0; SM-G892A Build/NRD90M; wv) AppleWebKit/537.36 (KHTML, Gecko) Version/4.0 Chrome/60.0.3112.107 Mobile Safari/537.36"
196.251.66.105 - - [20/Jun/2025:23:36:29 -0400] "GET /wp-includes/blocks/query-title/ HTTP/1.1" 403 1242 "https://www.google.com" "Mozilla/5.0 (Linux; Android 7.0; SM-G892A Build/NRD90M; wv) AppleWebKit/537.36 (KHTML, Gecko) Version/4.0 Chrome/60.0.3112.107 Mobile Safari/537.36"
196.251.66.105 - - [20/Jun/2025:23:36:43 -0400] "GET /wp-includes/blocks/quote/index.php HTTP/1.1" 301 0 "https://www.google.com" "Mozilla/5.0 (Linux; Android 7.0; SM-G892A Build/NRD90M; wv) AppleWebKit/537.36 (KHTML, Gecko) Version/4.0 Chrome/60.0.3112.107 Mobile Safari/537.36"
196.251.66.105 - - [20/Jun/2025:23:36:54 -0400] "GET /wp-includes/blocks/search/ HTTP/1.1" 403 1242 "https://www.google.com" "Mozilla/5.0 (Linux; Android 7.0; SM-G892A Build/NRD90M; wv) AppleWebKit/537.36 (KHTML, Gecko) Version/4.0 Chrome/60.0.3112.107 Mobile Safari/537.36"
196.251.66.105 - - [20/Jun/2025:23:36:56 -0400] "GET /wp-includes/blocks/separator/index.php HTTP/1.1" 301 0 "https://www.google.com" "Mozilla/5.0 (Linux; Android 7.0; SM-G892A Build/NRD90M; wv) AppleWebKit/537.36 (KHTML, Gecko) Version/4.0 Chrome/60.0.3112.107 Mobile Safari/537.36"
196.251.66.105 - - [20/Jun/2025:23:37:04 -0400] "GET /wp-includes/blocks/site-logo/index.php HTTP/1.1" 301 0 "https://www.google.com" "Mozilla/5.0 (Linux; Android 7.0; SM-G892A Build/NRD90M; wv) AppleWebKit/537.36 (KHTML, Gecko) Version/4.0 Chrome/60.0.3112.107 Mobile Safari/537.36"
196.251.66.105 - - [20/Jun/2025:23:37:05 -0400] "GET /wp-includes/blocks/site-logo/ HTTP/1.1" 403 1242 "https://www.google.com" "Mozilla/5.0 (Linux; Android 7.0; SM-G892A Build/NRD90M; wv) AppleWebKit/537.36 (KHTML, Gecko) Version/4.0 Chrome/60.0.3112.107 Mobile Safari/537.36"
196.251.66.105 - - [20/Jun/2025:23:37:15 -0400] "GET /wp-includes/blocks/site-title/index.php HTTP/1.1" 301 0 "https://www.google.com" "Mozilla/5.0 (Linux; Android 7.0; SM-G892A Build/NRD90M; wv) AppleWebKit/537.36 (KHTML, Gecko) Version/4.0 Chrome/60.0.3112.107 Mobile Safari/537.36"
196.251.66.105 - - [20/Jun/2025:23:37:16 -0400] "GET /wp-includes/blocks/site-title/ HTTP/1.1" 403 1242 "https://www.google.com" "Mozilla/5.0 (Linux; Android 7.0; SM-G892A Build/NRD90M; wv) AppleWebKit/537.36 (KHTML, Gecko) Version/4.0 Chrome/60.0.3112.107 Mobile Safari/537.36"
196.251.66.105 - - [20/Jun/2025:23:37:20 -0400] "GET /wp-includes/blocks/social-link/index.php HTTP/1.1" 301 0 "https://www.google.com" "Mozilla/5.0 (Linux; Android 7.0; SM-G892A Build/NRD90M; wv) AppleWebKit/537.36 (KHTML, Gecko) Version/4.0 Chrome/60.0.3112.107 Mobile Safari/537.36"
196.251.66.105 - - [20/Jun/2025:23:36:47 -0400] "GET /wp-includes/blocks/rss/ HTTP/1.1" 403 1242 "https://www.google.com" "Mozilla/5.0 (Linux; Android 7.0; SM-G892A Build/NRD90M; wv) AppleWebKit/537.36 (KHTML, Gecko) Version/4.0 Chrome/60.0.3112.107 Mobile Safari/537.36"
196.251.66.105 - - [20/Jun/2025:23:36:53 -0400] "GET /wp-includes/blocks/search/index.php HTTP/1.1" 301 0 "https://www.google.com" "Mozilla/5.0 (Linux; Android 7.0; SM-G892A Build/NRD90M; wv) AppleWebKit/537.36 (KHTML, Gecko) Version/4.0 Chrome/60.0.3112.107 Mobile Safari/537.36"
196.251.66.105 - - [20/Jun/2025:23:36:56 -0400] "GET /wp-includes/blocks/separator/ HTTP/1.1" 403 1242 "https://www.google.com" "Mozilla/5.0 (Linux; Android 7.0; SM-G892A Build/NRD90M; wv) AppleWebKit/537.36 (KHTML, Gecko) Version/4.0 Chrome/60.0.3112.107 Mobile Safari/537.36"
196.251.66.105 - - [20/Jun/2025:23:37:01 -0400] "GET /wp-includes/blocks/shortcode/index.php HTTP/1.1" 301 0 "https://www.google.com" "Mozilla/5.0 (Linux; Android 7.0; SM-G892A Build/NRD90M; wv) AppleWebKit/537.36 (KHTML, Gecko) Version/4.0 Chrome/60.0.3112.107 Mobile Safari/537.36"
196.251.66.105 - - [20/Jun/2025:23:37:01 -0400] "GET /wp-includes/blocks/shortcode/ HTTP/1.1" 403 1242 "https://www.google.com" "Mozilla/5.0 (Linux; Android 7.0; SM-G892A Build/NRD90M; wv) AppleWebKit/537.36 (KHTML, Gecko) Version/4.0 Chrome/60.0.3112.107 Mobile Safari/537.36"
196.251.66.105 - - [20/Jun/2025:23:37:12 -0400] "GET /wp-includes/blocks/site-tagline/index.php HTTP/1.1" 301 0 "https://www.google.com" "Mozilla/5.0 (Linux; Android 7.0; SM-G892A Build/NRD90M; wv) AppleWebKit/537.36 (KHTML, Gecko) Version/4.0 Chrome/60.0.3112.107 Mobile Safari/537.36"
196.251.66.105 - - [20/Jun/2025:23:37:12 -0400] "GET /wp-includes/blocks/site-tagline/ HTTP/1.1" 403 1242 "https://www.google.com" "Mozilla/5.0 (Linux; Android 7.0; SM-G892A Build/NRD90M; wv) AppleWebKit/537.36 (KHTML, Gecko) Version/4.0 Chrome/60.0.3112.107 Mobile Safari/537.36"
196.251.66.105 - - [20/Jun/2025:23:37:20 -0400] "GET /wp-includes/blocks/social-link/ HTTP/1.1" 403 1242 "https://www.google.com" "Mozilla/5.0 (Linux; Android 7.0; SM-G892A Build/NRD90M; wv) AppleWebKit/537.36 (KHTML, Gecko) Version/4.0 Chrome/60.0.3112.107 Mobile Safari/537.36"
196.251.66.105 - - [20/Jun/2025:23:37:32 -0400] "GET /wp-includes/pomo/ HTTP/1.1" 403 1242 "https://www.google.com" "Mozilla/5.0 (Linux; Android 7.0; SM-G892A Build/NRD90M; wv) AppleWebKit/537.36 (KHTML, Gecko) Version/4.0 Chrome/60.0.3112.107 Mobile Safari/537.36"
196.251.66.105 - - [20/Jun/2025:23:37:34 -0400] "GET /wp-includes/Requests/library/ HTTP/1.1" 403 1242 "https://www.google.com" "Mozilla/5.0 (Linux; Android 7.0; SM-G892A Build/NRD90M; wv) AppleWebKit/537.36 (KHTML, Gecko) Version/4.0 Chrome/60.0.3112.107 Mobile Safari/537.36"
196.251.66.105 - - [20/Jun/2025:23:37:39 -0400] "GET /wp-includes/blocks/navigation-link/index.php HTTP/1.1" 301 0 "https://www.google.com" "Mozilla/5.0 (Linux; Android 7.0; SM-G892A Build/NRD90M; wv) AppleWebKit/537.36 (KHTML, Gecko) Version/4.0 Chrome/60.0.3112.107 Mobile Safari/537.36"
196.251.66.105 - - [20/Jun/2025:23:37:45 -0400] "GET /wp-includes/Requests/src/Exception/ HTTP/1.1" 403 1242 "https://www.google.com" "Mozilla/5.0 (Linux; Android 7.0; SM-G892A Build/NRD90M; wv) AppleWebKit/537.36 (KHTML, Gecko) Version/4.0 Chrome/60.0.3112.107 Mobile Safari/537.36"
196.251.66.105 - - [20/Jun/2025:23:37:49 -0400] "GET /wp-includes/css/dist/ HTTP/1.1" 403 1242 "https://www.google.com" "Mozilla/5.0 (Linux; Android 7.0; SM-G892A Build/NRD90M; wv) AppleWebKit/537.36 (KHTML, Gecko) Version/4.0 Chrome/60.0.3112.107 Mobile Safari/537.36"
196.251.66.105 - - [20/Jun/2025:23:37:54 -0400] "GET /wp-includes/blocks/comment-date/ HTTP/1.1" 403 1242 "https://www.google.com" "Mozilla/5.0 (Linux; Android 7.0; SM-G892A Build/NRD90M; wv) AppleWebKit/537.36 (KHTML, Gecko) Version/4.0 Chrome/60.0.3112.107 Mobile Safari/537.36"
196.251.66.105 - - [20/Jun/2025:23:37:23 -0400] "GET /wp-includes/pomo/index.php HTTP/1.1" 301 0 "https://www.google.com" "Mozilla/5.0 (Linux; Android 7.0; SM-G892A Build/NRD90M; wv) AppleWebKit/537.36 (KHTML, Gecko) Version/4.0 Chrome/60.0.3112.107 Mobile Safari/537.36"
196.251.66.105 - - [20/Jun/2025:23:37:34 -0400] "GET /wp-includes/Requests/library/index.php HTTP/1.1" 301 0 "https://www.google.com" "Mozilla/5.0 (Linux; Android 7.0; SM-G892A Build/NRD90M; wv) AppleWebKit/537.36 (KHTML, Gecko) Version/4.0 Chrome/60.0.3112.107 Mobile Safari/537.36"
196.251.66.105 - - [20/Jun/2025:23:37:39 -0400] "GET /wp-includes/blocks/navigation-link/ HTTP/1.1" 403 1242 "https://www.google.com" "Mozilla/5.0 (Linux; Android 7.0; SM-G892A Build/NRD90M; wv) AppleWebKit/537.36 (KHTML, Gecko) Version/4.0 Chrome/60.0.3112.107 Mobile Safari/537.36"
52.167.144.231 - - [20/Jun/2025:23:37:41 -0400] "GET /?tokenworthe2%2Feb873077_html HTTP/1.1" 200 21728 "-" "Mozilla/5.0 AppleWebKit/537.36 (KHTML, like Gecko; compatible; bingbot/2.0; +http://www.bing.com/bingbot.htm) Chrome/116.0.1938.76 Safari/537.36"
198.54.114.35 - - [20/Jun/2025:23:37:43 -0400] "POST /wp-cron.php?doing_wp_cron=1750477063.8347260951995849609375 HTTP/1.1" 200 0 "-" "WordPress/6.8.1; https://socialdigiinnovator.com"
196.251.66.105 - - [20/Jun/2025:23:37:43 -0400] "GET /wp-includes/Requests/src/Exception/index.php HTTP/1.1" 301 0 "https://www.google.com" "Mozilla/5.0 (Linux; Android 7.0; SM-G892A Build/NRD90M; wv) AppleWebKit/537.36 (KHTML, Gecko) Version/4.0 Chrome/60.0.3112.107 Mobile Safari/537.36"
196.251.66.105 - - [20/Jun/2025:23:37:48 -0400] "GET /wp-includes/css/dist/index.php HTTP/1.1" 301 0 "https://www.google.com" "Mozilla/5.0 (Linux; Android 7.0; SM-G892A Build/NRD90M; wv) AppleWebKit/537.36 (KHTML, Gecko) Version/4.0 Chrome/60.0.3112.107 Mobile Safari/537.36"
196.251.66.105 - - [20/Jun/2025:23:37:53 -0400] "GET /wp-includes/blocks/comment-date/index.php HTTP/1.1" 301 0 "https://www.google.com" "Mozilla/5.0 (Linux; Android 7.0; SM-G892A Build/NRD90M; wv) AppleWebKit/537.36 (KHTML, Gecko) Version/4.0 Chrome/60.0.3112.107 Mobile Safari/537.36"
196.251.66.105 - - [20/Jun/2025:23:38:00 -0400] "GET /wp-includes/blocks/social-links/ HTTP/1.1" 403 1242 "https://www.google.com" "Mozilla/5.0 (Linux; Android 7.0; SM-G892A Build/NRD90M; wv) AppleWebKit/537.36 (KHTML, Gecko) Version/4.0 Chrome/60.0.3112.107 Mobile Safari/537.36"
196.251.66.105 - - [20/Jun/2025:23:38:05 -0400] "GET /wp-includes/blocks/table/index.php HTTP/1.1" 301 0 "https://www.google.com" "Mozilla/5.0 (Linux; Android 7.0; SM-G892A Build/NRD90M; wv) AppleWebKit/537.36 (KHTML, Gecko) Version/4.0 Chrome/60.0.3112.107 Mobile Safari/537.36"
196.251.66.105 - - [20/Jun/2025:23:38:05 -0400] "GET /wp-includes/blocks/table/ HTTP/1.1" 403 1242 "https://www.google.com" "Mozilla/5.0 (Linux; Android 7.0; SM-G892A Build/NRD90M; wv) AppleWebKit/537.36 (KHTML, Gecko) Version/4.0 Chrome/60.0.3112.107 Mobile Safari/537.36"
196.251.66.105 - - [20/Jun/2025:23:38:08 -0400] "GET /wp-includes/blocks/tag-cloud/ HTTP/1.1" 403 1242 "https://www.google.com" "Mozilla/5.0 (Linux; Android 7.0; SM-G892A Build/NRD90M; wv) AppleWebKit/537.36 (KHTML, Gecko) Version/4.0 Chrome/60.0.3112.107 Mobile Safari/537.36"
196.251.66.105 - - [20/Jun/2025:23:38:11 -0400] "GET /wp-includes/blocks/text-columns/index.php HTTP/1.1" 301 0 "https://www.google.com" "Mozilla/5.0 (Linux; Android 7.0; SM-G892A Build/NRD90M; wv) AppleWebKit/537.36 (KHTML, Gecko) Version/4.0 Chrome/60.0.3112.107 Mobile Safari/537.36"
196.251.66.105 - - [20/Jun/2025:23:38:21 -0400] "GET /wp-includes/blocks/verse/index.php HTTP/1.1" 301 0 "https://www.google.com" "Mozilla/5.0 (Linux; Android 7.0; SM-G892A Build/NRD90M; wv) AppleWebKit/537.36 (KHTML, Gecko) Version/4.0 Chrome/60.0.3112.107 Mobile Safari/537.36"
196.251.66.105 - - [20/Jun/2025:23:38:21 -0400] "GET /wp-includes/blocks/verse/ HTTP/1.1" 403 1242 "https://www.google.com" "Mozilla/5.0 (Linux; Android 7.0; SM-G892A Build/NRD90M; wv) AppleWebKit/537.36 (KHTML, Gecko) Version/4.0 Chrome/60.0.3112.107 Mobile Safari/537.36"
196.251.66.105 - - [20/Jun/2025:23:37:59 -0400] "GET /wp-includes/blocks/social-links/index.php HTTP/1.1" 301 0 "https://www.google.com" "Mozilla/5.0 (Linux; Android 7.0; SM-G892A Build/NRD90M; wv) AppleWebKit/537.36 (KHTML, Gecko) Version/4.0 Chrome/60.0.3112.107 Mobile Safari/537.36"
196.251.66.105 - - [20/Jun/2025:23:38:01 -0400] "GET /wp-includes/blocks/spacer/index.php HTTP/1.1" 301 0 "https://www.google.com" "Mozilla/5.0 (Linux; Android 7.0; SM-G892A Build/NRD90M; wv) AppleWebKit/537.36 (KHTML, Gecko) Version/4.0 Chrome/60.0.3112.107 Mobile Safari/537.36"
196.251.66.105 - - [20/Jun/2025:23:38:01 -0400] "GET /wp-includes/blocks/spacer/ HTTP/1.1" 403 1242 "https://www.google.com" "Mozilla/5.0 (Linux; Android 7.0; SM-G892A Build/NRD90M; wv) AppleWebKit/537.36 (KHTML, Gecko) Version/4.0 Chrome/60.0.3112.107 Mobile Safari/537.36"
196.251.66.105 - - [20/Jun/2025:23:38:07 -0400] "GET /wp-includes/blocks/tag-cloud/index.php HTTP/1.1" 301 0 "https://www.google.com" "Mozilla/5.0 (Linux; Android 7.0; SM-G892A Build/NRD90M; wv) AppleWebKit/537.36 (KHTML, Gecko) Version/4.0 Chrome/60.0.3112.107 Mobile Safari/537.36"
196.251.66.105 - - [20/Jun/2025:23:38:13 -0400] "GET /wp-includes/blocks/text-columns/ HTTP/1.1" 403 1242 "https://www.google.com" "Mozilla/5.0 (Linux; Android 7.0; SM-G892A Build/NRD90M; wv) AppleWebKit/537.36 (KHTML, Gecko) Version/4.0 Chrome/60.0.3112.107 Mobile Safari/537.36"
196.251.66.105 - - [20/Jun/2025:23:38:27 -0400] "GET /wp-includes/blocks/video/index.php HTTP/1.1" 301 0 "https://www.google.com" "Mozilla/5.0 (Linux; Android 7.0; SM-G892A Build/NRD90M; wv) AppleWebKit/537.36 (KHTML, Gecko) Version/4.0 Chrome/60.0.3112.107 Mobile Safari/537.36"
196.251.66.105 - - [20/Jun/2025:23:38:27 -0400] "GET /wp-includes/blocks/video/ HTTP/1.1" 403 1242 "https://www.google.com" "Mozilla/5.0 (Linux; Android 7.0; SM-G892A Build/NRD90M; wv) AppleWebKit/537.36 (KHTML, Gecko) Version/4.0 Chrome/60.0.3112.107 Mobile Safari/537.36"
196.251.66.105 - - [20/Jun/2025:23:38:29 -0400] "GET /wp-includes/certificates/index.php HTTP/1.1" 301 0 "https://www.google.com" "Mozilla/5.0 (Linux; Android 7.0; SM-G892A Build/NRD90M; wv) AppleWebKit/537.36 (KHTML, Gecko) Version/4.0 Chrome/60.0.3112.107 Mobile Safari/537.36"
196.251.66.105 - - [20/Jun/2025:23:38:29 -0400] "GET /wp-includes/certificates/ HTTP/1.1" 403 1242 "https://www.google.com" "Mozilla/5.0 (Linux; Android 7.0; SM-G892A Build/NRD90M; wv) AppleWebKit/537.36 (KHTML, Gecko) Version/4.0 Chrome/60.0.3112.107 Mobile Safari/537.36"
196.251.66.105 - - [20/Jun/2025:23:38:40 -0400] "GET /wp-includes/css/index.php HTTP/1.1" 301 0 "https://www.google.com" "Mozilla/5.0 (Linux; Android 7.0; SM-G892A Build/NRD90M; wv) AppleWebKit/537.36 (KHTML, Gecko) Version/4.0 Chrome/60.0.3112.107 Mobile Safari/537.36"
198.54.114.35 - - [20/Jun/2025:23:38:44 -0400] "POST /wp-cron.php?doing_wp_cron=1750477124.7246780395507812500000 HTTP/1.1" 200 0 "-" "WordPress/6.8.1; https://socialdigiinnovator.com"
196.251.66.105 - - [20/Jun/2025:23:38:45 -0400] "GET /wp-includes/css/dist/block-directory/ HTTP/1.1" 403 1242 "https://www.google.com" "Mozilla/5.0 (Linux; Android 7.0; SM-G892A Build/NRD90M; wv) AppleWebKit/537.36 (KHTML, Gecko) Version/4.0 Chrome/60.0.3112.107 Mobile Safari/537.36"
40.77.167.75 - - [20/Jun/2025:23:38:48 -0400] "GET /wp-includes/js/dist/hooks.min.js?ver=4d63a3d491d11ffd8ac6 HTTP/1.1" 304 0 "-" "Mozilla/5.0 AppleWebKit/537.36 (KHTML, like Gecko; compatible; bingbot/2.0; +http://www.bing.com/bingbot.htm) Chrome/116.0.1938.76 Safari/537.36"
40.77.167.75 - - [20/Jun/2025:23:38:49 -0400] "GET /wp-includes/js/dist/script-modules/interactivity/index.min.js?ver=55aebb6e0a16726baffb HTTP/1.1" 304 0 "-" "Mozilla/5.0 AppleWebKit/537.36 (KHTML, like Gecko; compatible; bingbot/2.0; +http://www.bing.com/bingbot.htm) Chrome/116.0.1938.76 Safari/537.36"
196.251.66.105 - - [20/Jun/2025:23:38:41 -0400] "GET /wp-includes/css/ HTTP/1.1" 403 1242 "https://www.google.com" "Mozilla/5.0 (Linux; Android 7.0; SM-G892A Build/NRD90M; wv) AppleWebKit/537.36 (KHTML, Gecko) Version/4.0 Chrome/60.0.3112.107 Mobile Safari/537.36"
40.77.167.75 - - [20/Jun/2025:23:38:43 -0400] "GET /wp-content/plugins/elementor-pro/assets/js/elements-handlers.min.js?ver=3.29.0 HTTP/1.1" 304 0 "-" "Mozilla/5.0 AppleWebKit/537.36 (KHTML, like Gecko; compatible; bingbot/2.0; +http://www.bing.com/bingbot.htm) Chrome/116.0.1938.76 Safari/537.36"
196.251.66.105 - - [20/Jun/2025:23:38:44 -0400] "GET /wp-includes/css/dist/block-directory/index.php HTTP/1.1" 301 0 "https://www.google.com" "Mozilla/5.0 (Linux; Android 7.0; SM-G892A Build/NRD90M; wv) AppleWebKit/537.36 (KHTML, Gecko) Version/4.0 Chrome/60.0.3112.107 Mobile Safari/537.36"
196.251.66.105 - - [20/Jun/2025:23:38:46 -0400] "GET /wp-includes/css/dist/components/index.php HTTP/1.1" 301 0 "https://www.google.com" "Mozilla/5.0 (Linux; Android 7.0; SM-G892A Build/NRD90M; wv) AppleWebKit/537.36 (KHTML, Gecko) Version/4.0 Chrome/60.0.3112.107 Mobile Safari/537.36"
196.251.66.105 - - [20/Jun/2025:23:38:46 -0400] "GET /wp-includes/css/dist/components/ HTTP/1.1" 403 1242 "https://www.google.com" "Mozilla/5.0 (Linux; Android 7.0; SM-G892A Build/NRD90M; wv) AppleWebKit/537.36 (KHTML, Gecko) Version/4.0 Chrome/60.0.3112.107 Mobile Safari/537.36"
40.77.167.75 - - [20/Jun/2025:23:38:49 -0400] "GET /wp-includes/js/jquery/jquery.min.js?ver=3.7.1 HTTP/1.1" 304 0 "-" "Mozilla/5.0 AppleWebKit/537.36 (KHTML, like Gecko; compatible; bingbot/2.0; +http://www.bing.com/bingbot.htm) Chrome/116.0.1938.76 Safari/537.36"
52.167.144.231 - - [20/Jun/2025:23:38:54 -0400] "GET /wp-content/plugins/elementor/assets/js/webpack.runtime.min.js?ver=3.29.2 HTTP/1.1" 304 0 "-" "Mozilla/5.0 AppleWebKit/537.36 (KHTML, like Gecko; compatible; bingbot/2.0; +http://www.bing.com/bingbot.htm) Chrome/116.0.1938.76 Safari/537.36"
196.251.66.105 - - [20/Jun/2025:23:38:55 -0400] "GET /wp-includes/css/dist/customize-widgets/index.php HTTP/1.1" 301 0 "https://www.google.com" "Mozilla/5.0 (Linux; Android 7.0; SM-G892A Build/NRD90M; wv) AppleWebKit/537.36 (KHTML, Gecko) Version/4.0 Chrome/60.0.3112.107 Mobile Safari/537.36"
196.251.66.105 - - [20/Jun/2025:23:38:58 -0400] "GET /wp-includes/css/dist/list-reusable-blocks/index.php HTTP/1.1" 301 0 "https://www.google.com" "Mozilla/5.0 (Linux; Android 7.0; SM-G892A Build/NRD90M; wv) AppleWebKit/537.36 (KHTML, Gecko) Version/4.0 Chrome/60.0.3112.107 Mobile Safari/537.36"
196.251.66.105 - - [20/Jun/2025:23:39:09 -0400] "GET /wp-includes/css/dist/edit-post/index.php HTTP/1.1" 301 0 "https://www.google.com" "Mozilla/5.0 (Linux; Android 7.0; SM-G892A Build/NRD90M; wv) AppleWebKit/537.36 (KHTML, Gecko) Version/4.0 Chrome/60.0.3112.107 Mobile Safari/537.36"
196.251.66.105 - - [20/Jun/2025:23:39:09 -0400] "GET /wp-includes/css/dist/edit-post/ HTTP/1.1" 403 1242 "https://www.google.com" "Mozilla/5.0 (Linux; Android 7.0; SM-G892A Build/NRD90M; wv) AppleWebKit/537.36 (KHTML, Gecko) Version/4.0 Chrome/60.0.3112.107 Mobile Safari/537.36"
52.167.144.231 - - [20/Jun/2025:23:39:10 -0400] "GET /wp-includes/js/wp-emoji-release.min.js?ver=6.8.1 HTTP/1.1" 304 0 "-" "Mozilla/5.0 AppleWebKit/537.36 (KHTML, like Gecko; compatible; bingbot/2.0; +http://www.bing.com/bingbot.htm) Chrome/116.0.1938.76 Safari/537.36"
196.251.66.105 - - [20/Jun/2025:23:39:14 -0400] "GET /wp-includes/css/dist/edit-widgets/index.php HTTP/1.1" 301 0 "https://www.google.com" "Mozilla/5.0 (Linux; Android 7.0; SM-G892A Build/NRD90M; wv) AppleWebKit/537.36 (KHTML, Gecko) Version/4.0 Chrome/60.0.3112.107 Mobile Safari/537.36"
196.251.66.105 - - [20/Jun/2025:23:39:22 -0400] "GET /wp-includes/css/dist/format-library/index.php HTTP/1.1" 301 0 "https://www.google.com" "Mozilla/5.0 (Linux; Android 7.0; SM-G892A Build/NRD90M; wv) AppleWebKit/537.36 (KHTML, Gecko) Version/4.0 Chrome/60.0.3112.107 Mobile Safari/537.36"
52.167.144.213 - - [20/Jun/2025:23:38:49 -0400] "GET /wp-content/plugins/elementor-pro/assets/js/webpack-pro.runtime.min.js?ver=3.29.0 HTTP/1.1" 304 0 "-" "Mozilla/5.0 AppleWebKit/537.36 (KHTML, like Gecko; compatible; bingbot/2.0; +http://www.bing.com/bingbot.htm) Chrome/116.0.1938.76 Safari/537.36"
196.251.66.105 - - [20/Jun/2025:23:38:55 -0400] "GET /wp-includes/css/dist/customize-widgets/ HTTP/1.1" 403 1242 "https://www.google.com" "Mozilla/5.0 (Linux; Android 7.0; SM-G892A Build/NRD90M; wv) AppleWebKit/537.36 (KHTML, Gecko) Version/4.0 Chrome/60.0.3112.107 Mobile Safari/537.36"
196.251.66.105 - - [20/Jun/2025:23:38:59 -0400] "GET /wp-includes/css/dist/list-reusable-blocks/ HTTP/1.1" 403 1242 "https://www.google.com" "Mozilla/5.0 (Linux; Android 7.0; SM-G892A Build/NRD90M; wv) AppleWebKit/537.36 (KHTML, Gecko) Version/4.0 Chrome/60.0.3112.107 Mobile Safari/537.36"
196.251.66.105 - - [20/Jun/2025:23:39:02 -0400] "GET /wp-includes/css/dist/nux/index.php HTTP/1.1" 301 0 "https://www.google.com" "Mozilla/5.0 (Linux; Android 7.0; SM-G892A Build/NRD90M; wv) AppleWebKit/537.36 (KHTML, Gecko) Version/4.0 Chrome/60.0.3112.107 Mobile Safari/537.36"
196.251.66.105 - - [20/Jun/2025:23:39:02 -0400] "GET /wp-includes/css/dist/nux/ HTTP/1.1" 403 1242 "https://www.google.com" "Mozilla/5.0 (Linux; Android 7.0; SM-G892A Build/NRD90M; wv) AppleWebKit/537.36 (KHTML, Gecko) Version/4.0 Chrome/60.0.3112.107 Mobile Safari/537.36"
52.167.144.231 - - [20/Jun/2025:23:39:10 -0400] "GET /wp-content/plugins/elementor/assets/lib/jquery-numerator/jquery-numerator.min.js?ver=0.2.1 HTTP/1.1" 304 0 "-" "Mozilla/5.0 AppleWebKit/537.36 (KHTML, like Gecko; compatible; bingbot/2.0; +http://www.bing.com/bingbot.htm) Chrome/116.0.1938.76 Safari/537.36"
