74.208.35.34 - - [20/Jun/2025:20:33:40 -0400] "POST /xmlrpc.php HTTP/1.1" 403 1242 "https://socialdigiinnovator.com" "Mozilla/5.0 (Macintosh; Intel Mac OS X 10_15_7) AppleWebKit/537.36 (KHTML, like Gecko) Chrome/116.0.5845.96 Safari/537.36"
64.227.153.209 - - [20/Jun/2025:20:38:30 -0400] "POST /xmlrpc.php HTTP/1.1" 403 1242 "https://socialdigiinnovator.com" "Mozilla/5.0 (Macintosh; Intel Mac OS X 10.15; rv:126.0) Gecko/20100101 Firefox/126.0"
68.183.179.140 - - [20/Jun/2025:20:43:19 -0400] "POST /xmlrpc.php HTTP/1.1" 403 1242 "https://socialdigiinnovator.com" "Mozilla/5.0 (Macintosh; Intel Mac OS X 10_15_7; rv:129.0) Gecko/20100101 Firefox/129.0"
198.54.114.35 - - [20/Jun/2025:20:43:39 -0400] "POST /wp-cron.php?doing_wp_cron=1750466619.2544429302215576171875 HTTP/1.1" 200 0 "-" "WordPress/6.8.1; https://socialdigiinnovator.com"
198.54.114.35 - - [20/Jun/2025:20:43:23 -0400] "GET / HTTP/1.1" 200 21727 "-" "Mozilla/5.0 (Windows NT 10.0; Win64; x64; rv:122.0) Gecko/20100101 Firefox/122.0"
198.54.114.35 - - [20/Jun/2025:20:48:37 -0400] "POST /wp-cron.php?doing_wp_cron=1750466917.7524480819702148437500 HTTP/1.1" 200 0 "-" "WordPress/6.8.1; https://socialdigiinnovator.com"
44.198.60.235 - - [20/Jun/2025:20:48:35 -0400] "HEAD /importance-of-a-brand-logo/ HTTP/1.1" 200 0 "-" "Mozilla/5.0 (Macintosh; Intel Mac OS X 14_0; rv:125.0.0) Gecko/20100101 Firefox/125.0.0"
2a01:4f8:1c1a:c6fc::1 - - [20/Jun/2025:20:48:11 -0400] "POST /xmlrpc.php HTTP/1.1" 403 1242 "https://socialdigiinnovator.com" "Mozilla/5.0 (Macintosh; Intel Mac OS X 10_15_7; rv:125.0.1) Gecko/20100101 Firefox/125.0.1"
190.92.174.33 - - [20/Jun/2025:20:57:54 -0400] "POST /xmlrpc.php HTTP/1.1" 403 1242 "https://socialdigiinnovator.com" "Mozilla/5.0 (Macintosh; Intel Mac OS X 10_15_7; rv:128.0) Gecko/20100101 Firefox/128.0"
2401:2500:204:1144:133:125:41:126 - - [20/Jun/2025:21:00:53 -0400] "POST /xmlrpc.php HTTP/1.1" 403 1242 "-" "Mozilla/5.0 (X11; Ubuntu; Linux x86_64; rv:85.0) Gecko/20100101 Firefox/91.0"
198.54.114.35 - - [20/Jun/2025:21:05:27 -0400] "POST /wp-cron.php?doing_wp_cron=1750467927.6188330650329589843750 HTTP/1.1" 200 0 "-" "WordPress/6.8.1; https://socialdigiinnovator.com"
159.242.234.137 - - [20/Jun/2025:21:05:28 -0400] "GET /administrator/ HTTP/1.1" 404 14952 "http://www.socialdigiinnovator.com" "Mozilla/5.0 (Windows NT 10.0; Win64; x64) AppleWebKit/537.36 (KHTML, like Gecko) Chrome/124.0.0.0 Safari/537.36"
159.242.234.137 - - [20/Jun/2025:21:05:29 -0400] "POST /wp-login.php HTTP/1.1" 302 0 "https://www.socialdigiinnovator.com/wp-admin/" "Mozilla/5.0 (Windows NT 10.0; Win64; x64) AppleWebKit/537.36 (KHTML, like Gecko) Chrome/90.0.4430.85 Safari/537.36"
159.242.234.137 - - [20/Jun/2025:21:05:30 -0400] "POST /404/wp-login.php HTTP/1.1" 302 0 "https://www.socialdigiinnovator.com/wp-admin/" "Mozilla/5.0 (Windows NT 10.0; Win64; x64) AppleWebKit/537.36 (KHTML, like Gecko) Chrome/90.0.4430.85 Safari/537.36"
159.242.234.137 - - [20/Jun/2025:21:05:31 -0400] "GET /404/wp-admin/ HTTP/1.1" 404 14952 "www.google.com" "Mozilla/5.0 (Windows NT 10.0; Win64; x64) AppleWebKit/537.36 (KHTML, like Gecko) Chrome/90.0.4430.85 Safari/537.36"
159.242.234.137 - - [20/Jun/2025:21:05:32 -0400] "POST /admin/index.php?route=common/login HTTP/1.1" 404 14987 "https://www.socialdigiinnovator.com/admin/index.php?route=common/login" "Mozilla/5.0 (Windows NT 10.0; Win64; x64) AppleWebKit/537.36 (KHTML, like Gecko) Chrome/129.0.0.0 Safari/537.36"
159.242.234.137 - - [20/Jun/2025:21:05:33 -0400] "GET /user/login HTTP/1.1" 404 14952 "https://www.socialdigiinnovator.com/user/login" "Mozilla/5.0 (Windows NT 10.0; Win64; x64) AppleWebKit/537.36 (KHTML, like Gecko) Chrome/129.0.0.0 Safari/537.36"
198.54.114.35 - - [20/Jun/2025:20:50:05 -0400] "POST /wp-cron.php?doing_wp_cron=1750467004.9669589996337890625000 HTTP/1.1" 200 0 "-" "WordPress/6.8.1; https://socialdigiinnovator.com"
170.106.167.214 - - [20/Jun/2025:20:50:02 -0400] "GET / HTTP/1.1" 200 21728 "http://socialdigiinnovator.com" "Mozilla/5.0 (iPhone; CPU iPhone OS 13_2_3 like Mac OS X) AppleWebKit/605.1.15 (KHTML, like Gecko) Version/13.0.3 Mobile/15E148 Safari/604.1"
54.82.219.226 - - [20/Jun/2025:20:53:01 -0400] "POST /xmlrpc.php HTTP/1.1" 403 1242 "https://socialdigiinnovator.com" "Mozilla/5.0 (Macintosh; Intel Mac OS X 10_15_7; rv:128.0) Gecko/20100101 Firefox/128.0"
82.140.66.78 - - [20/Jun/2025:21:02:47 -0400] "POST /xmlrpc.php HTTP/1.1" 403 1242 "https://socialdigiinnovator.com" "Mozilla/5.0 (Macintosh; Intel Mac OS X 10_15_7) AppleWebKit/537.36 (KHTML, like Gecko) Chrome/114.0.5735.134 Safari/537.36"
159.242.234.137 - - [20/Jun/2025:21:05:24 -0400] "GET /administrator/index.php HTTP/1.1" 301 0 "http://www.socialdigiinnovator.com" "Mozilla/5.0 (Windows NT 10.0; Win64; x64) AppleWebKit/537.36 (KHTML, like Gecko) Chrome/124.0.0.0 Safari/537.36"
159.242.234.137 - - [20/Jun/2025:21:05:29 -0400] "GET /404 HTTP/1.1" 404 14952 "https://www.socialdigiinnovator.com/wp-admin/" "Mozilla/5.0 (Windows NT 10.0; Win64; x64) AppleWebKit/537.36 (KHTML, like Gecko) Chrome/90.0.4430.85 Safari/537.36"
159.242.234.137 - - [20/Jun/2025:21:05:30 -0400] "GET /404 HTTP/1.1" 404 14952 "https://www.socialdigiinnovator.com/wp-admin/" "Mozilla/5.0 (Windows NT 10.0; Win64; x64) AppleWebKit/537.36 (KHTML, like Gecko) Chrome/90.0.4430.85 Safari/537.36"
159.242.234.137 - - [20/Jun/2025:21:05:33 -0400] "GET /user/login HTTP/1.1" 301 0 "https://www.socialdigiinnovator.com/user/login" "Mozilla/5.0 (Windows NT 10.0; Win64; x64) AppleWebKit/537.36 (KHTML, like Gecko) Chrome/129.0.0.0 Safari/537.36"
43.231.112.138 - - [20/Jun/2025:21:07:51 -0400] "POST /xmlrpc.php HTTP/1.1" 403 1242 "https://socialdigiinnovator.com" "Mozilla/5.0 (Windows NT 10.0; Win64; x64; rv:125.0.1) Gecko/20100101 Firefox/125.0.1"
198.54.114.35 - - [20/Jun/2025:21:11:26 -0400] "POST /wp-cron.php?doing_wp_cron=1750468286.3234539031982421875000 HTTP/1.1" 200 0 "-" "WordPress/6.8.1; https://socialdigiinnovator.com"
185.117.225.84 - - [20/Jun/2025:21:11:24 -0400] "GET /robots.txt HTTP/1.1" 200 102 "-" "python-requests/2.31.0"
185.117.225.84 - - [20/Jun/2025:21:11:32 -0400] "GET /wp-includes/js/jquery/jquery-migrate.min.js?ver=3.4.1 HTTP/1.1" 304 0 "https://socialdigiinnovator.com/" "Mozilla/5.0 (compatible; BitSightBot/1.0)"
185.117.225.84 - - [20/Jun/2025:21:11:32 -0400] "GET /wp-includes/js/jquery/jquery.min.js?ver=3.7.1 HTTP/1.1" 304 0 "https://socialdigiinnovator.com/" "Mozilla/5.0 (compatible; BitSightBot/1.0)"
185.117.225.84 - - [20/Jun/2025:21:11:32 -0400] "GET /wp-includes/js/dist/script-modules/interactivity/index.min.js?ver=55aebb6e0a16726baffb HTTP/1.1" 304 0 "https://socialdigiinnovator.com/" "Mozilla/5.0 (compatible; BitSightBot/1.0)"
185.117.225.84 - - [20/Jun/2025:21:11:32 -0400] "GET /wp-content/uploads/2022/09/elementor/thumbs/2-1-pvdwa72vq5yedtmnnfiiqsvglvj4vj7srmzj5y316g.png HTTP/1.1" 404 14952 "https://socialdigiinnovator.com/" "Mozilla/5.0 (compatible; BitSightBot/1.0)"
185.117.225.84 - - [20/Jun/2025:21:11:33 -0400] "GET /wp-content/plugins/elementor/assets/lib/swiper/v8/swiper.min.js?ver=8.4.5 HTTP/1.1" 304 0 "https://socialdigiinnovator.com/" "Mozilla/5.0 (compatible; BitSightBot/1.0)"
185.117.225.84 - - [20/Jun/2025:21:11:33 -0400] "GET /wp-content/plugins/elementor/assets/js/webpack.runtime.min.js?ver=3.29.2 HTTP/1.1" 304 0 "https://socialdigiinnovator.com/" "Mozilla/5.0 (compatible; BitSightBot/1.0)"
185.117.225.84 - - [20/Jun/2025:21:11:33 -0400] "GET /wp-content/plugins/elementor/assets/js/frontend-modules.min.js?ver=3.29.2 HTTP/1.1" 304 0 "https://socialdigiinnovator.com/" "Mozilla/5.0 (compatible; BitSightBot/1.0)"
185.117.225.84 - - [20/Jun/2025:21:11:33 -0400] "GET /wp-includes/js/dist/i18n.min.js?ver=5e580eb46a90c2b997e6 HTTP/1.1" 304 0 "https://socialdigiinnovator.com/" "Mozilla/5.0 (compatible; BitSightBot/1.0)"
185.117.225.84 - - [20/Jun/2025:21:11:33 -0400] "GET /wp-content/plugins/contact-form-7/includes/swv/js/index.js?ver=6.0.6 HTTP/1.1" 304 0 "https://socialdigiinnovator.com/" "Mozilla/5.0 (compatible; BitSightBot/1.0)"
185.117.225.84 - - [20/Jun/2025:21:11:33 -0400] "GET /wp-content/uploads/2022/09/5-300x300.png HTTP/1.1" 200 22959 "https://socialdigiinnovator.com/" "Mozilla/5.0 (compatible; BitSightBot/1.0)"
185.117.225.84 - - [20/Jun/2025:21:11:33 -0400] "GET /wp-content/uploads/2022/08/cropped-cropped-Logo-Presentation-Final-06-2-300x241-2.png HTTP/1.1" 200 2382 "https://socialdigiinnovator.com/" "Mozilla/5.0 (compatible; BitSightBot/1.0)"
185.117.225.84 - - [20/Jun/2025:21:11:33 -0400] "GET /wp-content/plugins/depicter/resources/scripts/player/depicter.js?ver=1750191298 HTTP/1.1" 304 0 "https://socialdigiinnovator.com/" "Mozilla/5.0 (compatible; BitSightBot/1.0)"
185.117.225.84 - - [20/Jun/2025:21:11:35 -0400] "GET /wp-content/plugins/elementor/assets/js/shared-frontend-handlers.30dc2f9c080845a413a6.bundle.min.js HTTP/1.1" 304 0 "https://socialdigiinnovator.com/" "Mozilla/5.0 (compatible; BitSightBot/1.0)"
185.117.225.84 - - [20/Jun/2025:21:11:35 -0400] "GET /wp-content/plugins/elementor/assets/js/text-editor.c084ef86600b6f11690d.bundle.min.js HTTP/1.1" 304 0 "https://socialdigiinnovator.com/" "Mozilla/5.0 (compatible; BitSightBot/1.0)"
185.117.225.84 - - [20/Jun/2025:21:11:38 -0400] "GET /wp-admin.php HTTP/1.1" 404 14933 "-" "Mozilla/5.0 (compatible; BitSightBot/1.0)"
198.54.114.35 - - [20/Jun/2025:21:11:44 -0400] "POST /wp-cron.php?doing_wp_cron=1750468304.3948020935058593750000 HTTP/1.1" 200 0 "-" "WordPress/6.8.1; https://socialdigiinnovator.com"
185.117.225.84 - - [20/Jun/2025:21:11:44 -0400] "GET /404 HTTP/1.1" 404 14952 "-" "Mozilla/5.0 (compatible; BitSightBot/1.0)"
103.140.90.98 - - [20/Jun/2025:21:12:33 -0400] "POST /xmlrpc.php HTTP/1.1" 403 1242 "https://socialdigiinnovator.com" "Mozilla/5.0 (Windows NT 10.0; Win64; x64; rv:125.0.1) Gecko/20100101 Firefox/125.0.1"
185.117.225.84 - - [20/Jun/2025:21:11:27 -0400] "GET / HTTP/1.1" 200 21728 "-" "Mozilla/5.0 (compatible; BitSightBot/1.0)"
185.117.225.84 - - [20/Jun/2025:21:11:32 -0400] "GET /wp-includes/js/dist/script-modules/block-library/navigation/view.min.js?ver=61572d447d60c0aa5240 HTTP/1.1" 304 0 "https://socialdigiinnovator.com/" "Mozilla/5.0 (compatible; BitSightBot/1.0)"
185.117.225.84 - - [20/Jun/2025:21:11:32 -0400] "GET /wp-content/plugins/elementor/assets/lib/font-awesome/js/v4-shims.min.js?ver=3.29.2 HTTP/1.1" 304 0 "https://socialdigiinnovator.com/" "Mozilla/5.0 (compatible; BitSightBot/1.0)"
185.117.225.84 - - [20/Jun/2025:21:11:33 -0400] "GET /wp-content/uploads/2022/09/6-300x300.jpg HTTP/1.1" 200 8202 "https://socialdigiinnovator.com/" "Mozilla/5.0 (compatible; BitSightBot/1.0)"
185.117.225.84 - - [20/Jun/2025:21:11:33 -0400] "GET /wp-content/plugins/elementor/assets/lib/jquery-numerator/jquery-numerator.min.js?ver=0.2.1 HTTP/1.1" 304 0 "https://socialdigiinnovator.com/" "Mozilla/5.0 (compatible; BitSightBot/1.0)"
185.117.225.84 - - [20/Jun/2025:21:11:33 -0400] "GET /wp-includes/js/jquery/ui/core.min.js?ver=1.13.3 HTTP/1.1" 304 0 "https://socialdigiinnovator.com/" "Mozilla/5.0 (compatible; BitSightBot/1.0)"
185.117.225.84 - - [20/Jun/2025:21:11:33 -0400] "GET /wp-content/plugins/elementor/assets/js/frontend.min.js?ver=3.29.2 HTTP/1.1" 304 0 "https://socialdigiinnovator.com/" "Mozilla/5.0 (compatible; BitSightBot/1.0)"
185.117.225.84 - - [20/Jun/2025:21:11:33 -0400] "GET /wp-content/plugins/elementor-pro/assets/js/frontend.min.js?ver=3.29.0 HTTP/1.1" 304 0 "https://socialdigiinnovator.com/" "Mozilla/5.0 (compatible; BitSightBot/1.0)"
185.117.225.84 - - [20/Jun/2025:21:11:33 -0400] "GET /wp-content/plugins/contact-form-7/includes/js/index.js?ver=6.0.6 HTTP/1.1" 304 0 "https://socialdigiinnovator.com/" "Mozilla/5.0 (compatible; BitSightBot/1.0)"
185.117.225.84 - - [20/Jun/2025:21:11:33 -0400] "GET /wp-content/plugins/elementor-pro/assets/js/webpack-pro.runtime.min.js?ver=3.29.0 HTTP/1.1" 304 0 "https://socialdigiinnovator.com/" "Mozilla/5.0 (compatible; BitSightBot/1.0)"
185.117.225.84 - - [20/Jun/2025:21:11:33 -0400] "GET /wp-includes/js/dist/hooks.min.js?ver=4d63a3d491d11ffd8ac6 HTTP/1.1" 304 0 "https://socialdigiinnovator.com/" "Mozilla/5.0 (compatible; BitSightBot/1.0)"
185.117.225.84 - - [20/Jun/2025:21:11:33 -0400] "GET /wp-content/plugins/elementor-pro/assets/js/elements-handlers.min.js?ver=3.29.0 HTTP/1.1" 304 0 "https://socialdigiinnovator.com/" "Mozilla/5.0 (compatible; BitSightBot/1.0)"
185.117.225.84 - - [20/Jun/2025:21:11:33 -0400] "GET /wp-content/uploads/2022/09/3-300x300.jpg HTTP/1.1" 200 10181 "https://socialdigiinnovator.com/" "Mozilla/5.0 (compatible; BitSightBot/1.0)"
185.117.225.84 - - [20/Jun/2025:21:11:35 -0400] "GET /wp-includes/js/wp-emoji-release.min.js?ver=6.8.1 HTTP/1.1" 304 0 "https://socialdigiinnovator.com/" "Mozilla/5.0 (compatible; BitSightBot/1.0)"
185.117.225.84 - - [20/Jun/2025:21:11:35 -0400] "GET /wp-content/plugins/elementor/assets/js/section-frontend-handlers.d85ab872da118940910d.bundle.min.js HTTP/1.1" 304 0 "https://socialdigiinnovator.com/" "Mozilla/5.0 (compatible; BitSightBot/1.0)"
185.117.225.84 - - [20/Jun/2025:21:11:35 -0400] "GET /wp-content/plugins/elementor/assets/js/counter.12335f45aaa79d244f24.bundle.min.js HTTP/1.1" 304 0 "https://socialdigiinnovator.com/" "Mozilla/5.0 (compatible; BitSightBot/1.0)"
185.117.225.84 - - [20/Jun/2025:21:11:35 -0400] "GET /wp-content/plugins/elementor/assets/js/image-carousel.6167d20b95b33386757b.bundle.min.js HTTP/1.1" 304 0 "https://socialdigiinnovator.com/" "Mozilla/5.0 (compatible; BitSightBot/1.0)"
185.117.225.84 - - [20/Jun/2025:21:11:40 -0400] "GET /wp-content/themes/twentytwentyfive/assets/images/404-image.webp HTTP/1.1" 200 129970 "https://socialdigiinnovator.com/wp-admin.php" "Mozilla/5.0 (X11; Linux x86_64) AppleWebKit/537.36 (KHTML, like Gecko) HeadlessChrome/123.0.6312.86 Safari/537.36"
185.117.225.84 - - [20/Jun/2025:21:11:43 -0400] "GET /wp-login.php HTTP/1.1" 302 0 "-" "Mozilla/5.0 (compatible; BitSightBot/1.0)"
80.65.208.215 - - [20/Jun/2025:21:17:24 -0400] "POST /xmlrpc.php HTTP/1.1" 403 1242 "https://socialdigiinnovator.com" "Mozilla/5.0 (Windows NT 10.0; Win64; x64) AppleWebKit/537.36 (KHTML, like Gecko) Chrome/126.0.0.0 Safari/537.36 Edg/126.0.0.0"
103.153.38.68 - - [20/Jun/2025:21:19:29 -0400] "GET /?hl=en-US HTTP/1.1" 200 21728 "-" "Mozilla/5.0 (Linux; Android 10; K) AppleWebKit/537.36 (KHTML, like Gecko) Chrome/137.0.0.0 Mobile Safari/537.36"
103.153.38.68 - - [20/Jun/2025:21:19:31 -0400] "GET /wp-includes/blocks/navigation/style.min.css?ver=6.8.1 HTTP/1.1" 200 2057 "https://socialdigiinnovator.com/?hl=en-US" "Mozilla/5.0 (Linux; Android 10; K) AppleWebKit/537.36 (KHTML, like Gecko) Chrome/137.0.0.0 Mobile Safari/537.36"
103.153.38.68 - - [20/Jun/2025:21:19:31 -0400] "GET /wp-content/plugins/depicter/resources/styles/player/depicter.css?ver=1750191298 HTTP/1.1" 200 3553 "https://socialdigiinnovator.com/?hl=en-US" "Mozilla/5.0 (Linux; Android 10; K) AppleWebKit/537.36 (KHTML, like Gecko) Chrome/137.0.0.0 Mobile Safari/537.36"
103.153.38.68 - - [20/Jun/2025:21:19:31 -0400] "GET /wp-content/plugins/elementor/assets/css/conditionals/e-swiper.min.css?ver=3.29.2 HTTP/1.1" 200 699 "https://socialdigiinnovator.com/?hl=en-US" "Mozilla/5.0 (Linux; Android 10; K) AppleWebKit/537.36 (KHTML, like Gecko) Chrome/137.0.0.0 Mobile Safari/537.36"
103.153.38.68 - - [20/Jun/2025:21:19:31 -0400] "GET /wp-content/plugins/depicter/resources/styles/player/depicter-pre.css?ver=1750191298 HTTP/1.1" 200 968 "https://socialdigiinnovator.com/?hl=en-US" "Mozilla/5.0 (Linux; Android 10; K) AppleWebKit/537.36 (KHTML, like Gecko) Chrome/137.0.0.0 Mobile Safari/537.36"
103.153.38.68 - - [20/Jun/2025:21:19:31 -0400] "GET /wp-content/plugins/elementor/assets/css/widget-image.min.css?ver=3.29.2 HTTP/1.1" 200 254 "https://socialdigiinnovator.com/?hl=en-US" "Mozilla/5.0 (Linux; Android 10; K) AppleWebKit/537.36 (KHTML, like Gecko) Chrome/137.0.0.0 Mobile Safari/537.36"
103.153.38.68 - - [20/Jun/2025:21:19:31 -0400] "GET /wp-content/uploads/elementor/css/post-85.css?ver=1749067504 HTTP/1.1" 200 2914 "https://socialdigiinnovator.com/?hl=en-US" "Mozilla/5.0 (Linux; Android 10; K) AppleWebKit/537.36 (KHTML, like Gecko) Chrome/137.0.0.0 Mobile Safari/537.36"
103.153.38.68 - - [20/Jun/2025:21:19:31 -0400] "GET /wp-content/plugins/elementor-pro/assets/css/conditionals/transitions.min.css?ver=3.29.0 HTTP/1.1" 200 599 "https://socialdigiinnovator.com/?hl=en-US" "Mozilla/5.0 (Linux; Android 10; K) AppleWebKit/537.36 (KHTML, like Gecko) Chrome/137.0.0.0 Mobile Safari/537.36"
103.153.38.68 - - [20/Jun/2025:21:19:31 -0400] "GET /wp-content/uploads/elementor/google-fonts/css/quicksand.css?ver=1742243705 HTTP/1.1" 200 450 "https://socialdigiinnovator.com/?hl=en-US" "Mozilla/5.0 (Linux; Android 10; K) AppleWebKit/537.36 (KHTML, like Gecko) Chrome/137.0.0.0 Mobile Safari/537.36"
103.153.38.68 - - [20/Jun/2025:21:19:31 -0400] "GET /wp-content/uploads/elementor/google-fonts/css/robotoslab.css?ver=1742243687 HTTP/1.1" 200 703 "https://socialdigiinnovator.com/?hl=en-US" "Mozilla/5.0 (Linux; Android 10; K) AppleWebKit/537.36 (KHTML, like Gecko) Chrome/137.0.0.0 Mobile Safari/537.36"
103.153.38.68 - - [20/Jun/2025:21:19:31 -0400] "GET /wp-content/uploads/elementor/google-fonts/css/roboto.css?ver=1742243672 HTTP/1.1" 200 1871 "https://socialdigiinnovator.com/?hl=en-US" "Mozilla/5.0 (Linux; Android 10; K) AppleWebKit/537.36 (KHTML, like Gecko) Chrome/137.0.0.0 Mobile Safari/537.36"
103.153.38.68 - - [20/Jun/2025:21:19:31 -0400] "GET /wp-includes/js/jquery/jquery-migrate.min.js?ver=3.4.1 HTTP/1.1" 200 4678 "https://socialdigiinnovator.com/?hl=en-US" "Mozilla/5.0 (Linux; Android 10; K) AppleWebKit/537.36 (KHTML, like Gecko) Chrome/137.0.0.0 Mobile Safari/537.36"
103.153.38.68 - - [20/Jun/2025:21:19:31 -0400] "GET /wp-content/uploads/elementor/css/post-83.css?ver=1749067505 HTTP/1.1" 200 671 "https://socialdigiinnovator.com/?hl=en-US" "Mozilla/5.0 (Linux; Android 10; K) AppleWebKit/537.36 (KHTML, like Gecko) Chrome/137.0.0.0 Mobile Safari/537.36"
198.54.114.35 - - [20/Jun/2025:21:18:09 -0400] "POST /wp-cron.php?doing_wp_cron=1750468689.7242228984832763671875 HTTP/1.1" 200 0 "-" "WordPress/6.8.1; https://socialdigiinnovator.com"
134.17.14.12 - - [20/Jun/2025:21:18:07 -0400] "GET /style.php HTTP/1.1" 404 14933 "-" "Mozilla/5.0 (Linux; Android 6.0.1; Nexus 5X Build/MMB29P) AppleWebKit/537.36 (KHTML, like Gecko) Chrome/137.0.7151.68 Mobile Safari/537.36 (compatible; Googlebot/2.1; +http://www.google.com/bot.html)"
198.54.114.35 - - [20/Jun/2025:21:19:16 -0400] "POST /wp-cron.php?doing_wp_cron=1750468756.2881579399108886718750 HTTP/1.1" 200 0 "-" "WordPress/6.8.1; https://socialdigiinnovator.com"
66.249.73.100 - - [20/Jun/2025:21:19:16 -0400] "GET /virtual-assistant-services/lead-generation-appointment-setter/ HTTP/1.1" 200 16030 "-" "Mozilla/5.0 (Linux; Android 6.0.1; Nexus 5X Build/MMB29P) AppleWebKit/537.36 (KHTML, like Gecko) Chrome/137.0.7151.103 Mobile Safari/537.36 (compatible; Googlebot/2.1; +http://www.google.com/bot.html)"
103.153.38.68 - - [20/Jun/2025:21:19:28 -0400] "GET /?hl=en-US HTTP/1.1" 301 0 "-" "Mozilla/5.0 (Linux; Android 10; K) AppleWebKit/537.36 (KHTML, like Gecko) Chrome/137.0.0.0 Mobile Safari/537.36"
103.153.38.68 - - [20/Jun/2025:21:19:31 -0400] "GET /wp-content/themes/twentytwentyfive/style.css?ver=1.2 HTTP/1.1" 200 1009 "https://socialdigiinnovator.com/?hl=en-US" "Mozilla/5.0 (Linux; Android 10; K) AppleWebKit/537.36 (KHTML, like Gecko) Chrome/137.0.0.0 Mobile Safari/537.36"
103.153.38.68 - - [20/Jun/2025:21:19:31 -0400] "GET /wp-content/plugins/elementor/assets/lib/swiper/v8/css/swiper.min.css?ver=8.4.5 HTTP/1.1" 200 4248 "https://socialdigiinnovator.com/?hl=en-US" "Mozilla/5.0 (Linux; Android 10; K) AppleWebKit/537.36 (KHTML, like Gecko) Chrome/137.0.0.0 Mobile Safari/537.36"
103.153.38.68 - - [20/Jun/2025:21:19:31 -0400] "GET /wp-content/plugins/elementor/assets/css/widget-counter.min.css?ver=3.29.2 HTTP/1.1" 200 234 "https://socialdigiinnovator.com/?hl=en-US" "Mozilla/5.0 (Linux; Android 10; K) AppleWebKit/537.36 (KHTML, like Gecko) Chrome/137.0.0.0 Mobile Safari/537.36"
103.153.38.68 - - [20/Jun/2025:21:19:31 -0400] "GET /wp-content/uploads/depicter/css/135.css?ver=1748841854 HTTP/1.1" 200 714 "https://socialdigiinnovator.com/?hl=en-US" "Mozilla/5.0 (Linux; Android 10; K) AppleWebKit/537.36 (KHTML, like Gecko) Chrome/137.0.0.0 Mobile Safari/537.36"
103.153.38.68 - - [20/Jun/2025:21:19:31 -0400] "GET /wp-content/plugins/elementor/assets/css/frontend.min.css?ver=3.29.2 HTTP/1.1" 200 6472 "https://socialdigiinnovator.com/?hl=en-US" "Mozilla/5.0 (Linux; Android 10; K) AppleWebKit/537.36 (KHTML, like Gecko) Chrome/137.0.0.0 Mobile Safari/537.36"
103.153.38.68 - - [20/Jun/2025:21:19:31 -0400] "GET /wp-content/uploads/2022/09/1.png HTTP/1.1" 200 56827 "https://socialdigiinnovator.com/?hl=en-US" "Mozilla/5.0 (Linux; Android 10; K) AppleWebKit/537.36 (KHTML, like Gecko) Chrome/137.0.0.0 Mobile Safari/537.36"
103.153.38.68 - - [20/Jun/2025:21:19:31 -0400] "GET /wp-content/plugins/elementor/assets/lib/font-awesome/css/v4-shims.min.css?ver=3.29.2 HTTP/1.1" 200 3987 "https://socialdigiinnovator.com/?hl=en-US" "Mozilla/5.0 (Linux; Android 10; K) AppleWebKit/537.36 (KHTML, like Gecko) Chrome/137.0.0.0 Mobile Safari/537.36"
103.153.38.68 - - [20/Jun/2025:21:19:31 -0400] "GET /wp-includes/js/dist/script-modules/block-library/navigation/view.min.js?ver=61572d447d60c0aa5240 HTTP/1.1" 200 1049 "https://socialdigiinnovator.com/?hl=en-US" "Mozilla/5.0 (Linux; Android 10; K) AppleWebKit/537.36 (KHTML, like Gecko) Chrome/137.0.0.0 Mobile Safari/537.36"
103.153.38.68 - - [20/Jun/2025:21:19:31 -0400] "GET /wp-includes/js/jquery/jquery.min.js?ver=3.7.1 HTTP/1.1" 200 29744 "https://socialdigiinnovator.com/?hl=en-US" "Mozilla/5.0 (Linux; Android 10; K) AppleWebKit/537.36 (KHTML, like Gecko) Chrome/137.0.0.0 Mobile Safari/537.36"
103.153.38.68 - - [20/Jun/2025:21:19:31 -0400] "GET /wp-content/plugins/elementor-pro/assets/css/widget-call-to-action.min.css?ver=3.29.0 HTTP/1.1" 200 1376 "https://socialdigiinnovator.com/?hl=en-US" "Mozilla/5.0 (Linux; Android 10; K) AppleWebKit/537.36 (KHTML, like Gecko) Chrome/137.0.0.0 Mobile Safari/537.36"
103.153.38.68 - - [20/Jun/2025:21:19:31 -0400] "GET /wp-content/uploads/2022/09/8-300x300.jpg HTTP/1.1" 200 6391 "https://socialdigiinnovator.com/?hl=en-US" "Mozilla/5.0 (Linux; Android 10; K) AppleWebKit/537.36 (KHTML, like Gecko) Chrome/137.0.0.0 Mobile Safari/537.36"
103.153.38.68 - - [20/Jun/2025:21:19:31 -0400] "GET /wp-content/plugins/contact-form-7/includes/css/styles.css?ver=6.0.6 HTTP/1.1" 200 890 "https://socialdigiinnovator.com/?hl=en-US" "Mozilla/5.0 (Linux; Android 10; K) AppleWebKit/537.36 (KHTML, like Gecko) Chrome/137.0.0.0 Mobile Safari/537.36"
103.153.38.68 - - [20/Jun/2025:21:19:31 -0400] "GET /wp-content/plugins/elementor/assets/css/widget-image-carousel.min.css?ver=3.29.2 HTTP/1.1" 200 163 "https://socialdigiinnovator.com/?hl=en-US" "Mozilla/5.0 (Linux; Android 10; K) AppleWebKit/537.36 (KHTML, like Gecko) Chrome/137.0.0.0 Mobile Safari/537.36"
103.153.38.68 - - [20/Jun/2025:21:19:31 -0400] "GET /wp-content/uploads/elementor/google-fonts/css/nunito.css?ver=1742245159 HTTP/1.1" 200 724 "https://socialdigiinnovator.com/?hl=en-US" "Mozilla/5.0 (Linux; Android 10; K) AppleWebKit/537.36 (KHTML, like Gecko) Chrome/137.0.0.0 Mobile Safari/537.36"
103.153.38.68 - - [20/Jun/2025:21:19:31 -0400] "GET /wp-content/uploads/2022/09/7-300x300.jpg HTTP/1.1" 200 12386 "https://socialdigiinnovator.com/?hl=en-US" "Mozilla/5.0 (Linux; Android 10; K) AppleWebKit/537.36 (KHTML, like Gecko) Chrome/137.0.0.0 Mobile Safari/537.36"
103.153.38.68 - - [20/Jun/2025:21:19:31 -0400] "GET /wp-content/uploads/2022/09/6-300x300.jpg HTTP/1.1" 200 8202 "https://socialdigiinnovator.com/?hl=en-US" "Mozilla/5.0 (Linux; Android 10; K) AppleWebKit/537.36 (KHTML, like Gecko) Chrome/137.0.0.0 Mobile Safari/537.36"
103.153.38.68 - - [20/Jun/2025:21:19:32 -0400] "GET /wp-content/plugins/elementor/assets/lib/swiper/v8/swiper.min.js?ver=8.4.5 HTTP/1.1" 200 38152 "https://socialdigiinnovator.com/?hl=en-US" "Mozilla/5.0 (Linux; Android 10; K) AppleWebKit/537.36 (KHTML, like Gecko) Chrome/137.0.0.0 Mobile Safari/537.36"
103.153.38.68 - - [20/Jun/2025:21:19:32 -0400] "GET /wp-content/plugins/elementor/assets/js/frontend.min.js?ver=3.29.2 HTTP/1.1" 200 10288 "https://socialdigiinnovator.com/?hl=en-US" "Mozilla/5.0 (Linux; Android 10; K) AppleWebKit/537.36 (KHTML, like Gecko) Chrome/137.0.0.0 Mobile Safari/537.36"
103.153.38.68 - - [20/Jun/2025:21:19:32 -0400] "GET /wp-content/uploads/2022/09/4-300x300.jpg HTTP/1.1" 200 8631 "https://socialdigiinnovator.com/?hl=en-US" "Mozilla/5.0 (Linux; Android 10; K) AppleWebKit/537.36 (KHTML, like Gecko) Chrome/137.0.0.0 Mobile Safari/537.36"
103.153.38.68 - - [20/Jun/2025:21:19:32 -0400] "GET /wp-content/plugins/contact-form-7/includes/swv/js/index.js?ver=6.0.6 HTTP/1.1" 200 3369 "https://socialdigiinnovator.com/?hl=en-US" "Mozilla/5.0 (Linux; Android 10; K) AppleWebKit/537.36 (KHTML, like Gecko) Chrome/137.0.0.0 Mobile Safari/537.36"
103.153.38.68 - - [20/Jun/2025:21:19:32 -0400] "GET /wp-includes/js/dist/i18n.min.js?ver=5e580eb46a90c2b997e6 HTTP/1.1" 200 3542 "https://socialdigiinnovator.com/?hl=en-US" "Mozilla/5.0 (Linux; Android 10; K) AppleWebKit/537.36 (KHTML, like Gecko) Chrome/137.0.0.0 Mobile Safari/537.36"
103.153.38.68 - - [20/Jun/2025:21:19:32 -0400] "GET /wp-content/plugins/elementor-pro/assets/js/elements-handlers.min.js?ver=3.29.0 HTTP/1.1" 200 10221 "https://socialdigiinnovator.com/?hl=en-US" "Mozilla/5.0 (Linux; Android 10; K) AppleWebKit/537.36 (KHTML, like Gecko) Chrome/137.0.0.0 Mobile Safari/537.36"
103.153.38.68 - - [20/Jun/2025:21:19:31 -0400] "GET /wp-content/uploads/elementor/css/post-86.css?ver=1749067505 HTTP/1.1" 200 421 "https://socialdigiinnovator.com/?hl=en-US" "Mozilla/5.0 (Linux; Android 10; K) AppleWebKit/537.36 (KHTML, like Gecko) Chrome/137.0.0.0 Mobile Safari/537.36"
103.153.38.68 - - [20/Jun/2025:21:19:31 -0400] "GET /wp-content/plugins/elementor/assets/lib/font-awesome/css/all.min.css?ver=3.29.2 HTTP/1.1" 200 12380 "https://socialdigiinnovator.com/?hl=en-US" "Mozilla/5.0 (Linux; Android 10; K) AppleWebKit/537.36 (KHTML, like Gecko) Chrome/137.0.0.0 Mobile Safari/537.36"
103.153.38.68 - - [20/Jun/2025:21:19:31 -0400] "GET /wp-includes/js/dist/script-modules/interactivity/index.min.js?ver=55aebb6e0a16726baffb HTTP/1.1" 200 13727 "https://socialdigiinnovator.com/?hl=en-US" "Mozilla/5.0 (Linux; Android 10; K) AppleWebKit/537.36 (KHTML, like Gecko) Chrome/137.0.0.0 Mobile Safari/537.36"
103.153.38.68 - - [20/Jun/2025:21:19:31 -0400] "GET /wp-content/plugins/elementor/assets/lib/font-awesome/js/v4-shims.min.js?ver=3.29.2 HTTP/1.1" 200 4042 "https://socialdigiinnovator.com/?hl=en-US" "Mozilla/5.0 (Linux; Android 10; K) AppleWebKit/537.36 (KHTML, like Gecko) Chrome/137.0.0.0 Mobile Safari/537.36"
103.153.38.68 - - [20/Jun/2025:21:19:31 -0400] "GET /wp-content/uploads/2022/09/2-1.png HTTP/1.1" 200 63508 "https://socialdigiinnovator.com/?hl=en-US" "Mozilla/5.0 (Linux; Android 10; K) AppleWebKit/537.36 (KHTML, like Gecko) Chrome/137.0.0.0 Mobile Safari/537.36"
103.153.38.68 - - [20/Jun/2025:21:19:31 -0400] "GET /wp-content/plugins/elementor/assets/lib/eicons/css/elementor-icons.min.css?ver=5.40.0 HTTP/1.1" 200 3983 "https://socialdigiinnovator.com/?hl=en-US" "Mozilla/5.0 (Linux; Android 10; K) AppleWebKit/537.36 (KHTML, like Gecko) Chrome/137.0.0.0 Mobile Safari/537.36"
103.153.38.68 - - [20/Jun/2025:21:19:32 -0400] "GET /wp-content/plugins/elementor/assets/js/webpack.runtime.min.js?ver=3.29.2 HTTP/1.1" 200 2319 "https://socialdigiinnovator.com/?hl=en-US" "Mozilla/5.0 (Linux; Android 10; K) AppleWebKit/537.36 (KHTML, like Gecko) Chrome/137.0.0.0 Mobile Safari/537.36"
103.153.38.68 - - [20/Jun/2025:21:19:32 -0400] "GET /wp-content/plugins/elementor/assets/js/frontend-modules.min.js?ver=3.29.2 HTTP/1.1" 200 14423 "https://socialdigiinnovator.com/?hl=en-US" "Mozilla/5.0 (Linux; Android 10; K) AppleWebKit/537.36 (KHTML, like Gecko) Chrome/137.0.0.0 Mobile Safari/537.36"
103.153.38.68 - - [20/Jun/2025:21:19:32 -0400] "GET /wp-content/plugins/elementor-pro/assets/js/webpack-pro.runtime.min.js?ver=3.29.0 HTTP/1.1" 200 2621 "https://socialdigiinnovator.com/?hl=en-US" "Mozilla/5.0 (Linux; Android 10; K) AppleWebKit/537.36 (KHTML, like Gecko) Chrome/137.0.0.0 Mobile Safari/537.36"
103.153.38.68 - - [20/Jun/2025:21:19:32 -0400] "GET /wp-content/plugins/elementor/assets/lib/eicons/fonts/eicons.woff2?5.41.0 HTTP/1.1" 200 103012 "https://socialdigiinnovator.com/wp-content/plugins/elementor/assets/lib/eicons/css/elementor-icons.min.css?ver=5.40.0" "Mozilla/5.0 (Linux; Android 10; K) AppleWebKit/537.36 (KHTML, like Gecko) Chrome/137.0.0.0 Mobile Safari/537.36"
103.153.38.68 - - [20/Jun/2025:21:19:32 -0400] "GET /wp-content/plugins/elementor/assets/lib/jquery-numerator/jquery-numerator.min.js?ver=0.2.1 HTTP/1.1" 200 677 "https://socialdigiinnovator.com/?hl=en-US" "Mozilla/5.0 (Linux; Android 10; K) AppleWebKit/537.36 (KHTML, like Gecko) Chrome/137.0.0.0 Mobile Safari/537.36"
103.153.38.68 - - [20/Jun/2025:21:19:32 -0400] "GET /wp-content/uploads/2022/09/7402118-scaled-660x660.jpg HTTP/1.1" 200 54713 "https://socialdigiinnovator.com/?hl=en-US" "Mozilla/5.0 (Linux; Android 10; K) AppleWebKit/537.36 (KHTML, like Gecko) Chrome/137.0.0.0 Mobile Safari/537.36"
103.153.38.68 - - [20/Jun/2025:21:19:32 -0400] "GET /wp-content/uploads/2022/09/3-300x300.jpg HTTP/1.1" 200 10181 "https://socialdigiinnovator.com/?hl=en-US" "Mozilla/5.0 (Linux; Android 10; K) AppleWebKit/537.36 (KHTML, like Gecko) Chrome/137.0.0.0 Mobile Safari/537.36"
103.153.38.68 - - [20/Jun/2025:21:19:32 -0400] "GET /wp-content/uploads/2022/09/9-300x300.jpeg HTTP/1.1" 200 12115 "https://socialdigiinnovator.com/?hl=en-US" "Mozilla/5.0 (Linux; Android 10; K) AppleWebKit/537.36 (KHTML, like Gecko) Chrome/137.0.0.0 Mobile Safari/537.36"
103.153.38.68 - - [20/Jun/2025:21:19:32 -0400] "GET /wp-content/uploads/2022/09/1-300x300.jpg HTTP/1.1" 200 10811 "https://socialdigiinnovator.com/?hl=en-US" "Mozilla/5.0 (Linux; Android 10; K) AppleWebKit/537.36 (KHTML, like Gecko) Chrome/137.0.0.0 Mobile Safari/537.36"
103.153.38.68 - - [20/Jun/2025:21:19:32 -0400] "GET /wp-content/plugins/depicter/resources/scripts/player/depicter.js?ver=1750191298 HTTP/1.1" 304 0 "https://socialdigiinnovator.com/?hl=en-US" "Mozilla/5.0 (Linux; Android 10; K) AppleWebKit/537.36 (KHTML, like Gecko) Chrome/137.0.0.0 Mobile Safari/537.36"
103.153.38.68 - - [20/Jun/2025:21:19:32 -0400] "GET /wp-content/plugins/contact-form-7/includes/js/index.js?ver=6.0.6 HTTP/1.1" 200 4008 "https://socialdigiinnovator.com/?hl=en-US" "Mozilla/5.0 (Linux; Android 10; K) AppleWebKit/537.36 (KHTML, like Gecko) Chrome/137.0.0.0 Mobile Safari/537.36"
103.153.38.68 - - [20/Jun/2025:21:19:32 -0400] "GET /wp-content/uploads/2022/09/10-300x300.jpeg HTTP/1.1" 200 9889 "https://socialdigiinnovator.com/?hl=en-US" "Mozilla/5.0 (Linux; Android 10; K) AppleWebKit/537.36 (KHTML, like Gecko) Chrome/137.0.0.0 Mobile Safari/537.36"
103.153.38.68 - - [20/Jun/2025:21:19:32 -0400] "GET /wp-content/uploads/elementor/google-fonts/fonts/quicksand-6xktdszam9ie8kbpra_hk1qn.woff2 HTTP/1.1" 200 28360 "https://socialdigiinnovator.com/wp-content/uploads/elementor/google-fonts/css/quicksand.css?ver=1742243705" "Mozilla/5.0 (Linux; Android 10; K) AppleWebKit/537.36 (KHTML, like Gecko) Chrome/137.0.0.0 Mobile Safari/537.36"
103.153.38.68 - - [20/Jun/2025:21:19:34 -0400] "GET /wp-content/plugins/elementor/assets/js/counter.12335f45aaa79d244f24.bundle.min.js HTTP/1.1" 200 442 "https://socialdigiinnovator.com/?hl=en-US" "Mozilla/5.0 (Linux; Android 10; K) AppleWebKit/537.36 (KHTML, like Gecko) Chrome/137.0.0.0 Mobile Safari/537.36"
103.153.38.68 - - [20/Jun/2025:21:19:34 -0400] "GET /wp-content/plugins/elementor/assets/js/image-carousel.6167d20b95b33386757b.bundle.min.js HTTP/1.1" 200 256 "https://socialdigiinnovator.com/?hl=en-US" "Mozilla/5.0 (Linux; Android 10; K) AppleWebKit/537.36 (KHTML, like Gecko) Chrome/137.0.0.0 Mobile Safari/537.36"
103.153.38.68 - - [20/Jun/2025:21:19:35 -0400] "GET /wp-content/uploads/2022/08/cropped-cropped-Logo-Presentation-Final-06-2-300x241-1-200x200.png HTTP/1.1" 200 3210 "https://socialdigiinnovator.com/?hl=en-US" "Mozilla/5.0 (Linux; Android 10; K) AppleWebKit/537.36 (KHTML, like Gecko) Chrome/137.0.0.0 Mobile Safari/537.36"
198.54.114.35 - - [20/Jun/2025:21:20:17 -0400] "POST /wp-cron.php?doing_wp_cron=1750468816.9319078922271728515625 HTTP/1.1" 200 0 "-" "WordPress/6.8.1; https://socialdigiinnovator.com"
103.153.38.68 - - [20/Jun/2025:21:20:16 -0400] "GET / HTTP/1.1" 200 21733 "https://socialdigiinnovator.com/?hl=en-US" "Mozilla/5.0 (Linux; Android 10; K) AppleWebKit/537.36 (KHTML, like Gecko) Chrome/137.0.0.0 Mobile Safari/537.36"
45.66.209.226 - - [20/Jun/2025:21:21:23 -0400] "GET /wp-admin/admin.php HTTP/1.1" 302 0 "-" "Mozilla/5.0 (Windows NT 10.0; Win64; x64) AppleWebKit/537.36 (KHTML, like Gecko) Chrome/115.0.0.0 Safari/537.36 Edg/115.0.1901.203"
45.66.209.226 - - [20/Jun/2025:21:21:24 -0400] "GET /wp-login.php?redirect_to=https%3A%2F%2Fsocialdigiinnovator.com%2Fwp-admin%2Fadmin.php&reauth=1 HTTP/1.1" 302 0 "-" "Mozilla/5.0 (Windows NT 10.0; Win64; x64) AppleWebKit/537.36 (KHTML, like Gecko) Chrome/115.0.0.0 Safari/537.36 Edg/115.0.1901.203"
45.66.209.226 - - [20/Jun/2025:21:21:26 -0400] "GET /404 HTTP/1.1" 404 14952 "-" "Mozilla/5.0 (Windows NT 10.0; Win64; x64) AppleWebKit/537.36 (KHTML, like Gecko) Chrome/115.0.0.0 Safari/537.36 Edg/115.0.1901.203"
144.91.88.83 - - [20/Jun/2025:21:22:13 -0400] "POST /xmlrpc.php HTTP/1.1" 403 1242 "https://socialdigiinnovator.com" "Mozilla/5.0 (Windows NT 10.0; Win64; x64; rv:126.0) Gecko/20100101 Firefox/126.0"
103.153.38.68 - - [20/Jun/2025:21:19:32 -0400] "GET /wp-content/uploads/2022/08/cropped-cropped-Logo-Presentation-Final-06-2-300x241-2-100x100.png HTTP/1.1" 200 2109 "https://socialdigiinnovator.com/?hl=en-US" "Mozilla/5.0 (Linux; Android 10; K) AppleWebKit/537.36 (KHTML, like Gecko) Chrome/137.0.0.0 Mobile Safari/537.36"
103.153.38.68 - - [20/Jun/2025:21:19:32 -0400] "GET /wp-content/uploads/elementor/google-fonts/fonts/nunito-xrxv3i6li01bkofineab.woff2 HTTP/1.1" 200 39124 "https://socialdigiinnovator.com/wp-content/uploads/elementor/google-fonts/css/nunito.css?ver=1742245159" "Mozilla/5.0 (Linux; Android 10; K) AppleWebKit/537.36 (KHTML, like Gecko) Chrome/137.0.0.0 Mobile Safari/537.36"
103.153.38.68 - - [20/Jun/2025:21:19:32 -0400] "GET /wp-includes/js/dist/hooks.min.js?ver=4d63a3d491d11ffd8ac6 HTTP/1.1" 200 1571 "https://socialdigiinnovator.com/?hl=en-US" "Mozilla/5.0 (Linux; Android 10; K) AppleWebKit/537.36 (KHTML, like Gecko) Chrome/137.0.0.0 Mobile Safari/537.36"
103.153.38.68 - - [20/Jun/2025:21:19:32 -0400] "GET /wp-includes/js/jquery/ui/core.min.js?ver=1.13.3 HTTP/1.1" 200 6812 "https://socialdigiinnovator.com/?hl=en-US" "Mozilla/5.0 (Linux; Android 10; K) AppleWebKit/537.36 (KHTML, like Gecko) Chrome/137.0.0.0 Mobile Safari/537.36"
103.153.38.68 - - [20/Jun/2025:21:19:32 -0400] "GET /wp-content/uploads/2022/09/5-300x300.png HTTP/1.1" 200 22959 "https://socialdigiinnovator.com/?hl=en-US" "Mozilla/5.0 (Linux; Android 10; K) AppleWebKit/537.36 (KHTML, like Gecko) Chrome/137.0.0.0 Mobile Safari/537.36"
103.153.38.68 - - [20/Jun/2025:21:19:32 -0400] "GET /wp-content/plugins/elementor-pro/assets/js/frontend.min.js?ver=3.29.0 HTTP/1.1" 200 6279 "https://socialdigiinnovator.com/?hl=en-US" "Mozilla/5.0 (Linux; Android 10; K) AppleWebKit/537.36 (KHTML, like Gecko) Chrome/137.0.0.0 Mobile Safari/537.36"
103.153.38.68 - - [20/Jun/2025:21:19:32 -0400] "GET /wp-content/themes/twentytwentyfive/assets/fonts/manrope/Manrope-VariableFont_wght.woff2 HTTP/1.1" 200 53600 "https://socialdigiinnovator.com/?hl=en-US" "Mozilla/5.0 (Linux; Android 10; K) AppleWebKit/537.36 (KHTML, like Gecko) Chrome/137.0.0.0 Mobile Safari/537.36"
103.153.38.68 - - [20/Jun/2025:21:19:34 -0400] "GET /wp-content/plugins/elementor/assets/js/section-frontend-handlers.d85ab872da118940910d.bundle.min.js HTTP/1.1" 200 254 "https://socialdigiinnovator.com/?hl=en-US" "Mozilla/5.0 (Linux; Android 10; K) AppleWebKit/537.36 (KHTML, like Gecko) Chrome/137.0.0.0 Mobile Safari/537.36"
103.153.38.68 - - [20/Jun/2025:21:19:34 -0400] "GET /wp-content/plugins/elementor/assets/js/shared-frontend-handlers.30dc2f9c080845a413a6.bundle.min.js HTTP/1.1" 200 2546 "https://socialdigiinnovator.com/?hl=en-US" "Mozilla/5.0 (Linux; Android 10; K) AppleWebKit/537.36 (KHTML, like Gecko) Chrome/137.0.0.0 Mobile Safari/537.36"
103.153.38.68 - - [20/Jun/2025:21:19:34 -0400] "GET /wp-content/plugins/elementor/assets/js/text-editor.c084ef86600b6f11690d.bundle.min.js HTTP/1.1" 200 621 "https://socialdigiinnovator.com/?hl=en-US" "Mozilla/5.0 (Linux; Android 10; K) AppleWebKit/537.36 (KHTML, like Gecko) Chrome/137.0.0.0 Mobile Safari/537.36"
66.249.93.75 - - [20/Jun/2025:21:19:36 -0400] "GET /?hl=en-US HTTP/1.1" 200 21733 "-" "Mozilla/5.0 (Linux; Android 7.0; SM-G930V Build/NRD90M) AppleWebKit/537.36 (KHTML, like Gecko) Chrome/59.0.3071.125 Mobile Safari/537.36 (compatible; Google-Read-Aloud; +https://support.google.com/webmasters/answer/1061943)"
198.54.114.35 - - [20/Jun/2025:21:21:23 -0400] "POST /wp-cron.php?doing_wp_cron=1750468883.5474689006805419921875 HTTP/1.1" 200 0 "-" "WordPress/6.8.1; https://socialdigiinnovator.com"
78.135.85.79 - - [20/Jun/2025:21:27:08 -0400] "POST /xmlrpc.php HTTP/1.1" 403 1242 "https://socialdigiinnovator.com" "Mozilla/5.0 (Windows NT 11.0; Win64; x64; rv:126.0) Gecko/20100101 Firefox/126.0"
77.237.238.168 - - [20/Jun/2025:21:31:56 -0400] "POST /xmlrpc.php HTTP/1.1" 403 1242 "https://socialdigiinnovator.com" "Mozilla/5.0 (Macintosh; Intel Mac OS X 10.15; rv:126.0) Gecko/20100101 Firefox/126.0"
198.54.114.35 - - [20/Jun/2025:21:32:31 -0400] "POST /wp-cron.php?doing_wp_cron=1750469551.6225678920745849609375 HTTP/1.1" 200 0 "-" "WordPress/6.8.1; https://socialdigiinnovator.com"
3.92.6.146 - - [20/Jun/2025:21:32:28 -0400] "HEAD /5-red-flags-to-watch-for-while-hiring-a-va/ HTTP/1.1" 200 0 "-" "Mozilla/5.0 (Windows NT 10.0; Win64; x64) AppleWebKit/537.36 (KHTML, like Gecko) Chrome/124.0.6367.139 Safari/537.36"
51.210.60.82 - - [20/Jun/2025:21:36:44 -0400] "POST /xmlrpc.php HTTP/1.1" 403 1242 "https://socialdigiinnovator.com" "Mozilla/5.0 (Macintosh; Intel Mac OS X 10_15_7; rv:126.0) Gecko/20100101 Firefox/126.0"
54.36.148.120 - - [20/Jun/2025:21:38:32 -0400] "GET /wp-sitemap-posts-post-1.xml HTTP/1.1" 200 524 "-" "Mozilla/5.0 (compatible; AhrefsBot/7.0; +http://ahrefs.com/robot/)"
54.36.148.170 - - [20/Jun/2025:21:38:35 -0400] "GET /wp-sitemap-taxonomies-category-1.xml HTTP/1.1" 200 168 "-" "Mozilla/5.0 (compatible; AhrefsBot/7.0; +http://ahrefs.com/robot/)"
54.36.148.220 - - [20/Jun/2025:21:38:36 -0400] "GET /wp-sitemap-users-1.xml HTTP/1.1" 200 164 "-" "Mozilla/5.0 (compatible; AhrefsBot/7.0; +http://ahrefs.com/robot/)"
198.54.114.35 - - [20/Jun/2025:21:40:24 -0400] "POST /wp-cron.php?doing_wp_cron=1750470024.4921479225158691406250 HTTP/1.1" 200 0 "-" "WordPress/6.8.1; https://socialdigiinnovator.com"
2400:6180:100:d0::86d:2001 - - [20/Jun/2025:21:41:37 -0400] "POST /xmlrpc.php HTTP/1.1" 403 1242 "https://socialdigiinnovator.com" "Mozilla/5.0 (Windows NT 11.0; Win64; x64) AppleWebKit/537.36 (KHTML, like Gecko) Chrome/126.0.0.0 Safari/537.36"
198.54.114.35 - - [20/Jun/2025:21:38:29 -0400] "POST /wp-cron.php?doing_wp_cron=1750469909.4685869216918945312500 HTTP/1.1" 200 0 "-" "WordPress/6.8.1; https://socialdigiinnovator.com"
51.222.253.12 - - [20/Jun/2025:21:38:25 -0400] "GET /robots.txt HTTP/1.1" 200 102 "-" "Mozilla/5.0 (compatible; AhrefsBot/7.0; +http://ahrefs.com/robot/)"
54.36.148.230 - - [20/Jun/2025:21:38:30 -0400] "GET /wp-sitemap.xml HTTP/1.1" 200 197 "-" "Mozilla/5.0 (compatible; AhrefsBot/7.0; +http://ahrefs.com/robot/)"
54.36.149.36 - - [20/Jun/2025:21:38:34 -0400] "GET /wp-sitemap-posts-page-1.xml HTTP/1.1" 200 687 "-" "Mozilla/5.0 (compatible; AhrefsBot/7.0; +http://ahrefs.com/robot/)"
54.183.0.61 - - [20/Jun/2025:21:40:22 -0400] "GET / HTTP/1.1" 200 21727 "-" "Mozilla/5.0 (X11; Linux x86_64) AppleWebKit/537.36 (KHTML, like Gecko) Chrome/137.0.0.0 Safari/537.36"
162.249.236.130 - - [20/Jun/2025:21:46:33 -0400] "POST /xmlrpc.php HTTP/1.1" 403 1242 "https://socialdigiinnovator.com" "Mozilla/5.0 (Windows NT 10.0; Win64; x64) AppleWebKit/537.36 (KHTML, like Gecko) Chrome/116.0.5845.96 Safari/537.36 Edg/116.0.1938.62"
82.102.18.126 - - [20/Jun/2025:21:48:39 -0400] "GET / HTTP/1.1" 200 21728 "-" "Mozilla/5.0 (Windows NT 10.0; Win64; x64) AppleWebKit/537.36 (KHTML, like Gecko) Chrome/78.0.3904.108 Safari/537.36"
82.102.18.126 - - [20/Jun/2025:21:48:44 -0400] "GET / HTTP/1.1" 200 21728 "-" "Mozilla/5.0 (Windows NT 10.0; Win64; x64) AppleWebKit/537.36 (KHTML, like Gecko) Chrome/78.0.3904.108 Safari/537.36"
82.102.18.126 - - [20/Jun/2025:21:48:45 -0400] "GET //?author=2 HTTP/1.1" 403 1242 "-" "Mozilla/5.0 (Windows NT 10.0; Win64; x64) AppleWebKit/537.36 (KHTML, like Gecko) Chrome/78.0.3904.108 Safari/537.36"
13.40.34.196 - - [20/Jun/2025:21:48:53 -0400] "GET /technical-services HTTP/1.1" 301 0 "-" "Mozilla/5.0 (Macintosh; Intel Mac OS X 10.15; rv:91.0) Gecko/20100101 Firefox/91.0"
13.40.34.196 - - [20/Jun/2025:21:48:55 -0400] "GET /non-technical-services HTTP/1.1" 301 0 "-" "Mozilla/5.0 (Macintosh; Intel Mac OS X 10.15; rv:91.0) Gecko/20100101 Firefox/91.0"
13.40.34.196 - - [20/Jun/2025:21:48:55 -0400] "GET /non-technical-services/ HTTP/1.1" 200 15323 "-" "Mozilla/5.0 (Macintosh; Intel Mac OS X 10.15; rv:91.0) Gecko/20100101 Firefox/91.0"
13.40.34.196 - - [20/Jun/2025:21:48:56 -0400] "GET /virtual-assistant-services/ HTTP/1.1" 200 16420 "-" "Mozilla/5.0 (Macintosh; Intel Mac OS X 10.15; rv:91.0) Gecko/20100101 Firefox/91.0"
79.174.94.137 - - [20/Jun/2025:21:51:27 -0400] "POST /xmlrpc.php HTTP/1.1" 403 1242 "https://socialdigiinnovator.com" "Mozilla/5.0 (Windows NT 10.0; Win64; x64) AppleWebKit/537.36 (KHTML, like Gecko) Chrome/112.0.5615.138 Safari/537.36 Edg/112.0.1722.68"
198.54.114.35 - - [20/Jun/2025:21:48:42 -0400] "POST /wp-cron.php?doing_wp_cron=1750470522.0868940353393554687500 HTTP/1.1" 200 0 "-" "WordPress/6.8.1; https://socialdigiinnovator.com"
82.102.18.126 - - [20/Jun/2025:21:48:43 -0400] "GET //wp-includes/wlwmanifest.xml HTTP/1.1" 301 0 "-" "Mozilla/5.0 (Windows NT 10.0; Win64; x64) AppleWebKit/537.36 (KHTML, like Gecko) Chrome/78.0.3904.108 Safari/537.36"
82.102.18.126 - - [20/Jun/2025:21:48:44 -0400] "GET //?author=1 HTTP/1.1" 403 1242 "-" "Mozilla/5.0 (Windows NT 10.0; Win64; x64) AppleWebKit/537.36 (KHTML, like Gecko) Chrome/78.0.3904.108 Safari/537.36"
82.102.18.126 - - [20/Jun/2025:21:48:45 -0400] "GET //wp-json/wp/v2/users/ HTTP/1.1" 200 938 "-" "Mozilla/5.0 (Windows NT 10.0; Win64; x64) AppleWebKit/537.36 (KHTML, like Gecko) Chrome/78.0.3904.108 Safari/537.36"
13.40.34.196 - - [20/Jun/2025:21:48:52 -0400] "GET / HTTP/1.1" 200 21728 "-" "Mozilla/5.0 (Macintosh; Intel Mac OS X 10.15; rv:91.0) Gecko/20100101 Firefox/91.0"
13.40.34.196 - - [20/Jun/2025:21:48:54 -0400] "GET /technical-services/ HTTP/1.1" 200 12890 "-" "Mozilla/5.0 (Macintosh; Intel Mac OS X 10.15; rv:91.0) Gecko/20100101 Firefox/91.0"
13.40.34.196 - - [20/Jun/2025:21:48:56 -0400] "GET /virtual-assistant-services HTTP/1.1" 301 0 "-" "Mozilla/5.0 (Macintosh; Intel Mac OS X 10.15; rv:91.0) Gecko/20100101 Firefox/91.0"
94.191.43.82 - - [20/Jun/2025:21:58:31 -0400] "GET / HTTP/1.1" 200 21728 "http://socialdigiinnovator.com" "Mozilla/5.0 (iPhone; CPU iPhone OS 13_2_3 like Mac OS X) AppleWebKit/605.1.15 (KHTML, like Gecko) Version/13.0.3 Mobile/15E148 Safari/604.1"
190.92.174.33 - - [20/Jun/2025:22:01:26 -0400] "POST /xmlrpc.php HTTP/1.1" 403 1242 "https://socialdigiinnovator.com" "Mozilla/5.0 (Macintosh; Intel Mac OS X 10_15_7) AppleWebKit/537.36 (KHTML, like Gecko) Chrome/112.0.5615.138 Safari/537.36"
157.245.159.84 - - [20/Jun/2025:22:02:19 -0400] "GET /wp-content/plugins/include.php HTTP/1.1" 404 14952 "-" "ShellBot 2.0"
157.245.159.84 - - [20/Jun/2025:22:02:29 -0400] "GET /wp-includes/images/include.php HTTP/1.1" 404 14952 "-" "ShellBot 2.0"
157.245.159.84 - - [20/Jun/2025:22:02:38 -0400] "GET /wp-includes/widgets/include.php HTTP/1.1" 404 14952 "-" "ShellBot 2.0"
157.245.159.84 - - [20/Jun/2025:22:02:47 -0400] "GET /wp-content/plugins/HelloDollyV2/hello_dolly_v2.php HTTP/1.1" 404 14952 "-" "ShellBot 2.0"
157.245.159.84 - - [20/Jun/2025:22:03:06 -0400] "GET /wp-content/themes/hello_dolly_v2.php HTTP/1.1" 404 14952 "-" "ShellBot 2.0"
157.245.159.84 - - [20/Jun/2025:22:03:15 -0400] "GET /wp-content/plugins/hello_dolly_v2.php HTTP/1.1" 404 14952 "-" "ShellBot 2.0"
137.184.199.230 - - [20/Jun/2025:22:03:20 -0400] "GET /wp-content/uploads/2022/08/cropped-cropped-Logo-Presentation-Final-06-2-300x241-1-100x100.png HTTP/1.1" 200 1706 "https://socialdigiinnovator.com/" "Mozilla/5.0 (X11; Linux x86_64; rv:137.0) Gecko/20100101 Firefox/137.0"
52.169.1.71 - - [20/Jun/2025:22:04:01 -0400] "GET /xx.php HTTP/1.1" 404 14952 "-" "-"
52.169.1.71 - - [20/Jun/2025:22:04:02 -0400] "GET /flower.php HTTP/1.1" 404 14952 "-" "-"
52.169.1.71 - - [20/Jun/2025:22:04:03 -0400] "GET /alfa.php HTTP/1.1" 404 14952 "-" "-"
52.169.1.71 - - [20/Jun/2025:22:04:05 -0400] "GET /info.php HTTP/1.1" 404 14952 "-" "-"
52.169.1.71 - - [20/Jun/2025:22:04:06 -0400] "GET /gecko.php HTTP/1.1" 404 14952 "-" "-"
52.169.1.71 - - [20/Jun/2025:22:04:07 -0400] "GET /admin/controller/extension/extension/ultra.php HTTP/1.1" 404 14933 "-" "-"
52.169.1.71 - - [20/Jun/2025:22:04:08 -0400] "GET /classwithtostring.php HTTP/1.1" 404 14952 "-" "-"
52.169.1.71 - - [20/Jun/2025:22:04:09 -0400] "GET /chosen HTTP/1.1" 404 14952 "-" "-"
52.169.1.71 - - [20/Jun/2025:22:04:10 -0400] "GET /item.php HTTP/1.1" 404 14952 "-" "-"
52.169.1.71 - - [20/Jun/2025:22:04:11 -0400] "GET /x.php HTTP/1.1" 404 14952 "-" "-"
52.169.1.71 - - [20/Jun/2025:22:04:11 -0400] "GET /k.php HTTP/1.1" 404 14952 "-" "-"
52.169.1.71 - - [20/Jun/2025:22:04:12 -0400] "GET /wp-content.php.php HTTP/1.1" 404 14952 "-" "-"
52.169.1.71 - - [20/Jun/2025:22:04:13 -0400] "GET /f35.php HTTP/1.1" 404 14952 "-" "-"
52.169.1.71 - - [20/Jun/2025:22:04:14 -0400] "GET /cux.php HTTP/1.1" 404 14952 "-" "-"
52.169.1.71 - - [20/Jun/2025:22:04:14 -0400] "GET /fix.php HTTP/1.1" 404 14933 "-" "-"
52.169.1.71 - - [20/Jun/2025:22:04:16 -0400] "GET /headers.php HTTP/1.1" 404 14952 "-" "-"
162.241.102.44 - - [20/Jun/2025:22:06:42 -0400] "POST /xmlrpc.php HTTP/1.1" 403 1242 "https://socialdigiinnovator.com" "Mozilla/5.0 (Windows NT 10.0; Win64; x64) AppleWebKit/537.36 (KHTML, like Gecko) Chrome/114.0.5735.134 Safari/537.36"
198.54.114.35 - - [20/Jun/2025:22:10:21 -0400] "POST /wp-cron.php?doing_wp_cron=1750471821.7261879444122314453125 HTTP/1.1" 200 0 "-" "WordPress/6.8.1; https://socialdigiinnovator.com"
198.54.114.35 - - [20/Jun/2025:22:10:21 -0400] "POST /wp-cron.php?doing_wp_cron=1750471821.7262029647827148437500 HTTP/1.1" 200 0 "-" "WordPress/6.8.1; https://socialdigiinnovator.com"
196.251.73.55 - - [20/Jun/2025:22:10:20 -0400] "GET /goozppuo.php?Fox=d3wL7 HTTP/1.1" 404 14952 "www.google.com" "Mozilla/5.0 (Linux; Android 7.0; SM-G892A Bulid/NRD90M; wv) AppleWebKit/537.36 (KHTML, like Gecko) Version/4.0 Chrome/60.0.3112.107 Moblie Safari/537.36"
196.251.73.55 - - [20/Jun/2025:22:10:20 -0400] "GET /wp-content/themes/seotheme/db.php?u HTTP/1.1" 404 14952 "www.google.com" "Mozlila/5.0 (Linux; Android 7.0; SM-G892A Bulid/NRD90M; wv) AppleWebKit/537.36 (KHTML, like Gecko) Version/4.0 Chrome/60.0.3112.107 Moblie Safari/537.36"
198.54.114.35 - - [20/Jun/2025:22:01:52 -0400] "POST /wp-cron.php?doing_wp_cron=1750471312.2846410274505615234375 HTTP/1.1" 200 0 "-" "WordPress/6.8.1; https://socialdigiinnovator.com"
157.245.159.84 - - [20/Jun/2025:22:01:50 -0400] "GET /wp-content/plugins/WordPressCore/include.php HTTP/1.1" 404 14952 "-" "ShellBot 2.0"
157.245.159.84 - - [20/Jun/2025:22:02:01 -0400] "GET /wp-content/plugins/WordPressCore-1/include.php HTTP/1.1" 404 14933 "-" "ShellBot 2.0"
157.245.159.84 - - [20/Jun/2025:22:02:10 -0400] "GET /wp-content/themes/include.php HTTP/1.1" 404 14952 "-" "ShellBot 2.0"
198.54.114.35 - - [20/Jun/2025:22:02:47 -0400] "POST /wp-cron.php?doing_wp_cron=1750471367.5807199478149414062500 HTTP/1.1" 200 0 "-" "WordPress/6.8.1; https://socialdigiinnovator.com"
157.245.159.84 - - [20/Jun/2025:22:02:56 -0400] "GET /wp-content/plugins/HelloDollyV2-1/hello_dolly_v2.php HTTP/1.1" 404 14952 "-" "ShellBot 2.0"
137.184.199.230 - - [20/Jun/2025:22:03:18 -0400] "GET / HTTP/1.1" 200 21728 "-" "Mozilla/5.0 (X11; Linux x86_64; rv:137.0) Gecko/20100101 Firefox/137.0"
157.245.159.84 - - [20/Jun/2025:22:03:25 -0400] "GET /wp-includes/images/hello_dolly_v2.php HTTP/1.1" 404 14952 "-" "ShellBot 2.0"
157.245.159.84 - - [20/Jun/2025:22:03:34 -0400] "GET /wp-includes/widgets/hello_dolly_v2.php HTTP/1.1" 404 14952 "-" "ShellBot 2.0"
198.54.114.35 - - [20/Jun/2025:22:04:01 -0400] "POST /wp-cron.php?doing_wp_cron=1750471441.4904630184173583984375 HTTP/1.1" 200 0 "-" "WordPress/6.8.1; https://socialdigiinnovator.com"
52.169.1.71 - - [20/Jun/2025:22:04:02 -0400] "GET /admin.php HTTP/1.1" 404 14952 "-" "-"
52.169.1.71 - - [20/Jun/2025:22:04:03 -0400] "GET /autoload_classmap.php HTTP/1.1" 404 14952 "-" "-"
52.169.1.71 - - [20/Jun/2025:22:04:04 -0400] "GET /xxx.php HTTP/1.1" 404 14952 "-" "-"
52.169.1.71 - - [20/Jun/2025:22:04:04 -0400] "GET /NewFile.php HTTP/1.1" 404 14952 "-" "-"
52.169.1.71 - - [20/Jun/2025:22:04:05 -0400] "GET /css.php HTTP/1.1" 404 14952 "-" "-"
52.169.1.71 - - [20/Jun/2025:22:04:08 -0400] "GET /ioxi-o.php HTTP/1.1" 404 14952 "-" "-"
52.169.1.71 - - [20/Jun/2025:22:04:09 -0400] "GET /cong.php HTTP/1.1" 404 14952 "-" "-"
52.169.1.71 - - [20/Jun/2025:22:04:12 -0400] "GET /wp-fmfile.php HTTP/1.1" 404 14933 "-" "-"
52.169.1.71 - - [20/Jun/2025:22:04:13 -0400] "GET /.well-known/pki-validation/cux.php HTTP/1.1" 404 1251 "-" "-"
52.169.1.71 - - [20/Jun/2025:22:04:14 -0400] "GET /php8.php HTTP/1.1" 404 14952 "-" "-"
