172.192.35.53 - - [20/Jun/2025:16:56:41 -0400] "GET /xmrlpc.php HTTP/1.1" 404 14951 "-" "-"
172.192.35.53 - - [20/Jun/2025:16:56:42 -0400] "GET /wp-includes/fonts/index.php HTTP/1.1" 301 0 "-" "-"
172.192.35.53 - - [20/Jun/2025:16:56:44 -0400] "GET / HTTP/1.1" 200 21735 "-" "-"
172.192.35.53 - - [20/Jun/2025:16:56:46 -0400] "GET /ebs.php7 HTTP/1.1" 404 14951 "-" "-"
172.192.35.53 - - [20/Jun/2025:16:56:47 -0400] "GET /.well-known/acme-challenge/index.php HTTP/1.1" 301 0 "-" "-"
172.192.35.53 - - [20/Jun/2025:16:56:48 -0400] "GET /.well-known/acme-challenge/ HTTP/1.1" 404 14951 "-" "-"
172.192.35.53 - - [20/Jun/2025:16:56:48 -0400] "GET /wp-admin/classwithtostring.php HTTP/1.1" 404 14951 "-" "-"
172.192.35.53 - - [20/Jun/2025:16:56:49 -0400] "GET /css.php HTTP/1.1" 404 14951 "-" "-"
172.192.35.53 - - [20/Jun/2025:16:56:49 -0400] "GET /cache-compat.php HTTP/1.1" 404 14951 "-" "-"
172.192.35.53 - - [20/Jun/2025:16:56:52 -0400] "GET /yanz.php HTTP/1.1" 404 14951 "-" "-"
172.192.35.53 - - [20/Jun/2025:16:56:53 -0400] "GET /images/chosen.php HTTP/1.1" 404 14951 "-" "-"
172.192.35.53 - - [20/Jun/2025:16:56:53 -0400] "GET /wp-includes/images/about.php HTTP/1.1" 404 14951 "-" "-"
172.192.35.53 - - [20/Jun/2025:16:56:54 -0400] "GET /wp-admin/images/ HTTP/1.1" 403 1242 "-" "-"
172.192.35.53 - - [20/Jun/2025:16:56:56 -0400] "GET /wp-includes/block-patterns/autoload_classmap.php HTTP/1.1" 404 14951 "-" "-"
172.192.35.53 - - [20/Jun/2025:16:56:57 -0400] "GET /wp-includes/Text/index.php HTTP/1.1" 301 0 "-" "-"
172.192.35.53 - - [20/Jun/2025:16:56:58 -0400] "GET /images/lmfi2.php HTTP/1.1" 404 14951 "-" "-"
172.192.35.53 - - [20/Jun/2025:16:56:59 -0400] "GET /wp-admin/admin-post.php HTTP/1.1" 200 0 "-" "-"
172.192.35.53 - - [20/Jun/2025:16:57:00 -0400] "GET /config.php HTTP/1.1" 404 14951 "-" "-"
172.192.35.53 - - [20/Jun/2025:16:57:01 -0400] "GET /plugins.php HTTP/1.1" 404 14951 "-" "-"
172.192.35.53 - - [20/Jun/2025:16:57:03 -0400] "GET /wp-includes/certificates/index.php HTTP/1.1" 301 0 "-" "-"
172.192.35.53 - - [20/Jun/2025:16:57:03 -0400] "GET /wp-includes/certificates/ HTTP/1.1" 403 1242 "-" "-"
172.192.35.53 - - [20/Jun/2025:16:57:04 -0400] "GET /ini.php HTTP/1.1" 404 14951 "-" "-"
172.192.35.53 - - [20/Jun/2025:16:57:08 -0400] "GET /wp-includes/images/autoload_classmap.php HTTP/1.1" 404 14951 "-" "-"
172.192.35.53 - - [20/Jun/2025:16:57:09 -0400] "GET /shell20211028.php HTTP/1.1" 404 14951 "-" "-"
172.192.35.53 - - [20/Jun/2025:16:57:09 -0400] "GET /wp-includes/ID3/index.php HTTP/1.1" 301 0 "-" "-"
172.192.35.53 - - [20/Jun/2025:16:57:11 -0400] "GET /13.php HTTP/1.1" 404 14951 "-" "-"
172.192.35.53 - - [20/Jun/2025:16:57:11 -0400] "GET /file.php HTTP/1.1" 404 14951 "-" "-"
172.192.35.53 - - [20/Jun/2025:16:57:12 -0400] "GET /goat1.php HTTP/1.1" 404 14951 "-" "-"
172.192.35.53 - - [20/Jun/2025:16:57:12 -0400] "GET /.well-known/content.php HTTP/1.1" 404 14951 "-" "-"
172.192.35.53 - - [20/Jun/2025:16:57:14 -0400] "GET /wp-links.php HTTP/1.1" 404 14951 "-" "-"
172.192.35.53 - - [20/Jun/2025:16:57:15 -0400] "GET /wp-content/themes/wp-pridmag/up.php HTTP/1.1" 404 14951 "-" "-"
172.192.35.53 - - [20/Jun/2025:16:57:15 -0400] "GET /wp-admin/index.php HTTP/1.1" 302 0 "-" "-"
172.192.35.53 - - [20/Jun/2025:16:57:16 -0400] "GET /wp-login.php?redirect_to=https%3A%2F%2Fsocialdigiinnovator.com%2Fwp-admin%2Findex.php&reauth=1 HTTP/1.1" 302 0 "-" "-"
172.192.35.53 - - [20/Jun/2025:16:57:16 -0400] "GET /404 HTTP/1.1" 404 14951 "-" "-"
172.192.35.53 - - [20/Jun/2025:16:57:17 -0400] "GET /wp-content/themes/twentytwentytwo/alfa-rex.php HTTP/1.1" 404 14938 "-" "-"
172.192.35.53 - - [20/Jun/2025:16:57:18 -0400] "GET /wp-admin/css/colors/blue/moon.php HTTP/1.1" 404 14951 "-" "-"
172.192.35.53 - - [20/Jun/2025:16:57:18 -0400] "GET /dropdown.php HTTP/1.1" 404 14938 "-" "-"
172.192.35.53 - - [20/Jun/2025:16:57:19 -0400] "GET /.well-known/acme-challenge/classwithtostring.php HTTP/1.1" 404 14951 "-" "-"
172.192.35.53 - - [20/Jun/2025:16:57:20 -0400] "GET /wp-content/plugins/Cache/footer.php HTTP/1.1" 404 14951 "-" "-"
172.192.35.53 - - [20/Jun/2025:16:57:21 -0400] "GET /wp-mail.php HTTP/1.1" 403 958 "-" "-"
172.192.35.53 - - [20/Jun/2025:16:57:22 -0400] "GET /user.php HTTP/1.1" 404 14938 "-" "-"
172.192.35.53 - - [20/Jun/2025:16:57:23 -0400] "GET /wp-content/plugins/google-seo-rank/module.php HTTP/1.1" 404 14951 "-" "-"
172.192.35.53 - - [20/Jun/2025:16:57:23 -0400] "GET /wp-includes/theme-compat/index.php HTTP/1.1" 301 0 "-" "-"
172.192.35.53 - - [20/Jun/2025:16:57:24 -0400] "GET /wp-includes/theme-compat/ HTTP/1.1" 403 1242 "-" "-"
172.192.35.53 - - [20/Jun/2025:16:57:24 -0400] "GET /wp-activate.php HTTP/1.1" 302 0 "-" "-"
172.192.35.53 - - [20/Jun/2025:16:57:24 -0400] "GET /wp-login.php?action=register HTTP/1.1" 302 0 "-" "-"
172.192.35.53 - - [20/Jun/2025:16:57:24 -0400] "GET /404 HTTP/1.1" 404 14938 "-" "-"
172.192.35.53 - - [20/Jun/2025:16:57:25 -0400] "GET /assets/plugins/jquery-file-upload/server/php/include.php HTTP/1.1" 404 14951 "-" "-"
172.192.35.53 - - [20/Jun/2025:16:57:26 -0400] "GET /wp-content/uploads/2024/ HTTP/1.1" 403 1242 "-" "-"
172.192.35.53 - - [20/Jun/2025:16:57:26 -0400] "GET /wp-includes/images/smilies/wp-login.php HTTP/1.1" 302 0 "-" "-"
172.192.35.53 - - [20/Jun/2025:16:57:26 -0400] "GET /admin-post.php HTTP/1.1" 404 14951 "-" "-"
172.192.35.53 - - [20/Jun/2025:16:57:27 -0400] "GET /wp-includes/js/crop/shell.php HTTP/1.1" 404 14951 "-" "-"
172.192.35.53 - - [20/Jun/2025:16:57:28 -0400] "GET /404 HTTP/1.1" 404 14938 "-" "-"
172.192.35.53 - - [20/Jun/2025:16:57:29 -0400] "GET /wp-blog-header.php HTTP/1.1" 404 0 "-" "-"
172.192.35.53 - - [20/Jun/2025:16:57:30 -0400] "GET /content.php HTTP/1.1" 404 14951 "-" "-"
172.192.35.53 - - [20/Jun/2025:16:57:30 -0400] "GET /fw.php HTTP/1.1" 404 14951 "-" "-"
172.192.35.53 - - [20/Jun/2025:16:57:31 -0400] "GET /404 HTTP/1.1" 404 14951 "-" "-"
172.192.35.53 - - [20/Jun/2025:16:57:32 -0400] "GET /wp-p.php7 HTTP/1.1" 404 14951 "-" "-"
172.192.35.53 - - [20/Jun/2025:16:57:33 -0400] "GET /.well-known/acme-challenge/wso112233.php HTTP/1.1" 404 14951 "-" "-"
172.192.35.53 - - [20/Jun/2025:16:57:34 -0400] "GET /cgi-bin/upfile.php HTTP/1.1" 404 14951 "-" "-"
172.192.35.53 - - [20/Jun/2025:16:57:35 -0400] "GET /wp-admin/maint/buy.php HTTP/1.1" 404 14951 "-" "-"
172.192.35.53 - - [20/Jun/2025:16:57:36 -0400] "GET /wp-content/plugins/seoplugins/mar.php HTTP/1.1" 404 14951 "-" "-"
172.192.35.53 - - [20/Jun/2025:16:57:37 -0400] "GET /wp-includes/random_compat/chosen.php HTTP/1.1" 404 14951 "-" "-"
172.192.35.53 - - [20/Jun/2025:16:57:37 -0400] "GET /images/admin.php HTTP/1.1" 404 14951 "-" "-"
172.192.35.53 - - [20/Jun/2025:16:57:38 -0400] "GET /wp-includes/pomo/rk2.php HTTP/1.1" 404 14890 "-" "-"
172.192.35.53 - - [20/Jun/2025:16:57:40 -0400] "GET /footer.php HTTP/1.1" 404 14951 "-" "-"
172.192.35.53 - - [20/Jun/2025:16:57:41 -0400] "GET /wp-admin/css/colors/ HTTP/1.1" 403 1242 "-" "-"
172.192.35.53 - - [20/Jun/2025:16:57:41 -0400] "GET /wp-includes/Requests/Utility/cc.php HTTP/1.1" 404 14951 "-" "-"
198.54.114.35 - - [20/Jun/2025:16:57:42 -0400] "POST /wp-cron.php?doing_wp_cron=1750453062.4558210372924804687500 HTTP/1.1" 200 0 "-" "WordPress/6.8.1; https://socialdigiinnovator.com"
172.192.35.53 - - [20/Jun/2025:16:57:10 -0400] "GET /wp-includes/IXR/shell.php HTTP/1.1" 404 14951 "-" "-"
172.192.35.53 - - [20/Jun/2025:16:57:13 -0400] "GET /wp-admin/network/index.php HTTP/1.1" 302 0 "-" "-"
172.192.35.53 - - [20/Jun/2025:16:57:13 -0400] "GET /wp-login.php?redirect_to=https%3A%2F%2Fsocialdigiinnovator.com%2Fwp-admin%2Fnetwork%2Findex.php&reauth=1 HTTP/1.1" 302 0 "-" "-"
172.192.35.53 - - [20/Jun/2025:16:57:13 -0400] "GET /404 HTTP/1.1" 404 14951 "-" "-"
172.192.35.53 - - [20/Jun/2025:16:57:14 -0400] "GET /assets/images/about.php HTTP/1.1" 404 14951 "-" "-"
172.192.35.53 - - [20/Jun/2025:16:57:17 -0400] "GET /doc.php HTTP/1.1" 404 14951 "-" "-"
172.192.35.53 - - [20/Jun/2025:16:57:17 -0400] "GET /themes.php HTTP/1.1" 404 14951 "-" "-"
172.192.35.53 - - [20/Jun/2025:16:57:20 -0400] "GET /admin/controller/extension/extension/blue.php HTTP/1.1" 404 14951 "-" "-"
172.192.35.53 - - [20/Jun/2025:16:57:21 -0400] "GET /hoot.php HTTP/1.1" 404 14951 "-" "-"
172.192.35.53 - - [20/Jun/2025:16:57:22 -0400] "GET /wp-content/themes/sketch/404.php HTTP/1.1" 404 14951 "-" "-"
172.192.35.53 - - [20/Jun/2025:16:57:25 -0400] "GET /wp-content/uploads/2024/index.php HTTP/1.1" 301 0 "-" "-"
172.192.35.53 - - [20/Jun/2025:16:57:26 -0400] "GET /404 HTTP/1.1" 404 14951 "-" "-"
172.192.35.53 - - [20/Jun/2025:16:57:28 -0400] "GET /adminfuns.php7 HTTP/1.1" 404 14938 "-" "-"
172.192.35.53 - - [20/Jun/2025:16:57:28 -0400] "GET /wp-includes/style-engine/wp-login.php HTTP/1.1" 302 0 "-" "-"
172.192.35.53 - - [20/Jun/2025:16:57:29 -0400] "GET /admin/function.php HTTP/1.1" 404 14951 "-" "-"
172.192.35.53 - - [20/Jun/2025:16:57:31 -0400] "GET /wp.php HTTP/1.1" 404 14951 "-" "-"
172.192.35.53 - - [20/Jun/2025:16:57:31 -0400] "GET /wp-login.php HTTP/1.1" 302 0 "-" "-"
172.192.35.53 - - [20/Jun/2025:16:57:32 -0400] "GET /shell.php HTTP/1.1" 404 14951 "-" "-"
172.192.35.53 - - [20/Jun/2025:16:57:34 -0400] "GET /wp-admin/css/colors/classwithtostring.php HTTP/1.1" 404 14951 "-" "-"
172.192.35.53 - - [20/Jun/2025:16:57:35 -0400] "GET /wp-content/plugins/pwnd/classwithtostring.php HTTP/1.1" 404 14951 "-" "-"
172.192.35.53 - - [20/Jun/2025:16:57:36 -0400] "GET /wp-includes/sodium_compat/autoload_classmap.php/wp-includes/images/smilies/about.php HTTP/1.1" 404 14951 "-" "-"
172.192.35.53 - - [20/Jun/2025:16:57:38 -0400] "GET /wp-includes/autoload_classmap.php HTTP/1.1" 404 14951 "-" "-"
172.192.35.53 - - [20/Jun/2025:16:57:39 -0400] "GET /wp-sigunq.php HTTP/1.1" 404 14951 "-" "-"
172.192.35.53 - - [20/Jun/2025:16:57:39 -0400] "GET /wp-content/content.php HTTP/1.1" 404 14951 "-" "-"
172.192.35.53 - - [20/Jun/2025:16:57:40 -0400] "GET /wp-admin/css/colors/index.php HTTP/1.1" 301 0 "-" "-"
172.192.35.53 - - [20/Jun/2025:16:57:41 -0400] "GET /wp-content/upgrade-temp-backup/ty.php HTTP/1.1" 404 14951 "-" "-"
172.192.35.53 - - [20/Jun/2025:16:57:43 -0400] "GET /wp-content/json.php HTTP/1.1" 404 14951 "-" "-"
172.192.35.53 - - [20/Jun/2025:16:57:45 -0400] "GET /wp-admin/js/chosen.php HTTP/1.1" 404 14951 "-" "-"
172.192.35.53 - - [20/Jun/2025:16:57:46 -0400] "GET /wp-comments-post.php HTTP/1.1" 405 0 "-" "-"
172.192.35.53 - - [20/Jun/2025:16:57:47 -0400] "GET /alfa-rex.php7 HTTP/1.1" 404 14951 "-" "-"
172.192.35.53 - - [20/Jun/2025:16:57:48 -0400] "GET /wp-2019.php HTTP/1.1" 404 14951 "-" "-"
172.192.35.53 - - [20/Jun/2025:16:57:49 -0400] "GET /alfanew2.php7 HTTP/1.1" 404 14951 "-" "-"
172.192.35.53 - - [20/Jun/2025:16:57:49 -0400] "GET /wp-load.php HTTP/1.1" 200 0 "-" "-"
172.192.35.53 - - [20/Jun/2025:16:57:49 -0400] "GET /wp-content/plugins/core-plugin/file-manager.php HTTP/1.1" 404 14951 "-" "-"
172.192.35.53 - - [20/Jun/2025:16:57:50 -0400] "GET /wp-includes/Text/Diff/Engine/index.php HTTP/1.1" 301 0 "-" "-"
172.192.35.53 - - [20/Jun/2025:16:57:50 -0400] "GET /assets/edit.php HTTP/1.1" 404 14951 "-" "-"
172.192.35.53 - - [20/Jun/2025:16:57:52 -0400] "GET /wp-includes/Requests/file.php HTTP/1.1" 404 14951 "-" "-"
172.192.35.53 - - [20/Jun/2025:16:57:54 -0400] "GET /bg/xmrlpc.php HTTP/1.1" 404 14951 "-" "-"
172.192.35.53 - - [20/Jun/2025:16:57:54 -0400] "GET /.well-knownold/inputs.php HTTP/1.1" 404 14951 "-" "-"
185.191.171.15 - - [20/Jun/2025:16:58:19 -0400] "GET /product/0011443132.html HTTP/1.1" 404 14938 "-" "Mozilla/5.0 (compatible; SemrushBot/7~bl; +http://www.semrush.com/bot.html)"
40.77.190.175 - - [20/Jun/2025:17:03:08 -0400] "GET /wp-content/plugins/elementor/assets/js/shared-frontend-handlers.30dc2f9c080845a413a6.bundle.min.js HTTP/1.1" 304 0 "-" "Mozilla/5.0 AppleWebKit/537.36 (KHTML, like Gecko; compatible; bingbot/2.0; +http://www.bing.com/bingbot.htm) Chrome/100.0.4896.127 Safari/537.36"
40.77.190.151 - - [20/Jun/2025:17:03:08 -0400] "GET /wp-content/plugins/elementor/assets/js/image-carousel.6167d20b95b33386757b.bundle.min.js HTTP/1.1" 304 0 "-" "Mozilla/5.0 AppleWebKit/537.36 (KHTML, like Gecko; compatible; bingbot/2.0; +http://www.bing.com/bingbot.htm) Chrome/100.0.4896.127 Safari/537.36"
40.77.190.172 - - [20/Jun/2025:17:03:08 -0400] "GET /wp-content/plugins/elementor/assets/js/section-frontend-handlers.d85ab872da118940910d.bundle.min.js HTTP/1.1" 304 0 "-" "Mozilla/5.0 AppleWebKit/537.36 (KHTML, like Gecko; compatible; bingbot/2.0; +http://www.bing.com/bingbot.htm) Chrome/100.0.4896.127 Safari/537.36"
172.192.35.53 - - [20/Jun/2025:16:57:42 -0400] "GET /wsoyanz.php HTTP/1.1" 404 14951 "-" "-"
172.192.35.53 - - [20/Jun/2025:16:57:42 -0400] "GET /wp-content/themes/astra/inc/network.php HTTP/1.1" 404 14951 "-" "-"
172.192.35.53 - - [20/Jun/2025:16:57:44 -0400] "GET /images/about.php HTTP/1.1" 404 14951 "-" "-"
172.192.35.53 - - [20/Jun/2025:16:57:44 -0400] "GET /wp-conflg.php HTTP/1.1" 404 14951 "-" "-"
172.192.35.53 - - [20/Jun/2025:16:57:45 -0400] "GET /wp-includes/html-api/alfa-rex.php HTTP/1.1" 404 14951 "-" "-"
172.192.35.53 - - [20/Jun/2025:16:57:46 -0400] "GET /wp-admin/network/shell.php HTTP/1.1" 404 14951 "-" "-"
172.192.35.53 - - [20/Jun/2025:16:57:46 -0400] "GET /wp-includes/certificates/about.php HTTP/1.1" 404 14951 "-" "-"
172.192.35.53 - - [20/Jun/2025:16:57:48 -0400] "GET /wp-includes/sodium_compat/alfa-rex.php HTTP/1.1" 404 14938 "-" "-"
172.192.35.53 - - [20/Jun/2025:16:57:50 -0400] "GET /wp-includes/Text/Diff/Engine/ HTTP/1.1" 403 1242 "-" "-"
172.192.35.53 - - [20/Jun/2025:16:57:51 -0400] "GET /ae.php HTTP/1.1" 404 14951 "-" "-"
172.192.35.53 - - [20/Jun/2025:16:57:51 -0400] "GET /wp-content/themes/astra/inc/fm.php HTTP/1.1" 404 14951 "-" "-"
172.192.35.53 - - [20/Jun/2025:16:57:52 -0400] "GET /log.php HTTP/1.1" 404 14951 "-" "-"
172.192.35.53 - - [20/Jun/2025:16:57:53 -0400] "GET /wp-admin/user/chosen.php HTTP/1.1" 404 14951 "-" "-"
185.191.171.8 - - [20/Jun/2025:16:58:12 -0400] "GET /robots.txt HTTP/1.1" 200 102 "-" "Mozilla/5.0 (compatible; SemrushBot/7~bl; +http://www.semrush.com/bot.html)"
54.82.219.226 - - [20/Jun/2025:17:00:38 -0400] "POST /xmlrpc.php HTTP/1.1" 403 1242 "https://socialdigiinnovator.com" "Mozilla/5.0 (Macintosh; Intel Mac OS X 13.3; rv:126.0) Gecko/20100101 Firefox/126.0"
40.77.188.226 - - [20/Jun/2025:17:03:08 -0400] "GET /wp-content/plugins/elementor/assets/js/text-editor.c084ef86600b6f11690d.bundle.min.js HTTP/1.1" 304 0 "-" "Mozilla/5.0 AppleWebKit/537.36 (KHTML, like Gecko; compatible; bingbot/2.0; +http://www.bing.com/bingbot.htm) Chrome/100.0.4896.127 Safari/537.36"
198.54.114.35 - - [20/Jun/2025:17:08:46 -0400] "POST /wp-cron.php?doing_wp_cron=1750453726.2748310565948486328125 HTTP/1.1" 200 0 "-" "WordPress/6.8.1; https://socialdigiinnovator.com"
43.153.74.75 - - [20/Jun/2025:17:11:25 -0400] "GET / HTTP/1.1" 301 0 "http://www.socialdigiinnovator.com" "Mozilla/5.0 (iPhone; CPU iPhone OS 13_2_3 like Mac OS X) AppleWebKit/605.1.15 (KHTML, like Gecko) Version/13.0.3 Mobile/15E148 Safari/604.1"
2402:1f00:8007:f500:: - - [20/Jun/2025:17:05:16 -0400] "POST /xmlrpc.php HTTP/1.1" 403 1242 "https://socialdigiinnovator.com" "Mozilla/5.0 (Windows NT 10.0; Win64; x64) AppleWebKit/537.36 (KHTML, like Gecko) Chrome/115.0.5790.171 Safari/537.36 Edg/115.0.1901.203"
185.191.171.16 - - [20/Jun/2025:17:08:43 -0400] "GET /word-for-word436/cebffd10540.html HTTP/1.1" 404 14951 "-" "Mozilla/5.0 (compatible; SemrushBot/7~bl; +http://www.semrush.com/bot.html)"
165.22.60.170 - - [20/Jun/2025:17:09:53 -0400] "POST /xmlrpc.php HTTP/1.1" 403 1242 "https://socialdigiinnovator.com" "Mozilla/5.0 (Windows NT 10.0; Win64; x64) AppleWebKit/537.36 (KHTML, like Gecko) Chrome/116.0.5845.96 Safari/537.36"
198.54.114.35 - - [20/Jun/2025:17:11:26 -0400] "POST /wp-cron.php?doing_wp_cron=1750453886.5816531181335449218750 HTTP/1.1" 200 0 "-" "WordPress/6.8.1; https://socialdigiinnovator.com"
43.153.74.75 - - [20/Jun/2025:17:11:27 -0400] "GET / HTTP/1.1" 200 21730 "https://www.socialdigiinnovator.com/" "Mozilla/5.0 (iPhone; CPU iPhone OS 13_2_3 like Mac OS X) AppleWebKit/605.1.15 (KHTML, like Gecko) Version/13.0.3 Mobile/15E148 Safari/604.1"
2605:6f00:1234:700:1::9c - - [20/Jun/2025:17:19:03 -0400] "POST /xmlrpc.php HTTP/1.1" 403 1242 "https://socialdigiinnovator.com" "Mozilla/5.0 (Windows NT 10.0; Win64; x64; rv:127.0) Gecko/20100101 Firefox/127.0"
66.29.137.129 - - [20/Jun/2025:17:23:41 -0400] "POST /xmlrpc.php HTTP/1.1" 403 1242 "https://socialdigiinnovator.com" "Mozilla/5.0 (Macintosh; Intel Mac OS X 14_4_1) AppleWebKit/605.1.15 (KHTML, like Gecko) Version/17.3.1 Safari/605.1.15"
50.6.197.212 - - [20/Jun/2025:17:14:28 -0400] "POST /xmlrpc.php HTTP/1.1" 403 1242 "https://socialdigiinnovator.com" "Mozilla/5.0 (Windows NT 11.0; Win64; x64) AppleWebKit/537.36 (KHTML, like Gecko) Chrome/126.0.0.0 Safari/537.36 Edg/126.0.0.0"
178.20.47.92 - - [20/Jun/2025:17:33:12 -0400] "GET /sdi-services-catalog-ebook/ HTTP/1.1" 200 15748 "-" "Mozilla/5.0 (Macintosh; Intel Mac OS X 10_15_7) AppleWebKit/537.36 (KHTML, like Gecko) Chrome/133.0.0.0 Safari/537.36"
37.130.19.35 - - [20/Jun/2025:17:33:14 -0400] "POST /sdi-services-catalog-ebook/ HTTP/1.1" 200 15734 "-" "Mozilla/5.0 (Macintosh; Intel Mac OS X 10_15_7) AppleWebKit/537.36 (KHTML, like Gecko) Chrome/133.0.0.0 Safari/537.36"
37.130.19.35 - - [20/Jun/2025:17:33:15 -0400] "POST /sdi-services-catalog-ebook/ HTTP/1.1" 200 15748 "-" "Mozilla/5.0 (Windows NT 10.0; Win64; x64) AppleWebKit/537.36 (KHTML, like Gecko) Chrome/120.0.0.0 Safari/537.36"
77.247.74.210 - - [20/Jun/2025:17:37:29 -0400] "POST /xmlrpc.php HTTP/1.1" 403 1242 "https://socialdigiinnovator.com" "Mozilla/5.0 (Windows NT 10.0; Win64; x64) AppleWebKit/537.36 (KHTML, like Gecko) Chrome/113.0.5672.126 Safari/537.36 Edg/113.0.1774.50"
2600:3c09::f03c:95ff:fe52:bde7 - - [20/Jun/2025:17:25:13 -0400] "POST /xmlrpc.php HTTP/1.1" 403 1242 "-" "Mozilla/5.0 (X11; Ubuntu; Linux x86_64; rv:85.0) Gecko/20100101 Firefox/91.0"
34.138.248.80 - - [20/Jun/2025:17:27:51 -0400] "GET /wp-content/plugins/depicter/resources/scripts/player/ HTTP/1.1" 403 1242 "-" "Mozilla/5.0/(X11; Linux x86_64) AppleWebKit/537.36 (KHTML, like Gecko) Chrome/125.0.0.0 Safari/537.36"
160.30.113.129 - - [20/Jun/2025:17:28:17 -0400] "POST /xmlrpc.php HTTP/1.1" 403 1242 "https://socialdigiinnovator.com" "Mozilla/5.0 (Macintosh; Intel Mac OS X 10_15_7) AppleWebKit/537.36 (KHTML, like Gecko) Chrome/115.0.5790.102 Safari/537.36"
80.94.97.38 - - [20/Jun/2025:17:32:52 -0400] "POST /xmlrpc.php HTTP/1.1" 403 1242 "https://socialdigiinnovator.com" "Mozilla/5.0 (Windows NT 10.0; Win64; x64; rv:129.0) Gecko/20100101 Firefox/129.0"
198.54.114.35 - - [20/Jun/2025:17:33:08 -0400] "POST /wp-cron.php?doing_wp_cron=1750455188.4343709945678710937500 HTTP/1.1" 200 0 "-" "WordPress/6.8.1; https://socialdigiinnovator.com"
178.20.47.92 - - [20/Jun/2025:17:33:04 -0400] "GET / HTTP/1.1" 200 21730 "-" "Mozilla/5.0 (Macintosh; Intel Mac OS X 10_15_7) AppleWebKit/537.36 (KHTML, like Gecko) Chrome/133.0.0.0 Safari/537.36"
178.20.47.92 - - [20/Jun/2025:17:33:10 -0400] "GET /blog/ HTTP/1.1" 200 14552 "-" "Mozilla/5.0 (Macintosh; Intel Mac OS X 10_15_7) AppleWebKit/537.36 (KHTML, like Gecko) Chrome/133.0.0.0 Safari/537.36"
178.20.47.92 - - [20/Jun/2025:17:33:11 -0400] "GET /technical-services/website-design-and-development/ HTTP/1.1" 200 15576 "-" "Mozilla/5.0 (Macintosh; Intel Mac OS X 10_15_7) AppleWebKit/537.36 (KHTML, like Gecko) Chrome/133.0.0.0 Safari/537.36"
198.54.114.35 - - [20/Jun/2025:17:41:47 -0400] "POST /wp-cron.php?doing_wp_cron=1750455707.6497790813446044921875 HTTP/1.1" 200 0 "-" "WordPress/6.8.1; https://socialdigiinnovator.com"
93.177.118.181 - - [20/Jun/2025:17:49:26 -0400] "GET /blog/ HTTP/1.1" 200 14554 "https://socialdigiinnovator.com/blog/" "Mozilla/5.0 (Windows NT 10.0; Win64; x64) AppleWebKit/537.36 (KHTML, like Gecko) Chrome/130.0.0.0 Safari/537.36 CCleaner/130.0.0.0"
93.177.118.181 - - [20/Jun/2025:17:49:28 -0400] "GET /virtual-assistant-services/community-management/ HTTP/1.1" 200 15827 "https://socialdigiinnovator.com/virtual-assistant-services/community-management/" "Mozilla/5.0 (Windows NT 10.0; Win64; x64) AppleWebKit/537.36 (KHTML, like Gecko) Chrome/130.0.0.0 Safari/537.36 CCleaner/130.0.0.0"
2a03:2880:f800:5:: - - [20/Jun/2025:17:41:45 -0400] "GET /yasir-saleem-dhr/ HTTP/1.1" 200 16421 "-" "meta-externalagent/1.1 (+https://developers.facebook.com/docs/sharing/webmasters/crawler)"
81.93.64.34 - - [20/Jun/2025:17:42:10 -0400] "POST /xmlrpc.php HTTP/1.1" 403 1242 "https://socialdigiinnovator.com" "Mozilla/5.0 (Macintosh; Intel Mac OS X 13_3) AppleWebKit/537.36 (KHTML, like Gecko) Chrome/126.0.0.0 Safari/537.36"
149.255.62.153 - - [20/Jun/2025:17:46:48 -0400] "POST /xmlrpc.php HTTP/1.1" 403 1242 "https://socialdigiinnovator.com" "Mozilla/5.0 (Windows NT 10.0; Win64; x64) AppleWebKit/537.36 (KHTML, like Gecko) Chrome/113.0.5672.93 Safari/537.36"
198.54.114.35 - - [20/Jun/2025:17:49:22 -0400] "POST /wp-cron.php?doing_wp_cron=1750456162.7487509250640869140625 HTTP/1.1" 200 0 "-" "WordPress/6.8.1; https://socialdigiinnovator.com"
93.177.118.181 - - [20/Jun/2025:17:49:21 -0400] "GET /importance-of-a-brand1fdc-logo/ HTTP/1.1" 404 14951 "https://socialdigiinnovator.com/importance-of-a-brand1fdc-logo/" "Mozilla/5.0 (Windows NT 10.0; Win64; x64) AppleWebKit/537.36 (KHTML, like Gecko) Chrome/130.0.0.0 Safari/537.36 CCleaner/130.0.0.0"
93.177.118.181 - - [20/Jun/2025:17:49:24 -0400] "GET / HTTP/1.1" 200 21730 "https://socialdigiinnovator.com/" "Mozilla/5.0 (Windows NT 10.0; Win64; x64) AppleWebKit/537.36 (KHTML, like Gecko) Chrome/130.0.0.0 Safari/537.36 CCleaner/130.0.0.0"
78.135.85.79 - - [20/Jun/2025:17:51:28 -0400] "POST /xmlrpc.php HTTP/1.1" 403 1242 "https://socialdigiinnovator.com" "Mozilla/5.0 (Macintosh; Intel Mac OS X 10_15_7) AppleWebKit/537.36 (KHTML, like Gecko) Chrome/126.0.0.0 Safari/537.36"
2a06:6440:0:2caa::1 - - [20/Jun/2025:17:56:05 -0400] "POST /xmlrpc.php HTTP/1.1" 403 1242 "https://socialdigiinnovator.com" "Mozilla/5.0 (Windows NT 10.0; Win64; x64; rv:128.0) Gecko/20100101 Firefox/128.0"
81.0.247.156 - - [20/Jun/2025:18:00:50 -0400] "POST /xmlrpc.php HTTP/1.1" 403 1242 "https://socialdigiinnovator.com" "Mozilla/5.0 (Windows NT 11.0; Win64; x64) AppleWebKit/537.36 (KHTML, like Gecko) Chrome/126.0.0.0 Safari/537.36 Edg/126.0.0.0"
59.110.47.144 - - [20/Jun/2025:18:05:38 -0400] "POST /xmlrpc.php HTTP/1.1" 403 1242 "https://socialdigiinnovator.com" "Mozilla/5.0 (Windows NT 10.0; Win64; x64) AppleWebKit/537.36 (KHTML, like Gecko) Chrome/113.0.5672.93 Safari/537.36"
2402:1f00:8007:f500:: - - [20/Jun/2025:18:10:16 -0400] "POST /xmlrpc.php HTTP/1.1" 403 1242 "https://socialdigiinnovator.com" "Mozilla/5.0 (Macintosh; Intel Mac OS X 10_15_7) AppleWebKit/537.36 (KHTML, like Gecko) Chrome/115.0.5790.102 Safari/537.36"
198.54.114.35 - - [20/Jun/2025:18:14:37 -0400] "POST /wp-cron.php?doing_wp_cron=1750457676.9632129669189453125000 HTTP/1.1" 200 0 "-" "WordPress/6.8.1; https://socialdigiinnovator.com"
35.227.59.225 - - [20/Jun/2025:18:14:34 -0400] "GET /robots.txt HTTP/1.1" 200 102 "-" "Mozilla/5.0/(X11; Linux x86_64) AppleWebKit/537.36 (KHTML, like Gecko) Chrome/125.0.0.0 Safari/537.36"
35.227.59.225 - - [20/Jun/2025:18:14:37 -0400] "GET /wp-content/plugins/depicter/resources/scripts/player/ HTTP/1.1" 403 1242 "-" "Mozilla/5.0/(X11; Linux x86_64) AppleWebKit/537.36 (KHTML, like Gecko) Chrome/125.0.0.0 Safari/537.36"
198.54.114.35 - - [20/Jun/2025:18:18:22 -0400] "POST /wp-cron.php?doing_wp_cron=1750457902.8190140724182128906250 HTTP/1.1" 200 0 "-" "WordPress/6.8.1; https://socialdigiinnovator.com"
103.132.20.2 - - [20/Jun/2025:18:29:06 -0400] "POST /xmlrpc.php HTTP/1.1" 403 1242 "https://socialdigiinnovator.com" "Mozilla/5.0 (Macintosh; Intel Mac OS X 10_15_7) AppleWebKit/537.36 (KHTML, like Gecko) Chrome/116.0.5845.96 Safari/537.36"
34.222.111.25 - - [20/Jun/2025:18:29:17 -0400] "POST /xmlrpc.php HTTP/1.1" 403 1242 "-" "Mozilla/5.0 (X11; Ubuntu; Linux x86_64; rv:85.0) Gecko/20100101 Firefox/91.0"
75.119.144.123 - - [20/Jun/2025:18:14:57 -0400] "POST /xmlrpc.php HTTP/1.1" 403 1242 "https://socialdigiinnovator.com" "Mozilla/5.0 (Windows NT 10.0; Win64; x64; rv:127.0) Gecko/20100101 Firefox/127.0"
198.54.114.35 - - [20/Jun/2025:18:15:49 -0400] "POST /wp-cron.php?doing_wp_cron=1750457749.4589619636535644531250 HTTP/1.1" 200 0 "-" "WordPress/6.8.1; https://socialdigiinnovator.com"
18.119.127.15 - - [20/Jun/2025:18:15:49 -0400] "GET / HTTP/1.1" 200 21735 "http://socialdigiinnovator.com" "Mozilla/5.0 (Macintosh; Intel Mac OS X 10_15_7) AppleWebKit/537.36 (KHTML, like Gecko) Chrome/137.0.0.0 Safari/537.36"
93.123.109.122 - - [20/Jun/2025:18:18:21 -0400] "GET / HTTP/1.1" 200 0 "http://socialdigiinnovator.com:80/" "Mozilla/5.0 (Windows NT 6.1; WOW64) AppleWebKit/537.36 (KHTML, like Gecko) Chrome/47.0.2526.111 Safari/537.36"
93.123.109.122 - - [20/Jun/2025:18:18:36 -0400] "GET / HTTP/1.1" 200 21694 "-" "Mozilla/5.0 (X11; Linux x86_64) AppleWebKit/537.36 (KHTML, like Gecko) Chrome/74.0.3729.169 Safari/537.36"
91.151.95.70 - - [20/Jun/2025:18:19:43 -0400] "POST /xmlrpc.php HTTP/1.1" 403 1242 "https://socialdigiinnovator.com" "Mozilla/5.0 (Windows NT 10.0; Win64; x64; rv:126.0) Gecko/20100101 Firefox/126.0"
2a0a:4cc0:100:349:18cc:41ff:fea9:aea2 - - [20/Jun/2025:18:24:24 -0400] "POST /xmlrpc.php HTTP/1.1" 403 1242 "https://socialdigiinnovator.com" "Mozilla/5.0 (Windows NT 10.0; Win64; x64; rv:125.0.1) Gecko/20100101 Firefox/125.0.1"
198.54.114.35 - - [20/Jun/2025:18:25:10 -0400] "POST /wp-cron.php?doing_wp_cron=1750458310.4215989112854003906250 HTTP/1.1" 200 0 "-" "WordPress/6.8.1; https://socialdigiinnovator.com"
66.249.73.101 - - [20/Jun/2025:18:25:08 -0400] "GET /?page_id=4881 HTTP/1.1" 301 0 "-" "Mozilla/5.0 (Linux; Android 6.0.1; Nexus 5X Build/MMB29P) AppleWebKit/537.36 (KHTML, like Gecko) Chrome/137.0.7151.103 Mobile Safari/537.36 (compatible; Googlebot/2.1; +http://www.google.com/bot.html)"
66.249.73.100 - - [20/Jun/2025:18:25:10 -0400] "GET /blog/ HTTP/1.1" 200 14554 "-" "Mozilla/5.0 (Linux; Android 6.0.1; Nexus 5X Build/MMB29P) AppleWebKit/537.36 (KHTML, like Gecko) Chrome/137.0.7151.103 Mobile Safari/537.36 (compatible; Googlebot/2.1; +http://www.google.com/bot.html)"
78.135.87.2 - - [20/Jun/2025:18:43:19 -0400] "POST /xmlrpc.php HTTP/1.1" 403 1242 "https://socialdigiinnovator.com" "Mozilla/5.0 (Macintosh; Intel Mac OS X 10_15_7; rv:129.0) Gecko/20100101 Firefox/129.0"
185.179.24.35 - - [20/Jun/2025:18:33:48 -0400] "POST /xmlrpc.php HTTP/1.1" 403 1242 "https://socialdigiinnovator.com" "Mozilla/5.0 (Macintosh; Intel Mac OS X 10_15_7) AppleWebKit/537.36 (KHTML, like Gecko) Chrome/112.0.5615.138 Safari/537.36"
77.247.74.210 - - [20/Jun/2025:18:38:34 -0400] "POST /xmlrpc.php HTTP/1.1" 403 1242 "https://socialdigiinnovator.com" "Mozilla/5.0 (Macintosh; Intel Mac OS X 10_15_7) AppleWebKit/537.36 (KHTML, like Gecko) Chrome/116.0.5845.96 Safari/537.36"
92.222.107.113 - - [20/Jun/2025:18:48:02 -0400] "POST /xmlrpc.php HTTP/1.1" 403 1242 "https://socialdigiinnovator.com" "Mozilla/5.0 (Macintosh; Intel Mac OS X 10_15_7) AppleWebKit/537.36 (KHTML, like Gecko) Chrome/114.0.5735.134 Safari/537.36"
162.211.80.111 - - [20/Jun/2025:18:52:47 -0400] "POST /xmlrpc.php HTTP/1.1" 403 1242 "https://socialdigiinnovator.com" "Mozilla/5.0 (Macintosh; Intel Mac OS X 10_15_7; rv:127.0) Gecko/20100101 Firefox/127.0"
175.27.164.113 - - [20/Jun/2025:18:53:46 -0400] "GET / HTTP/1.1" 301 0 "http://www.socialdigiinnovator.com" "Mozilla/5.0 (iPhone; CPU iPhone OS 13_2_3 like Mac OS X) AppleWebKit/605.1.15 (KHTML, like Gecko) Version/13.0.3 Mobile/15E148 Safari/604.1"
198.54.114.35 - - [20/Jun/2025:18:55:48 -0400] "POST /wp-cron.php?doing_wp_cron=1750460148.1280300617218017578125 HTTP/1.1" 200 0 "-" "WordPress/6.8.1; https://socialdigiinnovator.com"
2001:41d0:80b:b700:: - - [20/Jun/2025:19:02:23 -0400] "POST /xmlrpc.php HTTP/1.1" 403 1242 "https://socialdigiinnovator.com" "Mozilla/5.0 (Macintosh; Intel Mac OS X 10_15_7) AppleWebKit/537.36 (KHTML, like Gecko) Chrome/115.0.5790.102 Safari/537.36"
175.27.164.113 - - [20/Jun/2025:18:53:52 -0400] "GET / HTTP/1.1" 200 21735 "https://www.socialdigiinnovator.com/" "Mozilla/5.0 (iPhone; CPU iPhone OS 13_2_3 like Mac OS X) AppleWebKit/605.1.15 (KHTML, like Gecko) Version/13.0.3 Mobile/15E148 Safari/604.1"
85.208.96.209 - - [20/Jun/2025:18:55:46 -0400] "GET /nitidous5/fafbeb52034262.html HTTP/1.1" 404 14951 "-" "Mozilla/5.0 (compatible; SemrushBot/7~bl; +http://www.semrush.com/bot.html)"
186.226.61.68 - - [20/Jun/2025:18:57:35 -0400] "POST /xmlrpc.php HTTP/1.1" 403 1242 "https://socialdigiinnovator.com" "Mozilla/5.0 (Macintosh; Intel Mac OS X 10_15_7) AppleWebKit/537.36 (KHTML, like Gecko) Chrome/116.0.5845.96 Safari/537.36"
2a01:4f8:262:511c:448:4500:252b:1 - - [20/Jun/2025:19:07:09 -0400] "POST /xmlrpc.php HTTP/1.1" 403 1242 "https://socialdigiinnovator.com" "Mozilla/5.0 (Macintosh; Intel Mac OS X 10_15_7; rv:126.0) Gecko/20100101 Firefox/126.0"
47.119.16.237 - - [20/Jun/2025:19:11:55 -0400] "POST /xmlrpc.php HTTP/1.1" 403 1242 "https://socialdigiinnovator.com" "Mozilla/5.0 (Windows NT 11.0; Win64; x64) AppleWebKit/537.36 (KHTML, like Gecko) Chrome/126.0.0.0 Safari/537.36"
40.77.167.42 - - [20/Jun/2025:19:23:28 -0400] "GET /wp-content/uploads/elementor/google-fonts/fonts/roboto-kfo7cnqeu92fr1me7ksn66agldtyluama3gubgee.woff2 HTTP/1.1" 200 35568 "-" "Mozilla/5.0 AppleWebKit/537.36 (KHTML, like Gecko; compatible; bingbot/2.0; +http://www.bing.com/bingbot.htm) Chrome/116.0.1938.76 Safari/537.36"
194.164.54.162 - - [20/Jun/2025:19:16:43 -0400] "POST /xmlrpc.php HTTP/1.1" 403 1242 "https://socialdigiinnovator.com" "Mozilla/5.0 (Windows NT 10.0; Win64; x64) AppleWebKit/537.36 (KHTML, like Gecko) Chrome/116.0.5845.96 Safari/537.36 Edg/116.0.1938.62"
204.197.172.26 - - [20/Jun/2025:19:21:27 -0400] "POST /xmlrpc.php HTTP/1.1" 403 1242 "https://socialdigiinnovator.com" "Mozilla/5.0 (Windows NT 10.0; Win64; x64) AppleWebKit/537.36 (KHTML, like Gecko) Chrome/112.0.5615.138 Safari/537.36"
54.247.141.32 - - [20/Jun/2025:19:27:59 -0400] "HEAD / HTTP/1.1" 200 0 "-" "Mozilla/5.0 (Windows NT 6.1) AppleWebKit/537.36 (KHTML, like Gecko) Chrome/41.0.2228.0 Safari/537.36"
198.54.114.35 - - [20/Jun/2025:19:28:02 -0400] "POST /wp-cron.php?doing_wp_cron=1750462082.1383819580078125000000 HTTP/1.1" 200 0 "-" "WordPress/6.8.1; https://socialdigiinnovator.com"
198.54.114.35 - - [20/Jun/2025:19:33:41 -0400] "POST /wp-cron.php?doing_wp_cron=1750462421.1306300163269042968750 HTTP/1.1" 200 0 "-" "WordPress/6.8.1; https://socialdigiinnovator.com"
66.249.73.100 - - [20/Jun/2025:19:33:38 -0400] "GET /tips-to-optimize-landing-page-for-better-conversion/ HTTP/1.1" 200 20475 "-" "Mozilla/5.0 (Linux; Android 6.0.1; Nexus 5X Build/MMB29P) AppleWebKit/537.36 (KHTML, like Gecko) Chrome/137.0.7151.103 Mobile Safari/537.36 (compatible; Googlebot/2.1; +http://www.google.com/bot.html)"
66.249.73.101 - - [20/Jun/2025:19:35:19 -0400] "GET /wp-content/uploads/elementor/google-fonts/css/roboto.css?ver=1742243672 HTTP/1.1" 200 1871 "https://socialdigiinnovator.com/tips-to-optimize-landing-page-for-better-conversion/" "Mozilla/5.0 (Linux; Android 6.0.1; Nexus 5X Build/MMB29P) AppleWebKit/537.36 (KHTML, like Gecko) Chrome/137.0.7151.68 Mobile Safari/537.36 (compatible; Googlebot/2.1; +http://www.google.com/bot.html)"
2001:67c:2070:c847::1 - - [20/Jun/2025:19:35:42 -0400] "POST /xmlrpc.php HTTP/1.1" 403 1242 "https://socialdigiinnovator.com" "Mozilla/5.0 (Windows NT 11.0; Win64; x64) AppleWebKit/537.36 (KHTML, like Gecko) Chrome/126.0.0.0 Safari/537.36 Edg/126.0.0.0"
135.125.183.119 - - [20/Jun/2025:19:41:09 -0400] "POST /xmlrpc.php HTTP/1.1" 403 1242 "-" "Mozilla/5.0 (X11; Ubuntu; Linux x86_64; rv:85.0) Gecko/20100101 Firefox/91.0"
34.79.29.39 - - [20/Jun/2025:19:41:44 -0400] "GET /robots.txt HTTP/1.1" 200 102 "http://socialdigiinnovator.com/robots.txt" "Mozilla/5.0 (compatible; VelenPublicWebCrawler/1.0; +https://velen.io)"
34.79.29.39 - - [20/Jun/2025:19:41:54 -0400] "GET /blog/ HTTP/1.1" 200 14554 "https://socialdigiinnovator.com/blog" "Mozilla/5.0 (compatible; VelenPublicWebCrawler/1.0; +https://velen.io)"
34.79.29.39 - - [20/Jun/2025:19:42:05 -0400] "GET /lg-sales-playbook HTTP/1.1" 301 0 "-" "Mozilla/5.0 (compatible; VelenPublicWebCrawler/1.0; +https://velen.io)"
34.79.29.39 - - [20/Jun/2025:19:42:10 -0400] "GET /non-technical-services HTTP/1.1" 301 0 "-" "Mozilla/5.0 (compatible; VelenPublicWebCrawler/1.0; +https://velen.io)"
103.160.95.37 - - [20/Jun/2025:19:26:12 -0400] "POST /xmlrpc.php HTTP/1.1" 403 1242 "https://socialdigiinnovator.com" "Mozilla/5.0 (Windows NT 10.0; Win64; x64; rv:125.0.1) Gecko/20100101 Firefox/125.0.1"
13.239.153.140 - - [20/Jun/2025:19:30:54 -0400] "POST /xmlrpc.php HTTP/1.1" 403 1242 "https://socialdigiinnovator.com" "Mozilla/5.0 (Macintosh; Intel Mac OS X 10_15_7) AppleWebKit/537.36 (KHTML, like Gecko) Chrome/113.0.5672.93 Safari/537.36"
66.249.73.101 - - [20/Jun/2025:19:35:16 -0400] "GET /wp-content/uploads/elementor/css/post-5652.css?ver=1749288317 HTTP/1.1" 200 197 "https://socialdigiinnovator.com/tips-to-optimize-landing-page-for-better-conversion/" "Mozilla/5.0 (Linux; Android 6.0.1; Nexus 5X Build/MMB29P) AppleWebKit/537.36 (KHTML, like Gecko) Chrome/137.0.7151.68 Mobile Safari/537.36 (compatible; Googlebot/2.1; +http://www.google.com/bot.html)"
2001:67c:2070:c847::1 - - [20/Jun/2025:19:40:28 -0400] "POST /xmlrpc.php HTTP/1.1" 403 1242 "https://socialdigiinnovator.com" "Mozilla/5.0 (Windows NT 10.0; Win64; x64) AppleWebKit/537.36 (KHTML, like Gecko) Chrome/112.0.5615.138 Safari/537.36"
198.54.114.35 - - [20/Jun/2025:19:41:46 -0400] "POST /wp-cron.php?doing_wp_cron=1750462905.9292089939117431640625 HTTP/1.1" 200 0 "-" "WordPress/6.8.1; https://socialdigiinnovator.com"
34.79.29.39 - - [20/Jun/2025:19:41:48 -0400] "GET / HTTP/1.1" 200 21735 "http://socialdigiinnovator.com" "Mozilla/5.0 (compatible; VelenPublicWebCrawler/1.0; +https://velen.io)"
34.79.29.39 - - [20/Jun/2025:19:41:51 -0400] "GET /blog HTTP/1.1" 301 0 "-" "Mozilla/5.0 (compatible; VelenPublicWebCrawler/1.0; +https://velen.io)"
34.79.29.39 - - [20/Jun/2025:19:41:56 -0400] "GET /business-dfy HTTP/1.1" 301 0 "-" "Mozilla/5.0 (compatible; VelenPublicWebCrawler/1.0; +https://velen.io)"
34.79.29.39 - - [20/Jun/2025:19:41:58 -0400] "GET /business-dfy/ HTTP/1.1" 200 15357 "https://socialdigiinnovator.com/business-dfy" "Mozilla/5.0 (compatible; VelenPublicWebCrawler/1.0; +https://velen.io)"
34.79.29.39 - - [20/Jun/2025:19:42:01 -0400] "GET /faq HTTP/1.1" 301 0 "-" "Mozilla/5.0 (compatible; VelenPublicWebCrawler/1.0; +https://velen.io)"
34.79.29.39 - - [20/Jun/2025:19:42:03 -0400] "GET /faq/ HTTP/1.1" 200 15250 "https://socialdigiinnovator.com/faq" "Mozilla/5.0 (compatible; VelenPublicWebCrawler/1.0; +https://velen.io)"
34.79.29.39 - - [20/Jun/2025:19:42:07 -0400] "GET /lg-sales-playbook/ HTTP/1.1" 200 15822 "https://socialdigiinnovator.com/lg-sales-playbook" "Mozilla/5.0 (compatible; VelenPublicWebCrawler/1.0; +https://velen.io)"
34.79.29.39 - - [20/Jun/2025:19:42:19 -0400] "GET /social-media-marketing HTTP/1.1" 301 0 "-" "Mozilla/5.0 (compatible; VelenPublicWebCrawler/1.0; +https://velen.io)"
34.79.29.39 - - [20/Jun/2025:19:42:24 -0400] "GET /sdi-services-brochure-ebook HTTP/1.1" 301 0 "-" "Mozilla/5.0 (compatible; VelenPublicWebCrawler/1.0; +https://velen.io)"
34.79.29.39 - - [20/Jun/2025:19:42:26 -0400] "GET /sdi-services-brochure-ebook/ HTTP/1.1" 200 15772 "https://socialdigiinnovator.com/sdi-services-brochure-ebook" "Mozilla/5.0 (compatible; VelenPublicWebCrawler/1.0; +https://velen.io)"
34.79.29.39 - - [20/Jun/2025:19:42:28 -0400] "GET /sdi-services-catalog-ebook HTTP/1.1" 301 0 "-" "Mozilla/5.0 (compatible; VelenPublicWebCrawler/1.0; +https://velen.io)"
34.79.29.39 - - [20/Jun/2025:19:42:31 -0400] "GET /sdi-services-catalog-ebook/ HTTP/1.1" 200 15748 "https://socialdigiinnovator.com/sdi-services-catalog-ebook" "Mozilla/5.0 (compatible; VelenPublicWebCrawler/1.0; +https://velen.io)"
34.79.29.39 - - [20/Jun/2025:19:42:33 -0400] "GET /talk HTTP/1.1" 301 0 "-" "Mozilla/5.0 (compatible; VelenPublicWebCrawler/1.0; +https://velen.io)"
34.79.29.39 - - [20/Jun/2025:19:42:35 -0400] "GET /talk/ HTTP/1.1" 200 12930 "https://socialdigiinnovator.com/talk" "Mozilla/5.0 (compatible; VelenPublicWebCrawler/1.0; +https://velen.io)"
34.79.29.39 - - [20/Jun/2025:19:42:37 -0400] "GET /virtual-assistant-services HTTP/1.1" 301 0 "-" "Mozilla/5.0 (compatible; VelenPublicWebCrawler/1.0; +https://velen.io)"
34.79.29.39 - - [20/Jun/2025:19:42:40 -0400] "GET /virtual-assistant-services/ HTTP/1.1" 200 16417 "https://socialdigiinnovator.com/virtual-assistant-services" "Mozilla/5.0 (compatible; VelenPublicWebCrawler/1.0; +https://velen.io)"
198.54.114.35 - - [20/Jun/2025:19:42:42 -0400] "POST /wp-cron.php?doing_wp_cron=1750462962.4480938911437988281250 HTTP/1.1" 200 0 "-" "WordPress/6.8.1; https://socialdigiinnovator.com"
34.79.29.39 - - [20/Jun/2025:19:42:42 -0400] "GET /virtual-assistant-services/ghl-expert HTTP/1.1" 301 0 "-" "Mozilla/5.0 (compatible; VelenPublicWebCrawler/1.0; +https://velen.io)"
34.79.29.39 - - [20/Jun/2025:19:42:51 -0400] "GET /virtual-assistant-services/social-seller HTTP/1.1" 301 0 "-" "Mozilla/5.0 (compatible; VelenPublicWebCrawler/1.0; +https://velen.io)"
34.79.29.39 - - [20/Jun/2025:19:42:53 -0400] "GET /virtual-assistant-services/social-seller/ HTTP/1.1" 200 15752 "https://socialdigiinnovator.com/virtual-assistant-services/social-seller" "Mozilla/5.0 (compatible; VelenPublicWebCrawler/1.0; +https://velen.io)"
34.79.29.39 - - [20/Jun/2025:19:42:58 -0400] "GET /virtual-assistant-services/social-media-management/ HTTP/1.1" 200 16253 "https://socialdigiinnovator.com/virtual-assistant-services/social-media-management" "Mozilla/5.0 (compatible; VelenPublicWebCrawler/1.0; +https://velen.io)"
34.79.29.39 - - [20/Jun/2025:19:43:03 -0400] "GET /virtual-assistant-services/social-media-management/branding/ HTTP/1.1" 200 14750 "https://socialdigiinnovator.com/virtual-assistant-services/social-media-management/branding" "Mozilla/5.0 (compatible; VelenPublicWebCrawler/1.0; +https://velen.io)"
34.79.29.39 - - [20/Jun/2025:19:43:12 -0400] "GET /virtual-assistant-services/lead-generation-appointment-setter/ HTTP/1.1" 200 16024 "https://socialdigiinnovator.com/virtual-assistant-services/lead-generation-appointment-setter" "Mozilla/5.0 (compatible; VelenPublicWebCrawler/1.0; +https://velen.io)"
34.79.29.39 - - [20/Jun/2025:19:43:21 -0400] "GET /yasir-saleem-dhr/ HTTP/1.1" 200 16421 "https://socialdigiinnovator.com/yasir-saleem-dhr" "Mozilla/5.0 (compatible; VelenPublicWebCrawler/1.0; +https://velen.io)"
34.79.29.39 - - [20/Jun/2025:19:43:23 -0400] "GET /technical-services HTTP/1.1" 301 0 "-" "Mozilla/5.0 (compatible; VelenPublicWebCrawler/1.0; +https://velen.io)"
34.79.29.39 - - [20/Jun/2025:19:43:28 -0400] "GET /technical-services/crm-customization-integrations-management HTTP/1.1" 301 0 "-" "Mozilla/5.0 (compatible; VelenPublicWebCrawler/1.0; +https://velen.io)"
34.79.29.39 - - [20/Jun/2025:19:42:12 -0400] "GET /non-technical-services/ HTTP/1.1" 200 15319 "https://socialdigiinnovator.com/non-technical-services" "Mozilla/5.0 (compatible; VelenPublicWebCrawler/1.0; +https://velen.io)"
34.79.29.39 - - [20/Jun/2025:19:42:14 -0400] "GET /paid-advertisement HTTP/1.1" 301 0 "-" "Mozilla/5.0 (compatible; VelenPublicWebCrawler/1.0; +https://velen.io)"
34.79.29.39 - - [20/Jun/2025:19:42:17 -0400] "GET /paid-advertisement/ HTTP/1.1" 200 15381 "https://socialdigiinnovator.com/paid-advertisement" "Mozilla/5.0 (compatible; VelenPublicWebCrawler/1.0; +https://velen.io)"
34.79.29.39 - - [20/Jun/2025:19:42:21 -0400] "GET /social-media-marketing/ HTTP/1.1" 200 19874 "https://socialdigiinnovator.com/social-media-marketing" "Mozilla/5.0 (compatible; VelenPublicWebCrawler/1.0; +https://velen.io)"
34.79.29.39 - - [20/Jun/2025:19:42:44 -0400] "GET /virtual-assistant-services/ghl-expert/ HTTP/1.1" 200 15476 "https://socialdigiinnovator.com/virtual-assistant-services/ghl-expert" "Mozilla/5.0 (compatible; VelenPublicWebCrawler/1.0; +https://velen.io)"
34.79.29.39 - - [20/Jun/2025:19:42:46 -0400] "GET /virtual-assistant-services/general-virtual-workers HTTP/1.1" 301 0 "-" "Mozilla/5.0 (compatible; VelenPublicWebCrawler/1.0; +https://velen.io)"
34.79.29.39 - - [20/Jun/2025:19:42:49 -0400] "GET /virtual-assistant-services/general-virtual-workers/ HTTP/1.1" 200 15724 "https://socialdigiinnovator.com/virtual-assistant-services/general-virtual-workers" "Mozilla/5.0 (compatible; VelenPublicWebCrawler/1.0; +https://velen.io)"
34.79.29.39 - - [20/Jun/2025:19:42:55 -0400] "GET /virtual-assistant-services/social-media-management HTTP/1.1" 301 0 "-" "Mozilla/5.0 (compatible; VelenPublicWebCrawler/1.0; +https://velen.io)"
34.79.29.39 - - [20/Jun/2025:19:43:00 -0400] "GET /virtual-assistant-services/social-media-management/branding HTTP/1.1" 301 0 "-" "Mozilla/5.0 (compatible; VelenPublicWebCrawler/1.0; +https://velen.io)"
34.79.29.39 - - [20/Jun/2025:19:43:05 -0400] "GET /virtual-assistant-services/community-management HTTP/1.1" 301 0 "-" "Mozilla/5.0 (compatible; VelenPublicWebCrawler/1.0; +https://velen.io)"
34.79.29.39 - - [20/Jun/2025:19:43:07 -0400] "GET /virtual-assistant-services/community-management/ HTTP/1.1" 200 15827 "https://socialdigiinnovator.com/virtual-assistant-services/community-management" "Mozilla/5.0 (compatible; VelenPublicWebCrawler/1.0; +https://velen.io)"
34.79.29.39 - - [20/Jun/2025:19:43:10 -0400] "GET /virtual-assistant-services/lead-generation-appointment-setter HTTP/1.1" 301 0 "-" "Mozilla/5.0 (compatible; VelenPublicWebCrawler/1.0; +https://velen.io)"
34.79.29.39 - - [20/Jun/2025:19:43:14 -0400] "GET /virtual-assistant-complete-guide-ebook HTTP/1.1" 301 0 "-" "Mozilla/5.0 (compatible; VelenPublicWebCrawler/1.0; +https://velen.io)"
34.79.29.39 - - [20/Jun/2025:19:43:17 -0400] "GET /virtual-assistant-complete-guide-ebook/ HTTP/1.1" 200 15761 "https://socialdigiinnovator.com/virtual-assistant-complete-guide-ebook" "Mozilla/5.0 (compatible; VelenPublicWebCrawler/1.0; +https://velen.io)"
34.79.29.39 - - [20/Jun/2025:19:43:19 -0400] "GET /yasir-saleem-dhr HTTP/1.1" 301 0 "-" "Mozilla/5.0 (compatible; VelenPublicWebCrawler/1.0; +https://velen.io)"
34.79.29.39 - - [20/Jun/2025:19:43:26 -0400] "GET /technical-services/ HTTP/1.1" 200 12943 "https://socialdigiinnovator.com/technical-services" "Mozilla/5.0 (compatible; VelenPublicWebCrawler/1.0; +https://velen.io)"
34.79.29.39 - - [20/Jun/2025:19:43:30 -0400] "GET /technical-services/crm-customization-integrations-management/ HTTP/1.1" 200 15413 "https://socialdigiinnovator.com/technical-services/crm-customization-integrations-management" "Mozilla/5.0 (compatible; VelenPublicWebCrawler/1.0; +https://velen.io)"
34.79.29.39 - - [20/Jun/2025:19:43:39 -0400] "GET /technical-services/website-design-and-development/ HTTP/1.1" 200 15576 "https://socialdigiinnovator.com/technical-services/website-design-and-development" "Mozilla/5.0 (compatible; VelenPublicWebCrawler/1.0; +https://velen.io)"
34.79.29.39 - - [20/Jun/2025:19:43:32 -0400] "GET /technical-services/web-ada-comply HTTP/1.1" 301 0 "-" "Mozilla/5.0 (compatible; VelenPublicWebCrawler/1.0; +https://velen.io)"
34.79.29.39 - - [20/Jun/2025:19:43:35 -0400] "GET /technical-services/web-ada-comply/ HTTP/1.1" 200 15586 "https://socialdigiinnovator.com/technical-services/web-ada-comply" "Mozilla/5.0 (compatible; VelenPublicWebCrawler/1.0; +https://velen.io)"
34.79.29.39 - - [20/Jun/2025:19:43:37 -0400] "GET /technical-services/website-design-and-development HTTP/1.1" 301 0 "-" "Mozilla/5.0 (compatible; VelenPublicWebCrawler/1.0; +https://velen.io)"
34.79.29.39 - - [20/Jun/2025:19:43:41 -0400] "GET /ultimate-list-of-facebook HTTP/1.1" 301 0 "-" "Mozilla/5.0 (compatible; VelenPublicWebCrawler/1.0; +https://velen.io)"
198.54.114.35 - - [20/Jun/2025:19:43:44 -0400] "POST /wp-cron.php?doing_wp_cron=1750463024.3206140995025634765625 HTTP/1.1" 200 0 "-" "WordPress/6.8.1; https://socialdigiinnovator.com"
34.79.29.39 - - [20/Jun/2025:19:43:44 -0400] "GET /ultimate-list-of-facebook/ HTTP/1.1" 200 15806 "https://socialdigiinnovator.com/ultimate-list-of-facebook" "Mozilla/5.0 (compatible; VelenPublicWebCrawler/1.0; +https://velen.io)"
143.202.162.156 - - [20/Jun/2025:19:45:15 -0400] "POST /xmlrpc.php HTTP/1.1" 403 1242 "https://socialdigiinnovator.com" "Mozilla/5.0 (Windows NT 10.0; Win64; x64; rv:127.0) Gecko/20100101 Firefox/127.0"
2a01:4f9:3071:21ec::2 - - [20/Jun/2025:19:49:59 -0400] "POST /xmlrpc.php HTTP/1.1" 403 1242 "https://socialdigiinnovator.com" "Mozilla/5.0 (Macintosh; Intel Mac OS X 14.3) AppleWebKit/614.31.14 (KHTML, like Gecko) Version/17.0.96 Safari/614.31.14"
198.54.114.35 - - [20/Jun/2025:19:56:12 -0400] "POST /wp-cron.php?doing_wp_cron=1750463772.2296280860900878906250 HTTP/1.1" 200 0 "-" "WordPress/6.8.1; https://socialdigiinnovator.com"
66.249.73.101 - - [20/Jun/2025:19:56:08 -0400] "GET /virtual-assistant-services/community-management/ HTTP/1.1" 200 15827 "-" "Mozilla/5.0 (Linux; Android 6.0.1; Nexus 5X Build/MMB29P) AppleWebKit/537.36 (KHTML, like Gecko) Chrome/137.0.7151.103 Mobile Safari/537.36 (compatible; Googlebot/2.1; +http://www.google.com/bot.html)"
2400:8901::f03c:93ff:fe73:30c5 - - [20/Jun/2025:19:54:47 -0400] "POST /xmlrpc.php HTTP/1.1" 403 1242 "https://socialdigiinnovator.com" "Mozilla/5.0 (Windows NT 10.0; Win64; x64; rv:129.0) Gecko/20100101 Firefox/129.0"
66.249.73.100 - - [20/Jun/2025:19:56:14 -0400] "GET /wp-content/uploads/elementor/css/post-3823.css?ver=1749084462 HTTP/1.1" 200 509 "https://socialdigiinnovator.com/virtual-assistant-services/community-management/" "Mozilla/5.0 (Linux; Android 6.0.1; Nexus 5X Build/MMB29P) AppleWebKit/537.36 (KHTML, like Gecko) Chrome/137.0.7151.68 Mobile Safari/537.36 (compatible; Googlebot/2.1; +http://www.google.com/bot.html)"
2600:1f16:610:a900:1f86:ae30:2495:a902 - - [20/Jun/2025:20:04:29 -0400] "POST /xmlrpc.php HTTP/1.1" 403 1242 "https://socialdigiinnovator.com" "Mozilla/5.0 (Windows NT 10.0; Win64; x64; rv:128.0) Gecko/20100101 Firefox/128.0"
149.34.253.26 - - [20/Jun/2025:20:08:48 -0400] "HEAD /wp-login.php HTTP/1.1" 302 0 "-" "Mozilla/5.0 (Windows NT 10.0; Win64; x64) AppleWebKit/537.36 (KHTML, like Gecko) Chrome/131.0.0.0 Safari/537.36"
198.54.114.35 - - [20/Jun/2025:20:08:52 -0400] "POST /wp-cron.php?doing_wp_cron=1750464531.8673460483551025390625 HTTP/1.1" 200 0 "-" "WordPress/6.8.1; https://socialdigiinnovator.com"
149.34.253.26 - - [20/Jun/2025:20:08:50 -0400] "HEAD /404 HTTP/1.1" 404 0 "-" "Mozilla/5.0 (Windows NT 10.0; Win64; x64) AppleWebKit/537.36 (KHTML, like Gecko) Chrome/131.0.0.0 Safari/537.36"
51.210.60.82 - - [20/Jun/2025:20:09:23 -0400] "POST /xmlrpc.php HTTP/1.1" 403 1242 "https://socialdigiinnovator.com" "Mozilla/5.0 (Windows NT 10.0; Win64; x64; rv:128.0) Gecko/20100101 Firefox/128.0"
195.16.73.228 - - [20/Jun/2025:19:59:34 -0400] "POST /xmlrpc.php HTTP/1.1" 403 1242 "https://socialdigiinnovator.com" "Mozilla/5.0 (Windows NT 10.0; Win64; x64) AppleWebKit/537.36 (KHTML, like Gecko) Chrome/114.0.5735.134 Safari/537.36"
85.239.243.68 - - [20/Jun/2025:20:14:23 -0400] "POST /xmlrpc.php HTTP/1.1" 403 1242 "https://socialdigiinnovator.com" "Mozilla/5.0 (Windows NT 10.0; Win64; x64) AppleWebKit/537.36 (KHTML, like Gecko) Chrome/114.0.5735.134 Safari/537.36"
2600:1900:0:2105::1 - - [20/Jun/2025:20:19:49 -0400] "GET /wp-content/uploads/2022/10/Social-Media-manage-scaled.webp HTTP/1.1" 200 132670 "-" "node"
4.213.139.114 - - [20/Jun/2025:20:22:08 -0400] "GET /wp-admin/css/ HTTP/1.1" 403 1242 "binance.com" "Mozilla/5.0 (Windows NT 10.0; Win64; x64) AppleWebKit/537.36 (KHTML, like Gecko) Chrome/90.0.4430.85 Safari/537.36"
198.54.114.35 - - [20/Jun/2025:20:25:29 -0400] "POST /wp-cron.php?doing_wp_cron=1750465529.2694990634918212890625 HTTP/1.1" 200 0 "-" "WordPress/6.8.1; https://socialdigiinnovator.com"
104.210.140.136 - - [20/Jun/2025:20:25:26 -0400] "GET /robots.txt HTTP/1.1" 200 102 "-" "Mozilla/5.0 (Macintosh; Intel Mac OS X 10_15_7) AppleWebKit/537.36 (KHTML, like Gecko) Chrome/131.0.0.0 Safari/537.36; compatible; OAI-SearchBot/1.0; +https://openai.com/searchbot"
198.54.114.35 - - [20/Jun/2025:20:26:08 -0400] "POST /wp-cron.php?doing_wp_cron=1750465568.8710899353027343750000 HTTP/1.1" 200 0 "-" "WordPress/6.8.1; https://socialdigiinnovator.com"
66.249.73.98 - - [20/Jun/2025:20:26:13 -0400] "GET /wp-content/uploads/elementor/css/post-4878.css?ver=1749143253 HTTP/1.1" 200 154 "https://socialdigiinnovator.com/virtual-assistant-services/social-media-management/branding/" "Mozilla/5.0 (Linux; Android 6.0.1; Nexus 5X Build/MMB29P) AppleWebKit/537.36 (KHTML, like Gecko) Chrome/137.0.7151.68 Mobile Safari/537.36 (compatible; Googlebot/2.1; +http://www.google.com/bot.html)"
2a01:4f8:c2c:68de::1 - - [20/Jun/2025:20:19:08 -0400] "POST /xmlrpc.php HTTP/1.1" 403 1242 "https://socialdigiinnovator.com" "Mozilla/5.0 (Windows NT 10.0; Win64; x64) AppleWebKit/537.36 (KHTML, like Gecko) Chrome/126.0.0.0 Safari/537.36 Edg/126.0.0.0"
49.13.149.223 - - [20/Jun/2025:20:23:59 -0400] "POST /xmlrpc.php HTTP/1.1" 403 1242 "https://socialdigiinnovator.com" "Mozilla/5.0 (Windows NT 10.0; Win64; x64; rv:127.0) Gecko/20100101 Firefox/127.0"
66.249.73.97 - - [20/Jun/2025:20:26:08 -0400] "GET /virtual-assistant-services/social-media-management/branding/ HTTP/1.1" 200 14752 "-" "Mozilla/5.0 (Linux; Android 6.0.1; Nexus 5X Build/MMB29P) AppleWebKit/537.36 (KHTML, like Gecko) Chrome/137.0.7151.103 Mobile Safari/537.36 (compatible; Googlebot/2.1; +http://www.google.com/bot.html)"
114.119.155.236 - - [20/Jun/2025:20:31:11 -0400] "GET /wp-content/uploads/elementor/thumbs/SDI-Services-Broucher-q902qvsqaa22nqtoa2e6tl67st9bby0w3bjm8uch6o.webp HTTP/1.1" 200 13830 "https://socialdigiinnovator.com/sdi-services-brochure-ebook/" "Mozilla/5.0 (Linux; Android 7.0;) AppleWebKit/537.36 (KHTML, like Gecko) Mobile Safari/537.36 (compatible; PetalBot;+https://webmaster.petalsearch.com/site/petalbot)"
