52.169.1.71 - - [20/Jun/2025:22:04:15 -0400] "GET /tes.php HTTP/1.1" 404 14952 "-" "-"
52.169.1.71 - - [20/Jun/2025:22:04:16 -0400] "GET /xpw.php HTTP/1.1" 404 14952 "-" "-"
52.169.1.71 - - [20/Jun/2025:22:04:17 -0400] "GET /array.php HTTP/1.1" 404 14952 "-" "-"
196.251.117.231 - - [20/Jun/2025:22:08:52 -0400] "GET /wp-login.php HTTP/1.1" 302 771 "-" "python-requests/2.32.3"
198.54.114.35 - - [20/Jun/2025:22:10:21 -0400] "POST /wp-cron.php?doing_wp_cron=1750471821.7261769771575927734375 HTTP/1.1" 200 0 "-" "WordPress/6.8.1; https://socialdigiinnovator.com"
196.251.73.55 - - [20/Jun/2025:22:10:20 -0400] "POST /ALFA_DATA/alfacgiapi/perl.alfa HTTP/1.1" 404 14952 "www.google.com" "Mozlila/5.0 (Linux; Android 7.0; SM-G892A Bulid/NRD90M; wv) AppleWebKit/537.36 (KHTML, like Gecko) Version/4.0 Chrome/60.0.3112.107 Moblie Safari/537.36"
196.251.73.55 - - [20/Jun/2025:22:10:22 -0400] "GET /wp-content/plugins/apikey/apikey.php?test=hello HTTP/1.1" 404 14952 "-" "Mozlila/5.0 (Linux; Android 7.0; SM-G892A Bulid/NRD90M; wv) AppleWebKit/537.36 (KHTML, like Gecko) Version/4.0 Chrome/60.0.3112.107 Moblie Safari/537.36"
196.251.73.55 - - [20/Jun/2025:22:10:23 -0400] "GET /wp-content/plugins/apikey/apikey.php.suspected?test=hello HTTP/1.1" 404 14933 "-" "Mozlila/5.0 (Linux; Android 7.0; SM-G892A Bulid/NRD90M; wv) AppleWebKit/537.36 (KHTML, like Gecko) Version/4.0 Chrome/60.0.3112.107 Moblie Safari/537.36"
196.251.73.55 - - [20/Jun/2025:22:10:20 -0400] "GET / HTTP/1.1" 200 21688 "-" "Mozlila/5.0 (Linux; Android 7.0; SM-G892A Bulid/NRD90M; wv) AppleWebKit/537.36 (KHTML, like Gecko) Version/4.0 Chrome/60.0.3112.107 Moblie Safari/537.36"
196.251.73.55 - - [20/Jun/2025:22:10:22 -0400] "GET /wp-content/themes/seotheme/db.php?u HTTP/1.1" 404 14952 "www.google.com" "Mozlila/5.0 (Linux; Android 7.0; SM-G892A Bulid/NRD90M; wv) AppleWebKit/537.36 (KHTML, like Gecko) Version/4.0 Chrome/60.0.3112.107 Moblie Safari/537.36"
196.251.73.55 - - [20/Jun/2025:22:10:23 -0400] "GET /plugins/content/apismtp/apismtp.php?test=hello HTTP/1.1" 404 14952 "-" "Mozlila/5.0 (Linux; Android 7.0; SM-G892A Bulid/NRD90M; wv) AppleWebKit/537.36 (KHTML, like Gecko) Version/4.0 Chrome/60.0.3112.107 Moblie Safari/537.36"
196.251.73.55 - - [20/Jun/2025:22:10:24 -0400] "GET /plugins/content/apismtp/apismtp.php.suspected?test=hello HTTP/1.1" 404 14952 "-" "Mozlila/5.0 (Linux; Android 7.0; SM-G892A Bulid/NRD90M; wv) AppleWebKit/537.36 (KHTML, like Gecko) Version/4.0 Chrome/60.0.3112.107 Moblie Safari/537.36"
196.251.73.55 - - [20/Jun/2025:22:10:24 -0400] "POST /alfacgiapi/perl.alfa HTTP/1.1" 404 14952 "www.google.com" "Mozlila/5.0 (Linux; Android 7.0; SM-G892A Bulid/NRD90M; wv) AppleWebKit/537.36 (KHTML, like Gecko) Version/4.0 Chrome/60.0.3112.107 Moblie Safari/537.36"
209.126.9.193 - - [20/Jun/2025:22:11:33 -0400] "POST /xmlrpc.php HTTP/1.1" 403 1242 "https://socialdigiinnovator.com" "Mozilla/5.0 (Macintosh; Intel Mac OS X 10_15_7) AppleWebKit/537.36 (KHTML, like Gecko) Chrome/126.0.0.0 Safari/537.36"
45.8.132.132 - - [20/Jun/2025:22:16:35 -0400] "POST /xmlrpc.php HTTP/1.1" 403 1242 "https://socialdigiinnovator.com" "Mozilla/5.0 (Windows NT 10.0; Win64; x64) AppleWebKit/537.36 (KHTML, like Gecko) Chrome/112.0.5615.138 Safari/537.36 Edg/112.0.1722.68"
196.251.117.231 - - [20/Jun/2025:22:24:38 -0400] "GET /wp-login.php HTTP/1.1" 302 771 "-" "python-requests/2.32.3"
196.251.117.231 - - [20/Jun/2025:22:32:02 -0400] "GET /wp-login.php HTTP/1.1" 302 771 "-" "python-requests/2.32.3"
198.54.114.35 - - [20/Jun/2025:22:32:43 -0400] "POST /wp-cron.php?doing_wp_cron=1750473163.5564529895782470703125 HTTP/1.1" 200 0 "-" "WordPress/6.8.1; https://socialdigiinnovator.com"
54.36.148.242 - - [20/Jun/2025:22:32:40 -0400] "GET /wp-sitemap.xml HTTP/1.1" 200 197 "-" "Mozilla/5.0 (compatible; AhrefsBot/7.0; +http://ahrefs.com/robot/)"
54.36.149.102 - - [20/Jun/2025:22:32:46 -0400] "GET /wp-sitemap-posts-page-1.xml HTTP/1.1" 200 687 "-" "Mozilla/5.0 (compatible; AhrefsBot/7.0; +http://ahrefs.com/robot/)"
54.36.148.158 - - [20/Jun/2025:22:32:47 -0400] "GET /wp-sitemap-taxonomies-category-1.xml HTTP/1.1" 200 168 "-" "Mozilla/5.0 (compatible; AhrefsBot/7.0; +http://ahrefs.com/robot/)"
80.85.246.214 - - [20/Jun/2025:22:32:58 -0400] "GET / HTTP/1.1" 200 21733 "-" "Mozilla/5.0 (Macintosh; Intel Mac OS X 10_15_7) AppleWebKit/537.36 (KHTML, like Gecko) Chrome/133.0.0.0 Safari/537.36"
80.85.246.214 - - [20/Jun/2025:22:33:00 -0400] "GET /technical-services/website-design-and-development/ HTTP/1.1" 200 15573 "-" "Mozilla/5.0 (Macintosh; Intel Mac OS X 10_15_7) AppleWebKit/537.36 (KHTML, like Gecko) Chrome/133.0.0.0 Safari/537.36"
80.85.246.214 - - [20/Jun/2025:22:33:01 -0400] "GET /sdi-services-catalog-ebook/ HTTP/1.1" 200 15755 "-" "Mozilla/5.0 (Macintosh; Intel Mac OS X 10_15_7) AppleWebKit/537.36 (KHTML, like Gecko) Chrome/133.0.0.0 Safari/537.36"
61.8.69.182 - - [20/Jun/2025:22:33:05 -0400] "POST /sdi-services-catalog-ebook/ HTTP/1.1" 200 15742 "-" "Mozilla/5.0 (Windows NT 10.0; Win64; x64) AppleWebKit/537.36 (KHTML, like Gecko) Chrome/120.0.0.0 Safari/537.36"
198.54.114.35 - - [20/Jun/2025:22:19:19 -0400] "POST /wp-cron.php?doing_wp_cron=1750472359.6705689430236816406250 HTTP/1.1" 200 0 "-" "WordPress/6.8.1; https://socialdigiinnovator.com"
66.249.73.100 - - [20/Jun/2025:22:19:17 -0400] "GET /virtual-assistant-services/general-virtual-workers/ HTTP/1.1" 200 15696 "-" "Mozilla/5.0 (Linux; Android 6.0.1; Nexus 5X Build/MMB29P) AppleWebKit/537.36 (KHTML, like Gecko) Chrome/137.0.7151.103 Mobile Safari/537.36 (compatible; Googlebot/2.1; +http://www.google.com/bot.html)"
66.249.73.100 - - [20/Jun/2025:22:19:34 -0400] "GET /wp-content/uploads/elementor/css/post-5303.css?ver=1749126036 HTTP/1.1" 200 508 "https://socialdigiinnovator.com/virtual-assistant-services/general-virtual-workers/" "Mozilla/5.0 (Linux; Android 6.0.1; Nexus 5X Build/MMB29P) AppleWebKit/537.36 (KHTML, like Gecko) Chrome/137.0.7151.68 Mobile Safari/537.36 (compatible; Googlebot/2.1; +http://www.google.com/bot.html)"
66.249.73.100 - - [20/Jun/2025:22:19:37 -0400] "GET /wp-content/uploads/elementor/css/post-83.css?ver=1749067505 HTTP/1.1" 200 671 "https://socialdigiinnovator.com/virtual-assistant-services/general-virtual-workers/" "Mozilla/5.0 (Linux; Android 6.0.1; Nexus 5X Build/MMB29P) AppleWebKit/537.36 (KHTML, like Gecko) Chrome/137.0.7151.68 Mobile Safari/537.36 (compatible; Googlebot/2.1; +http://www.google.com/bot.html)"
194.164.168.9 - - [20/Jun/2025:22:21:36 -0400] "POST /xmlrpc.php HTTP/1.1" 403 1242 "https://socialdigiinnovator.com" "Mozilla/5.0 (Macintosh; Intel Mac OS X 14_4_1) AppleWebKit/605.1.15 (KHTML, like Gecko) Version/17.3.1 Safari/605.1.15"
196.251.117.231 - - [20/Jun/2025:22:24:13 -0400] "GET /wp-login.php HTTP/1.1" 302 771 "-" "python-requests/2.32.3"
2a01:4f8:241:48a9::2 - - [20/Jun/2025:22:26:41 -0400] "POST /xmlrpc.php HTTP/1.1" 403 1242 "https://socialdigiinnovator.com" "Mozilla/5.0 (Windows NT 10.0; Win64; x64) AppleWebKit/537.36 (KHTML, like Gecko) Chrome/115.0.5790.102 Safari/537.36"
103.124.172.22 - - [20/Jun/2025:22:31:02 -0400] "POST /xmlrpc.php HTTP/1.1" 403 1242 "-" "Mozilla/5.0 (X11; Ubuntu; Linux x86_64; rv:85.0) Gecko/20100101 Firefox/91.0"
149.102.145.103 - - [20/Jun/2025:22:31:42 -0400] "POST /xmlrpc.php HTTP/1.1" 403 1242 "https://socialdigiinnovator.com" "Mozilla/5.0 (Macintosh; Intel Mac OS X 13.3; rv:126.0) Gecko/20100101 Firefox/126.0"
196.251.117.231 - - [20/Jun/2025:22:32:17 -0400] "GET /wp-login.php HTTP/1.1" 302 771 "-" "python-requests/2.32.3"
54.36.148.185 - - [20/Jun/2025:22:32:45 -0400] "GET /wp-sitemap-posts-post-1.xml HTTP/1.1" 200 524 "-" "Mozilla/5.0 (compatible; AhrefsBot/7.0; +http://ahrefs.com/robot/)"
54.36.149.20 - - [20/Jun/2025:22:32:49 -0400] "GET /wp-sitemap-users-1.xml HTTP/1.1" 200 164 "-" "Mozilla/5.0 (compatible; AhrefsBot/7.0; +http://ahrefs.com/robot/)"
80.85.246.214 - - [20/Jun/2025:22:33:00 -0400] "GET /blog/ HTTP/1.1" 200 14556 "-" "Mozilla/5.0 (Macintosh; Intel Mac OS X 10_15_7) AppleWebKit/537.36 (KHTML, like Gecko) Chrome/133.0.0.0 Safari/537.36"
61.8.69.182 - - [20/Jun/2025:22:33:03 -0400] "POST /sdi-services-catalog-ebook/ HTTP/1.1" 200 15756 "-" "Mozilla/5.0 (Macintosh; Intel Mac OS X 10_15_7) AppleWebKit/537.36 (KHTML, like Gecko) Chrome/133.0.0.0 Safari/537.36"
196.251.72.18 - - [20/Jun/2025:22:39:52 -0400] "GET /wp-admin/setup-config.php HTTP/1.1" 403 1242 "-" "-"
152.58.32.164 - - [20/Jun/2025:22:41:41 -0400] "GET /wp-login.php HTTP/1.1" 302 0 "-" "Mozilla/5.0 (Windows NT 10.0; Win64; x64) AppleWebKit/537.36 (KHTML, like Gecko) Chrome/91.0.4472.124 Safari/537.36"
198.54.114.35 - - [20/Jun/2025:22:41:43 -0400] "POST /wp-cron.php?doing_wp_cron=1750473703.8029210567474365234375 HTTP/1.1" 200 0 "-" "WordPress/6.8.1; https://socialdigiinnovator.com"
152.58.32.164 - - [20/Jun/2025:22:41:43 -0400] "GET /404 HTTP/1.1" 404 14952 "-" "Mozilla/5.0 (Windows NT 10.0; Win64; x64) AppleWebKit/537.36 (KHTML, like Gecko) Chrome/91.0.4472.124 Safari/537.36"
196.251.117.231 - - [20/Jun/2025:22:45:39 -0400] "GET /wp-login.php HTTP/1.1" 302 771 "-" "python-requests/2.32.3"
37.156.147.221 - - [20/Jun/2025:22:36:50 -0400] "POST /xmlrpc.php HTTP/1.1" 403 1242 "https://socialdigiinnovator.com" "Mozilla/5.0 (Macintosh; Intel Mac OS X 10_15_7) AppleWebKit/537.36 (KHTML, like Gecko) Chrome/116.0.5845.96 Safari/537.36"
198.54.114.35 - - [20/Jun/2025:22:39:48 -0400] "POST /wp-cron.php?doing_wp_cron=1750473588.1833438873291015625000 HTTP/1.1" 200 0 "-" "WordPress/6.8.1; https://socialdigiinnovator.com"
196.251.72.18 - - [20/Jun/2025:22:39:45 -0400] "GET / HTTP/1.1" 200 21728 "-" "-"
196.251.72.18 - - [20/Jun/2025:22:39:51 -0400] "GET /wp-admin/install.php HTTP/1.1" 200 426 "-" "-"
2a03:2880:f800:1b:: - - [20/Jun/2025:22:39:54 -0400] "GET /what-it-takes-to-be-a-successful-marketer/ HTTP/1.1" 200 19797 "-" "meta-externalagent/1.1 (+https://developers.facebook.com/docs/sharing/webmasters/crawler)"
78.135.85.79 - - [20/Jun/2025:22:41:42 -0400] "POST /xmlrpc.php HTTP/1.1" 403 1242 "https://socialdigiinnovator.com" "Mozilla/5.0 (Windows NT 10.0; Win64; x64) AppleWebKit/537.36 (KHTML, like Gecko) Chrome/113.0.5672.126 Safari/537.36 Edg/113.0.1774.50"
45.86.35.181 - - [20/Jun/2025:22:46:46 -0400] "POST /xmlrpc.php HTTP/1.1" 403 1242 "https://socialdigiinnovator.com" "Mozilla/5.0 (Windows NT 10.0; Win64; x64) AppleWebKit/537.36 (KHTML, like Gecko) Chrome/116.0.5845.96 Safari/537.36"
103.191.76.181 - - [20/Jun/2025:22:51:47 -0400] "POST /xmlrpc.php HTTP/1.1" 403 1242 "https://socialdigiinnovator.com" "Mozilla/5.0 (Windows NT 10.0; Win64; x64) AppleWebKit/537.36 (KHTML, like Gecko) Chrome/115.0.5790.171 Safari/537.36 Edg/115.0.1901.203"
18.212.200.55 - - [20/Jun/2025:22:55:01 -0400] "HEAD /technical-services/crm-customization-integrations-management/ HTTP/1.1" 200 0 "-" "Mozilla/5.0 (Windows NT 10.0; Win64; x64; rv:125.0.0) Gecko/20100101 Firefox/125.0.0"
74.208.128.92 - - [20/Jun/2025:22:56:48 -0400] "POST /xmlrpc.php HTTP/1.1" 403 1242 "https://socialdigiinnovator.com" "Mozilla/5.0 (Windows NT 11.0; Win64; x64) AppleWebKit/537.36 (KHTML, like Gecko) Chrome/126.0.0.0 Safari/537.36"
2602:fb54:c7c:: - - [20/Jun/2025:22:57:39 -0400] "GET /wp-login.php HTTP/1.1" 302 0 "-" "Mozilla/5.0 (Windows NT 10.0; Win64; x64) AppleWebKit/537.36 (KHTML, like Gecko) Chrome/91.0.4472.124 Safari/537.36"
198.54.114.35 - - [20/Jun/2025:22:57:41 -0400] "POST /wp-cron.php?doing_wp_cron=1750474661.3569400310516357421875 HTTP/1.1" 200 0 "-" "WordPress/6.8.1; https://socialdigiinnovator.com"
2602:fb54:c7c:: - - [20/Jun/2025:22:57:40 -0400] "GET /404 HTTP/1.1" 404 14952 "-" "Mozilla/5.0 (Windows NT 10.0; Win64; x64) AppleWebKit/537.36 (KHTML, like Gecko) Chrome/91.0.4472.124 Safari/537.36"
2602:fb54:c7c:: - - [20/Jun/2025:22:57:42 -0400] "GET /wp-admin HTTP/1.1" 301 795 "-" "Mozilla/5.0 (Windows NT 10.0; Win64; x64) AppleWebKit/537.36 (KHTML, like Gecko) Chrome/91.0.4472.124 Safari/537.36"
198.54.114.35 - - [20/Jun/2025:22:57:42 -0400] "POST /wp-cron.php?doing_wp_cron=1750474662.5386669635772705078125 HTTP/1.1" 200 0 "-" "WordPress/6.8.1; https://socialdigiinnovator.com"
2602:fb54:c7c:: - - [20/Jun/2025:22:57:42 -0400] "GET /wp-admin/ HTTP/1.1" 302 0 "-" "Mozilla/5.0 (Windows NT 10.0; Win64; x64) AppleWebKit/537.36 (KHTML, like Gecko) Chrome/91.0.4472.124 Safari/537.36"
2602:fb54:c7c:: - - [20/Jun/2025:22:57:42 -0400] "GET /wp-login.php?redirect_to=https%3A%2F%2Fsocialdigiinnovator.com%2Fwp-admin%2F&reauth=1 HTTP/1.1" 302 0 "-" "Mozilla/5.0 (Windows NT 10.0; Win64; x64) AppleWebKit/537.36 (KHTML, like Gecko) Chrome/91.0.4472.124 Safari/537.36"
2602:fb54:c7c:: - - [20/Jun/2025:22:57:43 -0400] "GET /404 HTTP/1.1" 404 14952 "-" "Mozilla/5.0 (Windows NT 10.0; Win64; x64) AppleWebKit/537.36 (KHTML, like Gecko) Chrome/91.0.4472.124 Safari/537.36"
2602:fb54:c7c:: - - [20/Jun/2025:22:57:46 -0400] "GET /wp-login.php HTTP/1.1" 302 0 "-" "Mozilla/5.0 (Windows NT 10.0; Win64; x64) AppleWebKit/537.36 (KHTML, like Gecko) Chrome/91.0.4472.124 Safari/537.36"
2602:fb54:c7c:: - - [20/Jun/2025:22:57:46 -0400] "GET /404 HTTP/1.1" 404 14952 "-" "Mozilla/5.0 (Windows NT 10.0; Win64; x64) AppleWebKit/537.36 (KHTML, like Gecko) Chrome/91.0.4472.124 Safari/537.36"
2602:fb54:c7c:: - - [20/Jun/2025:22:57:47 -0400] "GET /site/wp-login.php HTTP/1.1" 302 0 "-" "Mozilla/5.0 (Windows NT 10.0; Win64; x64) AppleWebKit/537.36 (KHTML, like Gecko) Chrome/91.0.4472.124 Safari/537.36"
2602:fb54:c7c:: - - [20/Jun/2025:22:57:47 -0400] "GET /wp/wp-login.php HTTP/1.1" 302 0 "-" "Mozilla/5.0 (Windows NT 10.0; Win64; x64) AppleWebKit/537.36 (KHTML, like Gecko) Chrome/91.0.4472.124 Safari/537.36"
2602:fb54:c7c:: - - [20/Jun/2025:22:57:48 -0400] "GET /404 HTTP/1.1" 404 14952 "-" "Mozilla/5.0 (Windows NT 10.0; Win64; x64) AppleWebKit/537.36 (KHTML, like Gecko) Chrome/91.0.4472.124 Safari/537.36"
2602:fb54:c7c:: - - [20/Jun/2025:22:57:49 -0400] "GET /wordpress/wp-login.php HTTP/1.1" 302 0 "-" "Mozilla/5.0 (Windows NT 10.0; Win64; x64) AppleWebKit/537.36 (KHTML, like Gecko) Chrome/91.0.4472.124 Safari/537.36"
2602:fb54:c7c:: - - [20/Jun/2025:22:57:50 -0400] "GET /blog/wp-login.php HTTP/1.1" 302 0 "-" "Mozilla/5.0 (Windows NT 10.0; Win64; x64) AppleWebKit/537.36 (KHTML, like Gecko) Chrome/91.0.4472.124 Safari/537.36"
2602:fb54:c7c:: - - [20/Jun/2025:22:57:50 -0400] "GET /404 HTTP/1.1" 404 14952 "-" "Mozilla/5.0 (Windows NT 10.0; Win64; x64) AppleWebKit/537.36 (KHTML, like Gecko) Chrome/91.0.4472.124 Safari/537.36"
198.54.114.35 - - [20/Jun/2025:22:55:06 -0400] "POST /wp-cron.php?doing_wp_cron=1750474506.0437328815460205078125 HTTP/1.1" 200 0 "-" "WordPress/6.8.1; https://socialdigiinnovator.com"
2602:fb54:c7c:: - - [20/Jun/2025:22:57:43 -0400] "GET /wp-admin-login/ HTTP/1.1" 404 14952 "-" "Mozilla/5.0 (Windows NT 10.0; Win64; x64) AppleWebKit/537.36 (KHTML, like Gecko) Chrome/91.0.4472.124 Safari/537.36"
2602:fb54:c7c:: - - [20/Jun/2025:22:57:44 -0400] "GET /admin HTTP/1.1" 302 0 "-" "Mozilla/5.0 (Windows NT 10.0; Win64; x64) AppleWebKit/537.36 (KHTML, like Gecko) Chrome/91.0.4472.124 Safari/537.36"
2602:fb54:c7c:: - - [20/Jun/2025:22:57:44 -0400] "GET /wp-admin/ HTTP/1.1" 302 0 "-" "Mozilla/5.0 (Windows NT 10.0; Win64; x64) AppleWebKit/537.36 (KHTML, like Gecko) Chrome/91.0.4472.124 Safari/537.36"
2602:fb54:c7c:: - - [20/Jun/2025:22:57:44 -0400] "GET /wp-login.php?redirect_to=https%3A%2F%2Fsocialdigiinnovator.com%2Fwp-admin%2F&reauth=1 HTTP/1.1" 302 0 "-" "Mozilla/5.0 (Windows NT 10.0; Win64; x64) AppleWebKit/537.36 (KHTML, like Gecko) Chrome/91.0.4472.124 Safari/537.36"
2602:fb54:c7c:: - - [20/Jun/2025:22:57:45 -0400] "GET /404 HTTP/1.1" 404 14952 "-" "Mozilla/5.0 (Windows NT 10.0; Win64; x64) AppleWebKit/537.36 (KHTML, like Gecko) Chrome/91.0.4472.124 Safari/537.36"
2602:fb54:c7c:: - - [20/Jun/2025:22:57:45 -0400] "GET /user HTTP/1.1" 404 14952 "-" "Mozilla/5.0 (Windows NT 10.0; Win64; x64) AppleWebKit/537.36 (KHTML, like Gecko) Chrome/91.0.4472.124 Safari/537.36"
2602:fb54:c7c:: - - [20/Jun/2025:22:57:46 -0400] "GET /login HTTP/1.1" 302 0 "-" "Mozilla/5.0 (Windows NT 10.0; Win64; x64) AppleWebKit/537.36 (KHTML, like Gecko) Chrome/91.0.4472.124 Safari/537.36"
2602:fb54:c7c:: - - [20/Jun/2025:22:57:47 -0400] "GET /404 HTTP/1.1" 404 14952 "-" "Mozilla/5.0 (Windows NT 10.0; Win64; x64) AppleWebKit/537.36 (KHTML, like Gecko) Chrome/91.0.4472.124 Safari/537.36"
2602:fb54:c7c:: - - [20/Jun/2025:22:57:48 -0400] "GET /new/wp-login.php HTTP/1.1" 302 0 "-" "Mozilla/5.0 (Windows NT 10.0; Win64; x64) AppleWebKit/537.36 (KHTML, like Gecko) Chrome/91.0.4472.124 Safari/537.36"
2602:fb54:c7c:: - - [20/Jun/2025:22:57:48 -0400] "GET /404 HTTP/1.1" 404 14952 "-" "Mozilla/5.0 (Windows NT 10.0; Win64; x64) AppleWebKit/537.36 (KHTML, like Gecko) Chrome/91.0.4472.124 Safari/537.36"
2602:fb54:c7c:: - - [20/Jun/2025:22:57:49 -0400] "GET /404 HTTP/1.1" 404 14885 "-" "Mozilla/5.0 (Windows NT 10.0; Win64; x64) AppleWebKit/537.36 (KHTML, like Gecko) Chrome/91.0.4472.124 Safari/537.36"
2602:fb54:c7c:: - - [20/Jun/2025:22:57:51 -0400] "POST /wp-login.php HTTP/1.1" 302 0 "https://socialdigiinnovator.com/wp-admin/" "Mozilla/5.0 (Windows NT 10.0; Win64; x64) AppleWebKit/537.36 (KHTML, like Gecko) Chrome/91.0.4472.124 Safari/537.36"
2602:fb54:c7c:: - - [20/Jun/2025:22:57:51 -0400] "GET /wp-admin/ HTTP/1.1" 302 0 "-" "Mozilla/5.0 (Windows NT 10.0; Win64; x64) AppleWebKit/537.36 (KHTML, like Gecko) Chrome/91.0.4472.124 Safari/537.36"
2602:fb54:c7c:: - - [20/Jun/2025:22:57:52 -0400] "GET /wp-login.php?redirect_to=https%3A%2F%2Fsocialdigiinnovator.com%2Fwp-admin%2F&reauth=1 HTTP/1.1" 302 0 "-" "Mozilla/5.0 (Windows NT 10.0; Win64; x64) AppleWebKit/537.36 (KHTML, like Gecko) Chrome/91.0.4472.124 Safari/537.36"
198.54.114.35 - - [20/Jun/2025:23:03:42 -0400] "POST /wp-cron.php?doing_wp_cron=1750475022.1671710014343261718750 HTTP/1.1" 200 0 "-" "WordPress/6.8.1; https://socialdigiinnovator.com"
54.36.148.69 - - [20/Jun/2025:23:03:40 -0400] "GET /lg-sales-playbook/ HTTP/1.1" 200 15821 "-" "Mozilla/5.0 (compatible; AhrefsBot/7.0; +http://ahrefs.com/robot/)"
196.251.117.231 - - [20/Jun/2025:23:03:45 -0400] "GET /wp-login.php HTTP/1.1" 302 771 "-" "python-requests/2.32.3"
2602:fb54:c7c:: - - [20/Jun/2025:22:57:51 -0400] "GET /404 HTTP/1.1" 404 14952 "https://socialdigiinnovator.com/wp-admin/" "Mozilla/5.0 (Windows NT 10.0; Win64; x64) AppleWebKit/537.36 (KHTML, like Gecko) Chrome/91.0.4472.124 Safari/537.36"
2602:fb54:c7c:: - - [20/Jun/2025:22:57:52 -0400] "GET /404 HTTP/1.1" 404 14952 "-" "Mozilla/5.0 (Windows NT 10.0; Win64; x64) AppleWebKit/537.36 (KHTML, like Gecko) Chrome/91.0.4472.124 Safari/537.36"
119.156.243.110 - - [20/Jun/2025:23:01:52 -0400] "POST /xmlrpc.php HTTP/1.1" 403 1242 "https://socialdigiinnovator.com" "Mozilla/5.0 (Macintosh; Intel Mac OS X 10_15_7; rv:127.0) Gecko/20100101 Firefox/127.0"
196.251.117.231 - - [20/Jun/2025:23:08:44 -0400] "GET /wp-login.php HTTP/1.1" 302 771 "-" "python-requests/2.32.3"
2a02:2b88:2:537::1 - - [20/Jun/2025:23:06:56 -0400] "POST /xmlrpc.php HTTP/1.1" 403 1242 "https://socialdigiinnovator.com" "Mozilla/5.0 (Macintosh; Intel Mac OS X 10_15_7; rv:126.0) Gecko/20100101 Firefox/126.0"
52.37.194.212 - - [20/Jun/2025:23:11:59 -0400] "POST /xmlrpc.php HTTP/1.1" 403 1242 "https://socialdigiinnovator.com" "Mozilla/5.0 (Macintosh; Intel Mac OS X 10_15_7; rv:127.0) Gecko/20100101 Firefox/127.0"
196.251.117.231 - - [20/Jun/2025:23:16:14 -0400] "GET /wp-login.php HTTP/1.1" 302 771 "-" "python-requests/2.32.3"
66.29.137.129 - - [20/Jun/2025:23:17:04 -0400] "POST /xmlrpc.php HTTP/1.1" 403 1242 "https://socialdigiinnovator.com" "Mozilla/5.0 (Macintosh; Intel Mac OS X 13_3) AppleWebKit/537.36 (KHTML, like Gecko) Chrome/126.0.0.0 Safari/537.36 Edg/126.0.0.0"
110.249.202.50 - - [20/Jun/2025:23:25:26 -0400] "GET /wp-content/uploads/2022/09/1-300x300.png HTTP/1.1" 200 18635 "-" "Mozilla/5.0 (Linux; Android 5.0) AppleWebKit/537.36 (KHTML, like Gecko) Mobile Safari/537.36 (compatible; Bytespider; https://zhanzhang.toutiao.com/)"
34.19.47.209 - - [20/Jun/2025:23:26:44 -0400] "HEAD /bc HTTP/1.1" 404 0 "http://socialdigiinnovator.com/bc" "Mozilla/5.0 (Windows NT 10.0; Win64; x64) AppleWebKit/537.36 (KHTML, like Gecko) Chrome/74.0.3729.169 Safari/537.36"
34.19.47.209 - - [20/Jun/2025:23:26:44 -0400] "HEAD /backup HTTP/1.1" 404 0 "http://socialdigiinnovator.com/backup" "Mozilla/5.0 (Windows NT 10.0; Win64; x64) AppleWebKit/537.36 (KHTML, like Gecko) Chrome/74.0.3729.169 Safari/537.36"
34.19.47.209 - - [20/Jun/2025:23:26:45 -0400] "HEAD /main HTTP/1.1" 404 0 "http://socialdigiinnovator.com/main" "Mozilla/5.0 (Windows NT 10.0; Win64; x64) AppleWebKit/537.36 (KHTML, like Gecko) Chrome/74.0.3729.169 Safari/537.36"
34.19.47.209 - - [20/Jun/2025:23:26:45 -0400] "HEAD / HTTP/1.1" 200 0 "https://socialdigiinnovator.com/home" "Mozilla/5.0 (Windows NT 10.0; Win64; x64) AppleWebKit/537.36 (KHTML, like Gecko) Chrome/74.0.3729.169 Safari/537.36"
198.54.114.35 - - [20/Jun/2025:23:19:18 -0400] "POST /wp-cron.php?doing_wp_cron=1750475958.6981239318847656250000 HTTP/1.1" 200 0 "-" "WordPress/6.8.1; https://socialdigiinnovator.com"
66.249.73.101 - - [20/Jun/2025:23:19:16 -0400] "GET /business-dfy/ HTTP/1.1" 200 15358 "-" "Mozilla/5.0 (Linux; Android 6.0.1; Nexus 5X Build/MMB29P) AppleWebKit/537.36 (KHTML, like Gecko) Chrome/137.0.7151.103 Mobile Safari/537.36 (compatible; Googlebot/2.1; +http://www.google.com/bot.html)"
198.54.114.35 - - [20/Jun/2025:23:26:43 -0400] "POST /wp-cron.php?doing_wp_cron=1750476403.2843809127807617187500 HTTP/1.1" 200 0 "-" "WordPress/6.8.1; https://socialdigiinnovator.com"
34.19.47.209 - - [20/Jun/2025:23:26:40 -0400] "HEAD /wordpress HTTP/1.1" 404 0 "http://socialdigiinnovator.com/wordpress" "Mozilla/5.0 (Windows NT 10.0; Win64; x64) AppleWebKit/537.36 (KHTML, like Gecko) Chrome/74.0.3729.169 Safari/537.36"
34.19.47.209 - - [20/Jun/2025:23:26:43 -0400] "HEAD / HTTP/1.1" 200 0 "http://socialdigiinnovator.com/" "Mozilla/5.0 (Windows NT 10.0; Win64; x64) AppleWebKit/537.36 (KHTML, like Gecko) Chrome/74.0.3729.169 Safari/537.36"
34.19.47.209 - - [20/Jun/2025:23:26:43 -0400] "HEAD /wp HTTP/1.1" 404 0 "http://socialdigiinnovator.com/wp" "Mozilla/5.0 (Windows NT 10.0; Win64; x64) AppleWebKit/537.36 (KHTML, like Gecko) Chrome/74.0.3729.169 Safari/537.36"
34.19.47.209 - - [20/Jun/2025:23:26:44 -0400] "HEAD /bk HTTP/1.1" 404 0 "http://socialdigiinnovator.com/bk" "Mozilla/5.0 (Windows NT 10.0; Win64; x64) AppleWebKit/537.36 (KHTML, like Gecko) Chrome/74.0.3729.169 Safari/537.36"
34.19.47.209 - - [20/Jun/2025:23:26:44 -0400] "HEAD /old HTTP/1.1" 404 0 "http://socialdigiinnovator.com/old" "Mozilla/5.0 (Windows NT 10.0; Win64; x64) AppleWebKit/537.36 (KHTML, like Gecko) Chrome/74.0.3729.169 Safari/537.36"
34.19.47.209 - - [20/Jun/2025:23:26:44 -0400] "HEAD /new HTTP/1.1" 404 0 "http://socialdigiinnovator.com/new" "Mozilla/5.0 (Windows NT 10.0; Win64; x64) AppleWebKit/537.36 (KHTML, like Gecko) Chrome/74.0.3729.169 Safari/537.36"
34.19.47.209 - - [20/Jun/2025:23:26:45 -0400] "HEAD /home HTTP/1.1" 301 0 "http://socialdigiinnovator.com/home" "Mozilla/5.0 (Windows NT 10.0; Win64; x64) AppleWebKit/537.36 (KHTML, like Gecko) Chrome/74.0.3729.169 Safari/537.36"
196.251.66.105 - - [20/Jun/2025:23:27:37 -0400] "GET /a.php HTTP/1.1" 404 14933 "https://www.google.com" "Mozilla/5.0 (Linux; Android 7.0; SM-G892A Build/NRD90M; wv) AppleWebKit/537.36 (KHTML, Gecko) Version/4.0 Chrome/60.0.3112.107 Mobile Safari/537.36"
198.54.114.35 - - [20/Jun/2025:23:27:42 -0400] "POST /wp-cron.php?doing_wp_cron=1750476462.8165030479431152343750 HTTP/1.1" 200 0 "-" "WordPress/6.8.1; https://socialdigiinnovator.com"
196.251.66.105 - - [20/Jun/2025:23:27:54 -0400] "GET /wp-content/plugins/fix/up.php HTTP/1.1" 404 14933 "https://www.google.com" "Mozilla/5.0 (Linux; Android 7.0; SM-G892A Build/NRD90M; wv) AppleWebKit/537.36 (KHTML, Gecko) Version/4.0 Chrome/60.0.3112.107 Mobile Safari/537.36"
196.251.66.105 - - [20/Jun/2025:23:27:59 -0400] "GET /autoload_classmap.php HTTP/1.1" 404 14952 "https://www.google.com" "Mozilla/5.0 (Linux; Android 7.0; SM-G892A Build/NRD90M; wv) AppleWebKit/537.36 (KHTML, Gecko) Version/4.0 Chrome/60.0.3112.107 Mobile Safari/537.36"
196.251.66.105 - - [20/Jun/2025:23:28:14 -0400] "GET /wp-content/plugins/pwnd/pwnd.php HTTP/1.1" 404 14952 "https://www.google.com" "Mozilla/5.0 (Linux; Android 7.0; SM-G892A Build/NRD90M; wv) AppleWebKit/537.36 (KHTML, Gecko) Version/4.0 Chrome/60.0.3112.107 Mobile Safari/537.36"
196.251.66.105 - - [20/Jun/2025:23:28:18 -0400] "GET /wp-content/plugins/pwnd-1/pwnd.php HTTP/1.1" 404 14952 "https://www.google.com" "Mozilla/5.0 (Linux; Android 7.0; SM-G892A Build/NRD90M; wv) AppleWebKit/537.36 (KHTML, Gecko) Version/4.0 Chrome/60.0.3112.107 Mobile Safari/537.36"
196.251.66.105 - - [20/Jun/2025:23:28:22 -0400] "GET /wp-content/plugins/simple/simple.php HTTP/1.1" 404 14952 "https://www.google.com" "Mozilla/5.0 (Linux; Android 7.0; SM-G892A Build/NRD90M; wv) AppleWebKit/537.36 (KHTML, Gecko) Version/4.0 Chrome/60.0.3112.107 Mobile Safari/537.36"
196.251.66.105 - - [20/Jun/2025:23:28:34 -0400] "GET /wp-content/worksec.php HTTP/1.1" 404 14952 "https://www.google.com" "Mozilla/5.0 (Linux; Android 7.0; SM-G892A Build/NRD90M; wv) AppleWebKit/537.36 (KHTML, Gecko) Version/4.0 Chrome/60.0.3112.107 Mobile Safari/537.36"
196.251.66.105 - - [20/Jun/2025:23:28:44 -0400] "GET /wp-content/index.php HTTP/1.1" 403 1242 "https://www.google.com" "Mozilla/5.0 (Linux; Android 7.0; SM-G892A Build/NRD90M; wv) AppleWebKit/537.36 (KHTML, Gecko) Version/4.0 Chrome/60.0.3112.107 Mobile Safari/537.36"
196.251.66.105 - - [20/Jun/2025:23:28:46 -0400] "GET /wp-content/languages/index.php HTTP/1.1" 301 0 "https://www.google.com" "Mozilla/5.0 (Linux; Android 7.0; SM-G892A Build/NRD90M; wv) AppleWebKit/537.36 (KHTML, Gecko) Version/4.0 Chrome/60.0.3112.107 Mobile Safari/537.36"
196.251.66.105 - - [20/Jun/2025:23:28:48 -0400] "GET /wp-content/languages/ HTTP/1.1" 404 14952 "https://www.google.com" "Mozilla/5.0 (Linux; Android 7.0; SM-G892A Build/NRD90M; wv) AppleWebKit/537.36 (KHTML, Gecko) Version/4.0 Chrome/60.0.3112.107 Mobile Safari/537.36"
196.251.66.105 - - [20/Jun/2025:23:28:51 -0400] "GET /wp-content/plugins/index.php HTTP/1.1" 403 1242 "https://www.google.com" "Mozilla/5.0 (Linux; Android 7.0; SM-G892A Build/NRD90M; wv) AppleWebKit/537.36 (KHTML, Gecko) Version/4.0 Chrome/60.0.3112.107 Mobile Safari/537.36"
196.251.66.105 - - [20/Jun/2025:23:28:54 -0400] "GET /wp-content/themes/index.php HTTP/1.1" 403 1242 "https://www.google.com" "Mozilla/5.0 (Linux; Android 7.0; SM-G892A Build/NRD90M; wv) AppleWebKit/537.36 (KHTML, Gecko) Version/4.0 Chrome/60.0.3112.107 Mobile Safari/537.36"
196.251.66.105 - - [20/Jun/2025:23:29:07 -0400] "GET /wp-content/uploads/index.php HTTP/1.1" 301 0 "https://www.google.com" "Mozilla/5.0 (Linux; Android 7.0; SM-G892A Build/NRD90M; wv) AppleWebKit/537.36 (KHTML, Gecko) Version/4.0 Chrome/60.0.3112.107 Mobile Safari/537.36"
196.251.66.105 - - [20/Jun/2025:23:27:42 -0400] "GET /uploaded_script.php HTTP/1.1" 404 14952 "https://www.google.com" "Mozilla/5.0 (Linux; Android 7.0; SM-G892A Build/NRD90M; wv) AppleWebKit/537.36 (KHTML, Gecko) Version/4.0 Chrome/60.0.3112.107 Mobile Safari/537.36"
196.251.66.105 - - [20/Jun/2025:23:27:46 -0400] "GET /wp-admin/maint/fie.php HTTP/1.1" 404 14952 "https://www.google.com" "Mozilla/5.0 (Linux; Android 7.0; SM-G892A Build/NRD90M; wv) AppleWebKit/537.36 (KHTML, Gecko) Version/4.0 Chrome/60.0.3112.107 Mobile Safari/537.36"
196.251.66.105 - - [20/Jun/2025:23:27:52 -0400] "GET /wp-content/index.php HTTP/1.1" 403 1242 "https://www.google.com" "Mozilla/5.0 (Linux; Android 7.0; SM-G892A Build/NRD90M; wv) AppleWebKit/537.36 (KHTML, Gecko) Version/4.0 Chrome/60.0.3112.107 Mobile Safari/537.36"
196.251.66.105 - - [20/Jun/2025:23:28:28 -0400] "GET /worksec.php HTTP/1.1" 404 14952 "https://www.google.com" "Mozilla/5.0 (Linux; Android 7.0; SM-G892A Build/NRD90M; wv) AppleWebKit/537.36 (KHTML, Gecko) Version/4.0 Chrome/60.0.3112.107 Mobile Safari/537.36"
196.251.66.105 - - [20/Jun/2025:23:28:39 -0400] "GET /wp-content/cache/index.php HTTP/1.1" 301 0 "https://www.google.com" "Mozilla/5.0 (Linux; Android 7.0; SM-G892A Build/NRD90M; wv) AppleWebKit/537.36 (KHTML, Gecko) Version/4.0 Chrome/60.0.3112.107 Mobile Safari/537.36"
196.251.66.105 - - [20/Jun/2025:23:28:40 -0400] "GET /wp-content/cache/ HTTP/1.1" 403 1242 "https://www.google.com" "Mozilla/5.0 (Linux; Android 7.0; SM-G892A Build/NRD90M; wv) AppleWebKit/537.36 (KHTML, Gecko) Version/4.0 Chrome/60.0.3112.107 Mobile Safari/537.36"
198.54.114.35 - - [20/Jun/2025:23:28:46 -0400] "POST /wp-cron.php?doing_wp_cron=1750476526.2702479362487792968750 HTTP/1.1" 200 0 "-" "WordPress/6.8.1; https://socialdigiinnovator.com"
196.251.66.105 - - [20/Jun/2025:23:28:58 -0400] "GET /wp-content/upgrade/index.php HTTP/1.1" 301 0 "https://www.google.com" "Mozilla/5.0 (Linux; Android 7.0; SM-G892A Build/NRD90M; wv) AppleWebKit/537.36 (KHTML, Gecko) Version/4.0 Chrome/60.0.3112.107 Mobile Safari/537.36"
196.251.66.105 - - [20/Jun/2025:23:29:04 -0400] "GET /wp-content/upgrade/ HTTP/1.1" 403 1242 "https://www.google.com" "Mozilla/5.0 (Linux; Android 7.0; SM-G892A Build/NRD90M; wv) AppleWebKit/537.36 (KHTML, Gecko) Version/4.0 Chrome/60.0.3112.107 Mobile Safari/537.36"
196.251.66.105 - - [20/Jun/2025:23:29:08 -0400] "GET /wp-content/uploads/ HTTP/1.1" 403 1242 "https://www.google.com" "Mozilla/5.0 (Linux; Android 7.0; SM-G892A Build/NRD90M; wv) AppleWebKit/537.36 (KHTML, Gecko) Version/4.0 Chrome/60.0.3112.107 Mobile Safari/537.36"
196.251.66.105 - - [20/Jun/2025:23:29:12 -0400] "GET /wp-admin/index.php HTTP/1.1" 302 0 "https://www.google.com" "Mozilla/5.0 (Linux; Android 7.0; SM-G892A Build/NRD90M; wv) AppleWebKit/537.36 (KHTML, Gecko) Version/4.0 Chrome/60.0.3112.107 Mobile Safari/537.36"
196.251.66.105 - - [20/Jun/2025:23:29:16 -0400] "GET /wp-admin/css/ HTTP/1.1" 403 1242 "https://www.google.com" "Mozilla/5.0 (Linux; Android 7.0; SM-G892A Build/NRD90M; wv) AppleWebKit/537.36 (KHTML, Gecko) Version/4.0 Chrome/60.0.3112.107 Mobile Safari/537.36"
196.251.66.105 - - [20/Jun/2025:23:29:22 -0400] "GET /wp-admin/includes/index.php HTTP/1.1" 301 0 "https://www.google.com" "Mozilla/5.0 (Linux; Android 7.0; SM-G892A Build/NRD90M; wv) AppleWebKit/537.36 (KHTML, Gecko) Version/4.0 Chrome/60.0.3112.107 Mobile Safari/537.36"
196.251.66.105 - - [20/Jun/2025:23:29:29 -0400] "GET /wp-admin/js/index.php HTTP/1.1" 301 0 "https://www.google.com" "Mozilla/5.0 (Linux; Android 7.0; SM-G892A Build/NRD90M; wv) AppleWebKit/537.36 (KHTML, Gecko) Version/4.0 Chrome/60.0.3112.107 Mobile Safari/537.36"
196.251.66.105 - - [20/Jun/2025:23:29:31 -0400] "GET /wp-admin/js/ HTTP/1.1" 403 1242 "https://www.google.com" "Mozilla/5.0 (Linux; Android 7.0; SM-G892A Build/NRD90M; wv) AppleWebKit/537.36 (KHTML, Gecko) Version/4.0 Chrome/60.0.3112.107 Mobile Safari/537.36"
196.251.66.105 - - [20/Jun/2025:23:29:13 -0400] "GET /wp-login.php?redirect_to=https%3A%2F%2Fsocialdigiinnovator.com%2Fwp-admin%2Findex.php&reauth=1 HTTP/1.1" 302 0 "https://www.google.com" "Mozilla/5.0 (Linux; Android 7.0; SM-G892A Build/NRD90M; wv) AppleWebKit/537.36 (KHTML, Gecko) Version/4.0 Chrome/60.0.3112.107 Mobile Safari/537.36"
196.251.66.105 - - [20/Jun/2025:23:29:13 -0400] "GET /404 HTTP/1.1" 404 14952 "https://www.google.com" "Mozilla/5.0 (Linux; Android 7.0; SM-G892A Build/NRD90M; wv) AppleWebKit/537.36 (KHTML, Gecko) Version/4.0 Chrome/60.0.3112.107 Mobile Safari/537.36"
196.251.66.105 - - [20/Jun/2025:23:29:16 -0400] "GET /wp-admin/css/index.php HTTP/1.1" 301 0 "https://www.google.com" "Mozilla/5.0 (Linux; Android 7.0; SM-G892A Build/NRD90M; wv) AppleWebKit/537.36 (KHTML, Gecko) Version/4.0 Chrome/60.0.3112.107 Mobile Safari/537.36"
196.251.66.105 - - [20/Jun/2025:23:29:18 -0400] "GET /wp-admin/images/index.php HTTP/1.1" 301 0 "https://www.google.com" "Mozilla/5.0 (Linux; Android 7.0; SM-G892A Build/NRD90M; wv) AppleWebKit/537.36 (KHTML, Gecko) Version/4.0 Chrome/60.0.3112.107 Mobile Safari/537.36"
196.251.66.105 - - [20/Jun/2025:23:29:19 -0400] "GET /wp-admin/images/ HTTP/1.1" 403 1242 "https://www.google.com" "Mozilla/5.0 (Linux; Android 7.0; SM-G892A Build/NRD90M; wv) AppleWebKit/537.36 (KHTML, Gecko) Version/4.0 Chrome/60.0.3112.107 Mobile Safari/537.36"
196.251.66.105 - - [20/Jun/2025:23:29:23 -0400] "GET /wp-admin/includes/ HTTP/1.1" 403 1242 "https://www.google.com" "Mozilla/5.0 (Linux; Android 7.0; SM-G892A Build/NRD90M; wv) AppleWebKit/537.36 (KHTML, Gecko) Version/4.0 Chrome/60.0.3112.107 Mobile Safari/537.36"
196.251.66.105 - - [20/Jun/2025:23:29:33 -0400] "GET /wp-admin/maint/index.php HTTP/1.1" 301 0 "https://www.google.com" "Mozilla/5.0 (Linux; Android 7.0; SM-G892A Build/NRD90M; wv) AppleWebKit/537.36 (KHTML, Gecko) Version/4.0 Chrome/60.0.3112.107 Mobile Safari/537.36"
196.251.66.105 - - [20/Jun/2025:23:29:34 -0400] "GET /wp-admin/maint/ HTTP/1.1" 403 1242 "https://www.google.com" "Mozilla/5.0 (Linux; Android 7.0; SM-G892A Build/NRD90M; wv) AppleWebKit/537.36 (KHTML, Gecko) Version/4.0 Chrome/60.0.3112.107 Mobile Safari/537.36"
196.251.66.105 - - [20/Jun/2025:23:29:36 -0400] "GET /wp-admin/network/index.php HTTP/1.1" 302 0 "https://www.google.com" "Mozilla/5.0 (Linux; Android 7.0; SM-G892A Build/NRD90M; wv) AppleWebKit/537.36 (KHTML, Gecko) Version/4.0 Chrome/60.0.3112.107 Mobile Safari/537.36"
196.251.66.105 - - [20/Jun/2025:23:29:37 -0400] "GET /wp-login.php?redirect_to=https%3A%2F%2Fsocialdigiinnovator.com%2Fwp-admin%2Fnetwork%2Findex.php&reauth=1 HTTP/1.1" 302 0 "https://www.google.com" "Mozilla/5.0 (Linux; Android 7.0; SM-G892A Build/NRD90M; wv) AppleWebKit/537.36 (KHTML, Gecko) Version/4.0 Chrome/60.0.3112.107 Mobile Safari/537.36"
198.54.114.35 - - [20/Jun/2025:23:29:44 -0400] "POST /wp-cron.php?doing_wp_cron=1750476584.1992630958557128906250 HTTP/1.1" 200 0 "-" "WordPress/6.8.1; https://socialdigiinnovator.com"
196.251.66.105 - - [20/Jun/2025:23:29:44 -0400] "GET /wp-admin/user/index.php HTTP/1.1" 302 0 "https://www.google.com" "Mozilla/5.0 (Linux; Android 7.0; SM-G892A Build/NRD90M; wv) AppleWebKit/537.36 (KHTML, Gecko) Version/4.0 Chrome/60.0.3112.107 Mobile Safari/537.36"
196.251.66.105 - - [20/Jun/2025:23:29:45 -0400] "GET /wp-login.php?redirect_to=https%3A%2F%2Fsocialdigiinnovator.com%2Fwp-admin%2Fuser%2Findex.php&reauth=1 HTTP/1.1" 302 0 "https://www.google.com" "Mozilla/5.0 (Linux; Android 7.0; SM-G892A Build/NRD90M; wv) AppleWebKit/537.36 (KHTML, Gecko) Version/4.0 Chrome/60.0.3112.107 Mobile Safari/537.36"
196.251.66.105 - - [20/Jun/2025:23:29:53 -0400] "GET /wp-includes/index.php HTTP/1.1" 301 0 "https://www.google.com" "Mozilla/5.0 (Linux; Android 7.0; SM-G892A Build/NRD90M; wv) AppleWebKit/537.36 (KHTML, Gecko) Version/4.0 Chrome/60.0.3112.107 Mobile Safari/537.36"
196.251.66.105 - - [20/Jun/2025:23:29:39 -0400] "GET /404 HTTP/1.1" 404 14952 "https://www.google.com" "Mozilla/5.0 (Linux; Android 7.0; SM-G892A Build/NRD90M; wv) AppleWebKit/537.36 (KHTML, Gecko) Version/4.0 Chrome/60.0.3112.107 Mobile Safari/537.36"
196.251.66.105 - - [20/Jun/2025:23:29:45 -0400] "GET /404 HTTP/1.1" 404 14952 "https://www.google.com" "Mozilla/5.0 (Linux; Android 7.0; SM-G892A Build/NRD90M; wv) AppleWebKit/537.36 (KHTML, Gecko) Version/4.0 Chrome/60.0.3112.107 Mobile Safari/537.36"
196.251.66.105 - - [20/Jun/2025:23:29:57 -0400] "GET /wp-includes/html-api/index.php HTTP/1.1" 301 0 "https://www.google.com" "Mozilla/5.0 (Linux; Android 7.0; SM-G892A Build/NRD90M; wv) AppleWebKit/537.36 (KHTML, Gecko) Version/4.0 Chrome/60.0.3112.107 Mobile Safari/537.36"
196.251.66.105 - - [20/Jun/2025:23:30:06 -0400] "GET /wp-includes/IXR/index.php HTTP/1.1" 301 0 "https://www.google.com" "Mozilla/5.0 (Linux; Android 7.0; SM-G892A Build/NRD90M; wv) AppleWebKit/537.36 (KHTML, Gecko) Version/4.0 Chrome/60.0.3112.107 Mobile Safari/537.36"
196.251.66.105 - - [20/Jun/2025:23:30:06 -0400] "GET /wp-includes/IXR/ HTTP/1.1" 403 1242 "https://www.google.com" "Mozilla/5.0 (Linux; Android 7.0; SM-G892A Build/NRD90M; wv) AppleWebKit/537.36 (KHTML, Gecko) Version/4.0 Chrome/60.0.3112.107 Mobile Safari/537.36"
196.251.66.105 - - [20/Jun/2025:23:30:10 -0400] "GET /wp-includes/PHPMailer/index.php HTTP/1.1" 301 0 "https://www.google.com" "Mozilla/5.0 (Linux; Android 7.0; SM-G892A Build/NRD90M; wv) AppleWebKit/537.36 (KHTML, Gecko) Version/4.0 Chrome/60.0.3112.107 Mobile Safari/537.36"
196.251.66.105 - - [20/Jun/2025:23:30:13 -0400] "GET /wp-includes/Requests/index.php HTTP/1.1" 301 0 "https://www.google.com" "Mozilla/5.0 (Linux; Android 7.0; SM-G892A Build/NRD90M; wv) AppleWebKit/537.36 (KHTML, Gecko) Version/4.0 Chrome/60.0.3112.107 Mobile Safari/537.36"
196.251.66.105 - - [20/Jun/2025:23:30:18 -0400] "GET /wp-includes/Requests/Auth/ HTTP/1.1" 404 14952 "https://www.google.com" "Mozilla/5.0 (Linux; Android 7.0; SM-G892A Build/NRD90M; wv) AppleWebKit/537.36 (KHTML, Gecko) Version/4.0 Chrome/60.0.3112.107 Mobile Safari/537.36"
196.251.66.105 - - [20/Jun/2025:23:30:21 -0400] "GET /wp-includes/Requests/Cookie/index.php HTTP/1.1" 301 0 "https://www.google.com" "Mozilla/5.0 (Linux; Android 7.0; SM-G892A Build/NRD90M; wv) AppleWebKit/537.36 (KHTML, Gecko) Version/4.0 Chrome/60.0.3112.107 Mobile Safari/537.36"
196.251.66.105 - - [20/Jun/2025:23:30:22 -0400] "GET /wp-includes/Requests/Cookie/ HTTP/1.1" 404 14952 "https://www.google.com" "Mozilla/5.0 (Linux; Android 7.0; SM-G892A Build/NRD90M; wv) AppleWebKit/537.36 (KHTML, Gecko) Version/4.0 Chrome/60.0.3112.107 Mobile Safari/537.36"
196.251.66.105 - - [20/Jun/2025:23:30:24 -0400] "GET /wp-includes/Requests/Exception/ HTTP/1.1" 404 14952 "https://www.google.com" "Mozilla/5.0 (Linux; Android 7.0; SM-G892A Build/NRD90M; wv) AppleWebKit/537.36 (KHTML, Gecko) Version/4.0 Chrome/60.0.3112.107 Mobile Safari/537.36"
196.251.66.105 - - [20/Jun/2025:23:30:35 -0400] "GET /wp-includes/Requests/Exception/HTTP/index.php HTTP/1.1" 301 0 "https://www.google.com" "Mozilla/5.0 (Linux; Android 7.0; SM-G892A Build/NRD90M; wv) AppleWebKit/537.36 (KHTML, Gecko) Version/4.0 Chrome/60.0.3112.107 Mobile Safari/537.36"
198.54.114.35 - - [20/Jun/2025:23:30:49 -0400] "POST /wp-cron.php?doing_wp_cron=1750476649.5619850158691406250000 HTTP/1.1" 200 0 "-" "WordPress/6.8.1; https://socialdigiinnovator.com"
196.251.66.105 - - [20/Jun/2025:23:30:49 -0400] "GET /wp-includes/Requests/Proxy/index.php HTTP/1.1" 301 0 "https://www.google.com" "Mozilla/5.0 (Linux; Android 7.0; SM-G892A Build/NRD90M; wv) AppleWebKit/537.36 (KHTML, Gecko) Version/4.0 Chrome/60.0.3112.107 Mobile Safari/537.36"
196.251.66.105 - - [20/Jun/2025:23:30:53 -0400] "GET /wp-includes/Requests/Response/index.php HTTP/1.1" 301 0 "https://www.google.com" "Mozilla/5.0 (Linux; Android 7.0; SM-G892A Build/NRD90M; wv) AppleWebKit/537.36 (KHTML, Gecko) Version/4.0 Chrome/60.0.3112.107 Mobile Safari/537.36"
196.251.66.105 - - [20/Jun/2025:23:29:53 -0400] "GET /wp-includes/ HTTP/1.1" 403 1242 "https://www.google.com" "Mozilla/5.0 (Linux; Android 7.0; SM-G892A Build/NRD90M; wv) AppleWebKit/537.36 (KHTML, Gecko) Version/4.0 Chrome/60.0.3112.107 Mobile Safari/537.36"
196.251.66.105 - - [20/Jun/2025:23:29:58 -0400] "GET /wp-includes/html-api/ HTTP/1.1" 403 1242 "https://www.google.com" "Mozilla/5.0 (Linux; Android 7.0; SM-G892A Build/NRD90M; wv) AppleWebKit/537.36 (KHTML, Gecko) Version/4.0 Chrome/60.0.3112.107 Mobile Safari/537.36"
196.251.66.105 - - [20/Jun/2025:23:30:04 -0400] "GET /wp-includes/ID3/index.php HTTP/1.1" 301 0 "https://www.google.com" "Mozilla/5.0 (Linux; Android 7.0; SM-G892A Build/NRD90M; wv) AppleWebKit/537.36 (KHTML, Gecko) Version/4.0 Chrome/60.0.3112.107 Mobile Safari/537.36"
196.251.66.105 - - [20/Jun/2025:23:30:05 -0400] "GET /wp-includes/ID3/ HTTP/1.1" 403 1242 "https://www.google.com" "Mozilla/5.0 (Linux; Android 7.0; SM-G892A Build/NRD90M; wv) AppleWebKit/537.36 (KHTML, Gecko) Version/4.0 Chrome/60.0.3112.107 Mobile Safari/537.36"
196.251.66.105 - - [20/Jun/2025:23:30:12 -0400] "GET /wp-includes/PHPMailer/ HTTP/1.1" 403 1242 "https://www.google.com" "Mozilla/5.0 (Linux; Android 7.0; SM-G892A Build/NRD90M; wv) AppleWebKit/537.36 (KHTML, Gecko) Version/4.0 Chrome/60.0.3112.107 Mobile Safari/537.36"
196.251.66.105 - - [20/Jun/2025:23:30:15 -0400] "GET /wp-includes/Requests/ HTTP/1.1" 403 1242 "https://www.google.com" "Mozilla/5.0 (Linux; Android 7.0; SM-G892A Build/NRD90M; wv) AppleWebKit/537.36 (KHTML, Gecko) Version/4.0 Chrome/60.0.3112.107 Mobile Safari/537.36"
196.251.66.105 - - [20/Jun/2025:23:30:18 -0400] "GET /wp-includes/Requests/Auth/index.php HTTP/1.1" 301 0 "https://www.google.com" "Mozilla/5.0 (Linux; Android 7.0; SM-G892A Build/NRD90M; wv) AppleWebKit/537.36 (KHTML, Gecko) Version/4.0 Chrome/60.0.3112.107 Mobile Safari/537.36"
196.251.66.105 - - [20/Jun/2025:23:30:24 -0400] "GET /wp-includes/Requests/Exception/index.php HTTP/1.1" 301 0 "https://www.google.com" "Mozilla/5.0 (Linux; Android 7.0; SM-G892A Build/NRD90M; wv) AppleWebKit/537.36 (KHTML, Gecko) Version/4.0 Chrome/60.0.3112.107 Mobile Safari/537.36"
196.251.66.105 - - [20/Jun/2025:23:30:35 -0400] "GET /wp-includes/Requests/Exception/HTTP/ HTTP/1.1" 404 14952 "https://www.google.com" "Mozilla/5.0 (Linux; Android 7.0; SM-G892A Build/NRD90M; wv) AppleWebKit/537.36 (KHTML, Gecko) Version/4.0 Chrome/60.0.3112.107 Mobile Safari/537.36"
198.54.114.35 - - [20/Jun/2025:23:30:45 -0400] "POST /wp-cron.php?doing_wp_cron=1750476645.1858830451965332031250 HTTP/1.1" 200 0 "-" "WordPress/6.8.1; https://socialdigiinnovator.com"
196.251.66.105 - - [20/Jun/2025:23:30:45 -0400] "GET /wp-includes/Requests/Exception/Transport/index.php HTTP/1.1" 301 0 "https://www.google.com" "Mozilla/5.0 (Linux; Android 7.0; SM-G892A Build/NRD90M; wv) AppleWebKit/537.36 (KHTML, Gecko) Version/4.0 Chrome/60.0.3112.107 Mobile Safari/537.36"
196.251.66.105 - - [20/Jun/2025:23:30:45 -0400] "GET /wp-includes/Requests/Exception/Transport/ HTTP/1.1" 404 14952 "https://www.google.com" "Mozilla/5.0 (Linux; Android 7.0; SM-G892A Build/NRD90M; wv) AppleWebKit/537.36 (KHTML, Gecko) Version/4.0 Chrome/60.0.3112.107 Mobile Safari/537.36"
196.251.66.105 - - [20/Jun/2025:23:30:51 -0400] "GET /wp-includes/Requests/Proxy/ HTTP/1.1" 404 14952 "https://www.google.com" "Mozilla/5.0 (Linux; Android 7.0; SM-G892A Build/NRD90M; wv) AppleWebKit/537.36 (KHTML, Gecko) Version/4.0 Chrome/60.0.3112.107 Mobile Safari/537.36"
196.251.66.105 - - [20/Jun/2025:23:30:54 -0400] "GET /wp-includes/Requests/Response/ HTTP/1.1" 404 14952 "https://www.google.com" "Mozilla/5.0 (Linux; Android 7.0; SM-G892A Build/NRD90M; wv) AppleWebKit/537.36 (KHTML, Gecko) Version/4.0 Chrome/60.0.3112.107 Mobile Safari/537.36"
198.54.114.35 - - [20/Jun/2025:23:30:58 -0400] "POST /wp-cron.php?doing_wp_cron=1750476658.8703908920288085937500 HTTP/1.1" 200 0 "-" "WordPress/6.8.1; https://socialdigiinnovator.com"
196.251.66.105 - - [20/Jun/2025:23:30:58 -0400] "GET /wp-includes/Requests/Transport/index.php HTTP/1.1" 301 0 "https://www.google.com" "Mozilla/5.0 (Linux; Android 7.0; SM-G892A Build/NRD90M; wv) AppleWebKit/537.36 (KHTML, Gecko) Version/4.0 Chrome/60.0.3112.107 Mobile Safari/537.36"
196.251.66.105 - - [20/Jun/2025:23:30:59 -0400] "GET /wp-includes/Requests/Transport/ HTTP/1.1" 404 14952 "https://www.google.com" "Mozilla/5.0 (Linux; Android 7.0; SM-G892A Build/NRD90M; wv) AppleWebKit/537.36 (KHTML, Gecko) Version/4.0 Chrome/60.0.3112.107 Mobile Safari/537.36"
196.251.66.105 - - [20/Jun/2025:23:31:10 -0400] "GET /wp-includes/SimplePie/ HTTP/1.1" 403 1242 "https://www.google.com" "Mozilla/5.0 (Linux; Android 7.0; SM-G892A Build/NRD90M; wv) AppleWebKit/537.36 (KHTML, Gecko) Version/4.0 Chrome/60.0.3112.107 Mobile Safari/537.36"
196.251.66.105 - - [20/Jun/2025:23:31:18 -0400] "GET /wp-includes/SimplePie/Cache/index.php HTTP/1.1" 301 0 "https://www.google.com" "Mozilla/5.0 (Linux; Android 7.0; SM-G892A Build/NRD90M; wv) AppleWebKit/537.36 (KHTML, Gecko) Version/4.0 Chrome/60.0.3112.107 Mobile Safari/537.36"
196.251.66.105 - - [20/Jun/2025:23:31:19 -0400] "GET /wp-includes/SimplePie/Cache/ HTTP/1.1" 404 14952 "https://www.google.com" "Mozilla/5.0 (Linux; Android 7.0; SM-G892A Build/NRD90M; wv) AppleWebKit/537.36 (KHTML, Gecko) Version/4.0 Chrome/60.0.3112.107 Mobile Safari/537.36"
196.251.66.105 - - [20/Jun/2025:23:31:23 -0400] "GET /wp-includes/SimplePie/Content/Type/index.php HTTP/1.1" 301 0 "https://www.google.com" "Mozilla/5.0 (Linux; Android 7.0; SM-G892A Build/NRD90M; wv) AppleWebKit/537.36 (KHTML, Gecko) Version/4.0 Chrome/60.0.3112.107 Mobile Safari/537.36"
196.251.66.105 - - [20/Jun/2025:23:31:24 -0400] "GET /wp-includes/SimplePie/Content/Type/ HTTP/1.1" 404 14933 "https://www.google.com" "Mozilla/5.0 (Linux; Android 7.0; SM-G892A Build/NRD90M; wv) AppleWebKit/537.36 (KHTML, Gecko) Version/4.0 Chrome/60.0.3112.107 Mobile Safari/537.36"
196.251.66.105 - - [20/Jun/2025:23:31:29 -0400] "GET /wp-includes/SimplePie/Decode/HTML/index.php HTTP/1.1" 301 0 "https://www.google.com" "Mozilla/5.0 (Linux; Android 7.0; SM-G892A Build/NRD90M; wv) AppleWebKit/537.36 (KHTML, Gecko) Version/4.0 Chrome/60.0.3112.107 Mobile Safari/537.36"
196.251.66.105 - - [20/Jun/2025:23:31:36 -0400] "GET /wp-includes/SimplePie/Decode/HTML/ HTTP/1.1" 404 14952 "https://www.google.com" "Mozilla/5.0 (Linux; Android 7.0; SM-G892A Build/NRD90M; wv) AppleWebKit/537.36 (KHTML, Gecko) Version/4.0 Chrome/60.0.3112.107 Mobile Safari/537.36"
198.54.114.35 - - [20/Jun/2025:23:31:45 -0400] "POST /wp-cron.php?doing_wp_cron=1750476705.7416930198669433593750 HTTP/1.1" 200 0 "-" "WordPress/6.8.1; https://socialdigiinnovator.com"
196.251.66.105 - - [20/Jun/2025:23:31:53 -0400] "GET /wp-includes/SimplePie/Parse/index.php HTTP/1.1" 301 0 "https://www.google.com" "Mozilla/5.0 (Linux; Android 7.0; SM-G892A Build/NRD90M; wv) AppleWebKit/537.36 (KHTML, Gecko) Version/4.0 Chrome/60.0.3112.107 Mobile Safari/537.36"
196.251.66.105 - - [20/Jun/2025:23:31:54 -0400] "GET /wp-includes/SimplePie/Parse/ HTTP/1.1" 404 14952 "https://www.google.com" "Mozilla/5.0 (Linux; Android 7.0; SM-G892A Build/NRD90M; wv) AppleWebKit/537.36 (KHTML, Gecko) Version/4.0 Chrome/60.0.3112.107 Mobile Safari/537.36"
196.251.66.105 - - [20/Jun/2025:23:32:14 -0400] "GET /wp-includes/Text/Diff/ HTTP/1.1" 403 1242 "https://www.google.com" "Mozilla/5.0 (Linux; Android 7.0; SM-G892A Build/NRD90M; wv) AppleWebKit/537.36 (KHTML, Gecko) Version/4.0 Chrome/60.0.3112.107 Mobile Safari/537.36"
196.251.66.105 - - [20/Jun/2025:23:32:16 -0400] "GET /wp-includes/Text/Diff/Engine/index.php HTTP/1.1" 301 0 "https://www.google.com" "Mozilla/5.0 (Linux; Android 7.0; SM-G892A Build/NRD90M; wv) AppleWebKit/537.36 (KHTML, Gecko) Version/4.0 Chrome/60.0.3112.107 Mobile Safari/537.36"
196.251.66.105 - - [20/Jun/2025:23:31:03 -0400] "GET /wp-includes/Requests/Utility/index.php HTTP/1.1" 301 0 "https://www.google.com" "Mozilla/5.0 (Linux; Android 7.0; SM-G892A Build/NRD90M; wv) AppleWebKit/537.36 (KHTML, Gecko) Version/4.0 Chrome/60.0.3112.107 Mobile Safari/537.36"
196.251.66.105 - - [20/Jun/2025:23:31:04 -0400] "GET /wp-includes/Requests/Utility/ HTTP/1.1" 404 14933 "https://www.google.com" "Mozilla/5.0 (Linux; Android 7.0; SM-G892A Build/NRD90M; wv) AppleWebKit/537.36 (KHTML, Gecko) Version/4.0 Chrome/60.0.3112.107 Mobile Safari/537.36"
196.251.66.105 - - [20/Jun/2025:23:31:10 -0400] "GET /wp-includes/SimplePie/index.php HTTP/1.1" 301 0 "https://www.google.com" "Mozilla/5.0 (Linux; Android 7.0; SM-G892A Build/NRD90M; wv) AppleWebKit/537.36 (KHTML, Gecko) Version/4.0 Chrome/60.0.3112.107 Mobile Safari/537.36"
196.251.66.105 - - [20/Jun/2025:23:31:40 -0400] "GET /wp-includes/SimplePie/HTTP/index.php HTTP/1.1" 301 0 "https://www.google.com" "Mozilla/5.0 (Linux; Android 7.0; SM-G892A Build/NRD90M; wv) AppleWebKit/537.36 (KHTML, Gecko) Version/4.0 Chrome/60.0.3112.107 Mobile Safari/537.36"
196.251.66.105 - - [20/Jun/2025:23:31:41 -0400] "GET /wp-includes/SimplePie/HTTP/ HTTP/1.1" 404 14952 "https://www.google.com" "Mozilla/5.0 (Linux; Android 7.0; SM-G892A Build/NRD90M; wv) AppleWebKit/537.36 (KHTML, Gecko) Version/4.0 Chrome/60.0.3112.107 Mobile Safari/537.36"
196.251.66.105 - - [20/Jun/2025:23:31:45 -0400] "GET /wp-includes/SimplePie/Net/index.php HTTP/1.1" 301 0 "https://www.google.com" "Mozilla/5.0 (Linux; Android 7.0; SM-G892A Build/NRD90M; wv) AppleWebKit/537.36 (KHTML, Gecko) Version/4.0 Chrome/60.0.3112.107 Mobile Safari/537.36"
196.251.66.105 - - [20/Jun/2025:23:31:47 -0400] "GET /wp-includes/SimplePie/Net/ HTTP/1.1" 404 14952 "https://www.google.com" "Mozilla/5.0 (Linux; Android 7.0; SM-G892A Build/NRD90M; wv) AppleWebKit/537.36 (KHTML, Gecko) Version/4.0 Chrome/60.0.3112.107 Mobile Safari/537.36"
196.251.66.105 - - [20/Jun/2025:23:32:01 -0400] "GET /wp-includes/SimplePie/XML/Declaration/index.php HTTP/1.1" 301 0 "https://www.google.com" "Mozilla/5.0 (Linux; Android 7.0; SM-G892A Build/NRD90M; wv) AppleWebKit/537.36 (KHTML, Gecko) Version/4.0 Chrome/60.0.3112.107 Mobile Safari/537.36"
196.251.66.105 - - [20/Jun/2025:23:32:01 -0400] "GET /wp-includes/SimplePie/XML/Declaration/ HTTP/1.1" 404 14952 "https://www.google.com" "Mozilla/5.0 (Linux; Android 7.0; SM-G892A Build/NRD90M; wv) AppleWebKit/537.36 (KHTML, Gecko) Version/4.0 Chrome/60.0.3112.107 Mobile Safari/537.36"
196.251.66.105 - - [20/Jun/2025:23:32:08 -0400] "GET /wp-includes/Text/index.php HTTP/1.1" 301 0 "https://www.google.com" "Mozilla/5.0 (Linux; Android 7.0; SM-G892A Build/NRD90M; wv) AppleWebKit/537.36 (KHTML, Gecko) Version/4.0 Chrome/60.0.3112.107 Mobile Safari/537.36"
196.251.66.105 - - [20/Jun/2025:23:32:09 -0400] "GET /wp-includes/Text/ HTTP/1.1" 403 1242 "https://www.google.com" "Mozilla/5.0 (Linux; Android 7.0; SM-G892A Build/NRD90M; wv) AppleWebKit/537.36 (KHTML, Gecko) Version/4.0 Chrome/60.0.3112.107 Mobile Safari/537.36"
196.251.66.105 - - [20/Jun/2025:23:32:13 -0400] "GET /wp-includes/Text/Diff/index.php HTTP/1.1" 301 0 "https://www.google.com" "Mozilla/5.0 (Linux; Android 7.0; SM-G892A Build/NRD90M; wv) AppleWebKit/537.36 (KHTML, Gecko) Version/4.0 Chrome/60.0.3112.107 Mobile Safari/537.36"
