52.138.220.142 - - [20/Jun/2025:09:34:12 -0400] "GET /db.php HTTP/1.1" 404 14951 "-" "-"
52.138.220.142 - - [20/Jun/2025:09:34:16 -0400] "GET /404 HTTP/1.1" 404 14951 "-" "-"
52.138.220.142 - - [20/Jun/2025:09:34:18 -0400] "GET /wp-content/plugins/wp-help/mini.php HTTP/1.1" 404 14951 "-" "-"
52.138.220.142 - - [20/Jun/2025:09:34:20 -0400] "GET /wp-content/themes/wp-pridmag/classwithtostring.php HTTP/1.1" 404 14951 "-" "-"
52.138.220.142 - - [20/Jun/2025:09:34:13 -0400] "GET /wp-content/configs.php HTTP/1.1" 404 14951 "-" "-"
52.138.220.142 - - [20/Jun/2025:09:34:14 -0400] "GET /wp-includes/images/media/about.php HTTP/1.1" 404 14951 "-" "-"
52.138.220.142 - - [20/Jun/2025:09:34:14 -0400] "GET /cgi-bin/xmrlpc.php HTTP/1.1" 404 14951 "-" "-"
52.138.220.142 - - [20/Jun/2025:09:34:15 -0400] "GET /assets/admin.php HTTP/1.1" 404 14951 "-" "-"
52.138.220.142 - - [20/Jun/2025:09:34:15 -0400] "GET /cgi-bin/moon.php HTTP/1.1" 404 14951 "-" "-"
52.138.220.142 - - [20/Jun/2025:09:34:16 -0400] "GET /wp-includes/theme-compat/wp-login.php HTTP/1.1" 302 0 "-" "-"
52.138.220.142 - - [20/Jun/2025:09:34:17 -0400] "GET /wp-admin/plugin.php HTTP/1.1" 404 14951 "-" "-"
52.138.220.142 - - [20/Jun/2025:09:34:17 -0400] "GET /wp-includes/SimplePie/Content/Type/alfa-rex.php HTTP/1.1" 404 14951 "-" "-"
52.138.220.142 - - [20/Jun/2025:09:34:18 -0400] "GET /admin/fckeditor/editor/filemanager/owlmailer.php HTTP/1.1" 404 14951 "-" "-"
52.138.220.142 - - [20/Jun/2025:09:34:19 -0400] "GET /m.php HTTP/1.1" 404 14951 "-" "-"
52.138.220.142 - - [20/Jun/2025:09:34:20 -0400] "GET /wp-content/plugins/Cache/Cache.php HTTP/1.1" 404 14951 "-" "-"
52.138.220.142 - - [20/Jun/2025:09:34:21 -0400] "GET /gel4y.php HTTP/1.1" 404 14951 "-" "-"
52.138.220.142 - - [20/Jun/2025:09:34:22 -0400] "GET /wp-includes/rest-api/blue.php HTTP/1.1" 404 14951 "-" "-"
52.138.220.142 - - [20/Jun/2025:09:34:24 -0400] "GET /404 HTTP/1.1" 404 14951 "-" "-"
52.138.220.142 - - [20/Jun/2025:09:34:26 -0400] "GET /wp-includes/blocks/wp-conflg.php HTTP/1.1" 404 14951 "-" "-"
52.138.220.142 - - [20/Jun/2025:09:34:27 -0400] "GET /wp-login.php?redirect_to=https%3A%2F%2Fsocialdigiinnovator.com%2Fwp-admin%2Ftools.php&reauth=1 HTTP/1.1" 302 0 "-" "-"
52.138.220.142 - - [20/Jun/2025:09:34:28 -0400] "GET /.well-known/themes.php HTTP/1.1" 404 14951 "-" "-"
52.138.220.142 - - [20/Jun/2025:09:34:29 -0400] "GET /wp-includes/mah.php HTTP/1.1" 404 14951 "-" "-"
52.138.220.142 - - [20/Jun/2025:09:34:29 -0400] "GET /wp-includes/pomo/install.php HTTP/1.1" 404 14951 "-" "-"
52.138.220.142 - - [20/Jun/2025:09:34:31 -0400] "GET /simple.php HTTP/1.1" 404 14951 "-" "-"
52.138.220.142 - - [20/Jun/2025:09:34:32 -0400] "GET /wp-includes/ID3/autoload_classmap.php HTTP/1.1" 404 14951 "-" "-"
52.138.220.142 - - [20/Jun/2025:09:34:34 -0400] "GET /images/autoload_classmap.php HTTP/1.1" 404 14951 "-" "-"
52.138.220.142 - - [20/Jun/2025:09:34:34 -0400] "GET /radio.php HTTP/1.1" 404 14951 "-" "-"
52.138.220.142 - - [20/Jun/2025:09:34:38 -0400] "GET /wp-includes/rest-api/alfa-rex.php HTTP/1.1" 404 14951 "-" "-"
52.138.220.142 - - [20/Jun/2025:09:34:39 -0400] "GET /gecko.php HTTP/1.1" 404 14951 "-" "-"
52.138.220.142 - - [20/Jun/2025:09:34:39 -0400] "GET /plugin.php HTTP/1.1" 404 14951 "-" "-"
52.138.220.142 - - [20/Jun/2025:09:34:41 -0400] "GET /wp-includes/images/crystal/about.php HTTP/1.1" 404 14951 "-" "-"
52.138.220.142 - - [20/Jun/2025:09:34:42 -0400] "GET /wp-content/file.php HTTP/1.1" 404 14951 "-" "-"
52.138.220.142 - - [20/Jun/2025:09:34:43 -0400] "GET /wp-includes/SimplePie/about.php HTTP/1.1" 404 14951 "-" "-"
52.138.220.142 - - [20/Jun/2025:09:34:44 -0400] "GET /wp-admin/packed.php HTTP/1.1" 404 14951 "-" "-"
52.138.220.142 - - [20/Jun/2025:09:34:46 -0400] "GET /wp-includes/style-engine/wp-login.php HTTP/1.1" 302 0 "-" "-"
52.138.220.142 - - [20/Jun/2025:09:34:47 -0400] "GET /wp-content/mu-plugins/index.php HTTP/1.1" 301 0 "-" "-"
52.138.220.142 - - [20/Jun/2025:09:34:47 -0400] "GET /wp-content/mu-plugins/ HTTP/1.1" 404 14951 "-" "-"
52.138.220.142 - - [20/Jun/2025:09:34:50 -0400] "GET /.well-known/acme-challenge/ HTTP/1.1" 404 14951 "-" "-"
89.39.190.164 - - [20/Jun/2025:09:34:51 -0400] "POST /xmlrpc.php HTTP/1.1" 403 1242 "https://socialdigiinnovator.com" "Mozilla/5.0 (Windows NT 10.0; Win64; x64) AppleWebKit/537.36 (KHTML, like Gecko) Chrome/112.0.5615.138 Safari/537.36 Edg/112.0.1722.68"
52.138.220.142 - - [20/Jun/2025:09:34:51 -0400] "GET /goat1.php HTTP/1.1" 404 14951 "-" "-"
52.138.220.142 - - [20/Jun/2025:09:34:21 -0400] "GET /upload/wp-info.php HTTP/1.1" 404 14951 "-" "-"
52.138.220.142 - - [20/Jun/2025:09:34:23 -0400] "GET /wp-includes/SimplePie/wp-conflg.php HTTP/1.1" 404 14951 "-" "-"
52.138.220.142 - - [20/Jun/2025:09:34:23 -0400] "GET /wp-content/wp-configs.php HTTP/1.1" 404 14951 "-" "-"
52.138.220.142 - - [20/Jun/2025:09:34:24 -0400] "GET /wp-admin/user/index.php HTTP/1.1" 302 0 "-" "-"
52.138.220.142 - - [20/Jun/2025:09:34:24 -0400] "GET /wp-login.php?redirect_to=https%3A%2F%2Fsocialdigiinnovator.com%2Fwp-admin%2Fuser%2Findex.php&reauth=1 HTTP/1.1" 302 0 "-" "-"
52.138.220.142 - - [20/Jun/2025:09:34:25 -0400] "GET /wp-content/upgrade-temp-backup/alfa-rex.php HTTP/1.1" 404 14951 "-" "-"
52.138.220.142 - - [20/Jun/2025:09:34:26 -0400] "GET /.well-known/pki-validation/jp.php HTTP/1.1" 404 1251 "-" "-"
52.138.220.142 - - [20/Jun/2025:09:34:26 -0400] "GET /wp-includes/Requests/Response/siteindex.php HTTP/1.1" 404 14951 "-" "-"
52.138.220.142 - - [20/Jun/2025:09:34:27 -0400] "GET /wp-admin/tools.php HTTP/1.1" 302 0 "-" "-"
52.138.220.142 - - [20/Jun/2025:09:34:28 -0400] "GET /404 HTTP/1.1" 404 14951 "-" "-"
52.138.220.142 - - [20/Jun/2025:09:34:30 -0400] "GET /wp-includes/packed.php HTTP/1.1" 404 14951 "-" "-"
52.138.220.142 - - [20/Jun/2025:09:34:31 -0400] "GET /wp-admin/css/index.php HTTP/1.1" 301 0 "-" "-"
52.138.220.142 - - [20/Jun/2025:09:34:32 -0400] "GET /wp-admin/css/ HTTP/1.1" 403 1242 "-" "-"
52.138.220.142 - - [20/Jun/2025:09:34:32 -0400] "GET /wp-includes/images/smilies/network.php HTTP/1.1" 404 14951 "-" "-"
52.138.220.142 - - [20/Jun/2025:09:34:33 -0400] "GET /wp-content/admin.php HTTP/1.1" 404 14951 "-" "-"
52.138.220.142 - - [20/Jun/2025:09:34:35 -0400] "GET /wp-content/plugins/Cache.php HTTP/1.1" 404 14951 "-" "-"
52.138.220.142 - - [20/Jun/2025:09:34:35 -0400] "GET /wp-admin/js/widgets/index.php HTTP/1.1" 301 0 "-" "-"
52.138.220.142 - - [20/Jun/2025:09:34:36 -0400] "GET /wp-admin/js/widgets/ HTTP/1.1" 403 1242 "-" "-"
52.138.220.142 - - [20/Jun/2025:09:34:36 -0400] "GET /wp-content/packed.php HTTP/1.1" 404 14951 "-" "-"
52.138.220.142 - - [20/Jun/2025:09:34:36 -0400] "GET /wp-content/uploads/link.php HTTP/1.1" 404 14951 "-" "-"
52.138.220.142 - - [20/Jun/2025:09:34:37 -0400] "GET /403.php HTTP/1.1" 404 14951 "-" "-"
52.138.220.142 - - [20/Jun/2025:09:34:38 -0400] "GET /wp-content/uploads/plugins.php HTTP/1.1" 404 14951 "-" "-"
52.138.220.142 - - [20/Jun/2025:09:34:40 -0400] "GET /wp-includes/html-api/wp-login.php HTTP/1.1" 302 0 "-" "-"
52.138.220.142 - - [20/Jun/2025:09:34:40 -0400] "GET /404 HTTP/1.1" 404 14951 "-" "-"
52.138.220.142 - - [20/Jun/2025:09:34:41 -0400] "GET /Assets/edit.php HTTP/1.1" 404 14951 "-" "-"
198.54.114.35 - - [20/Jun/2025:09:34:42 -0400] "POST /wp-cron.php?doing_wp_cron=1750426482.0178849697113037109375 HTTP/1.1" 200 0 "-" "WordPress/6.8.1; https://socialdigiinnovator.com"
52.138.220.142 - - [20/Jun/2025:09:34:43 -0400] "GET /.well-known/pkivalidation/log.php HTTP/1.1" 404 14951 "-" "-"
52.138.220.142 - - [20/Jun/2025:09:34:45 -0400] "GET /user.php HTTP/1.1" 404 14951 "-" "-"
52.138.220.142 - - [20/Jun/2025:09:34:45 -0400] "GET /about.php HTTP/1.1" 404 14951 "-" "-"
52.138.220.142 - - [20/Jun/2025:09:34:46 -0400] "GET /filemanager.php HTTP/1.1" 404 14951 "-" "-"
52.138.220.142 - - [20/Jun/2025:09:34:47 -0400] "GET /404 HTTP/1.1" 404 14951 "-" "-"
52.138.220.142 - - [20/Jun/2025:09:34:48 -0400] "GET /wp-includes/Text/Diff/about.php HTTP/1.1" 404 14938 "-" "-"
52.138.220.142 - - [20/Jun/2025:09:34:49 -0400] "GET /wp-includes/images/about.php HTTP/1.1" 404 14951 "-" "-"
52.138.220.142 - - [20/Jun/2025:09:34:50 -0400] "GET /.well-known/acme-challenge/index.php HTTP/1.1" 301 0 "-" "-"
52.138.220.142 - - [20/Jun/2025:09:34:50 -0400] "GET /images/about.php HTTP/1.1" 404 14951 "-" "-"
52.138.220.142 - - [20/Jun/2025:09:34:52 -0400] "GET /wp-includes/Text/Diff/Engine/index.php HTTP/1.1" 301 0 "-" "-"
52.138.220.142 - - [20/Jun/2025:09:34:52 -0400] "GET /wp-mail.php/wp-includes/ID3/class-config.php HTTP/1.1" 403 958 "-" "-"
52.138.220.142 - - [20/Jun/2025:09:34:52 -0400] "GET /wp-includes/Text/Diff/Engine/ HTTP/1.1" 403 1242 "-" "-"
52.138.220.142 - - [20/Jun/2025:09:34:53 -0400] "GET /wp-includes/html-api/cloud.php HTTP/1.1" 404 14951 "-" "-"
52.138.220.142 - - [20/Jun/2025:09:34:53 -0400] "GET /wp-includes/wp-includes/alfa-rex.php HTTP/1.1" 404 14951 "-" "-"
52.138.220.142 - - [20/Jun/2025:09:34:54 -0400] "GET /wp-admin/network/index.php HTTP/1.1" 302 0 "-" "-"
52.138.220.142 - - [20/Jun/2025:09:34:56 -0400] "GET /wp-content/uploads/2024/index.php HTTP/1.1" 301 0 "-" "-"
52.138.220.142 - - [20/Jun/2025:09:34:57 -0400] "GET /wp-content/uploads/2024/ HTTP/1.1" 403 1242 "-" "-"
52.138.220.142 - - [20/Jun/2025:09:34:58 -0400] "GET /admin/controller/extension/extension/blue.php HTTP/1.1" 404 14951 "-" "-"
52.138.220.142 - - [20/Jun/2025:09:35:00 -0400] "GET /wp-includes/js/crop/shell.php HTTP/1.1" 404 14951 "-" "-"
52.138.220.142 - - [20/Jun/2025:09:35:02 -0400] "GET /wp-includes/sodium_compat/autoload_classmap.php HTTP/1.1" 404 14951 "-" "-"
52.138.220.142 - - [20/Jun/2025:09:35:02 -0400] "GET /wp-includes/certificates/wp-login.php HTTP/1.1" 302 0 "-" "-"
52.138.220.142 - - [20/Jun/2025:09:35:03 -0400] "GET /404 HTTP/1.1" 404 14938 "-" "-"
52.138.220.142 - - [20/Jun/2025:09:35:06 -0400] "GET /wp-includes/images/media/text.php HTTP/1.1" 404 14951 "-" "-"
52.138.220.142 - - [20/Jun/2025:09:35:10 -0400] "GET /wp-content/uploads/2022/update.php HTTP/1.1" 404 14951 "-" "-"
52.138.220.142 - - [20/Jun/2025:09:35:10 -0400] "GET /wp-admin/images/wp-login.php HTTP/1.1" 302 0 "-" "-"
52.138.220.142 - - [20/Jun/2025:09:35:11 -0400] "GET /wp-content/themes/astra/inc/network.php HTTP/1.1" 404 14951 "-" "-"
52.138.220.142 - - [20/Jun/2025:09:35:12 -0400] "GET /shell.php HTTP/1.1" 404 14951 "-" "-"
52.138.220.142 - - [20/Jun/2025:09:35:13 -0400] "GET /.well-knownold/inputs.php HTTP/1.1" 404 14951 "-" "-"
52.138.220.142 - - [20/Jun/2025:09:35:15 -0400] "GET /assets/images/about.php HTTP/1.1" 404 14951 "-" "-"
52.138.220.142 - - [20/Jun/2025:09:35:16 -0400] "GET /wp-content/uploads/json.php HTTP/1.1" 404 14951 "-" "-"
52.138.220.142 - - [20/Jun/2025:09:35:17 -0400] "GET /wp-includes/wp-includes/about.php HTTP/1.1" 404 14951 "-" "-"
52.138.220.142 - - [20/Jun/2025:09:35:18 -0400] "GET /wp-content/themes/wp-pridmag/lock.php HTTP/1.1" 404 14951 "-" "-"
52.138.220.142 - - [20/Jun/2025:09:35:19 -0400] "GET /admin/uploads/media.php HTTP/1.1" 404 14951 "-" "-"
52.138.220.142 - - [20/Jun/2025:09:35:20 -0400] "GET /wp-admin/images/ HTTP/1.1" 403 1242 "-" "-"
52.138.220.142 - - [20/Jun/2025:09:35:20 -0400] "GET /wp-admin/css/colors/coffee/about.php HTTP/1.1" 404 14951 "-" "-"
52.138.220.142 - - [20/Jun/2025:09:35:21 -0400] "GET /browse.php HTTP/1.1" 404 14951 "-" "-"
66.249.92.161 - - [20/Jun/2025:09:35:21 -0400] "GET /wp-content/uploads/elementor/css/post-86.css?ver=1749067505 HTTP/1.1" 200 421 "https://socialdigiinnovator.com/" "AdsBot-Google (+http://www.google.com/adsbot.html)"
66.249.92.162 - - [20/Jun/2025:09:35:22 -0400] "GET /wp-includes/js/jquery/jquery-migrate.min.js?ver=3.4.1 HTTP/1.1" 304 0 "https://socialdigiinnovator.com/" "AdsBot-Google (+http://www.google.com/adsbot.html)"
52.138.220.142 - - [20/Jun/2025:09:35:22 -0400] "GET /wp-content/themes/twenty/twenty.php HTTP/1.1" 404 14951 "-" "-"
66.249.92.161 - - [20/Jun/2025:09:35:22 -0400] "GET /wp-content/themes/twentytwentyfive/style.css?ver=1.2 HTTP/1.1" 200 1009 "https://socialdigiinnovator.com/" "AdsBot-Google (+http://www.google.com/adsbot.html)"
52.138.220.142 - - [20/Jun/2025:09:35:22 -0400] "GET /wp-content/themes/twentytwentytwo/alfa-rex.php HTTP/1.1" 404 14951 "-" "-"
52.138.220.142 - - [20/Jun/2025:09:35:23 -0400] "GET /index/lock.php HTTP/1.1" 404 14951 "-" "-"
52.138.220.142 - - [20/Jun/2025:09:34:54 -0400] "GET /wp-login.php?redirect_to=https%3A%2F%2Fsocialdigiinnovator.com%2Fwp-admin%2Fnetwork%2Findex.php&reauth=1 HTTP/1.1" 302 0 "-" "-"
52.138.220.142 - - [20/Jun/2025:09:34:54 -0400] "GET /404 HTTP/1.1" 404 14951 "-" "-"
52.138.220.142 - - [20/Jun/2025:09:34:55 -0400] "GET /.well-known/acme-challenge/classwithtostring.php HTTP/1.1" 404 14951 "-" "-"
52.138.220.142 - - [20/Jun/2025:09:34:56 -0400] "GET /wp-includes/pomo/rk2.php HTTP/1.1" 404 14938 "-" "-"
52.138.220.142 - - [20/Jun/2025:09:34:57 -0400] "GET /.well-known/pki-validation/xmrlpc.php HTTP/1.1" 404 1251 "-" "-"
52.138.220.142 - - [20/Jun/2025:09:34:57 -0400] "GET /wp-content/themes/plugin.php HTTP/1.1" 404 14951 "-" "-"
52.138.220.142 - - [20/Jun/2025:09:34:58 -0400] "GET /wp-admin/maint/buy.php HTTP/1.1" 404 14951 "-" "-"
52.138.220.142 - - [20/Jun/2025:09:34:59 -0400] "GET /.well-known/acme-challenge/wso112233.php HTTP/1.1" 404 14951 "-" "-"
52.138.220.142 - - [20/Jun/2025:09:35:00 -0400] "GET /dropdown.php HTTP/1.1" 404 14951 "-" "-"
52.138.220.142 - - [20/Jun/2025:09:35:01 -0400] "GET /wp-links.php HTTP/1.1" 404 14951 "-" "-"
52.138.220.142 - - [20/Jun/2025:09:35:01 -0400] "GET /wp-mail.php/wp-includes/ID3/esyfvxgmdq.php HTTP/1.1" 403 958 "-" "-"
52.138.220.142 - - [20/Jun/2025:09:35:04 -0400] "GET /wp-includes/customize/index.php HTTP/1.1" 301 0 "-" "-"
52.138.220.142 - - [20/Jun/2025:09:35:04 -0400] "GET /wp-includes/customize/ HTTP/1.1" 403 1242 "-" "-"
52.138.220.142 - - [20/Jun/2025:09:35:05 -0400] "GET /wp-includes/customize/wp-conflg.php HTTP/1.1" 404 14951 "-" "-"
52.138.220.142 - - [20/Jun/2025:09:35:05 -0400] "GET /wp-content/themes/sketch/404.php HTTP/1.1" 404 14951 "-" "-"
52.138.220.142 - - [20/Jun/2025:09:35:07 -0400] "GET /wp-includes/customize/muse.php HTTP/1.1" 404 14951 "-" "-"
52.138.220.142 - - [20/Jun/2025:09:35:07 -0400] "GET /wp-admin/js/admin.php HTTP/1.1" 404 14890 "-" "-"
52.138.220.142 - - [20/Jun/2025:09:35:08 -0400] "GET /wp-includes/certificates/about.php HTTP/1.1" 404 14951 "-" "-"
52.138.220.142 - - [20/Jun/2025:09:35:09 -0400] "GET /wp-admin/classwithtostring.php HTTP/1.1" 404 14951 "-" "-"
52.138.220.142 - - [20/Jun/2025:09:35:09 -0400] "GET /wp-includes/php-compat/chosen.php HTTP/1.1" 404 14938 "-" "-"
52.138.220.142 - - [20/Jun/2025:09:35:10 -0400] "GET /404 HTTP/1.1" 404 14951 "-" "-"
52.138.220.142 - - [20/Jun/2025:09:35:12 -0400] "GET /wp-admin/includes/wp-conflg.php HTTP/1.1" 404 14951 "-" "-"
52.138.220.142 - - [20/Jun/2025:09:35:13 -0400] "GET /wp-admin/js/wp-conflg.php HTTP/1.1" 404 14951 "-" "-"
52.138.220.142 - - [20/Jun/2025:09:35:14 -0400] "GET /wp-content/plugins/seoplugins/mar.php HTTP/1.1" 404 14951 "-" "-"
52.138.220.142 - - [20/Jun/2025:09:35:15 -0400] "GET /wp-includes/random_compat/chosen.php HTTP/1.1" 404 14951 "-" "-"
66.249.92.162 - - [20/Jun/2025:09:35:16 -0400] "GET /wp-content/uploads/depicter/css/135.css?ver=1748841854 HTTP/1.1" 200 714 "https://socialdigiinnovator.com/" "AdsBot-Google (+http://www.google.com/adsbot.html)"
52.138.220.142 - - [20/Jun/2025:09:35:16 -0400] "GET /admin/uploads/lv.php HTTP/1.1" 404 14938 "-" "-"
52.138.220.142 - - [20/Jun/2025:09:35:18 -0400] "GET /wp-admin/js/about.php HTTP/1.1" 404 14938 "-" "-"
52.138.220.142 - - [20/Jun/2025:09:35:19 -0400] "GET /wp-admin/images/index.php HTTP/1.1" 301 0 "-" "-"
52.138.220.142 - - [20/Jun/2025:09:35:21 -0400] "GET /shell20211028.php HTTP/1.1" 404 14951 "-" "-"
66.249.92.161 - - [20/Jun/2025:09:35:23 -0400] "GET /wp-content/uploads/elementor/google-fonts/css/nunito.css?ver=1742245159 HTTP/1.1" 200 724 "https://socialdigiinnovator.com/" "AdsBot-Google (+http://www.google.com/adsbot.html)"
52.138.220.142 - - [20/Jun/2025:09:35:24 -0400] "GET /wp-includes/theme-compat/chosen.php HTTP/1.1" 404 14951 "-" "-"
66.249.92.161 - - [20/Jun/2025:09:35:25 -0400] "GET /wp-content/uploads/elementor/google-fonts/css/roboto.css?ver=1742243672 HTTP/1.1" 304 0 "https://socialdigiinnovator.com/" "AdsBot-Google (+http://www.google.com/adsbot.html)"
52.138.220.142 - - [20/Jun/2025:09:35:25 -0400] "GET /wp-content/config.php HTTP/1.1" 404 14951 "-" "-"
66.249.92.161 - - [20/Jun/2025:09:35:26 -0400] "GET /wp-content/plugins/elementor/assets/lib/font-awesome/js/v4-shims.min.js?ver=3.29.2 HTTP/1.1" 304 0 "https://socialdigiinnovator.com/" "AdsBot-Google (+http://www.google.com/adsbot.html)"
52.138.220.142 - - [20/Jun/2025:09:35:26 -0400] "GET /wp-includes/ID3/ HTTP/1.1" 403 1242 "-" "-"
52.138.220.142 - - [20/Jun/2025:09:35:26 -0400] "GET /wp-admin/css/wp-conflg.php HTTP/1.1" 404 14951 "-" "-"
52.138.220.142 - - [20/Jun/2025:09:35:27 -0400] "GET /wp-admin/css/colors/index.php HTTP/1.1" 301 0 "-" "-"
52.138.220.142 - - [20/Jun/2025:09:35:27 -0400] "GET /wp-admin/css/colors/ HTTP/1.1" 403 1242 "-" "-"
66.249.92.161 - - [20/Jun/2025:09:35:28 -0400] "GET /wp-content/plugins/elementor/assets/lib/swiper/v8/swiper.min.js?ver=8.4.5 HTTP/1.1" 304 0 "https://socialdigiinnovator.com/" "AdsBot-Google (+http://www.google.com/adsbot.html)"
52.138.220.142 - - [20/Jun/2025:09:35:28 -0400] "GET /wp-includes/Text/index.php HTTP/1.1" 301 0 "-" "-"
66.249.92.161 - - [20/Jun/2025:09:35:29 -0400] "GET /wp-content/plugins/elementor/assets/lib/jquery-numerator/jquery-numerator.min.js?ver=0.2.1 HTTP/1.1" 304 0 "https://socialdigiinnovator.com/" "AdsBot-Google (+http://www.google.com/adsbot.html)"
66.249.92.161 - - [20/Jun/2025:09:35:30 -0400] "GET /wp-includes/js/dist/hooks.min.js?ver=4d63a3d491d11ffd8ac6 HTTP/1.1" 304 0 "https://socialdigiinnovator.com/" "AdsBot-Google (+http://www.google.com/adsbot.html)"
66.249.92.161 - - [20/Jun/2025:09:35:31 -0400] "GET /wp-content/plugins/contact-form-7/includes/swv/js/index.js?ver=6.0.6 HTTP/1.1" 304 0 "https://socialdigiinnovator.com/" "AdsBot-Google (+http://www.google.com/adsbot.html)"
52.138.220.142 - - [20/Jun/2025:09:35:31 -0400] "GET /wp-content/themes/astra/inc/fm.php HTTP/1.1" 404 14951 "-" "-"
66.249.92.161 - - [20/Jun/2025:09:35:31 -0400] "GET /wp-content/plugins/elementor/assets/js/frontend.min.js?ver=3.29.2 HTTP/1.1" 304 0 "https://socialdigiinnovator.com/" "AdsBot-Google (+http://www.google.com/adsbot.html)"
52.138.220.142 - - [20/Jun/2025:09:35:31 -0400] "GET /link.php HTTP/1.1" 404 14951 "-" "-"
66.249.92.161 - - [20/Jun/2025:09:35:32 -0400] "GET /wp-content/plugins/elementor-pro/assets/js/elements-handlers.min.js?ver=3.29.0 HTTP/1.1" 304 0 "https://socialdigiinnovator.com/" "AdsBot-Google (+http://www.google.com/adsbot.html)"
66.249.92.161 - - [20/Jun/2025:09:35:33 -0400] "GET /wp-content/plugins/elementor-pro/assets/js/webpack-pro.runtime.min.js?ver=3.29.0 HTTP/1.1" 304 0 "https://socialdigiinnovator.com/" "AdsBot-Google (+http://www.google.com/adsbot.html)"
52.138.220.142 - - [20/Jun/2025:09:35:33 -0400] "GET /footer.php HTTP/1.1" 404 14951 "-" "-"
52.138.220.142 - - [20/Jun/2025:09:35:34 -0400] "GET /wp-includes/js/codemirror/ HTTP/1.1" 403 1242 "-" "-"
52.138.220.142 - - [20/Jun/2025:09:35:34 -0400] "GET /config.php HTTP/1.1" 404 14951 "-" "-"
66.249.92.161 - - [20/Jun/2025:09:35:35 -0400] "GET /wp-content/plugins/depicter/resources/scripts/player/depicter.js?ver=1750191298 HTTP/1.1" 200 68087 "https://socialdigiinnovator.com/" "AdsBot-Google (+http://www.google.com/adsbot.html)"
52.138.220.142 - - [20/Jun/2025:09:35:35 -0400] "GET /post.php HTTP/1.1" 404 14951 "-" "-"
66.249.92.161 - - [20/Jun/2025:09:35:36 -0400] "GET /wp-content/themes/twentytwentyfive/assets/fonts/manrope/Manrope-VariableFont_wght.woff2 HTTP/1.1" 200 53600 "https://socialdigiinnovator.com/" "AdsBot-Google (+http://www.google.com/adsbot.html)"
66.249.92.161 - - [20/Jun/2025:09:35:36 -0400] "GET /wp-content/uploads/elementor/google-fonts/fonts/quicksand-6xktdszam9ie8kbpra_hk1qn.woff2 HTTP/1.1" 200 28360 "https://socialdigiinnovator.com/wp-content/uploads/elementor/google-fonts/css/quicksand.css?ver=1742243705" "AdsBot-Google (+http://www.google.com/adsbot.html)"
52.138.220.142 - - [20/Jun/2025:09:35:36 -0400] "GET /wp-admin/css/colors/blue/moon.php HTTP/1.1" 404 14951 "-" "-"
66.249.92.161 - - [20/Jun/2025:09:35:23 -0400] "GET /wp-includes/js/dist/script-modules/interactivity/index.min.js?ver=55aebb6e0a16726baffb HTTP/1.1" 304 0 "https://socialdigiinnovator.com/" "AdsBot-Google (+http://www.google.com/adsbot.html)"
52.138.220.142 - - [20/Jun/2025:09:35:23 -0400] "GET /wp-includes/style-engine/about.php HTTP/1.1" 404 14951 "-" "-"
66.249.92.161 - - [20/Jun/2025:09:35:24 -0400] "GET /wp-includes/js/jquery/jquery.min.js?ver=3.7.1 HTTP/1.1" 304 0 "https://socialdigiinnovator.com/" "AdsBot-Google (+http://www.google.com/adsbot.html)"
52.138.220.142 - - [20/Jun/2025:09:35:25 -0400] "GET /moon.php HTTP/1.1" 404 14951 "-" "-"
52.138.220.142 - - [20/Jun/2025:09:35:26 -0400] "GET /wp-includes/ID3/index.php HTTP/1.1" 301 0 "-" "-"
66.249.92.161 - - [20/Jun/2025:09:35:27 -0400] "GET /wp-includes/js/dist/script-modules/block-library/navigation/view.min.js?ver=61572d447d60c0aa5240 HTTP/1.1" 304 0 "https://socialdigiinnovator.com/" "AdsBot-Google (+http://www.google.com/adsbot.html)"
52.138.220.142 - - [20/Jun/2025:09:35:27 -0400] "GET /css/chosen.php HTTP/1.1" 404 14951 "-" "-"
52.138.220.142 - - [20/Jun/2025:09:35:28 -0400] "GET /wp-includes/Requests/Utility/cc.php HTTP/1.1" 404 14938 "-" "-"
52.138.220.142 - - [20/Jun/2025:09:35:29 -0400] "GET /wp-includes/Text/ HTTP/1.1" 403 1242 "-" "-"
52.138.220.142 - - [20/Jun/2025:09:35:29 -0400] "GET /packed.php HTTP/1.1" 404 14951 "-" "-"
66.249.92.161 - - [20/Jun/2025:09:35:30 -0400] "GET /wp-includes/js/dist/i18n.min.js?ver=5e580eb46a90c2b997e6 HTTP/1.1" 304 0 "https://socialdigiinnovator.com/" "AdsBot-Google (+http://www.google.com/adsbot.html)"
52.138.220.142 - - [20/Jun/2025:09:35:30 -0400] "GET /wp-admin/update.php HTTP/1.1" 302 0 "-" "-"
52.138.220.142 - - [20/Jun/2025:09:35:30 -0400] "GET /wp-login.php?redirect_to=https%3A%2F%2Fsocialdigiinnovator.com%2Fwp-admin%2Fupdate.php&reauth=1 HTTP/1.1" 302 0 "-" "-"
52.138.220.142 - - [20/Jun/2025:09:35:30 -0400] "GET /404 HTTP/1.1" 404 14938 "-" "-"
66.249.92.161 - - [20/Jun/2025:09:35:32 -0400] "GET /wp-content/plugins/contact-form-7/includes/js/index.js?ver=6.0.6 HTTP/1.1" 304 0 "https://socialdigiinnovator.com/" "AdsBot-Google (+http://www.google.com/adsbot.html)"
52.138.220.142 - - [20/Jun/2025:09:35:32 -0400] "GET /wp-content/mu-plugins/gecko.php HTTP/1.1" 404 14951 "-" "-"
66.249.92.161 - - [20/Jun/2025:09:35:33 -0400] "GET /wp-content/plugins/elementor/assets/js/frontend-modules.min.js?ver=3.29.2 HTTP/1.1" 304 0 "https://socialdigiinnovator.com/" "AdsBot-Google (+http://www.google.com/adsbot.html)"
52.138.220.142 - - [20/Jun/2025:09:35:33 -0400] "GET /wp-includes/js/codemirror/index.php HTTP/1.1" 301 0 "-" "-"
66.249.92.161 - - [20/Jun/2025:09:35:34 -0400] "GET /wp-content/plugins/elementor-pro/assets/js/frontend.min.js?ver=3.29.0 HTTP/1.1" 304 0 "https://socialdigiinnovator.com/" "AdsBot-Google (+http://www.google.com/adsbot.html)"
66.249.92.161 - - [20/Jun/2025:09:35:34 -0400] "GET /wp-includes/js/jquery/ui/core.min.js?ver=1.13.3 HTTP/1.1" 304 0 "https://socialdigiinnovator.com/" "AdsBot-Google (+http://www.google.com/adsbot.html)"
52.138.220.142 - - [20/Jun/2025:09:35:34 -0400] "GET /fw.php HTTP/1.1" 404 14951 "-" "-"
66.249.92.161 - - [20/Jun/2025:09:35:35 -0400] "GET /wp-content/plugins/elementor/assets/js/webpack.runtime.min.js?ver=3.29.2 HTTP/1.1" 304 0 "https://socialdigiinnovator.com/" "AdsBot-Google (+http://www.google.com/adsbot.html)"
52.138.220.142 - - [20/Jun/2025:09:35:35 -0400] "GET /ALFA_DATA/index.php HTTP/1.1" 301 0 "-" "-"
52.138.220.142 - - [20/Jun/2025:09:35:36 -0400] "GET /ALFA_DATA/ HTTP/1.1" 404 14951 "-" "-"
66.249.92.161 - - [20/Jun/2025:09:35:38 -0400] "GET /wp-content/plugins/elementor/assets/lib/eicons/fonts/eicons.woff2?5.41.0 HTTP/1.1" 200 103012 "https://socialdigiinnovator.com/wp-content/plugins/elementor/assets/lib/eicons/css/elementor-icons.min.css?ver=5.40.0" "AdsBot-Google (+http://www.google.com/adsbot.html)"
52.138.220.142 - - [20/Jun/2025:09:35:38 -0400] "GET /wp-includes/html-api/alfa-rex.php HTTP/1.1" 404 14938 "-" "-"
52.138.220.142 - - [20/Jun/2025:09:35:37 -0400] "GET /wp-content/themes/wp-pridmag/up.php HTTP/1.1" 404 14951 "-" "-"
52.138.220.142 - - [20/Jun/2025:09:35:38 -0400] "GET /wp-content/upgrade-temp-backup/about.php HTTP/1.1" 404 14951 "-" "-"
52.138.220.142 - - [20/Jun/2025:09:35:39 -0400] "GET /wp-admin/includes/m.php HTTP/1.1" 404 14951 "-" "-"
52.138.220.142 - - [20/Jun/2025:09:35:40 -0400] "GET /wp-admin/user/admin.php HTTP/1.1" 302 0 "-" "-"
52.138.220.142 - - [20/Jun/2025:09:35:41 -0400] "GET /wp-login.php?redirect_to=https%3A%2F%2Fsocialdigiinnovator.com%2Fwp-admin%2Fuser%2Fadmin.php&reauth=1 HTTP/1.1" 302 0 "-" "-"
52.138.220.142 - - [20/Jun/2025:09:35:41 -0400] "GET /404 HTTP/1.1" 404 14951 "-" "-"
198.54.114.35 - - [20/Jun/2025:09:35:42 -0400] "POST /wp-cron.php?doing_wp_cron=1750426542.2335739135742187500000 HTTP/1.1" 200 0 "-" "WordPress/6.8.1; https://socialdigiinnovator.com"
52.138.220.142 - - [20/Jun/2025:09:35:42 -0400] "GET /wp-includes/IXR/shell.php HTTP/1.1" 404 14938 "-" "-"
52.138.220.142 - - [20/Jun/2025:09:35:42 -0400] "GET /wp-trackback.php HTTP/1.1" 404 91 "-" "-"
52.138.220.142 - - [20/Jun/2025:09:35:43 -0400] "GET /wp-admin/wp-conflg.php HTTP/1.1" 404 14951 "-" "-"
52.138.220.142 - - [20/Jun/2025:09:35:44 -0400] "GET /wp-content/upgrade-temp-backup/ty.php HTTP/1.1" 404 14951 "-" "-"
52.138.220.142 - - [20/Jun/2025:09:35:45 -0400] "GET /.well-known/content.php HTTP/1.1" 404 14951 "-" "-"
52.138.220.142 - - [20/Jun/2025:09:35:45 -0400] "GET /index/index.php HTTP/1.1" 301 0 "-" "-"
52.138.220.142 - - [20/Jun/2025:09:35:47 -0400] "GET /include/wp-configs.php HTTP/1.1" 404 14951 "-" "-"
52.138.220.142 - - [20/Jun/2025:09:35:48 -0400] "GET /wp-admin/maint/about.php HTTP/1.1" 404 14951 "-" "-"
52.138.220.142 - - [20/Jun/2025:09:35:49 -0400] "GET /bg/xmrlpc.php HTTP/1.1" 404 14951 "-" "-"
52.138.220.142 - - [20/Jun/2025:09:35:50 -0400] "GET /wp-content/plugins/core-plugin/file-manager.php HTTP/1.1" 404 14951 "-" "-"
52.138.220.142 - - [20/Jun/2025:09:35:51 -0400] "GET /wp-admin/network/wp-conflg.php HTTP/1.1" 404 14951 "-" "-"
52.138.220.142 - - [20/Jun/2025:09:35:53 -0400] "GET /wp-content/wp-login.php HTTP/1.1" 302 0 "-" "-"
52.138.220.142 - - [20/Jun/2025:09:35:53 -0400] "GET /404 HTTP/1.1" 404 14951 "-" "-"
52.138.220.142 - - [20/Jun/2025:09:35:55 -0400] "GET /wp-includes/images/smilies/index.php HTTP/1.1" 301 0 "-" "-"
66.249.92.161 - - [20/Jun/2025:09:35:56 -0400] "GET /wp-includes/js/wp-emoji-release.min.js?ver=6.8.1 HTTP/1.1" 304 0 "https://socialdigiinnovator.com/" "AdsBot-Google (+http://www.google.com/adsbot.html)"
66.249.92.161 - - [20/Jun/2025:09:35:57 -0400] "GET /wp-content/plugins/elementor/assets/js/section-frontend-handlers.d85ab872da118940910d.bundle.min.js HTTP/1.1" 304 0 "https://socialdigiinnovator.com/" "AdsBot-Google (+http://www.google.com/adsbot.html)"
52.138.220.142 - - [20/Jun/2025:09:35:57 -0400] "GET /wp-content/uploads/index.php HTTP/1.1" 301 0 "-" "-"
66.249.92.161 - - [20/Jun/2025:09:35:57 -0400] "GET /wp-content/plugins/elementor/assets/js/text-editor.c084ef86600b6f11690d.bundle.min.js HTTP/1.1" 304 0 "https://socialdigiinnovator.com/" "AdsBot-Google (+http://www.google.com/adsbot.html)"
52.138.220.142 - - [20/Jun/2025:09:35:57 -0400] "GET /wp-includes/images/smilies/about.php HTTP/1.1" 404 14951 "-" "-"
66.249.92.161 - - [20/Jun/2025:09:35:58 -0400] "GET /wp-content/plugins/elementor/assets/js/counter.12335f45aaa79d244f24.bundle.min.js HTTP/1.1" 304 0 "https://socialdigiinnovator.com/" "AdsBot-Google (+http://www.google.com/adsbot.html)"
52.138.220.142 - - [20/Jun/2025:09:35:58 -0400] "GET /assets/plugins/jquery-file-upload/server/php/include.php HTTP/1.1" 404 14951 "-" "-"
52.138.220.142 - - [20/Jun/2025:09:35:59 -0400] "GET /images/lmfi2.php HTTP/1.1" 404 14951 "-" "-"
52.138.220.142 - - [20/Jun/2025:09:35:59 -0400] "GET /wp-admin/function.php HTTP/1.1" 404 14951 "-" "-"
52.138.220.142 - - [20/Jun/2025:09:36:03 -0400] "GET /wp-includes/Requests/file.php HTTP/1.1" 404 14951 "-" "-"
52.138.220.142 - - [20/Jun/2025:09:35:39 -0400] "GET /images/admin.php HTTP/1.1" 404 14951 "-" "-"
52.138.220.142 - - [20/Jun/2025:09:35:40 -0400] "GET /admin/fckeditor/editor/filemanager/alfanew.php HTTP/1.1" 404 14951 "-" "-"
52.138.220.142 - - [20/Jun/2025:09:35:43 -0400] "GET /wp-content/content.php HTTP/1.1" 404 14951 "-" "-"
52.138.220.142 - - [20/Jun/2025:09:35:44 -0400] "GET /wp-includes/Requests/Utility/alfa-rex.php HTTP/1.1" 404 14951 "-" "-"
52.138.220.142 - - [20/Jun/2025:09:35:46 -0400] "GET /index/ HTTP/1.1" 404 14951 "-" "-"
52.138.220.142 - - [20/Jun/2025:09:35:46 -0400] "GET /wp-includes/autoload_classmap.php HTTP/1.1" 404 14951 "-" "-"
52.138.220.142 - - [20/Jun/2025:09:35:48 -0400] "GET /wp-admin/js/chosen.php HTTP/1.1" 404 14951 "-" "-"
52.138.220.142 - - [20/Jun/2025:09:35:49 -0400] "GET /wp-includes/sodium_compat/alfa-rex.php HTTP/1.1" 404 14951 "-" "-"
52.138.220.142 - - [20/Jun/2025:09:35:51 -0400] "GET /wp-content/uploads/423_index.php HTTP/1.1" 404 14951 "-" "-"
52.138.220.142 - - [20/Jun/2025:09:35:52 -0400] "GET /wp-admin/css/colors/blue/atomlib.php HTTP/1.1" 404 14951 "-" "-"
52.138.220.142 - - [20/Jun/2025:09:35:52 -0400] "GET /wp-admin/byp.php HTTP/1.1" 404 14951 "-" "-"
52.138.220.142 - - [20/Jun/2025:09:35:53 -0400] "GET /wp-includes/theme-compat/index.php HTTP/1.1" 301 0 "-" "-"
52.138.220.142 - - [20/Jun/2025:09:35:53 -0400] "GET /wp-includes/theme-compat/ HTTP/1.1" 403 1242 "-" "-"
52.138.220.142 - - [20/Jun/2025:09:35:54 -0400] "GET /admin/editor/engine.php HTTP/1.1" 404 14951 "-" "-"
52.138.220.142 - - [20/Jun/2025:09:35:55 -0400] "GET /chosen.php HTTP/1.1" 404 14951 "-" "-"
52.138.220.142 - - [20/Jun/2025:09:35:55 -0400] "GET /wp-includes/images/smilies/ HTTP/1.1" 403 1242 "-" "-"
52.138.220.142 - - [20/Jun/2025:09:35:56 -0400] "GET /wp-content/themes/aahana/json.php HTTP/1.1" 404 14951 "-" "-"
66.249.92.161 - - [20/Jun/2025:09:35:56 -0400] "GET /wp-content/plugins/elementor/assets/js/shared-frontend-handlers.30dc2f9c080845a413a6.bundle.min.js HTTP/1.1" 304 0 "https://socialdigiinnovator.com/" "AdsBot-Google (+http://www.google.com/adsbot.html)"
52.138.220.142 - - [20/Jun/2025:09:35:56 -0400] "GET /wp-includes/html-api/about.php HTTP/1.1" 404 14938 "-" "-"
52.138.220.142 - - [20/Jun/2025:09:35:57 -0400] "GET /wp-content/uploads/ HTTP/1.1" 403 1242 "-" "-"
66.249.92.161 - - [20/Jun/2025:09:35:58 -0400] "GET /wp-content/plugins/elementor/assets/js/image-carousel.6167d20b95b33386757b.bundle.min.js HTTP/1.1" 304 0 "https://socialdigiinnovator.com/" "AdsBot-Google (+http://www.google.com/adsbot.html)"
52.138.220.142 - - [20/Jun/2025:09:36:00 -0400] "GET /wp-includes/Text/Diff/alfa-rex.php HTTP/1.1" 404 14951 "-" "-"
52.138.220.142 - - [20/Jun/2025:09:36:00 -0400] "GET /images/chosen.php HTTP/1.1" 404 14951 "-" "-"
52.138.220.142 - - [20/Jun/2025:09:36:01 -0400] "GET /mah.php HTTP/1.1" 404 14951 "-" "-"
52.138.220.142 - - [20/Jun/2025:09:36:02 -0400] "GET /wp-content/json.php HTTP/1.1" 404 14951 "-" "-"
52.138.220.142 - - [20/Jun/2025:09:36:02 -0400] "GET /wp-includes/fonts/index.php HTTP/1.1" 301 0 "-" "-"
52.138.220.142 - - [20/Jun/2025:09:36:02 -0400] "GET /wp-includes/fonts/ HTTP/1.1" 403 1242 "-" "-"
52.138.220.142 - - [20/Jun/2025:09:36:04 -0400] "GET /wp-includes/widgets/parx.php HTTP/1.1" 404 14938 "-" "-"
52.138.220.142 - - [20/Jun/2025:09:36:05 -0400] "GET /wp-content/plugins/Cache/footer.php HTTP/1.1" 404 14951 "-" "-"
52.138.220.142 - - [20/Jun/2025:09:36:06 -0400] "GET /content.php HTTP/1.1" 404 14951 "-" "-"
52.138.220.142 - - [20/Jun/2025:09:36:08 -0400] "GET /wp-includes/html-api/chosen.php HTTP/1.1" 404 14951 "-" "-"
52.138.220.142 - - [20/Jun/2025:09:36:09 -0400] "GET /wp-admin/includes/cong.php HTTP/1.1" 404 14951 "-" "-"
52.138.220.142 - - [20/Jun/2025:09:36:09 -0400] "GET /wp-admin/network/shell.php HTTP/1.1" 404 14890 "-" "-"
52.138.220.142 - - [20/Jun/2025:09:36:10 -0400] "GET /cgi-bin/upfile.php HTTP/1.1" 404 14951 "-" "-"
52.138.220.142 - - [20/Jun/2025:09:36:11 -0400] "GET /wp-includes/images/smilies/wp-login.php HTTP/1.1" 302 0 "-" "-"
52.138.220.142 - - [20/Jun/2025:09:36:11 -0400] "GET /cong.php HTTP/1.1" 404 14951 "-" "-"
52.138.220.142 - - [20/Jun/2025:09:36:12 -0400] "GET /404 HTTP/1.1" 404 14951 "-" "-"
52.138.220.142 - - [20/Jun/2025:09:36:14 -0400] "GET /wp-content/plugins/pwnd/classwithtostring.php HTTP/1.1" 404 14951 "-" "-"
52.138.220.142 - - [20/Jun/2025:09:36:15 -0400] "GET /wp-includes/Text/Diff/Renderer/about.php HTTP/1.1" 404 14951 "-" "-"
52.138.220.142 - - [20/Jun/2025:09:36:15 -0400] "GET /13.php HTTP/1.1" 404 14951 "-" "-"
52.138.220.142 - - [20/Jun/2025:09:36:03 -0400] "GET /wp-content/themes/seotheme/classwithtostring.php HTTP/1.1" 404 14938 "-" "-"
52.138.220.142 - - [20/Jun/2025:09:36:06 -0400] "GET /wp-includes/css/wp-conflg.php HTTP/1.1" 404 14951 "-" "-"
52.138.220.142 - - [20/Jun/2025:09:36:07 -0400] "GET /wp-admin/admin-post.php HTTP/1.1" 200 0 "-" "-"
52.138.220.142 - - [20/Jun/2025:09:36:11 -0400] "GET /404 HTTP/1.1" 404 14951 "-" "-"
52.138.220.142 - - [20/Jun/2025:09:36:12 -0400] "GET /wp-login.php HTTP/1.1" 302 0 "-" "-"
52.138.220.142 - - [20/Jun/2025:09:36:13 -0400] "GET /makeasmtp.php HTTP/1.1" 404 14951 "-" "-"
52.138.220.142 - - [20/Jun/2025:09:36:13 -0400] "GET /wp-admin/css/colors/blue/lock.php HTTP/1.1" 404 14951 "-" "-"
52.138.220.142 - - [20/Jun/2025:09:36:16 -0400] "GET /wp-includes/sodium_compat/ HTTP/1.1" 403 1242 "-" "-"
52.138.220.142 - - [20/Jun/2025:09:36:16 -0400] "GET /.well-known/cache-compat.php HTTP/1.1" 404 14951 "-" "-"
52.138.220.142 - - [20/Jun/2025:09:36:17 -0400] "GET /wp-includes/php-compat/content.php HTTP/1.1" 404 14951 "-" "-"
52.138.220.142 - - [20/Jun/2025:09:36:18 -0400] "GET /admin/function.php HTTP/1.1" 404 14951 "-" "-"
52.138.220.142 - - [20/Jun/2025:09:36:19 -0400] "GET /doc.php HTTP/1.1" 404 14951 "-" "-"
52.138.220.142 - - [20/Jun/2025:09:36:20 -0400] "GET /wp-includes/images/autoload_classmap.php HTTP/1.1" 404 14951 "-" "-"
52.138.220.142 - - [20/Jun/2025:09:36:22 -0400] "GET /css/install.php HTTP/1.1" 404 14951 "-" "-"
52.138.220.142 - - [20/Jun/2025:09:36:23 -0400] "GET /wp-includes/theme-compat/wp-conflg.php/wp-content/plugins/google-seo-rank/ HTTP/1.1" 404 14951 "-" "-"
52.138.220.142 - - [20/Jun/2025:09:36:23 -0400] "GET /xmrlpc.php HTTP/1.1" 404 14951 "-" "-"
52.138.220.142 - - [20/Jun/2025:09:36:24 -0400] "GET /wp-admin/css/colors/classwithtostring.php HTTP/1.1" 404 14951 "-" "-"
52.138.220.142 - - [20/Jun/2025:09:36:24 -0400] "GET /wp-includes/index.php HTTP/1.1" 301 0 "-" "-"
52.138.220.142 - - [20/Jun/2025:09:36:25 -0400] "GET /wp-includes/ HTTP/1.1" 403 1242 "-" "-"
52.138.220.142 - - [20/Jun/2025:09:36:25 -0400] "GET /wp-includes/fonts/install.php HTTP/1.1" 404 14951 "-" "-"
52.138.220.142 - - [20/Jun/2025:09:36:25 -0400] "GET /assets/edit.php HTTP/1.1" 404 14951 "-" "-"
52.138.220.142 - - [20/Jun/2025:09:36:26 -0400] "GET /file.php HTTP/1.1" 404 14951 "-" "-"
52.138.220.142 - - [20/Jun/2025:09:36:27 -0400] "GET /404 HTTP/1.1" 404 14951 "-" "-"
52.138.220.142 - - [20/Jun/2025:09:36:28 -0400] "GET /wp-includes/Text/Diff/Engine/wp-login.php HTTP/1.1" 302 0 "-" "-"
52.138.220.142 - - [20/Jun/2025:09:36:28 -0400] "GET /404 HTTP/1.1" 404 14951 "-" "-"
52.138.220.142 - - [20/Jun/2025:09:36:29 -0400] "GET /wp-admin/user/chosen.php HTTP/1.1" 404 14951 "-" "-"
52.138.220.142 - - [20/Jun/2025:09:36:31 -0400] "GET /wp-admin/autoload_classmap.php HTTP/1.1" 404 14951 "-" "-"
52.138.220.142 - - [20/Jun/2025:09:36:31 -0400] "GET /wp-includes/sodium_compat/src/index.php HTTP/1.1" 301 0 "-" "-"
52.138.220.142 - - [20/Jun/2025:09:36:32 -0400] "GET /wp-includes/block-patterns/about.php HTTP/1.1" 404 14951 "-" "-"
52.138.220.142 - - [20/Jun/2025:09:36:33 -0400] "GET /wp-includes/css/alfa-rex.php HTTP/1.1" 404 14951 "-" "-"
52.138.220.142 - - [20/Jun/2025:09:36:33 -0400] "GET /images/stories/admin-post.php HTTP/1.1" 403 1242 "-" "-"
194.164.54.162 - - [20/Jun/2025:09:40:02 -0400] "POST /xmlrpc.php HTTP/1.1" 403 1242 "https://socialdigiinnovator.com" "Mozilla/5.0 (Macintosh; Intel Mac OS X 10_15_7; rv:126.0) Gecko/20100101 Firefox/126.0"
188.165.146.194 - - [20/Jun/2025:09:45:15 -0400] "GET /404 HTTP/1.1" 404 14951 "https://socialdigiinnovator.com/wp-login.php" "Mozilla/5.0 (Windows NT 10.0; Win64; x64; rv:130.0) Gecko/20100101 Firefox/130.0"
122.154.30.155 - - [20/Jun/2025:09:45:18 -0400] "POST /wp-admin/admin.php/wp-login.php HTTP/1.1" 302 0 "-" "Mozilla"
122.154.30.155 - - [20/Jun/2025:09:45:18 -0400] "GET /404 HTTP/1.1" 404 14890 "-" "Mozilla"
77.83.1.193 - - [20/Jun/2025:09:47:28 -0400] "POST /wp-login.php HTTP/1.1" 302 0 "-" "Mozilla/5.0 (Windows NT 10.0; Win64; x64; rv:132.0) Gecko/20100101 Firefox/132.0"
77.83.1.193 - - [20/Jun/2025:09:47:30 -0400] "GET /404 HTTP/1.1" 404 14951 "https://socialdigiinnovator.com/wp-login.php" "Mozilla/5.0 (Windows NT 10.0; Win64; x64; rv:132.0) Gecko/20100101 Firefox/132.0"
38.242.218.188 - - [20/Jun/2025:09:50:40 -0400] "POST /xmlrpc.php HTTP/1.1" 403 1242 "https://socialdigiinnovator.com" "Mozilla/5.0 (Macintosh; Intel Mac OS X 13.3; rv:126.0) Gecko/20100101 Firefox/126.0"
198.54.114.35 - - [20/Jun/2025:09:51:35 -0400] "POST /wp-cron.php?doing_wp_cron=1750427495.1635119915008544921875 HTTP/1.1" 200 0 "-" "WordPress/6.8.1; https://socialdigiinnovator.com"
34.73.246.222 - - [20/Jun/2025:09:51:35 -0400] "GET /?p=4878 HTTP/1.1" 301 0 "-" "Mozilla/5.0/(X11; Linux x86_64) AppleWebKit/537.36 (KHTML, like Gecko) Chrome/125.0.0.0 Safari/537.36"
34.73.246.222 - - [20/Jun/2025:09:51:36 -0400] "GET /virtual-assistant-services/social-media-management/branding/ HTTP/1.1" 200 14750 "-" "Mozilla/5.0/(X11; Linux x86_64) AppleWebKit/537.36 (KHTML, like Gecko) Chrome/125.0.0.0 Safari/537.36"
52.138.220.142 - - [20/Jun/2025:09:36:16 -0400] "GET /wp-includes/sodium_compat/index.php HTTP/1.1" 301 0 "-" "-"
52.138.220.142 - - [20/Jun/2025:09:36:17 -0400] "GET /wp-mail.php/wp-includes/ID3/rnEPv9.php HTTP/1.1" 403 958 "-" "-"
52.138.220.142 - - [20/Jun/2025:09:36:18 -0400] "GET /wp-includes/fonts/admin.php HTTP/1.1" 404 14951 "-" "-"
52.138.220.142 - - [20/Jun/2025:09:36:20 -0400] "GET /wp-includes/block-patterns/autoload_classmap.php HTTP/1.1" 404 14951 "-" "-"
52.138.220.142 - - [20/Jun/2025:09:36:21 -0400] "GET /wp-includes/certificates/index.php HTTP/1.1" 301 0 "-" "-"
52.138.220.142 - - [20/Jun/2025:09:36:21 -0400] "GET /wp-includes/certificates/ HTTP/1.1" 403 1242 "-" "-"
52.138.220.142 - - [20/Jun/2025:09:36:21 -0400] "GET /.well-known/pki-validation/wp-login.php HTTP/1.1" 404 1251 "-" "-"
52.138.220.142 - - [20/Jun/2025:09:36:22 -0400] "GET /wp-includes/theme-compat/wp-conflg.php/wp-content/plugins/google-seo-rank/index.php HTTP/1.1" 301 0 "-" "-"
52.138.220.142 - - [20/Jun/2025:09:36:27 -0400] "GET /wp-admin/index.php HTTP/1.1" 302 0 "-" "-"
52.138.220.142 - - [20/Jun/2025:09:36:27 -0400] "GET /wp-login.php?redirect_to=https%3A%2F%2Fsocialdigiinnovator.com%2Fwp-admin%2Findex.php&reauth=1 HTTP/1.1" 302 0 "-" "-"
52.138.220.142 - - [20/Jun/2025:09:36:29 -0400] "GET /wp-content/uploads/wp-conflg.php HTTP/1.1" 404 14951 "-" "-"
52.138.220.142 - - [20/Jun/2025:09:36:30 -0400] "GET /ok.php HTTP/1.1" 404 14951 "-" "-"
52.138.220.142 - - [20/Jun/2025:09:36:30 -0400] "GET /wp-includes/IXR/alfa-rex.php HTTP/1.1" 404 14951 "-" "-"
52.138.220.142 - - [20/Jun/2025:09:36:32 -0400] "GET /wp-includes/sodium_compat/src/ HTTP/1.1" 403 1242 "-" "-"
188.165.146.194 - - [20/Jun/2025:09:45:13 -0400] "POST /wp-login.php HTTP/1.1" 302 0 "-" "Mozilla/5.0 (Windows NT 10.0; Win64; x64; rv:130.0) Gecko/20100101 Firefox/130.0"
198.54.114.35 - - [20/Jun/2025:09:45:16 -0400] "POST /wp-cron.php?doing_wp_cron=1750427116.7036008834838867187500 HTTP/1.1" 200 0 "-" "WordPress/6.8.1; https://socialdigiinnovator.com"
198.54.114.35 - - [20/Jun/2025:09:47:30 -0400] "POST /wp-cron.php?doing_wp_cron=1750427250.8269848823547363281250 HTTP/1.1" 200 0 "-" "WordPress/6.8.1; https://socialdigiinnovator.com"
34.73.246.222 - - [20/Jun/2025:09:51:33 -0400] "GET /robots.txt HTTP/1.1" 200 102 "-" "Mozilla/5.0/(X11; Linux x86_64) AppleWebKit/537.36 (KHTML, like Gecko) Chrome/125.0.0.0 Safari/537.36"
34.73.246.222 - - [20/Jun/2025:09:51:35 -0400] "GET /wp-content/uploads/2023/09/best-social-media-2022.webp HTTP/1.1" 200 1784 "-" "Mozilla/5.0/(X11; Linux x86_64) AppleWebKit/537.36 (KHTML, like Gecko) Chrome/125.0.0.0 Safari/537.36"
34.73.246.222 - - [20/Jun/2025:09:51:36 -0400] "GET /wp-content/uploads/2023/09/top-social-agency-upcity-marketplace.webp HTTP/1.1" 200 7814 "-" "Mozilla/5.0/(X11; Linux x86_64) AppleWebKit/537.36 (KHTML, like Gecko) Chrome/125.0.0.0 Safari/537.36"
34.73.246.222 - - [20/Jun/2025:09:52:27 -0400] "GET /wp-content/uploads/2023/09/full-service-social-media-management.webp HTTP/1.1" 200 21394 "-" "Mozilla/5.0/(X11; Linux x86_64) AppleWebKit/537.36 (KHTML, like Gecko) Chrome/125.0.0.0 Safari/537.36"
198.54.114.35 - - [20/Jun/2025:09:53:44 -0400] "POST /wp-cron.php?doing_wp_cron=1750427624.8643679618835449218750 HTTP/1.1" 200 0 "-" "WordPress/6.8.1; https://socialdigiinnovator.com"
34.73.246.222 - - [20/Jun/2025:09:53:45 -0400] "GET /technical-services/website-design-and-development/ HTTP/1.1" 200 15576 "-" "Mozilla/5.0/(X11; Linux x86_64) AppleWebKit/537.36 (KHTML, like Gecko) Chrome/125.0.0.0 Safari/537.36"
212.34.141.234 - - [20/Jun/2025:09:54:12 -0400] "GET / HTTP/1.1" 200 21735 "https://socialdigiinnovator.com/" "Mozilla/5.0 (Windows NT 10.0; Win64; x64) AppleWebKit/537.36 (KHTML, like Gecko) Chrome/130.0.0.0 Safari/537.36"
212.34.141.234 - - [20/Jun/2025:09:54:13 -0400] "GET /blog/ HTTP/1.1" 200 14554 "https://socialdigiinnovator.com/blog/" "Mozilla/5.0 (Windows NT 10.0; Win64; x64) AppleWebKit/537.36 (KHTML, like Gecko) Chrome/130.0.0.0 Safari/537.36"
34.73.246.222 - - [20/Jun/2025:09:54:15 -0400] "GET /?p=6215 HTTP/1.1" 301 0 "-" "Mozilla/5.0/(X11; Linux x86_64) AppleWebKit/537.36 (KHTML, like Gecko) Chrome/125.0.0.0 Safari/537.36"
34.73.246.222 - - [20/Jun/2025:09:54:15 -0400] "GET /lg-sales-playbook/ HTTP/1.1" 200 15822 "-" "Mozilla/5.0/(X11; Linux x86_64) AppleWebKit/537.36 (KHTML, like Gecko) Chrome/125.0.0.0 Safari/537.36"
198.54.114.35 - - [20/Jun/2025:09:55:34 -0400] "POST /wp-cron.php?doing_wp_cron=1750427734.7667689323425292968750 HTTP/1.1" 200 0 "-" "WordPress/6.8.1; https://socialdigiinnovator.com"
34.73.246.222 - - [20/Jun/2025:09:55:34 -0400] "GET /?p=2438 HTTP/1.1" 301 0 "-" "Mozilla/5.0/(X11; Linux x86_64) AppleWebKit/537.36 (KHTML, like Gecko) Chrome/125.0.0.0 Safari/537.36"
34.73.246.222 - - [20/Jun/2025:09:55:35 -0400] "GET /faq/ HTTP/1.1" 200 15250 "-" "Mozilla/5.0/(X11; Linux x86_64) AppleWebKit/537.36 (KHTML, like Gecko) Chrome/125.0.0.0 Safari/537.36"
198.54.114.35 - - [20/Jun/2025:09:55:57 -0400] "POST /wp-cron.php?doing_wp_cron=1750427757.7381229400634765625000 HTTP/1.1" 200 0 "-" "WordPress/6.8.1; https://socialdigiinnovator.com"
34.73.246.222 - - [20/Jun/2025:09:55:57 -0400] "GET /?p=172 HTTP/1.1" 301 0 "-" "Mozilla/5.0/(X11; Linux x86_64) AppleWebKit/537.36 (KHTML, like Gecko) Chrome/125.0.0.0 Safari/537.36"
198.54.114.35 - - [20/Jun/2025:09:56:51 -0400] "POST /wp-cron.php?doing_wp_cron=1750427811.4009220600128173828125 HTTP/1.1" 200 0 "-" "WordPress/6.8.1; https://socialdigiinnovator.com"
34.73.246.222 - - [20/Jun/2025:09:56:51 -0400] "GET /?p=3820 HTTP/1.1" 301 0 "-" "Mozilla/5.0/(X11; Linux x86_64) AppleWebKit/537.36 (KHTML, like Gecko) Chrome/125.0.0.0 Safari/537.36"
34.73.246.222 - - [20/Jun/2025:09:57:14 -0400] "GET /paid-advertisement/ HTTP/1.1" 200 15381 "-" "Mozilla/5.0/(X11; Linux x86_64) AppleWebKit/537.36 (KHTML, like Gecko) Chrome/125.0.0.0 Safari/537.36"
34.73.246.222 - - [20/Jun/2025:09:57:24 -0400] "GET /wp-content/uploads/2023/09/establish-your-presence-on-key-social-media-channels.webp HTTP/1.1" 200 23036 "-" "Mozilla/5.0/(X11; Linux x86_64) AppleWebKit/537.36 (KHTML, like Gecko) Chrome/125.0.0.0 Safari/537.36"
46.22.211.126 - - [20/Jun/2025:09:57:32 -0400] "POST /wp-login.php HTTP/1.1" 302 0 "-" "Mozilla/5.0 (Windows NT 10.0; Win64; x64; rv:131.0) Gecko/20100101 Firefox/131.0"
34.73.246.222 - - [20/Jun/2025:09:59:32 -0400] "GET /?p=2904 HTTP/1.1" 301 0 "-" "Mozilla/5.0/(X11; Linux x86_64) AppleWebKit/537.36 (KHTML, like Gecko) Chrome/125.0.0.0 Safari/537.36"
34.73.246.222 - - [20/Jun/2025:09:59:34 -0400] "GET /talk/ HTTP/1.1" 200 12930 "-" "Mozilla/5.0/(X11; Linux x86_64) AppleWebKit/537.36 (KHTML, like Gecko) Chrome/125.0.0.0 Safari/537.36"
34.73.246.222 - - [20/Jun/2025:10:00:00 -0400] "GET /?p=6263 HTTP/1.1" 301 0 "-" "Mozilla/5.0/(X11; Linux x86_64) AppleWebKit/537.36 (KHTML, like Gecko) Chrome/125.0.0.0 Safari/537.36"
34.73.246.222 - - [20/Jun/2025:10:00:01 -0400] "GET /sdi-services-brochure-ebook/ HTTP/1.1" 200 15735 "-" "Mozilla/5.0/(X11; Linux x86_64) AppleWebKit/537.36 (KHTML, like Gecko) Chrome/125.0.0.0 Safari/537.36"
34.73.246.222 - - [20/Jun/2025:09:53:43 -0400] "GET /?p=3839 HTTP/1.1" 301 0 "-" "Mozilla/5.0/(X11; Linux x86_64) AppleWebKit/537.36 (KHTML, like Gecko) Chrome/125.0.0.0 Safari/537.36"
212.34.141.234 - - [20/Jun/2025:09:54:14 -0400] "GET /virtual-assistant-services/community-management/ HTTP/1.1" 200 15827 "https://socialdigiinnovator.com/virtual-assistant-services/community-management/" "Mozilla/5.0 (Windows NT 10.0; Win64; x64) AppleWebKit/537.36 (KHTML, like Gecko) Chrome/130.0.0.0 Safari/537.36"
34.73.246.222 - - [20/Jun/2025:09:55:35 -0400] "GET /?p=3841 HTTP/1.1" 301 0 "-" "Mozilla/5.0/(X11; Linux x86_64) AppleWebKit/537.36 (KHTML, like Gecko) Chrome/125.0.0.0 Safari/537.36"
34.73.246.222 - - [20/Jun/2025:09:55:36 -0400] "GET /technical-services/web-ada-comply/ HTTP/1.1" 200 15586 "-" "Mozilla/5.0/(X11; Linux x86_64) AppleWebKit/537.36 (KHTML, like Gecko) Chrome/125.0.0.0 Safari/537.36"
34.73.246.222 - - [20/Jun/2025:09:55:57 -0400] "GET /virtual-assistant-services/ HTTP/1.1" 200 16418 "-" "Mozilla/5.0/(X11; Linux x86_64) AppleWebKit/537.36 (KHTML, like Gecko) Chrome/125.0.0.0 Safari/537.36"
34.73.246.222 - - [20/Jun/2025:09:56:51 -0400] "GET /virtual-assistant-services/lead-generation-appointment-setter/ HTTP/1.1" 200 16004 "-" "Mozilla/5.0/(X11; Linux x86_64) AppleWebKit/537.36 (KHTML, like Gecko) Chrome/125.0.0.0 Safari/537.36"
34.73.246.222 - - [20/Jun/2025:09:57:14 -0400] "GET /?p=188 HTTP/1.1" 301 0 "-" "Mozilla/5.0/(X11; Linux x86_64) AppleWebKit/537.36 (KHTML, like Gecko) Chrome/125.0.0.0 Safari/537.36"
34.73.246.222 - - [20/Jun/2025:09:57:27 -0400] "GET /?p=3823 HTTP/1.1" 301 0 "-" "Mozilla/5.0/(X11; Linux x86_64) AppleWebKit/537.36 (KHTML, like Gecko) Chrome/125.0.0.0 Safari/537.36"
34.73.246.222 - - [20/Jun/2025:09:57:27 -0400] "GET /virtual-assistant-services/community-management/ HTTP/1.1" 200 15827 "-" "Mozilla/5.0/(X11; Linux x86_64) AppleWebKit/537.36 (KHTML, like Gecko) Chrome/125.0.0.0 Safari/537.36"
46.22.211.126 - - [20/Jun/2025:09:57:33 -0400] "GET /404 HTTP/1.1" 404 14951 "https://socialdigiinnovator.com/wp-login.php" "Mozilla/5.0 (Windows NT 10.0; Win64; x64; rv:131.0) Gecko/20100101 Firefox/131.0"
34.73.246.222 - - [20/Jun/2025:09:58:00 -0400] "GET /wp-content/uploads/elementor/thumbs/The-ultimate-list-of-fb-q900os6rigmbeegiz1az9ac1xahmixunwk3m9k7rpc.webp HTTP/1.1" 200 12500 "-" "Mozilla/5.0/(X11; Linux x86_64) AppleWebKit/537.36 (KHTML, like Gecko) Chrome/125.0.0.0 Safari/537.36"
34.73.246.222 - - [20/Jun/2025:09:59:21 -0400] "GET /wp-content/uploads/2022/10/VA-scaled.webp HTTP/1.1" 200 112674 "-" "Mozilla/5.0/(X11; Linux x86_64) AppleWebKit/537.36 (KHTML, like Gecko) Chrome/125.0.0.0 Safari/537.36"
198.54.114.35 - - [20/Jun/2025:09:59:34 -0400] "POST /wp-cron.php?doing_wp_cron=1750427974.3674840927124023437500 HTTP/1.1" 200 0 "-" "WordPress/6.8.1; https://socialdigiinnovator.com"
198.54.114.35 - - [20/Jun/2025:10:00:00 -0400] "POST /wp-cron.php?doing_wp_cron=1750428000.7733678817749023437500 HTTP/1.1" 200 0 "-" "WordPress/6.8.1; https://socialdigiinnovator.com"
34.73.246.222 - - [20/Jun/2025:10:01:43 -0400] "GET /wp-content/uploads/2022/10/GHL-expert-image-3-scaled.webp HTTP/1.1" 200 110984 "-" "Mozilla/5.0/(X11; Linux x86_64) AppleWebKit/537.36 (KHTML, like Gecko) Chrome/125.0.0.0 Safari/537.36"
185.191.171.8 - - [20/Jun/2025:10:02:19 -0400] "GET /phleum90c9/ccf2683366.html HTTP/1.1" 404 14951 "-" "Mozilla/5.0 (compatible; SemrushBot/7~bl; +http://www.semrush.com/bot.html)"
198.54.114.35 - - [20/Jun/2025:10:02:47 -0400] "POST /wp-cron.php?doing_wp_cron=1750428167.1093330383300781250000 HTTP/1.1" 200 0 "-" "WordPress/6.8.1; https://socialdigiinnovator.com"
34.73.246.222 - - [20/Jun/2025:10:02:47 -0400] "GET /sdi-services-catalog-ebook/ HTTP/1.1" 200 15748 "-" "Mozilla/5.0/(X11; Linux x86_64) AppleWebKit/537.36 (KHTML, like Gecko) Chrome/125.0.0.0 Safari/537.36"
34.73.246.222 - - [20/Jun/2025:10:02:49 -0400] "GET /xmlrpc.php?rsd HTTP/1.1" 403 1242 "-" "Mozilla/5.0/(X11; Linux x86_64) AppleWebKit/537.36 (KHTML, like Gecko) Chrome/125.0.0.0 Safari/537.36"
34.73.246.222 - - [20/Jun/2025:10:04:22 -0400] "GET /?p=3842 HTTP/1.1" 301 0 "-" "Mozilla/5.0/(X11; Linux x86_64) AppleWebKit/537.36 (KHTML, like Gecko) Chrome/125.0.0.0 Safari/537.36"
34.73.246.222 - - [20/Jun/2025:10:04:22 -0400] "GET /technical-services/crm-customization-integrations-management/ HTTP/1.1" 200 15413 "-" "Mozilla/5.0/(X11; Linux x86_64) AppleWebKit/537.36 (KHTML, like Gecko) Chrome/125.0.0.0 Safari/537.36"
198.54.114.35 - - [20/Jun/2025:10:05:12 -0400] "POST /wp-cron.php?doing_wp_cron=1750428312.4022901058197021484375 HTTP/1.1" 200 0 "-" "WordPress/6.8.1; https://socialdigiinnovator.com"
