/
home
/
sditechnicalteam
/
access-logs
/
File Upload :
llllll
Current File: /home/sditechnicalteam/access-logs/client.socialdigiinnovator.com-ssl_log
34.75.122.215 - - [20/Jun/2025:08:16:53 -0400] "GET /robots.txt HTTP/1.1" 302 0 "-" "Mozilla/5.0/(X11; Linux x86_64) AppleWebKit/537.36 (KHTML, like Gecko) Chrome/125.0.0.0 Safari/537.36"
34.75.122.215 - - [20/Jun/2025:08:16:57 -0400] "GET / HTTP/1.1" 200 9216 "-" "Mozilla/5.0/(X11; Linux x86_64) AppleWebKit/537.36 (KHTML, like Gecko) Chrome/125.0.0.0 Safari/537.36"
198.54.114.35 - - [20/Jun/2025:08:38:32 -0400] "POST /wp-cron.php?doing_wp_cron=1750423112.6754748821258544921875 HTTP/1.1" 200 0 "-" "WordPress/6.8.1; https://client.socialdigiinnovator.com"
94.23.183.163 - - [20/Jun/2025:08:38:31 -0400] "GET /404 HTTP/1.1" 404 8473 "https://client.socialdigiinnovator.com/wp-login.php" "Mozilla/5.0 (Windows NT 10.0; Win64; x64; rv:129.0) Gecko/20100101 Firefox/129.0"
77.83.1.9 - - [20/Jun/2025:08:40:05 -0400] "POST /wp-login.php HTTP/1.1" 302 0 "-" "Mozilla/5.0 (Windows NT 10.0; Win64; x64; rv:133.0) Gecko/20100101 Firefox/133.0"
198.54.114.35 - - [20/Jun/2025:08:40:08 -0400] "POST /wp-cron.php?doing_wp_cron=1750423208.1830499172210693359375 HTTP/1.1" 200 0 "-" "WordPress/6.8.1; https://client.socialdigiinnovator.com"
198.54.114.35 - - [20/Jun/2025:08:41:29 -0400] "POST /wp-cron.php?doing_wp_cron=1750423289.8859639167785644531250 HTTP/1.1" 200 0 "-" "WordPress/6.8.1; https://client.socialdigiinnovator.com"
20.198.22.80 - - [20/Jun/2025:08:41:31 -0400] "GET /404 HTTP/1.1" 404 8473 "http://client.socialdigiinnovator.com/wp-admin/" "Mozilla/5.0 (Windows NT 10.0; Win64; x64) AppleWebKit/537.36 (KHTML, like Gecko) Chrome/90.0.4430.85 Safari/537.36"
20.198.22.80 - - [20/Jun/2025:08:41:31 -0400] "GET /404/wp-admin/ HTTP/1.1" 404 8473 "http://client.socialdigiinnovator.com/wp-admin/" "Mozilla/5.0 (Windows NT 10.0; Win64; x64) AppleWebKit/537.36 (KHTML, like Gecko) Chrome/90.0.4430.85 Safari/537.36"
20.198.22.80 - - [20/Jun/2025:08:41:33 -0400] "GET /404/wp-admin/ HTTP/1.1" 404 8473 "https://client.socialdigiinnovator.com/404/wp-admin/" "Mozilla/5.0 (Windows NT 10.0; Win64; x64) AppleWebKit/537.36 (KHTML, like Gecko) Chrome/90.0.4430.85 Safari/537.36"
20.198.22.80 - - [20/Jun/2025:08:41:34 -0400] "POST /404/wp-login.php HTTP/1.1" 302 0 "https://client.socialdigiinnovator.com/404/wp-admin/" "Mozilla/5.0 (Windows NT 10.0; Win64; x64) AppleWebKit/537.36 (KHTML, like Gecko) Chrome/90.0.4430.85 Safari/537.36"
20.198.22.80 - - [20/Jun/2025:08:41:35 -0400] "GET /404 HTTP/1.1" 404 8473 "https://client.socialdigiinnovator.com/404/wp-admin/" "Mozilla/5.0 (Windows NT 10.0; Win64; x64) AppleWebKit/537.36 (KHTML, like Gecko) Chrome/90.0.4430.85 Safari/537.36"
20.198.22.80 - - [20/Jun/2025:08:41:37 -0400] "GET /404/wp-admin/ HTTP/1.1" 404 8473 "https://client.socialdigiinnovator.com/404/wp-admin/" "Mozilla/5.0 (Windows NT 10.0; Win64; x64) AppleWebKit/537.36 (KHTML, like Gecko) Chrome/90.0.4430.85 Safari/537.36"
198.54.114.35 - - [20/Jun/2025:08:43:39 -0400] "POST /wp-admin/admin-ajax.php?action=as_async_request_queue_runner&nonce=e3a4fbdd3a HTTP/1.1" 200 0 "-" "WordPress/6.8.1; https://client.socialdigiinnovator.com"
217.71.201.89 - - [20/Jun/2025:08:43:37 -0400] "GET /wp-admin/ HTTP/1.1" 302 0 "https://client.socialdigiinnovator.com" "Mozilla/5.0 (Windows NT 10.0; Win64; x64; rv:139.0) Gecko/20100101 Firefox/140.0"
217.71.201.89 - - [20/Jun/2025:08:43:41 -0400] "GET /404 HTTP/1.1" 404 8473 "https://client.socialdigiinnovator.com/404" "Mozilla/6.0 (Windows NT 11.0; Win64; x64) AppleWebKit/537.36 (KHTML, like Gecko) Chrome/138.7.43.25 Safari/537.36"
198.54.114.35 - - [20/Jun/2025:08:16:56 -0400] "POST /wp-cron.php?doing_wp_cron=1750421816.6705310344696044921875 HTTP/1.1" 200 0 "-" "WordPress/6.8.1; https://client.socialdigiinnovator.com"
34.75.122.215 - - [20/Jun/2025:08:16:57 -0400] "GET /?redirect_to=https%3A%2F%2Fclient.socialdigiinnovator.com%2Frobots.txt HTTP/1.1" 200 9213 "-" "Mozilla/5.0/(X11; Linux x86_64) AppleWebKit/537.36 (KHTML, like Gecko) Chrome/125.0.0.0 Safari/537.36"
94.23.183.163 - - [20/Jun/2025:08:38:29 -0400] "POST /wp-login.php HTTP/1.1" 302 0 "-" "Mozilla/5.0 (Windows NT 10.0; Win64; x64; rv:129.0) Gecko/20100101 Firefox/129.0"
77.83.1.9 - - [20/Jun/2025:08:40:07 -0400] "GET /404 HTTP/1.1" 404 8473 "https://client.socialdigiinnovator.com/wp-login.php" "Mozilla/5.0 (Windows NT 10.0; Win64; x64; rv:133.0) Gecko/20100101 Firefox/133.0"
20.198.22.80 - - [20/Jun/2025:08:41:29 -0400] "GET /wp-login.php HTTP/1.1" 302 0 "http://client.socialdigiinnovator.com/wp-admin/" "Mozilla/5.0 (Windows NT 10.0; Win64; x64) AppleWebKit/537.36 (KHTML, like Gecko) Chrome/90.0.4430.85 Safari/537.36"
20.198.22.80 - - [20/Jun/2025:08:41:29 -0400] "GET /404 HTTP/1.1" 404 8473 "http://client.socialdigiinnovator.com/wp-admin/" "Mozilla/5.0 (Windows NT 10.0; Win64; x64) AppleWebKit/537.36 (KHTML, like Gecko) Chrome/90.0.4430.85 Safari/537.36"
20.198.22.80 - - [20/Jun/2025:08:41:30 -0400] "POST /404/wp-login.php HTTP/1.1" 302 0 "http://client.socialdigiinnovator.com/wp-admin/" "Mozilla/5.0 (Windows NT 10.0; Win64; x64) AppleWebKit/537.36 (KHTML, like Gecko) Chrome/90.0.4430.85 Safari/537.36"
20.198.22.80 - - [20/Jun/2025:08:41:32 -0400] "POST /404/wp-login.php HTTP/1.1" 302 0 "https://client.socialdigiinnovator.com/404/wp-admin/" "Mozilla/5.0 (Windows NT 10.0; Win64; x64) AppleWebKit/537.36 (KHTML, like Gecko) Chrome/90.0.4430.85 Safari/537.36"
198.54.114.35 - - [20/Jun/2025:08:41:33 -0400] "POST /wp-cron.php?doing_wp_cron=1750423293.1360158920288085937500 HTTP/1.1" 200 0 "-" "WordPress/6.8.1; https://client.socialdigiinnovator.com"
20.198.22.80 - - [20/Jun/2025:08:41:32 -0400] "GET /404 HTTP/1.1" 404 8473 "https://client.socialdigiinnovator.com/404/wp-admin/" "Mozilla/5.0 (Windows NT 10.0; Win64; x64) AppleWebKit/537.36 (KHTML, like Gecko) Chrome/90.0.4430.85 Safari/537.36"
20.198.22.80 - - [20/Jun/2025:08:41:35 -0400] "GET /404/wp-admin/ HTTP/1.1" 404 8473 "https://client.socialdigiinnovator.com/404/wp-admin/" "Mozilla/5.0 (Windows NT 10.0; Win64; x64) AppleWebKit/537.36 (KHTML, like Gecko) Chrome/90.0.4430.85 Safari/537.36"
20.198.22.80 - - [20/Jun/2025:08:41:36 -0400] "POST /404/wp-login.php HTTP/1.1" 302 0 "https://client.socialdigiinnovator.com/404/wp-admin/" "Mozilla/5.0 (Windows NT 10.0; Win64; x64) AppleWebKit/537.36 (KHTML, like Gecko) Chrome/90.0.4430.85 Safari/537.36"
20.198.22.80 - - [20/Jun/2025:08:41:36 -0400] "GET /404 HTTP/1.1" 404 8473 "https://client.socialdigiinnovator.com/404/wp-admin/" "Mozilla/5.0 (Windows NT 10.0; Win64; x64) AppleWebKit/537.36 (KHTML, like Gecko) Chrome/90.0.4430.85 Safari/537.36"
198.54.114.35 - - [20/Jun/2025:08:43:39 -0400] "POST /wp-cron.php?doing_wp_cron=1750423419.4193880558013916015625 HTTP/1.1" 200 0 "-" "WordPress/6.8.1; https://client.socialdigiinnovator.com"
217.71.201.89 - - [20/Jun/2025:08:43:40 -0400] "GET /wp-login.php?redirect_to=https%3A%2F%2Fclient.socialdigiinnovator.com%2Fwp-admin%2F&reauth=1 HTTP/1.1" 302 0 "-" "Mozilla/5.0 (Windows NT 10.0; Win64; x64; rv:139.0) Gecko/20100101 Firefox/140.0"
217.71.201.89 - - [20/Jun/2025:08:43:41 -0400] "POST /wp-login.php HTTP/1.1" 302 0 "https://client.socialdigiinnovator.com/wp-login.php" "Mozilla/5.0 (Windows NT 10.0; Win64; x64; rv:139.0) Gecko/20100101 Firefox/140.0"
77.83.1.61 - - [20/Jun/2025:09:44:26 -0400] "POST /wp-login.php HTTP/1.1" 302 0 "-" "Mozilla/5.0 (Windows NT 10.0; Win64; x64; rv:132.0) Gecko/20100101 Firefox/132.0"
77.83.1.61 - - [20/Jun/2025:09:44:28 -0400] "GET /404 HTTP/1.1" 404 8472 "https://client.socialdigiinnovator.com/wp-login.php" "Mozilla/5.0 (Windows NT 10.0; Win64; x64; rv:132.0) Gecko/20100101 Firefox/132.0"
198.54.114.35 - - [20/Jun/2025:09:45:22 -0400] "POST /wp-cron.php?doing_wp_cron=1750427122.4881489276885986328125 HTTP/1.1" 200 0 "-" "WordPress/6.8.1; https://client.socialdigiinnovator.com"
198.54.114.35 - - [20/Jun/2025:09:44:29 -0400] "POST /wp-cron.php?doing_wp_cron=1750427069.1461410522460937500000 HTTP/1.1" 200 0 "-" "WordPress/6.8.1; https://client.socialdigiinnovator.com"
77.83.1.99 - - [20/Jun/2025:09:45:21 -0400] "POST /wp-login.php HTTP/1.1" 302 0 "-" "Mozilla/5.0 (Windows NT 10.0; Win64; x64; rv:138.0) Gecko/20100101 Firefox/138.0"
77.83.1.99 - - [20/Jun/2025:09:45:22 -0400] "GET /404 HTTP/1.1" 404 8473 "https://client.socialdigiinnovator.com/wp-login.php" "Mozilla/5.0 (Windows NT 10.0; Win64; x64; rv:138.0) Gecko/20100101 Firefox/138.0"
198.54.114.35 - - [20/Jun/2025:11:15:38 -0400] "POST /wp-cron.php?doing_wp_cron=1750432538.4410901069641113281250 HTTP/1.1" 200 0 "-" "WordPress/6.8.1; https://client.socialdigiinnovator.com"
216.244.66.226 - - [20/Jun/2025:11:15:38 -0400] "GET /robots.txt HTTP/1.1" 302 0 "-" "Mozilla/5.0 (compatible; DotBot/1.2; +https://opensiteexplorer.org/dotbot; help@moz.com)"
198.54.114.35 - - [20/Jun/2025:11:19:48 -0400] "POST /wp-cron.php?doing_wp_cron=1750432788.1984419822692871093750 HTTP/1.1" 200 0 "-" "WordPress/6.8.1; https://client.socialdigiinnovator.com"
104.196.204.34 - - [20/Jun/2025:11:19:45 -0400] "GET /robots.txt HTTP/1.1" 302 0 "-" "Mozilla/5.0/(X11; Linux x86_64) AppleWebKit/537.36 (KHTML, like Gecko) Chrome/125.0.0.0 Safari/537.36"
104.196.204.34 - - [20/Jun/2025:11:19:49 -0400] "GET /password-reset/ HTTP/1.1" 200 9194 "-" "Mozilla/5.0/(X11; Linux x86_64) AppleWebKit/537.36 (KHTML, like Gecko) Chrome/125.0.0.0 Safari/537.36"
198.54.114.35 - - [20/Jun/2025:11:14:48 -0400] "POST /wp-cron.php?doing_wp_cron=1750432488.5654439926147460937500 HTTP/1.1" 200 0 "-" "WordPress/6.8.1; https://client.socialdigiinnovator.com"
43.159.152.187 - - [20/Jun/2025:11:14:45 -0400] "GET / HTTP/1.1" 200 9216 "http://client.socialdigiinnovator.com" "Mozilla/5.0 (iPhone; CPU iPhone OS 13_2_3 like Mac OS X) AppleWebKit/605.1.15 (KHTML, like Gecko) Version/13.0.3 Mobile/15E148 Safari/604.1"
216.244.66.226 - - [20/Jun/2025:11:15:38 -0400] "GET /?redirect_to=https%3A%2F%2Fclient.socialdigiinnovator.com%2Frobots.txt HTTP/1.1" 200 9213 "-" "Mozilla/5.0 (compatible; DotBot/1.2; +https://opensiteexplorer.org/dotbot; help@moz.com)"
104.196.204.34 - - [20/Jun/2025:11:19:48 -0400] "GET /?redirect_to=https%3A%2F%2Fclient.socialdigiinnovator.com%2Frobots.txt HTTP/1.1" 200 9213 "-" "Mozilla/5.0/(X11; Linux x86_64) AppleWebKit/537.36 (KHTML, like Gecko) Chrome/125.0.0.0 Safari/537.36"
198.54.114.35 - - [20/Jun/2025:11:22:34 -0400] "POST /wp-cron.php?doing_wp_cron=1750432954.5395090579986572265625 HTTP/1.1" 200 0 "-" "WordPress/6.8.1; https://client.socialdigiinnovator.com"
34.75.122.215 - - [20/Jun/2025:11:22:35 -0400] "GET /?redirect_to=https%3A%2F%2Fclient.socialdigiinnovator.com%2Frobots.txt HTTP/1.1" 200 9213 "-" "Mozilla/5.0/(X11; Linux x86_64) AppleWebKit/537.36 (KHTML, like Gecko) Chrome/125.0.0.0 Safari/537.36"
198.54.114.35 - - [20/Jun/2025:11:25:50 -0400] "POST /wp-cron.php?doing_wp_cron=1750433150.7442240715026855468750 HTTP/1.1" 200 0 "-" "WordPress/6.8.1; https://client.socialdigiinnovator.com"
198.54.114.35 - - [20/Jun/2025:11:21:40 -0400] "POST /wp-cron.php?doing_wp_cron=1750432900.2545680999755859375000 HTTP/1.1" 200 0 "-" "WordPress/6.8.1; https://client.socialdigiinnovator.com"
104.196.204.34 - - [20/Jun/2025:11:21:38 -0400] "GET /register/ HTTP/1.1" 200 9272 "-" "Mozilla/5.0/(X11; Linux x86_64) AppleWebKit/537.36 (KHTML, like Gecko) Chrome/125.0.0.0 Safari/537.36"
34.75.122.215 - - [20/Jun/2025:11:22:34 -0400] "GET /robots.txt HTTP/1.1" 302 0 "-" "Mozilla/5.0/(X11; Linux x86_64) AppleWebKit/537.36 (KHTML, like Gecko) Chrome/125.0.0.0 Safari/537.36"
34.75.122.215 - - [20/Jun/2025:11:22:36 -0400] "GET /password-reset/ HTTP/1.1" 200 9196 "-" "Mozilla/5.0/(X11; Linux x86_64) AppleWebKit/537.36 (KHTML, like Gecko) Chrome/125.0.0.0 Safari/537.36"
34.75.122.215 - - [20/Jun/2025:11:25:49 -0400] "GET /register/ HTTP/1.1" 200 9272 "-" "Mozilla/5.0/(X11; Linux x86_64) AppleWebKit/537.36 (KHTML, like Gecko) Chrome/125.0.0.0 Safari/537.36"
34.75.122.215 - - [20/Jun/2025:11:34:29 -0400] "GET /xmlrpc.php?rsd HTTP/1.1" 403 1242 "-" "Mozilla/5.0/(X11; Linux x86_64) AppleWebKit/537.36 (KHTML, like Gecko) Chrome/125.0.0.0 Safari/537.36"
198.54.114.35 - - [20/Jun/2025:12:07:25 -0400] "POST /wp-cron.php?doing_wp_cron=1750435645.5120120048522949218750 HTTP/1.1" 200 0 "-" "WordPress/6.8.1; https://client.socialdigiinnovator.com"
34.138.248.80 - - [20/Jun/2025:12:07:25 -0400] "GET /?redirect_to=https%3A%2F%2Fclient.socialdigiinnovator.com%2Frobots.txt HTTP/1.1" 200 9213 "-" "Mozilla/5.0/(X11; Linux x86_64) AppleWebKit/537.36 (KHTML, like Gecko) Chrome/125.0.0.0 Safari/537.36"
34.138.248.80 - - [20/Jun/2025:12:07:26 -0400] "GET /password-reset/ HTTP/1.1" 200 9196 "-" "Mozilla/5.0/(X11; Linux x86_64) AppleWebKit/537.36 (KHTML, like Gecko) Chrome/125.0.0.0 Safari/537.36"
34.138.248.80 - - [20/Jun/2025:12:07:22 -0400] "GET /robots.txt HTTP/1.1" 302 0 "-" "Mozilla/5.0/(X11; Linux x86_64) AppleWebKit/537.36 (KHTML, like Gecko) Chrome/125.0.0.0 Safari/537.36"
198.54.114.35 - - [20/Jun/2025:12:10:13 -0400] "POST /wp-cron.php?doing_wp_cron=1750435813.7571129798889160156250 HTTP/1.1" 200 0 "-" "WordPress/6.8.1; https://client.socialdigiinnovator.com"
34.138.248.80 - - [20/Jun/2025:12:10:11 -0400] "GET /register/ HTTP/1.1" 200 9270 "-" "Mozilla/5.0/(X11; Linux x86_64) AppleWebKit/537.36 (KHTML, like Gecko) Chrome/125.0.0.0 Safari/537.36"
34.138.248.80 - - [20/Jun/2025:12:16:19 -0400] "GET /xmlrpc.php?rsd HTTP/1.1" 403 1242 "-" "Mozilla/5.0/(X11; Linux x86_64) AppleWebKit/537.36 (KHTML, like Gecko) Chrome/125.0.0.0 Safari/537.36"
103.173.134.15 - - [20/Jun/2025:12:49:44 -0400] "GET /wp-login.php HTTP/1.1" 302 0 "-" "Mozilla/5.0 (Windows NT 10.0) AppleWebKit/537.36 (KHTML, like Gecko) Chrome/105.0.5195.54 Safari/537.36"
198.54.114.35 - - [20/Jun/2025:12:49:50 -0400] "POST /wp-cron.php?doing_wp_cron=1750438190.3846900463104248046875 HTTP/1.1" 200 0 "-" "WordPress/6.8.1; https://client.socialdigiinnovator.com"
103.173.134.15 - - [20/Jun/2025:12:49:48 -0400] "GET /404 HTTP/1.1" 404 8473 "-" "Mozilla/5.0 (Windows NT 10.0) AppleWebKit/537.36 (KHTML, like Gecko) Chrome/105.0.5195.54 Safari/537.36"
103.173.134.15 - - [20/Jun/2025:12:49:52 -0400] "GET /404 HTTP/1.1" 404 8473 "-" "Mozilla/5.0 (Windows NT 10.0) AppleWebKit/537.36 (KHTML, like Gecko) Chrome/107.0.5304.62 Safari/537.36"
103.173.134.15 - - [20/Jun/2025:12:49:53 -0400] "GET /wp-login.php HTTP/1.1" 302 0 "-" "Mozilla/5.0 (Windows NT 10.0; Win64; x64) AppleWebKit/537.36 (KHTML, like Gecko) Chrome/102.0.5005.115 Safari/537.36"
103.173.134.15 - - [20/Jun/2025:12:49:55 -0400] "GET /wp-login.php HTTP/1.1" 302 0 "-" "Mozilla/5.0 (Windows NT 6.3; Win64; x64) AppleWebKit/537.36 (KHTML, like Gecko) Chrome/106.0.5249.60 Safari/537.36"
103.173.134.15 - - [20/Jun/2025:12:49:56 -0400] "GET /404 HTTP/1.1" 404 8473 "-" "Mozilla/5.0 (Windows NT 6.3; Win64; x64) AppleWebKit/537.36 (KHTML, like Gecko) Chrome/106.0.5249.60 Safari/537.36"
198.54.114.35 - - [20/Jun/2025:12:50:38 -0400] "POST /wp-cron.php?doing_wp_cron=1750438238.5684599876403808593750 HTTP/1.1" 200 0 "-" "WordPress/6.8.1; https://client.socialdigiinnovator.com"
40.77.167.203 - - [20/Jun/2025:12:50:38 -0400] "GET /?redirect_to=https%3A%2F%2Fclient.socialdigiinnovator.com%2Frobots.txt HTTP/1.1" 200 9213 "-" "Mozilla/5.0 AppleWebKit/537.36 (KHTML, like Gecko; compatible; bingbot/2.0; +http://www.bing.com/bingbot.htm) Chrome/116.0.1938.76 Safari/537.36"
52.167.144.222 - - [20/Jun/2025:12:55:17 -0400] "GET /?eebkaratseebed9712864_htm HTTP/1.1" 200 9238 "-" "Mozilla/5.0 AppleWebKit/537.36 (KHTML, like Gecko; compatible; bingbot/2.0; +http://www.bing.com/bingbot.htm) Chrome/116.0.1938.76 Safari/537.36"
103.173.134.15 - - [20/Jun/2025:12:49:52 -0400] "GET /wp-login.php HTTP/1.1" 302 0 "-" "Mozilla/5.0 (Windows NT 10.0) AppleWebKit/537.36 (KHTML, like Gecko) Chrome/107.0.5304.62 Safari/537.36"
103.173.134.15 - - [20/Jun/2025:12:49:54 -0400] "GET /404 HTTP/1.1" 404 8473 "-" "Mozilla/5.0 (Windows NT 10.0; Win64; x64) AppleWebKit/537.36 (KHTML, like Gecko) Chrome/102.0.5005.115 Safari/537.36"
103.173.134.15 - - [20/Jun/2025:12:49:57 -0400] "GET /wp-login.php HTTP/1.1" 302 0 "-" "Mozilla/5.0 (Windows NT 10.0; Win64; x64) AppleWebKit/537.36 (KHTML, like Gecko) Chrome/101.0.4951.41 Safari/537.36"
103.173.134.15 - - [20/Jun/2025:12:49:57 -0400] "GET /404 HTTP/1.1" 404 8473 "-" "Mozilla/5.0 (Windows NT 10.0; Win64; x64) AppleWebKit/537.36 (KHTML, like Gecko) Chrome/101.0.4951.41 Safari/537.36"
40.77.167.203 - - [20/Jun/2025:12:50:38 -0400] "GET /robots.txt HTTP/1.1" 302 0 "-" "Mozilla/5.0 AppleWebKit/537.36 (KHTML, like Gecko; compatible; bingbot/2.0; +http://www.bing.com/bingbot.htm) Chrome/116.0.1938.76 Safari/537.36"
198.54.114.35 - - [20/Jun/2025:12:55:20 -0400] "POST /wp-cron.php?doing_wp_cron=1750438520.0540380477905273437500 HTTP/1.1" 200 0 "-" "WordPress/6.8.1; https://client.socialdigiinnovator.com"
198.54.114.35 - - [20/Jun/2025:13:12:59 -0400] "POST /wp-cron.php?doing_wp_cron=1750439579.2175529003143310546875 HTTP/1.1" 200 0 "-" "WordPress/6.8.1; https://client.socialdigiinnovator.com"
34.23.241.143 - - [20/Jun/2025:13:12:56 -0400] "GET /robots.txt HTTP/1.1" 302 0 "-" "Mozilla/5.0/(X11; Linux x86_64) AppleWebKit/537.36 (KHTML, like Gecko) Chrome/125.0.0.0 Safari/537.36"
34.23.241.143 - - [20/Jun/2025:13:12:59 -0400] "GET /?redirect_to=https%3A%2F%2Fclient.socialdigiinnovator.com%2Frobots.txt HTTP/1.1" 200 9213 "-" "Mozilla/5.0/(X11; Linux x86_64) AppleWebKit/537.36 (KHTML, like Gecko) Chrome/125.0.0.0 Safari/537.36"
34.23.241.143 - - [20/Jun/2025:13:13:00 -0400] "GET /password-reset/ HTTP/1.1" 200 9196 "-" "Mozilla/5.0/(X11; Linux x86_64) AppleWebKit/537.36 (KHTML, like Gecko) Chrome/125.0.0.0 Safari/537.36"
198.54.114.35 - - [20/Jun/2025:13:15:53 -0400] "POST /wp-cron.php?doing_wp_cron=1750439752.9815890789031982421875 HTTP/1.1" 200 0 "-" "WordPress/6.8.1; https://client.socialdigiinnovator.com"
34.23.241.143 - - [20/Jun/2025:13:15:51 -0400] "GET /register/ HTTP/1.1" 200 9272 "-" "Mozilla/5.0/(X11; Linux x86_64) AppleWebKit/537.36 (KHTML, like Gecko) Chrome/125.0.0.0 Safari/537.36"
34.23.241.143 - - [20/Jun/2025:13:23:23 -0400] "GET /xmlrpc.php?rsd HTTP/1.1" 403 1242 "-" "Mozilla/5.0/(X11; Linux x86_64) AppleWebKit/537.36 (KHTML, like Gecko) Chrome/125.0.0.0 Safari/537.36"
93.123.109.122 - - [20/Jun/2025:13:29:13 -0400] "GET / HTTP/1.1" 200 9216 "http://client.socialdigiinnovator.com:80/" "Mozilla/5.0 (Windows NT 6.1; WOW64) AppleWebKit/537.36 (KHTML, like Gecko) Chrome/47.0.2526.111 Safari/537.36"
93.123.109.122 - - [20/Jun/2025:13:29:17 -0400] "GET /wp-content/uploads/2022/04/cropped-Logo_Job-removebg-preview-Custom-2-32x32.png HTTP/1.1" 200 1864 "-" "Mozilla/5.0 (Windows NT 6.1; WOW64) AppleWebKit/537.36 (KHTML, like Gecko) Chrome/47.0.2526.111 Safari/537.36"
93.123.109.122 - - [20/Jun/2025:13:29:23 -0400] "GET / HTTP/1.1" 200 9214 "-" "Mozilla/5.0 (X11; Linux x86_64) AppleWebKit/537.36 (KHTML, like Gecko) Chrome/74.0.3729.169 Safari/537.36"
198.54.114.35 - - [20/Jun/2025:13:30:57 -0400] "POST /wp-cron.php?doing_wp_cron=1750440657.2961850166320800781250 HTTP/1.1" 200 0 "-" "WordPress/6.8.1; https://client.socialdigiinnovator.com"
20.198.22.80 - - [20/Jun/2025:13:30:56 -0400] "GET /404 HTTP/1.1" 404 8473 "http://client.socialdigiinnovator.com/wp-admin/" "Mozilla/5.0 (Windows NT 10.0; Win64; x64) AppleWebKit/537.36 (KHTML, like Gecko) Chrome/90.0.4430.85 Safari/537.36"
20.198.22.80 - - [20/Jun/2025:13:30:58 -0400] "GET /404 HTTP/1.1" 404 8473 "http://client.socialdigiinnovator.com/wp-admin/" "Mozilla/5.0 (Windows NT 10.0; Win64; x64) AppleWebKit/537.36 (KHTML, like Gecko) Chrome/90.0.4430.85 Safari/537.36"
20.198.22.80 - - [20/Jun/2025:13:31:00 -0400] "GET /404 HTTP/1.1" 404 8473 "https://client.socialdigiinnovator.com/404/wp-admin/" "Mozilla/5.0 (Windows NT 10.0; Win64; x64) AppleWebKit/537.36 (KHTML, like Gecko) Chrome/90.0.4430.85 Safari/537.36"
20.198.22.80 - - [20/Jun/2025:13:31:02 -0400] "POST /404/wp-login.php HTTP/1.1" 302 0 "https://client.socialdigiinnovator.com/404/wp-admin/" "Mozilla/5.0 (Windows NT 10.0; Win64; x64) AppleWebKit/537.36 (KHTML, like Gecko) Chrome/90.0.4430.85 Safari/537.36"
20.198.22.80 - - [20/Jun/2025:13:31:02 -0400] "GET /404 HTTP/1.1" 404 8473 "https://client.socialdigiinnovator.com/404/wp-admin/" "Mozilla/5.0 (Windows NT 10.0; Win64; x64) AppleWebKit/537.36 (KHTML, like Gecko) Chrome/90.0.4430.85 Safari/537.36"
20.198.22.80 - - [20/Jun/2025:13:31:03 -0400] "GET /404/wp-admin/ HTTP/1.1" 404 8473 "https://client.socialdigiinnovator.com/404/wp-admin/" "Mozilla/5.0 (Windows NT 10.0; Win64; x64) AppleWebKit/537.36 (KHTML, like Gecko) Chrome/90.0.4430.85 Safari/537.36"
20.198.22.80 - - [20/Jun/2025:13:31:04 -0400] "POST /404/wp-login.php HTTP/1.1" 302 0 "https://client.socialdigiinnovator.com/404/wp-admin/" "Mozilla/5.0 (Windows NT 10.0; Win64; x64) AppleWebKit/537.36 (KHTML, like Gecko) Chrome/90.0.4430.85 Safari/537.36"
20.198.22.80 - - [20/Jun/2025:13:31:05 -0400] "GET /404/wp-admin/ HTTP/1.1" 404 8473 "https://client.socialdigiinnovator.com/404/wp-admin/" "Mozilla/5.0 (Windows NT 10.0; Win64; x64) AppleWebKit/537.36 (KHTML, like Gecko) Chrome/90.0.4430.85 Safari/537.36"
198.54.114.35 - - [20/Jun/2025:13:29:15 -0400] "POST /wp-cron.php?doing_wp_cron=1750440555.7655439376831054687500 HTTP/1.1" 200 0 "-" "WordPress/6.8.1; https://client.socialdigiinnovator.com"
20.198.22.80 - - [20/Jun/2025:13:30:55 -0400] "GET /wp-login.php HTTP/1.1" 302 0 "http://client.socialdigiinnovator.com/wp-admin/" "Mozilla/5.0 (Windows NT 10.0; Win64; x64) AppleWebKit/537.36 (KHTML, like Gecko) Chrome/90.0.4430.85 Safari/537.36"
20.198.22.80 - - [20/Jun/2025:13:30:58 -0400] "POST /404/wp-login.php HTTP/1.1" 302 0 "http://client.socialdigiinnovator.com/wp-admin/" "Mozilla/5.0 (Windows NT 10.0; Win64; x64) AppleWebKit/537.36 (KHTML, like Gecko) Chrome/90.0.4430.85 Safari/537.36"
20.198.22.80 - - [20/Jun/2025:13:30:59 -0400] "GET /404/wp-admin/ HTTP/1.1" 404 8473 "http://client.socialdigiinnovator.com/wp-admin/" "Mozilla/5.0 (Windows NT 10.0; Win64; x64) AppleWebKit/537.36 (KHTML, like Gecko) Chrome/90.0.4430.85 Safari/537.36"
20.198.22.80 - - [20/Jun/2025:13:31:00 -0400] "POST /404/wp-login.php HTTP/1.1" 302 0 "https://client.socialdigiinnovator.com/404/wp-admin/" "Mozilla/5.0 (Windows NT 10.0; Win64; x64) AppleWebKit/537.36 (KHTML, like Gecko) Chrome/90.0.4430.85 Safari/537.36"
20.198.22.80 - - [20/Jun/2025:13:31:01 -0400] "GET /404/wp-admin/ HTTP/1.1" 404 8473 "https://client.socialdigiinnovator.com/404/wp-admin/" "Mozilla/5.0 (Windows NT 10.0; Win64; x64) AppleWebKit/537.36 (KHTML, like Gecko) Chrome/90.0.4430.85 Safari/537.36"
20.198.22.80 - - [20/Jun/2025:13:31:04 -0400] "GET /404 HTTP/1.1" 404 8473 "https://client.socialdigiinnovator.com/404/wp-admin/" "Mozilla/5.0 (Windows NT 10.0; Win64; x64) AppleWebKit/537.36 (KHTML, like Gecko) Chrome/90.0.4430.85 Safari/537.36"
185.247.184.105 - - [20/Jun/2025:15:03:17 -0400] "POST /xmlrpc.php HTTP/1.1" 403 1242 "-" "Mozilla/5.0 (Windows NT 10.0; Win64; x64; rv:124.0) Gecko/20100101 Firefox/124.0"
185.247.184.105 - - [20/Jun/2025:15:03:16 -0400] "POST /xmlrpc.php HTTP/1.1" 403 1242 "-" "Mozilla/5.0 (Windows NT 10.0; Win64; x64; rv:124.0) Gecko/20100101 Firefox/124.0"
198.54.114.35 - - [20/Jun/2025:15:29:00 -0400] "POST /wp-cron.php?doing_wp_cron=1750447740.8240470886230468750000 HTTP/1.1" 200 0 "-" "WordPress/6.8.1; https://client.socialdigiinnovator.com"
35.227.14.155 - - [20/Jun/2025:15:28:57 -0400] "GET /robots.txt HTTP/1.1" 302 0 "-" "Mozilla/5.0/(X11; Linux x86_64) AppleWebKit/537.36 (KHTML, like Gecko) Chrome/125.0.0.0 Safari/537.36"
35.227.14.155 - - [20/Jun/2025:15:29:01 -0400] "GET /?redirect_to=https%3A%2F%2Fclient.socialdigiinnovator.com%2Frobots.txt HTTP/1.1" 200 9213 "-" "Mozilla/5.0/(X11; Linux x86_64) AppleWebKit/537.36 (KHTML, like Gecko) Chrome/125.0.0.0 Safari/537.36"
35.227.14.155 - - [20/Jun/2025:15:34:39 -0400] "GET /?p=158 HTTP/1.1" 301 0 "-" "Mozilla/5.0/(X11; Linux x86_64) AppleWebKit/537.36 (KHTML, like Gecko) Chrome/125.0.0.0 Safari/537.36"
35.227.14.155 - - [20/Jun/2025:15:34:42 -0400] "GET /password-reset/ HTTP/1.1" 200 9196 "-" "Mozilla/5.0/(X11; Linux x86_64) AppleWebKit/537.36 (KHTML, like Gecko) Chrome/125.0.0.0 Safari/537.36"
35.227.14.155 - - [20/Jun/2025:15:29:02 -0400] "GET /?p=154 HTTP/1.1" 301 0 "-" "Mozilla/5.0/(X11; Linux x86_64) AppleWebKit/537.36 (KHTML, like Gecko) Chrome/125.0.0.0 Safari/537.36"
35.227.14.155 - - [20/Jun/2025:15:29:02 -0400] "GET /register/ HTTP/1.1" 200 9270 "-" "Mozilla/5.0/(X11; Linux x86_64) AppleWebKit/537.36 (KHTML, like Gecko) Chrome/125.0.0.0 Safari/537.36"
35.227.14.155 - - [20/Jun/2025:15:33:58 -0400] "GET /xmlrpc.php?rsd HTTP/1.1" 403 1242 "-" "Mozilla/5.0/(X11; Linux x86_64) AppleWebKit/537.36 (KHTML, like Gecko) Chrome/125.0.0.0 Safari/537.36"
198.54.114.35 - - [20/Jun/2025:15:34:42 -0400] "POST /wp-cron.php?doing_wp_cron=1750448081.9370660781860351562500 HTTP/1.1" 200 0 "-" "WordPress/6.8.1; https://client.socialdigiinnovator.com"
2602:fb54:c7c:: - - [20/Jun/2025:15:47:06 -0400] "GET /wp-login.php HTTP/1.1" 302 0 "-" "Mozilla/5.0 (Windows NT 10.0; Win64; x64) AppleWebKit/537.36 (KHTML, like Gecko) Chrome/91.0.4472.124 Safari/537.36"
198.54.114.35 - - [20/Jun/2025:15:47:09 -0400] "POST /wp-cron.php?doing_wp_cron=1750448829.0776450634002685546875 HTTP/1.1" 200 0 "-" "WordPress/6.8.1; https://client.socialdigiinnovator.com"
2602:fb54:c7c:: - - [20/Jun/2025:15:47:07 -0400] "GET /404 HTTP/1.1" 404 8473 "-" "Mozilla/5.0 (Windows NT 10.0; Win64; x64) AppleWebKit/537.36 (KHTML, like Gecko) Chrome/91.0.4472.124 Safari/537.36"
2602:fb54:c7c:: - - [20/Jun/2025:15:47:10 -0400] "GET /wp-admin HTTP/1.1" 301 795 "-" "Mozilla/5.0 (Windows NT 10.0; Win64; x64) AppleWebKit/537.36 (KHTML, like Gecko) Chrome/91.0.4472.124 Safari/537.36"
2602:fb54:c7c:: - - [20/Jun/2025:15:47:10 -0400] "GET /wp-admin/ HTTP/1.1" 302 0 "-" "Mozilla/5.0 (Windows NT 10.0; Win64; x64) AppleWebKit/537.36 (KHTML, like Gecko) Chrome/91.0.4472.124 Safari/537.36"
2602:fb54:c7c:: - - [20/Jun/2025:15:47:10 -0400] "GET /wp-login.php?redirect_to=https%3A%2F%2Fclient.socialdigiinnovator.com%2Fwp-admin%2F&reauth=1 HTTP/1.1" 302 0 "-" "Mozilla/5.0 (Windows NT 10.0; Win64; x64) AppleWebKit/537.36 (KHTML, like Gecko) Chrome/91.0.4472.124 Safari/537.36"
2602:fb54:c7c:: - - [20/Jun/2025:15:47:11 -0400] "GET /wp-admin-login/ HTTP/1.1" 404 8473 "-" "Mozilla/5.0 (Windows NT 10.0; Win64; x64) AppleWebKit/537.36 (KHTML, like Gecko) Chrome/91.0.4472.124 Safari/537.36"
2602:fb54:c7c:: - - [20/Jun/2025:15:47:12 -0400] "GET /wp-login.php?redirect_to=https%3A%2F%2Fclient.socialdigiinnovator.com%2Fwp-admin%2F&reauth=1 HTTP/1.1" 302 0 "-" "Mozilla/5.0 (Windows NT 10.0; Win64; x64) AppleWebKit/537.36 (KHTML, like Gecko) Chrome/91.0.4472.124 Safari/537.36"
2602:fb54:c7c:: - - [20/Jun/2025:15:47:13 -0400] "GET /user HTTP/1.1" 301 0 "-" "Mozilla/5.0 (Windows NT 10.0; Win64; x64) AppleWebKit/537.36 (KHTML, like Gecko) Chrome/91.0.4472.124 Safari/537.36"
2602:fb54:c7c:: - - [20/Jun/2025:15:47:14 -0400] "GET /?redirect_to=https%3A%2F%2Fclient.socialdigiinnovator.com%2Fuser%2F HTTP/1.1" 200 9221 "-" "Mozilla/5.0 (Windows NT 10.0; Win64; x64) AppleWebKit/537.36 (KHTML, like Gecko) Chrome/91.0.4472.124 Safari/537.36"
2602:fb54:c7c:: - - [20/Jun/2025:15:47:15 -0400] "GET /?redirect_to=https%3A%2F%2Fclient.socialdigiinnovator.com%2Fuser HTTP/1.1" 200 9226 "https://client.socialdigiinnovator.com/wp-admin/" "Mozilla/5.0 (Windows NT 10.0; Win64; x64) AppleWebKit/537.36 (KHTML, like Gecko) Chrome/91.0.4472.124 Safari/537.36"
2602:fb54:c7c:: - - [20/Jun/2025:15:47:15 -0400] "GET /wp-admin/ HTTP/1.1" 302 0 "-" "Mozilla/5.0 (Windows NT 10.0; Win64; x64) AppleWebKit/537.36 (KHTML, like Gecko) Chrome/91.0.4472.124 Safari/537.36"
2602:fb54:c7c:: - - [20/Jun/2025:15:47:16 -0400] "GET /wp-login.php?redirect_to=https%3A%2F%2Fclient.socialdigiinnovator.com%2Fwp-admin%2F&reauth=1 HTTP/1.1" 302 0 "-" "Mozilla/5.0 (Windows NT 10.0; Win64; x64) AppleWebKit/537.36 (KHTML, like Gecko) Chrome/91.0.4472.124 Safari/537.36"
2602:fb54:c7c:: - - [20/Jun/2025:15:47:16 -0400] "GET /404 HTTP/1.1" 404 8473 "-" "Mozilla/5.0 (Windows NT 10.0; Win64; x64) AppleWebKit/537.36 (KHTML, like Gecko) Chrome/91.0.4472.124 Safari/537.36"
2602:fb54:c7c:: - - [20/Jun/2025:15:47:11 -0400] "GET /404 HTTP/1.1" 404 8473 "-" "Mozilla/5.0 (Windows NT 10.0; Win64; x64) AppleWebKit/537.36 (KHTML, like Gecko) Chrome/91.0.4472.124 Safari/537.36"
2602:fb54:c7c:: - - [20/Jun/2025:15:47:12 -0400] "GET /admin HTTP/1.1" 302 0 "-" "Mozilla/5.0 (Windows NT 10.0; Win64; x64) AppleWebKit/537.36 (KHTML, like Gecko) Chrome/91.0.4472.124 Safari/537.36"
2602:fb54:c7c:: - - [20/Jun/2025:15:47:12 -0400] "GET /wp-admin/ HTTP/1.1" 302 0 "-" "Mozilla/5.0 (Windows NT 10.0; Win64; x64) AppleWebKit/537.36 (KHTML, like Gecko) Chrome/91.0.4472.124 Safari/537.36"
2602:fb54:c7c:: - - [20/Jun/2025:15:47:13 -0400] "GET /404 HTTP/1.1" 404 8473 "-" "Mozilla/5.0 (Windows NT 10.0; Win64; x64) AppleWebKit/537.36 (KHTML, like Gecko) Chrome/91.0.4472.124 Safari/537.36"
2602:fb54:c7c:: - - [20/Jun/2025:15:47:13 -0400] "GET /user/ HTTP/1.1" 302 0 "-" "Mozilla/5.0 (Windows NT 10.0; Win64; x64) AppleWebKit/537.36 (KHTML, like Gecko) Chrome/91.0.4472.124 Safari/537.36"
2602:fb54:c7c:: - - [20/Jun/2025:15:47:14 -0400] "POST /user HTTP/1.1" 302 0 "https://client.socialdigiinnovator.com/wp-admin/" "Mozilla/5.0 (Windows NT 10.0; Win64; x64) AppleWebKit/537.36 (KHTML, like Gecko) Chrome/91.0.4472.124 Safari/537.36"
86.48.10.120 - - [20/Jun/2025:16:10:40 -0400] "HEAD /wp-login.php HTTP/1.1" 302 0 "-" "Mozilla/5.0 (Windows NT 10.0; Win64; x64) AppleWebKit/537.36 (KHTML, like Gecko) Chrome/131.0.0.0 Safari/537.36"
198.54.114.35 - - [20/Jun/2025:16:10:43 -0400] "POST /wp-cron.php?doing_wp_cron=1750450243.5309278964996337890625 HTTP/1.1" 200 0 "-" "WordPress/6.8.1; https://client.socialdigiinnovator.com"
86.48.10.120 - - [20/Jun/2025:16:10:42 -0400] "HEAD /404 HTTP/1.1" 404 0 "-" "Mozilla/5.0 (Windows NT 10.0; Win64; x64) AppleWebKit/537.36 (KHTML, like Gecko) Chrome/131.0.0.0 Safari/537.36"
45.80.158.205 - - [20/Jun/2025:16:15:00 -0400] "POST /xmlrpc.php HTTP/1.1" 403 1242 "-" "Mozilla/5.0 (Windows NT 10.0; Win64; x64; rv:124.0) Gecko/20100101 Firefox/124.0"
45.80.158.205 - - [20/Jun/2025:16:15:00 -0400] "POST /xmlrpc.php HTTP/1.1" 403 1242 "-" "Mozilla/5.0 (Windows NT 10.0; Win64; x64; rv:124.0) Gecko/20100101 Firefox/124.0"
198.54.114.35 - - [20/Jun/2025:17:24:03 -0400] "POST /wp-cron.php?doing_wp_cron=1750454643.4784810543060302734375 HTTP/1.1" 200 0 "-" "WordPress/6.8.1; https://client.socialdigiinnovator.com"
34.138.248.80 - - [20/Jun/2025:17:24:00 -0400] "GET /robots.txt HTTP/1.1" 302 0 "-" "Mozilla/5.0/(X11; Linux x86_64) AppleWebKit/537.36 (KHTML, like Gecko) Chrome/125.0.0.0 Safari/537.36"
34.138.248.80 - - [20/Jun/2025:17:24:03 -0400] "GET /?redirect_to=https%3A%2F%2Fclient.socialdigiinnovator.com%2Frobots.txt HTTP/1.1" 200 9213 "-" "Mozilla/5.0/(X11; Linux x86_64) AppleWebKit/537.36 (KHTML, like Gecko) Chrome/125.0.0.0 Safari/537.36"
34.138.248.80 - - [20/Jun/2025:17:24:05 -0400] "GET /register/ HTTP/1.1" 200 9272 "-" "Mozilla/5.0/(X11; Linux x86_64) AppleWebKit/537.36 (KHTML, like Gecko) Chrome/125.0.0.0 Safari/537.36"
34.138.248.80 - - [20/Jun/2025:17:24:04 -0400] "GET /?p=154 HTTP/1.1" 301 0 "-" "Mozilla/5.0/(X11; Linux x86_64) AppleWebKit/537.36 (KHTML, like Gecko) Chrome/125.0.0.0 Safari/537.36"
34.138.248.80 - - [20/Jun/2025:17:29:28 -0400] "GET /xmlrpc.php?rsd HTTP/1.1" 403 1242 "-" "Mozilla/5.0/(X11; Linux x86_64) AppleWebKit/537.36 (KHTML, like Gecko) Chrome/125.0.0.0 Safari/537.36"
198.54.114.35 - - [20/Jun/2025:17:30:15 -0400] "POST /wp-cron.php?doing_wp_cron=1750455015.2359259128570556640625 HTTP/1.1" 200 0 "-" "WordPress/6.8.1; https://client.socialdigiinnovator.com"
34.138.248.80 - - [20/Jun/2025:17:30:12 -0400] "GET /?p=158 HTTP/1.1" 301 0 "-" "Mozilla/5.0/(X11; Linux x86_64) AppleWebKit/537.36 (KHTML, like Gecko) Chrome/125.0.0.0 Safari/537.36"
34.138.248.80 - - [20/Jun/2025:17:30:15 -0400] "GET /password-reset/ HTTP/1.1" 200 9196 "-" "Mozilla/5.0/(X11; Linux x86_64) AppleWebKit/537.36 (KHTML, like Gecko) Chrome/125.0.0.0 Safari/537.36"
198.54.114.35 - - [20/Jun/2025:17:47:50 -0400] "POST /wp-cron.php?doing_wp_cron=1750456070.4623010158538818359375 HTTP/1.1" 200 0 "-" "WordPress/6.8.1; https://client.socialdigiinnovator.com"
45.148.125.60 - - [20/Jun/2025:17:47:47 -0400] "GET /wp-admin/admin.php HTTP/1.1" 302 0 "-" "Mozilla/5.0 (Windows NT 10.0; Win64; x64) AppleWebKit/537.36 (KHTML, like Gecko) Chrome/115.0.0.0 Safari/537.36 Edg/115.0.1901.203"
45.148.125.60 - - [20/Jun/2025:17:47:51 -0400] "GET /wp-login.php?redirect_to=https%3A%2F%2Fclient.socialdigiinnovator.com%2Fwp-admin%2Fadmin.php&reauth=1 HTTP/1.1" 302 0 "-" "Mozilla/5.0 (Windows NT 10.0; Win64; x64) AppleWebKit/537.36 (KHTML, like Gecko) Chrome/115.0.0.0 Safari/537.36 Edg/115.0.1901.203"
45.148.125.60 - - [20/Jun/2025:17:47:53 -0400] "GET /404 HTTP/1.1" 404 8473 "-" "Mozilla/5.0 (Windows NT 10.0; Win64; x64) AppleWebKit/537.36 (KHTML, like Gecko) Chrome/115.0.0.0 Safari/537.36 Edg/115.0.1901.203"
198.54.114.35 - - [20/Jun/2025:18:10:38 -0400] "POST /wp-cron.php?doing_wp_cron=1750457438.0226640701293945312500 HTTP/1.1" 200 0 "-" "WordPress/6.8.1; https://client.socialdigiinnovator.com"
35.227.59.225 - - [20/Jun/2025:18:10:35 -0400] "GET /robots.txt HTTP/1.1" 302 0 "-" "Mozilla/5.0/(X11; Linux x86_64) AppleWebKit/537.36 (KHTML, like Gecko) Chrome/125.0.0.0 Safari/537.36"
35.227.59.225 - - [20/Jun/2025:18:10:38 -0400] "GET /?redirect_to=https%3A%2F%2Fclient.socialdigiinnovator.com%2Frobots.txt HTTP/1.1" 200 9211 "-" "Mozilla/5.0/(X11; Linux x86_64) AppleWebKit/537.36 (KHTML, like Gecko) Chrome/125.0.0.0 Safari/537.36"
35.227.59.225 - - [20/Jun/2025:18:10:40 -0400] "GET /register/ HTTP/1.1" 200 9272 "-" "Mozilla/5.0/(X11; Linux x86_64) AppleWebKit/537.36 (KHTML, like Gecko) Chrome/125.0.0.0 Safari/537.36"
35.227.59.225 - - [20/Jun/2025:18:10:39 -0400] "GET /?p=154 HTTP/1.1" 301 0 "-" "Mozilla/5.0/(X11; Linux x86_64) AppleWebKit/537.36 (KHTML, like Gecko) Chrome/125.0.0.0 Safari/537.36"
198.54.114.35 - - [20/Jun/2025:18:16:39 -0400] "POST /wp-cron.php?doing_wp_cron=1750457799.7060050964355468750000 HTTP/1.1" 200 0 "-" "WordPress/6.8.1; https://client.socialdigiinnovator.com"
35.227.59.225 - - [20/Jun/2025:18:16:40 -0400] "GET /password-reset/ HTTP/1.1" 200 9196 "-" "Mozilla/5.0/(X11; Linux x86_64) AppleWebKit/537.36 (KHTML, like Gecko) Chrome/125.0.0.0 Safari/537.36"
35.227.59.225 - - [20/Jun/2025:18:16:01 -0400] "GET /xmlrpc.php?rsd HTTP/1.1" 403 1242 "-" "Mozilla/5.0/(X11; Linux x86_64) AppleWebKit/537.36 (KHTML, like Gecko) Chrome/125.0.0.0 Safari/537.36"
198.54.114.35 - - [20/Jun/2025:18:16:11 -0400] "POST /wp-cron.php?doing_wp_cron=1750457770.8964760303497314453125 HTTP/1.1" 200 0 "-" "WordPress/6.8.1; https://client.socialdigiinnovator.com"
43.128.156.124 - - [20/Jun/2025:18:16:08 -0400] "GET / HTTP/1.1" 200 9216 "http://client.socialdigiinnovator.com" "Mozilla/5.0 (iPhone; CPU iPhone OS 13_2_3 like Mac OS X) AppleWebKit/605.1.15 (KHTML, like Gecko) Version/13.0.3 Mobile/15E148 Safari/604.1"
35.227.59.225 - - [20/Jun/2025:18:16:39 -0400] "GET /?p=158 HTTP/1.1" 301 0 "-" "Mozilla/5.0/(X11; Linux x86_64) AppleWebKit/537.36 (KHTML, like Gecko) Chrome/125.0.0.0 Safari/537.36"
66.249.73.197 - - [20/Jun/2025:19:10:12 -0400] "GET /?ND HTTP/1.1" 200 9216 "-" "Mozilla/5.0 (Linux; Android 6.0.1; Nexus 5X Build/MMB29P) AppleWebKit/537.36 (KHTML, like Gecko) Chrome/137.0.7151.103 Mobile Safari/537.36 (compatible; Googlebot/2.1; +http://www.google.com/bot.html)"
198.54.114.35 - - [20/Jun/2025:19:10:11 -0400] "POST /wp-cron.php?doing_wp_cron=1750461011.6455988883972167968750 HTTP/1.1" 200 0 "-" "WordPress/6.8.1; https://client.socialdigiinnovator.com"
66.249.73.196 - - [20/Jun/2025:19:10:08 -0400] "GET /robots.txt HTTP/1.1" 302 0 "-" "Mozilla/5.0 (compatible; Googlebot/2.1; +http://www.google.com/bot.html)"
66.249.73.196 - - [20/Jun/2025:19:10:11 -0400] "GET /?redirect_to=https%3A%2F%2Fclient.socialdigiinnovator.com%2Frobots.txt HTTP/1.1" 200 9213 "-" "Mozilla/5.0 (compatible; Googlebot/2.1; +http://www.google.com/bot.html)"
66.249.73.202 - - [20/Jun/2025:19:18:57 -0400] "GET /wp-content/plugins/ultimate-member/assets/css/um-fontawesome.min.css?ver=6.5.2 HTTP/1.1" 200 37154 "https://client.socialdigiinnovator.com/?ND" "Mozilla/5.0 (Linux; Android 6.0.1; Nexus 5X Build/MMB29P) AppleWebKit/537.36 (KHTML, like Gecko) Chrome/137.0.7151.68 Mobile Safari/537.36 (compatible; Googlebot/2.1; +http://www.google.com/bot.html)"
66.249.73.203 - - [20/Jun/2025:19:18:58 -0400] "GET /wp-content/plugins/ultimate-member/assets/js/um-gdpr.min.js?ver=2.10.4 HTTP/1.1" 304 0 "https://client.socialdigiinnovator.com/?ND" "Mozilla/5.0 (Linux; Android 6.0.1; Nexus 5X Build/MMB29P) AppleWebKit/537.36 (KHTML, like Gecko) Chrome/137.0.7151.68 Mobile Safari/537.36 (compatible; Googlebot/2.1; +http://www.google.com/bot.html)"
185.220.100.247 - - [20/Jun/2025:19:51:58 -0400] "POST /xmlrpc.php HTTP/1.1" 403 1242 "-" "Mozilla/5.0 (Windows NT 10.0; Win64; x64; rv:124.0) Gecko/20100101 Firefox/124.0"
185.220.100.247 - - [20/Jun/2025:19:51:58 -0400] "POST /xmlrpc.php HTTP/1.1" 403 1242 "-" "Mozilla/5.0 (Windows NT 10.0; Win64; x64; rv:124.0) Gecko/20100101 Firefox/124.0"
198.54.114.35 - - [20/Jun/2025:20:28:12 -0400] "POST /wp-cron.php?doing_wp_cron=1750465692.5035879611968994140625 HTTP/1.1" 200 0 "-" "WordPress/6.8.1; https://client.socialdigiinnovator.com"
54.177.61.147 - - [20/Jun/2025:20:28:09 -0400] "GET / HTTP/1.1" 200 9214 "-" "Mozilla/5.0 (X11; Linux x86_64) AppleWebKit/537.36 (KHTML, like Gecko) Chrome/137.0.0.0 Safari/537.36"
Copyright ©2k19 -
Hexid
|
Tex7ure