/
home
/
sditechnicalteam
/
access-logs
/
File Upload :
llllll
Current File: /home/sditechnicalteam/access-logs/jobs.socialdigiinnovator.com-ssl_log
198.54.114.35 - - [20/Jun/2025:09:23:26 -0400] "POST /wp-cron.php?doing_wp_cron=1750425806.3215999603271484375000 HTTP/1.1" 200 0 "-" "WordPress/6.8.1; https://jobs.socialdigiinnovator.com"
85.208.96.205 - - [20/Jun/2025:09:23:24 -0400] "GET /robots.txt HTTP/1.1" 200 106 "-" "Mozilla/5.0 (compatible; SemrushBot/7~bl; +http://www.semrush.com/bot.html)"
198.54.114.35 - - [20/Jun/2025:09:20:28 -0400] "POST /wp-cron.php?doing_wp_cron=1750425628.1107358932495117187500 HTTP/1.1" 200 0 "-" "WordPress/6.8.1; https://jobs.socialdigiinnovator.com"
66.249.66.41 - - [20/Jun/2025:09:20:25 -0400] "GET /register/ HTTP/1.1" 200 11802 "-" "Mozilla/5.0 (Linux; Android 6.0.1; Nexus 5X Build/MMB29P) AppleWebKit/537.36 (KHTML, like Gecko) Chrome/137.0.7151.103 Mobile Safari/537.36 (compatible; Googlebot/2.1; +http://www.google.com/bot.html)"
66.249.66.40 - - [20/Jun/2025:09:20:33 -0400] "GET /wp-content/plugins/ultimate-member/assets/css/um-responsive.min.css?ver=2.10.4 HTTP/1.1" 200 1404 "https://jobs.socialdigiinnovator.com/register/" "Mozilla/5.0 (Linux; Android 6.0.1; Nexus 5X Build/MMB29P) AppleWebKit/537.36 (KHTML, like Gecko) Chrome/137.0.7151.68 Mobile Safari/537.36 (compatible; Googlebot/2.1; +http://www.google.com/bot.html)"
66.249.66.39 - - [20/Jun/2025:09:20:47 -0400] "GET /wp-includes/js/wp-emoji-release.min.js?ver=6.8.1 HTTP/1.1" 304 0 "https://jobs.socialdigiinnovator.com/register/" "Mozilla/5.0 (Linux; Android 6.0.1; Nexus 5X Build/MMB29P) AppleWebKit/537.36 (KHTML, like Gecko) Chrome/137.0.7151.68 Mobile Safari/537.36 (compatible; Googlebot/2.1; +http://www.google.com/bot.html)"
185.191.171.14 - - [20/Jun/2025:09:23:27 -0400] "GET /546a1katsuteru/ab44088378.html HTTP/1.1" 404 10798 "-" "Mozilla/5.0 (compatible; SemrushBot/7~bl; +http://www.semrush.com/bot.html)"
198.54.114.35 - - [20/Jun/2025:09:47:48 -0400] "POST /wp-cron.php?doing_wp_cron=1750427268.1018469333648681640625 HTTP/1.1" 200 0 "-" "WordPress/6.8.1; https://jobs.socialdigiinnovator.com"
185.191.171.11 - - [20/Jun/2025:09:51:47 -0400] "GET /10f764featurization/fcbde1251414.html HTTP/1.1" 404 10797 "-" "Mozilla/5.0 (compatible; SemrushBot/7~bl; +http://www.semrush.com/bot.html)"
77.83.1.98 - - [20/Jun/2025:09:47:45 -0400] "POST /wp-login.php HTTP/1.1" 302 0 "-" "Mozilla/5.0 (Windows NT 10.0; Win64; x64; rv:136.0) Gecko/20100101 Firefox/136.0"
77.83.1.98 - - [20/Jun/2025:09:47:47 -0400] "GET /404 HTTP/1.1" 404 10798 "https://jobs.socialdigiinnovator.com/wp-login.php" "Mozilla/5.0 (Windows NT 10.0; Win64; x64; rv:136.0) Gecko/20100101 Firefox/136.0"
198.54.114.35 - - [20/Jun/2025:09:51:49 -0400] "POST /wp-cron.php?doing_wp_cron=1750427509.6056909561157226562500 HTTP/1.1" 200 0 "-" "WordPress/6.8.1; https://jobs.socialdigiinnovator.com"
198.54.114.35 - - [20/Jun/2025:10:40:58 -0400] "POST /wp-cron.php?doing_wp_cron=1750430458.7768659591674804687500 HTTP/1.1" 200 0 "-" "WordPress/6.8.1; https://jobs.socialdigiinnovator.com"
185.191.171.9 - - [20/Jun/2025:10:40:56 -0400] "GET /6damooncakes/dabfe13804378.html HTTP/1.1" 404 10798 "-" "Mozilla/5.0 (compatible; SemrushBot/7~bl; +http://www.semrush.com/bot.html)"
66.249.66.34 - - [20/Jun/2025:10:49:16 -0400] "GET / HTTP/1.1" 200 12896 "-" "Mozilla/5.0 (Linux; Android 6.0.1; Nexus 5X Build/MMB29P) AppleWebKit/537.36 (KHTML, like Gecko) Chrome/137.0.7151.103 Mobile Safari/537.36 (compatible; Googlebot/2.1; +http://www.google.com/bot.html)"
66.249.66.33 - - [20/Jun/2025:10:49:26 -0400] "GET /wp-content/plugins/ultimate-member/assets/libs/legacy/fonticons/fonticons-fa.min.css?ver=2.10.4 HTTP/1.1" 200 4321 "https://jobs.socialdigiinnovator.com/" "Mozilla/5.0 (Linux; Android 6.0.1; Nexus 5X Build/MMB29P) AppleWebKit/537.36 (KHTML, like Gecko) Chrome/137.0.7151.68 Mobile Safari/537.36 (compatible; Googlebot/2.1; +http://www.google.com/bot.html)"
198.54.114.35 - - [20/Jun/2025:10:49:18 -0400] "POST /wp-cron.php?doing_wp_cron=1750430958.8269510269165039062500 HTTP/1.1" 200 0 "-" "WordPress/6.8.1; https://jobs.socialdigiinnovator.com"
66.249.66.33 - - [20/Jun/2025:10:49:23 -0400] "GET /wp-content/plugins/elementor/assets/css/widget-heading.min.css?ver=3.29.2 HTTP/1.1" 200 154 "https://jobs.socialdigiinnovator.com/" "Mozilla/5.0 (Linux; Android 6.0.1; Nexus 5X Build/MMB29P) AppleWebKit/537.36 (KHTML, like Gecko) Chrome/137.0.7151.68 Mobile Safari/537.36 (compatible; Googlebot/2.1; +http://www.google.com/bot.html)"
66.249.66.33 - - [20/Jun/2025:10:49:29 -0400] "GET /wp-content/plugins/ultimate-member/assets/libs/pickadate/picker.date.min.js?ver=3.6.2 HTTP/1.1" 200 4219 "https://jobs.socialdigiinnovator.com/" "Mozilla/5.0 (Linux; Android 6.0.1; Nexus 5X Build/MMB29P) AppleWebKit/537.36 (KHTML, like Gecko) Chrome/137.0.7151.68 Mobile Safari/537.36 (compatible; Googlebot/2.1; +http://www.google.com/bot.html)"
34.75.122.215 - - [20/Jun/2025:11:27:14 -0400] "GET /robots.txt HTTP/1.1" 200 106 "-" "Mozilla/5.0/(X11; Linux x86_64) AppleWebKit/537.36 (KHTML, like Gecko) Chrome/125.0.0.0 Safari/537.36"
34.75.122.215 - - [20/Jun/2025:11:27:18 -0400] "GET /login/ HTTP/1.1" 200 11702 "-" "Mozilla/5.0/(X11; Linux x86_64) AppleWebKit/537.36 (KHTML, like Gecko) Chrome/125.0.0.0 Safari/537.36"
34.75.122.215 - - [20/Jun/2025:11:27:34 -0400] "GET /xmlrpc.php?rsd HTTP/1.1" 403 1242 "-" "Mozilla/5.0/(X11; Linux x86_64) AppleWebKit/537.36 (KHTML, like Gecko) Chrome/125.0.0.0 Safari/537.36"
198.54.114.35 - - [20/Jun/2025:11:27:17 -0400] "POST /wp-cron.php?doing_wp_cron=1750433237.4338040351867675781250 HTTP/1.1" 200 0 "-" "WordPress/6.8.1; https://jobs.socialdigiinnovator.com"
198.54.114.35 - - [20/Jun/2025:11:28:13 -0400] "POST /wp-cron.php?doing_wp_cron=1750433293.0273249149322509765625 HTTP/1.1" 200 0 "-" "WordPress/6.8.1; https://jobs.socialdigiinnovator.com"
34.75.122.215 - - [20/Jun/2025:11:28:12 -0400] "GET /register/ HTTP/1.1" 200 11802 "-" "Mozilla/5.0/(X11; Linux x86_64) AppleWebKit/537.36 (KHTML, like Gecko) Chrome/125.0.0.0 Safari/537.36"
198.54.114.35 - - [20/Jun/2025:11:54:10 -0400] "POST /wp-cron.php?doing_wp_cron=1750434850.4116940498352050781250 HTTP/1.1" 200 0 "-" "WordPress/6.8.1; https://jobs.socialdigiinnovator.com"
52.167.144.57 - - [20/Jun/2025:11:54:07 -0400] "GET /robots.txt HTTP/1.1" 200 106 "-" "Mozilla/5.0 AppleWebKit/537.36 (KHTML, like Gecko; compatible; bingbot/2.0; +http://www.bing.com/bingbot.htm) Chrome/116.0.1938.76 Safari/537.36"
198.54.114.35 - - [20/Jun/2025:11:55:50 -0400] "POST /wp-cron.php?doing_wp_cron=1750434950.7062380313873291015625 HTTP/1.1" 200 0 "-" "WordPress/6.8.1; https://jobs.socialdigiinnovator.com"
52.167.144.185 - - [20/Jun/2025:11:55:49 -0400] "GET /sitemaps.xml HTTP/1.1" 404 10797 "-" "Mozilla/5.0 AppleWebKit/537.36 (KHTML, like Gecko; compatible; bingbot/2.0; +http://www.bing.com/bingbot.htm) Chrome/116.0.1938.76 Safari/537.36"
198.54.114.35 - - [20/Jun/2025:12:09:18 -0400] "POST /wp-cron.php?doing_wp_cron=1750435758.0296509265899658203125 HTTP/1.1" 200 0 "-" "WordPress/6.8.1; https://jobs.socialdigiinnovator.com"
85.208.96.207 - - [20/Jun/2025:12:09:15 -0400] "GET /7fawo/cc687568.html HTTP/1.1" 404 10798 "-" "Mozilla/5.0 (compatible; SemrushBot/7~bl; +http://www.semrush.com/bot.html)"
198.54.114.35 - - [20/Jun/2025:12:11:19 -0400] "POST /wp-cron.php?doing_wp_cron=1750435879.1256060600280761718750 HTTP/1.1" 200 0 "-" "WordPress/6.8.1; https://jobs.socialdigiinnovator.com"
198.54.114.35 - - [20/Jun/2025:12:11:19 -0400] "POST /wp-cron.php?doing_wp_cron=1750435879.1255259513854980468750 HTTP/1.1" 200 0 "-" "WordPress/6.8.1; https://jobs.socialdigiinnovator.com"
34.138.248.80 - - [20/Jun/2025:12:11:17 -0400] "GET /robots.txt HTTP/1.1" 200 106 "-" "Mozilla/5.0/(X11; Linux x86_64) AppleWebKit/537.36 (KHTML, like Gecko) Chrome/125.0.0.0 Safari/537.36"
34.138.248.80 - - [20/Jun/2025:12:11:17 -0400] "GET /login/ HTTP/1.1" 200 11702 "-" "Mozilla/5.0/(X11; Linux x86_64) AppleWebKit/537.36 (KHTML, like Gecko) Chrome/125.0.0.0 Safari/537.36"
34.138.248.80 - - [20/Jun/2025:12:11:19 -0400] "GET /xmlrpc.php?rsd HTTP/1.1" 403 1242 "-" "Mozilla/5.0/(X11; Linux x86_64) AppleWebKit/537.36 (KHTML, like Gecko) Chrome/125.0.0.0 Safari/537.36"
198.54.114.35 - - [20/Jun/2025:12:11:58 -0400] "POST /wp-cron.php?doing_wp_cron=1750435918.5056779384613037109375 HTTP/1.1" 200 0 "-" "WordPress/6.8.1; https://jobs.socialdigiinnovator.com"
34.138.248.80 - - [20/Jun/2025:12:11:58 -0400] "GET /register/ HTTP/1.1" 200 11802 "-" "Mozilla/5.0/(X11; Linux x86_64) AppleWebKit/537.36 (KHTML, like Gecko) Chrome/125.0.0.0 Safari/537.36"
198.54.114.35 - - [20/Jun/2025:12:33:25 -0400] "POST /wp-cron.php?doing_wp_cron=1750437205.4178650379180908203125 HTTP/1.1" 200 0 "-" "WordPress/6.8.1; https://jobs.socialdigiinnovator.com"
185.191.171.19 - - [20/Jun/2025:12:33:22 -0400] "GET /d739emissarium/ddafe44088411.html HTTP/1.1" 404 10798 "-" "Mozilla/5.0 (compatible; SemrushBot/7~bl; +http://www.semrush.com/bot.html)"
103.173.134.15 - - [20/Jun/2025:12:49:44 -0400] "GET /wp-login.php HTTP/1.1" 302 0 "-" "Mozilla/5.0 (Windows NT 10.0; Win64; x64) AppleWebKit/537.36 (KHTML, like Gecko) Chrome/101.0.4951.41 Safari/537.36"
198.54.114.35 - - [20/Jun/2025:12:49:49 -0400] "POST /wp-cron.php?doing_wp_cron=1750438189.1892380714416503906250 HTTP/1.1" 200 0 "-" "WordPress/6.8.1; https://jobs.socialdigiinnovator.com"
103.173.134.15 - - [20/Jun/2025:12:49:54 -0400] "GET /404 HTTP/1.1" 404 10798 "-" "Mozilla/5.0 (Windows NT 10.0; WOW64) AppleWebKit/537.36 (KHTML, like Gecko) Chrome/103.0.5060.114 Safari/537.36"
103.173.134.15 - - [20/Jun/2025:12:49:55 -0400] "GET /wp-login.php HTTP/1.1" 302 0 "-" "Mozilla/5.0 (Windows NT 10.0; Win64; x64) AppleWebKit/537.36 (KHTML, like Gecko) Chrome/100.0.4896.127 Safari/537.36"
103.173.134.15 - - [20/Jun/2025:12:49:56 -0400] "GET /404 HTTP/1.1" 404 10798 "-" "Mozilla/5.0 (Windows NT 10.0; Win64; x64) AppleWebKit/537.36 (KHTML, like Gecko) Chrome/100.0.4896.127 Safari/537.36"
43.166.136.153 - - [20/Jun/2025:12:51:57 -0400] "GET / HTTP/1.1" 200 12896 "http://jobs.socialdigiinnovator.com" "Mozilla/5.0 (iPhone; CPU iPhone OS 13_2_3 like Mac OS X) AppleWebKit/605.1.15 (KHTML, like Gecko) Version/13.0.3 Mobile/15E148 Safari/604.1"
54.176.131.121 - - [20/Jun/2025:12:52:09 -0400] "GET / HTTP/1.1" 200 12896 "-" "Mozilla/5.0 (X11; Linux x86_64) AppleWebKit/537.36 (KHTML, like Gecko) Chrome/137.0.0.0 Safari/537.36"
103.173.134.15 - - [20/Jun/2025:12:49:47 -0400] "GET /404 HTTP/1.1" 404 10798 "-" "Mozilla/5.0 (Windows NT 10.0; Win64; x64) AppleWebKit/537.36 (KHTML, like Gecko) Chrome/101.0.4951.41 Safari/537.36"
103.173.134.15 - - [20/Jun/2025:12:49:50 -0400] "GET /wp-login.php HTTP/1.1" 302 0 "-" "Mozilla/5.0 (Windows NT 6.1; Win64; x64) AppleWebKit/537.36 (KHTML, like Gecko) Chrome/103.0.5060.66 Safari/537.36"
103.173.134.15 - - [20/Jun/2025:12:49:51 -0400] "GET /404 HTTP/1.1" 404 10798 "-" "Mozilla/5.0 (Windows NT 6.1; Win64; x64) AppleWebKit/537.36 (KHTML, like Gecko) Chrome/103.0.5060.66 Safari/537.36"
103.173.134.15 - - [20/Jun/2025:12:49:52 -0400] "GET /wp-login.php HTTP/1.1" 302 0 "-" "Mozilla/5.0 (Windows NT 10.0; Win64; x64) AppleWebKit/537.36 (KHTML, like Gecko) Chrome/104.0.5112.101 Safari/537.36"
103.173.134.15 - - [20/Jun/2025:12:49:53 -0400] "GET /404 HTTP/1.1" 404 10798 "-" "Mozilla/5.0 (Windows NT 10.0; Win64; x64) AppleWebKit/537.36 (KHTML, like Gecko) Chrome/104.0.5112.101 Safari/537.36"
103.173.134.15 - - [20/Jun/2025:12:49:54 -0400] "GET /wp-login.php HTTP/1.1" 302 0 "-" "Mozilla/5.0 (Windows NT 10.0; WOW64) AppleWebKit/537.36 (KHTML, like Gecko) Chrome/103.0.5060.114 Safari/537.36"
198.54.114.35 - - [20/Jun/2025:12:51:59 -0400] "POST /wp-cron.php?doing_wp_cron=1750438319.0970790386199951171875 HTTP/1.1" 200 0 "-" "WordPress/6.8.1; https://jobs.socialdigiinnovator.com"
198.54.114.35 - - [20/Jun/2025:13:02:33 -0400] "POST /wp-cron.php?doing_wp_cron=1750438953.3998439311981201171875 HTTP/1.1" 200 0 "-" "WordPress/6.8.1; https://jobs.socialdigiinnovator.com"
52.167.144.156 - - [20/Jun/2025:13:02:30 -0400] "GET /sitemaps.xml HTTP/1.1" 404 10798 "-" "Mozilla/5.0 AppleWebKit/537.36 (KHTML, like Gecko; compatible; bingbot/2.0; +http://www.bing.com/bingbot.htm) Chrome/116.0.1938.76 Safari/537.36"
198.54.114.35 - - [20/Jun/2025:13:13:17 -0400] "POST /wp-cron.php?doing_wp_cron=1750439597.7646019458770751953125 HTTP/1.1" 200 0 "-" "WordPress/6.8.1; https://jobs.socialdigiinnovator.com"
2600:1900:0:2d07::101 - - [20/Jun/2025:13:13:09 -0400] "GET / HTTP/1.1" 200 12896 "-" "Mozilla/5.0 (Macintosh; Intel Mac OS X 10_15_7) AppleWebKit/537.36 (KHTML, like Gecko) Chrome/137.0.0.0 Safari/537.36"
2600:1900:0:2d07::101 - - [20/Jun/2025:13:13:20 -0400] "GET /wp-content/plugins/elementor/assets/lib/eicons/css/elementor-icons.min.css?ver=5.40.0 HTTP/1.1" 200 3983 "https://jobs.socialdigiinnovator.com/" "Mozilla/5.0 (Macintosh; Intel Mac OS X 10_15_7) AppleWebKit/537.36 (KHTML, like Gecko) Chrome/137.0.0.0 Safari/537.36"
2600:1900:0:2d07::101 - - [20/Jun/2025:13:13:20 -0400] "GET /wp-content/plugins/ultimate-member/assets/libs/um-confirm/um-confirm.min.css?ver=1.0 HTTP/1.1" 200 281 "https://jobs.socialdigiinnovator.com/" "Mozilla/5.0 (Macintosh; Intel Mac OS X 10_15_7) AppleWebKit/537.36 (KHTML, like Gecko) Chrome/137.0.0.0 Safari/537.36"
2600:1900:0:2d07::101 - - [20/Jun/2025:13:13:20 -0400] "GET /wp-content/plugins/ultimate-member/assets/css/common.min.css?ver=2.10.4 HTTP/1.1" 200 209 "https://jobs.socialdigiinnovator.com/" "Mozilla/5.0 (Macintosh; Intel Mac OS X 10_15_7) AppleWebKit/537.36 (KHTML, like Gecko) Chrome/137.0.0.0 Safari/537.36"
2600:1900:0:2d07::101 - - [20/Jun/2025:13:13:20 -0400] "GET /wp-content/plugins/ultimate-member/assets/libs/select2/select2.min.css?ver=4.0.13 HTTP/1.1" 200 1800 "https://jobs.socialdigiinnovator.com/" "Mozilla/5.0 (Macintosh; Intel Mac OS X 10_15_7) AppleWebKit/537.36 (KHTML, like Gecko) Chrome/137.0.0.0 Safari/537.36"
2600:1900:0:2d07::101 - - [20/Jun/2025:13:13:20 -0400] "GET /wp-content/plugins/ultimate-member/assets/css/um-fontawesome.min.css?ver=6.5.2 HTTP/1.1" 200 37154 "https://jobs.socialdigiinnovator.com/" "Mozilla/5.0 (Macintosh; Intel Mac OS X 10_15_7) AppleWebKit/537.36 (KHTML, like Gecko) Chrome/137.0.0.0 Safari/537.36"
2600:1900:0:2d07::101 - - [20/Jun/2025:13:13:20 -0400] "GET /wp-content/plugins/elementor/assets/css/widget-image.min.css?ver=3.29.2 HTTP/1.1" 200 254 "https://jobs.socialdigiinnovator.com/" "Mozilla/5.0 (Macintosh; Intel Mac OS X 10_15_7) AppleWebKit/537.36 (KHTML, like Gecko) Chrome/137.0.0.0 Safari/537.36"
2600:1900:0:2d07::101 - - [20/Jun/2025:13:13:20 -0400] "GET /wp-content/plugins/ultimate-member/assets/css/um-account.min.css?ver=2.10.4 HTTP/1.1" 200 921 "https://jobs.socialdigiinnovator.com/" "Mozilla/5.0 (Macintosh; Intel Mac OS X 10_15_7) AppleWebKit/537.36 (KHTML, like Gecko) Chrome/137.0.0.0 Safari/537.36"
2600:1900:0:2d07::101 - - [20/Jun/2025:13:13:20 -0400] "GET /wp-content/plugins/ultimate-member/assets/libs/pickadate/default.time.min.css?ver=3.6.2 HTTP/1.1" 200 393 "https://jobs.socialdigiinnovator.com/" "Mozilla/5.0 (Macintosh; Intel Mac OS X 10_15_7) AppleWebKit/537.36 (KHTML, like Gecko) Chrome/137.0.0.0 Safari/537.36"
2600:1900:0:2d07::101 - - [20/Jun/2025:13:13:20 -0400] "GET /wp-content/plugins/ultimate-member/assets/libs/legacy/fonticons/fonticons-ii.min.css?ver=2.10.4 HTTP/1.1" 200 4994 "https://jobs.socialdigiinnovator.com/" "Mozilla/5.0 (Macintosh; Intel Mac OS X 10_15_7) AppleWebKit/537.36 (KHTML, like Gecko) Chrome/137.0.0.0 Safari/537.36"
2600:1900:0:2d07::101 - - [20/Jun/2025:13:13:20 -0400] "GET /wp-content/plugins/ultimate-member/assets/libs/pickadate/default.min.css?ver=3.6.2 HTTP/1.1" 200 574 "https://jobs.socialdigiinnovator.com/" "Mozilla/5.0 (Macintosh; Intel Mac OS X 10_15_7) AppleWebKit/537.36 (KHTML, like Gecko) Chrome/137.0.0.0 Safari/537.36"
2600:1900:0:2d07::101 - - [20/Jun/2025:13:13:20 -0400] "GET /wp-content/plugins/ultimate-member/assets/css/um-misc.min.css?ver=2.10.4 HTTP/1.1" 200 506 "https://jobs.socialdigiinnovator.com/" "Mozilla/5.0 (Macintosh; Intel Mac OS X 10_15_7) AppleWebKit/537.36 (KHTML, like Gecko) Chrome/137.0.0.0 Safari/537.36"
2600:1900:0:2d07::101 - - [20/Jun/2025:13:13:20 -0400] "GET /wp-content/uploads/elementor/css/post-801.css?ver=1727860479 HTTP/1.1" 200 978 "https://jobs.socialdigiinnovator.com/" "Mozilla/5.0 (Macintosh; Intel Mac OS X 10_15_7) AppleWebKit/537.36 (KHTML, like Gecko) Chrome/137.0.0.0 Safari/537.36"
2600:1900:0:2d07::101 - - [20/Jun/2025:13:13:20 -0400] "GET /wp-content/plugins/ultimate-member/assets/libs/tipsy/tipsy.min.css?ver=1.0.0a HTTP/1.1" 200 309 "https://jobs.socialdigiinnovator.com/" "Mozilla/5.0 (Macintosh; Intel Mac OS X 10_15_7) AppleWebKit/537.36 (KHTML, like Gecko) Chrome/137.0.0.0 Safari/537.36"
2600:1900:0:2d07::101 - - [20/Jun/2025:13:13:20 -0400] "GET /wp-content/plugins/elementor/assets/lib/animations/styles/e-animation-pulse.min.css?ver=3.29.2 HTTP/1.1" 200 143 "https://jobs.socialdigiinnovator.com/" "Mozilla/5.0 (Macintosh; Intel Mac OS X 10_15_7) AppleWebKit/537.36 (KHTML, like Gecko) Chrome/137.0.0.0 Safari/537.36"
2600:1900:0:2d07::101 - - [20/Jun/2025:13:13:20 -0400] "GET /wp-content/plugins/elementor-pro/assets/css/frontend.min.css?ver=3.23.3 HTTP/1.1" 200 43433 "https://jobs.socialdigiinnovator.com/" "Mozilla/5.0 (Macintosh; Intel Mac OS X 10_15_7) AppleWebKit/537.36 (KHTML, like Gecko) Chrome/137.0.0.0 Safari/537.36"
2600:1900:0:2d07::101 - - [20/Jun/2025:13:13:20 -0400] "GET /wp-content/plugins/ultimate-member/assets/css/um-modal.min.css?ver=2.10.4 HTTP/1.1" 200 734 "https://jobs.socialdigiinnovator.com/" "Mozilla/5.0 (Macintosh; Intel Mac OS X 10_15_7) AppleWebKit/537.36 (KHTML, like Gecko) Chrome/137.0.0.0 Safari/537.36"
2600:1900:0:2d07::101 - - [20/Jun/2025:13:13:20 -0400] "GET /wp-content/plugins/ultimate-member/assets/css/um-fileupload.min.css?ver=2.10.4 HTTP/1.1" 200 686 "https://jobs.socialdigiinnovator.com/" "Mozilla/5.0 (Macintosh; Intel Mac OS X 10_15_7) AppleWebKit/537.36 (KHTML, like Gecko) Chrome/137.0.0.0 Safari/537.36"
2600:1900:0:2d07::101 - - [20/Jun/2025:13:13:20 -0400] "GET /wp-content/plugins/ultimate-member/assets/libs/cropper/cropper.min.css?ver=1.6.1 HTTP/1.1" 200 1140 "https://jobs.socialdigiinnovator.com/" "Mozilla/5.0 (Macintosh; Intel Mac OS X 10_15_7) AppleWebKit/537.36 (KHTML, like Gecko) Chrome/137.0.0.0 Safari/537.36"
2600:1900:0:2d07::101 - - [20/Jun/2025:13:13:20 -0400] "GET /wp-content/plugins/ultimate-member/assets/css/um-styles.min.css?ver=2.10.4 HTTP/1.1" 200 3647 "https://jobs.socialdigiinnovator.com/" "Mozilla/5.0 (Macintosh; Intel Mac OS X 10_15_7) AppleWebKit/537.36 (KHTML, like Gecko) Chrome/137.0.0.0 Safari/537.36"
2600:1900:0:2d07::101 - - [20/Jun/2025:13:13:20 -0400] "GET /wp-content/plugins/elementor/assets/css/widget-heading.min.css?ver=3.29.2 HTTP/1.1" 200 154 "https://jobs.socialdigiinnovator.com/" "Mozilla/5.0 (Macintosh; Intel Mac OS X 10_15_7) AppleWebKit/537.36 (KHTML, like Gecko) Chrome/137.0.0.0 Safari/537.36"
2600:1900:0:2d07::101 - - [20/Jun/2025:13:13:20 -0400] "GET /wp-content/plugins/ultimate-member/assets/libs/legacy/fonticons/fonticons-fa.min.css?ver=2.10.4 HTTP/1.1" 200 4321 "https://jobs.socialdigiinnovator.com/" "Mozilla/5.0 (Macintosh; Intel Mac OS X 10_15_7) AppleWebKit/537.36 (KHTML, like Gecko) Chrome/137.0.0.0 Safari/537.36"
2600:1900:0:2d07::101 - - [20/Jun/2025:13:13:20 -0400] "GET /wp-content/plugins/elementor/assets/css/widget-text-editor.min.css?ver=3.29.2 HTTP/1.1" 200 208 "https://jobs.socialdigiinnovator.com/" "Mozilla/5.0 (Macintosh; Intel Mac OS X 10_15_7) AppleWebKit/537.36 (KHTML, like Gecko) Chrome/137.0.0.0 Safari/537.36"
2600:1900:0:2d07::101 - - [20/Jun/2025:13:13:20 -0400] "GET /wp-content/uploads/elementor/css/post-141.css?ver=1727860477 HTTP/1.1" 200 336 "https://jobs.socialdigiinnovator.com/" "Mozilla/5.0 (Macintosh; Intel Mac OS X 10_15_7) AppleWebKit/537.36 (KHTML, like Gecko) Chrome/137.0.0.0 Safari/537.36"
2600:1900:0:2d07::101 - - [20/Jun/2025:13:13:20 -0400] "GET /wp-content/plugins/elementor/assets/css/frontend.min.css?ver=3.29.2 HTTP/1.1" 200 6472 "https://jobs.socialdigiinnovator.com/" "Mozilla/5.0 (Macintosh; Intel Mac OS X 10_15_7) AppleWebKit/537.36 (KHTML, like Gecko) Chrome/137.0.0.0 Safari/537.36"
2600:1900:0:2d07::101 - - [20/Jun/2025:13:13:20 -0400] "GET /wp-content/plugins/ultimate-member/assets/libs/jquery-ui/jquery-ui.min.css?ver=1.13.2 HTTP/1.1" 200 7087 "https://jobs.socialdigiinnovator.com/" "Mozilla/5.0 (Macintosh; Intel Mac OS X 10_15_7) AppleWebKit/537.36 (KHTML, like Gecko) Chrome/137.0.0.0 Safari/537.36"
2600:1900:0:2d07::101 - - [20/Jun/2025:13:13:20 -0400] "GET /wp-content/plugins/ultimate-member/assets/css/um-profile.min.css?ver=2.10.4 HTTP/1.1" 200 1726 "https://jobs.socialdigiinnovator.com/" "Mozilla/5.0 (Macintosh; Intel Mac OS X 10_15_7) AppleWebKit/537.36 (KHTML, like Gecko) Chrome/137.0.0.0 Safari/537.36"
2600:1900:0:2d07::101 - - [20/Jun/2025:13:13:20 -0400] "GET /wp-content/themes/jobify-extended/style.css?ver=6.8.1 HTTP/1.1" 200 365 "https://jobs.socialdigiinnovator.com/" "Mozilla/5.0 (Macintosh; Intel Mac OS X 10_15_7) AppleWebKit/537.36 (KHTML, like Gecko) Chrome/137.0.0.0 Safari/537.36"
2600:1900:0:2d07::101 - - [20/Jun/2025:13:13:20 -0400] "GET /wp-content/plugins/ultimate-member/assets/css/um-responsive.min.css?ver=2.10.4 HTTP/1.1" 200 1404 "https://jobs.socialdigiinnovator.com/" "Mozilla/5.0 (Macintosh; Intel Mac OS X 10_15_7) AppleWebKit/537.36 (KHTML, like Gecko) Chrome/137.0.0.0 Safari/537.36"
2600:1900:0:2d07::101 - - [20/Jun/2025:13:13:20 -0400] "GET /wp-content/plugins/ultimate-member/assets/libs/raty/um-raty.min.css?ver=2.6.0 HTTP/1.1" 200 330 "https://jobs.socialdigiinnovator.com/" "Mozilla/5.0 (Macintosh; Intel Mac OS X 10_15_7) AppleWebKit/537.36 (KHTML, like Gecko) Chrome/137.0.0.0 Safari/537.36"
2600:1900:0:2d07::101 - - [20/Jun/2025:13:13:20 -0400] "GET /wp-content/themes/jobify/style.css?ver=4.0.9 HTTP/1.1" 200 118251 "https://jobs.socialdigiinnovator.com/" "Mozilla/5.0 (Macintosh; Intel Mac OS X 10_15_7) AppleWebKit/537.36 (KHTML, like Gecko) Chrome/137.0.0.0 Safari/537.36"
2600:1900:0:2d07::101 - - [20/Jun/2025:13:13:21 -0400] "GET /wp-content/uploads/elementor/google-fonts/css/roboto.css?ver=1742261594 HTTP/1.1" 200 1872 "https://jobs.socialdigiinnovator.com/" "Mozilla/5.0 (Macintosh; Intel Mac OS X 10_15_7) AppleWebKit/537.36 (KHTML, like Gecko) Chrome/137.0.0.0 Safari/537.36"
2600:1900:0:2d07::101 - - [20/Jun/2025:13:13:21 -0400] "GET /wp-content/uploads/elementor/google-fonts/css/robotoslab.css?ver=1742261612 HTTP/1.1" 200 705 "https://jobs.socialdigiinnovator.com/" "Mozilla/5.0 (Macintosh; Intel Mac OS X 10_15_7) AppleWebKit/537.36 (KHTML, like Gecko) Chrome/137.0.0.0 Safari/537.36"
2600:1900:0:2d07::101 - - [20/Jun/2025:13:13:21 -0400] "GET /wp-includes/js/jquery/jquery.min.js?ver=3.7.1 HTTP/1.1" 200 29744 "https://jobs.socialdigiinnovator.com/" "Mozilla/5.0 (Macintosh; Intel Mac OS X 10_15_7) AppleWebKit/537.36 (KHTML, like Gecko) Chrome/137.0.0.0 Safari/537.36"
2600:1900:0:2d07::101 - - [20/Jun/2025:13:13:21 -0400] "GET /wp-content/plugins/elementor/assets/lib/font-awesome/css/regular.min.css?ver=5.15.3 HTTP/1.1" 200 283 "https://jobs.socialdigiinnovator.com/" "Mozilla/5.0 (Macintosh; Intel Mac OS X 10_15_7) AppleWebKit/537.36 (KHTML, like Gecko) Chrome/137.0.0.0 Safari/537.36"
2600:1900:0:2d07::101 - - [20/Jun/2025:13:13:21 -0400] "GET /wp-content/themes/jobify/js/select2.full.min.js?ver=4.0.9 HTTP/1.1" 200 19621 "https://jobs.socialdigiinnovator.com/" "Mozilla/5.0 (Macintosh; Intel Mac OS X 10_15_7) AppleWebKit/537.36 (KHTML, like Gecko) Chrome/137.0.0.0 Safari/537.36"
2600:1900:0:2d07::101 - - [20/Jun/2025:13:13:21 -0400] "GET /wp-content/themes/jobify/js/vendor/validatejs/jquery.validate.min.js?ver=4.0.9 HTTP/1.1" 200 7600 "https://jobs.socialdigiinnovator.com/" "Mozilla/5.0 (Macintosh; Intel Mac OS X 10_15_7) AppleWebKit/537.36 (KHTML, like Gecko) Chrome/137.0.0.0 Safari/537.36"
2600:1900:0:2d07::101 - - [20/Jun/2025:13:13:20 -0400] "GET /wp-content/plugins/ultimate-member/assets/libs/pickadate/default.date.min.css?ver=3.6.2 HTTP/1.1" 200 765 "https://jobs.socialdigiinnovator.com/" "Mozilla/5.0 (Macintosh; Intel Mac OS X 10_15_7) AppleWebKit/537.36 (KHTML, like Gecko) Chrome/137.0.0.0 Safari/537.36"
2600:1900:0:2d07::101 - - [20/Jun/2025:13:13:20 -0400] "GET /wp-content/plugins/ultimate-member/assets/css/um-old-default.min.css?ver=2.10.4 HTTP/1.1" 200 984 "https://jobs.socialdigiinnovator.com/" "Mozilla/5.0 (Macintosh; Intel Mac OS X 10_15_7) AppleWebKit/537.36 (KHTML, like Gecko) Chrome/137.0.0.0 Safari/537.36"
2600:1900:0:2d07::101 - - [20/Jun/2025:13:13:21 -0400] "GET /wp-content/plugins/ultimate-member/assets/js/um-gdpr.min.js?ver=2.10.4 HTTP/1.1" 200 200 "https://jobs.socialdigiinnovator.com/" "Mozilla/5.0 (Macintosh; Intel Mac OS X 10_15_7) AppleWebKit/537.36 (KHTML, like Gecko) Chrome/137.0.0.0 Safari/537.36"
2600:1900:0:2d07::101 - - [20/Jun/2025:13:13:21 -0400] "GET /wp-includes/js/jquery/jquery-migrate.min.js?ver=3.4.1 HTTP/1.1" 200 4678 "https://jobs.socialdigiinnovator.com/" "Mozilla/5.0 (Macintosh; Intel Mac OS X 10_15_7) AppleWebKit/537.36 (KHTML, like Gecko) Chrome/137.0.0.0 Safari/537.36"
2600:1900:0:2d07::101 - - [20/Jun/2025:13:13:21 -0400] "GET /wp-content/uploads/elementor/google-fonts/css/poppins.css?ver=1742261621 HTTP/1.1" 200 607 "https://jobs.socialdigiinnovator.com/" "Mozilla/5.0 (Macintosh; Intel Mac OS X 10_15_7) AppleWebKit/537.36 (KHTML, like Gecko) Chrome/137.0.0.0 Safari/537.36"
2600:1900:0:2d07::101 - - [20/Jun/2025:13:13:21 -0400] "GET /wp-content/plugins/elementor/assets/lib/font-awesome/css/fontawesome.min.css?ver=5.15.3 HTTP/1.1" 200 12164 "https://jobs.socialdigiinnovator.com/" "Mozilla/5.0 (Macintosh; Intel Mac OS X 10_15_7) AppleWebKit/537.36 (KHTML, like Gecko) Chrome/137.0.0.0 Safari/537.36"
2600:1900:0:2d07::101 - - [20/Jun/2025:13:13:21 -0400] "GET /wp-content/plugins/material-design-icons-for-elementor/assets/material-icons/css/material-icons-regular.css?ver=1.5.1 HTTP/1.1" 200 314 "https://jobs.socialdigiinnovator.com/" "Mozilla/5.0 (Macintosh; Intel Mac OS X 10_15_7) AppleWebKit/537.36 (KHTML, like Gecko) Chrome/137.0.0.0 Safari/537.36"
2600:1900:0:2d07::101 - - [20/Jun/2025:13:13:21 -0400] "GET /wp-content/uploads/2023/05/haseeb.jpg HTTP/1.1" 200 49318 "https://jobs.socialdigiinnovator.com/" "Mozilla/5.0 (Macintosh; Intel Mac OS X 10_15_7) AppleWebKit/537.36 (KHTML, like Gecko) Chrome/137.0.0.0 Safari/537.36"
2600:1900:0:2d07::101 - - [20/Jun/2025:13:13:21 -0400] "GET /wp-content/themes/jobify/js/vendor/salvattore/salvattore.min.js?ver=6.8.1 HTTP/1.1" 200 2542 "https://jobs.socialdigiinnovator.com/" "Mozilla/5.0 (Macintosh; Intel Mac OS X 10_15_7) AppleWebKit/537.36 (KHTML, like Gecko) Chrome/137.0.0.0 Safari/537.36"
2600:1900:0:2d07::101 - - [20/Jun/2025:13:13:21 -0400] "GET /wp-content/themes/jobify/js/jobify.min.js?ver=4.0.9 HTTP/1.1" 200 26335 "https://jobs.socialdigiinnovator.com/" "Mozilla/5.0 (Macintosh; Intel Mac OS X 10_15_7) AppleWebKit/537.36 (KHTML, like Gecko) Chrome/137.0.0.0 Safari/537.36"
2600:1900:0:2d07::101 - - [20/Jun/2025:13:13:21 -0400] "GET /wp-content/plugins/ultimate-member/assets/libs/tipsy/tipsy.min.js?ver=1.0.0a HTTP/1.1" 200 1448 "https://jobs.socialdigiinnovator.com/" "Mozilla/5.0 (Macintosh; Intel Mac OS X 10_15_7) AppleWebKit/537.36 (KHTML, like Gecko) Chrome/137.0.0.0 Safari/537.36"
2600:1900:0:2d07::101 - - [20/Jun/2025:13:13:21 -0400] "GET /wp-includes/js/underscore.min.js?ver=1.13.7 HTTP/1.1" 200 7185 "https://jobs.socialdigiinnovator.com/" "Mozilla/5.0 (Macintosh; Intel Mac OS X 10_15_7) AppleWebKit/537.36 (KHTML, like Gecko) Chrome/137.0.0.0 Safari/537.36"
2600:1900:0:2d07::101 - - [20/Jun/2025:13:13:21 -0400] "GET /wp-includes/js/dist/i18n.min.js?ver=5e580eb46a90c2b997e6 HTTP/1.1" 200 3542 "https://jobs.socialdigiinnovator.com/" "Mozilla/5.0 (Macintosh; Intel Mac OS X 10_15_7) AppleWebKit/537.36 (KHTML, like Gecko) Chrome/137.0.0.0 Safari/537.36"
2600:1900:0:2d07::101 - - [20/Jun/2025:13:13:21 -0400] "GET /wp-includes/js/wp-util.min.js?ver=6.8.1 HTTP/1.1" 200 690 "https://jobs.socialdigiinnovator.com/" "Mozilla/5.0 (Macintosh; Intel Mac OS X 10_15_7) AppleWebKit/537.36 (KHTML, like Gecko) Chrome/137.0.0.0 Safari/537.36"
2600:1900:0:2d07::101 - - [20/Jun/2025:13:13:22 -0400] "GET /wp-content/plugins/ultimate-member/assets/js/um-modal.min.js?ver=2.10.4 HTTP/1.1" 200 1208 "https://jobs.socialdigiinnovator.com/" "Mozilla/5.0 (Macintosh; Intel Mac OS X 10_15_7) AppleWebKit/537.36 (KHTML, like Gecko) Chrome/137.0.0.0 Safari/537.36"
2600:1900:0:2d07::101 - - [20/Jun/2025:13:13:22 -0400] "GET /wp-content/plugins/ultimate-member/assets/js/um-functions.min.js?ver=2.10.4 HTTP/1.1" 200 2948 "https://jobs.socialdigiinnovator.com/" "Mozilla/5.0 (Macintosh; Intel Mac OS X 10_15_7) AppleWebKit/537.36 (KHTML, like Gecko) Chrome/137.0.0.0 Safari/537.36"
2600:1900:0:2d07::101 - - [20/Jun/2025:13:13:22 -0400] "GET /wp-content/plugins/ultimate-member/assets/libs/pickadate/picker.min.js?ver=3.6.2 HTTP/1.1" 200 3073 "https://jobs.socialdigiinnovator.com/" "Mozilla/5.0 (Macintosh; Intel Mac OS X 10_15_7) AppleWebKit/537.36 (KHTML, like Gecko) Chrome/137.0.0.0 Safari/537.36"
2600:1900:0:2d07::101 - - [20/Jun/2025:13:13:22 -0400] "GET /wp-content/plugins/ultimate-member/assets/js/common-frontend.min.js?ver=2.10.4 HTTP/1.1" 200 588 "https://jobs.socialdigiinnovator.com/" "Mozilla/5.0 (Macintosh; Intel Mac OS X 10_15_7) AppleWebKit/537.36 (KHTML, like Gecko) Chrome/137.0.0.0 Safari/537.36"
2600:1900:0:2d07::101 - - [20/Jun/2025:13:13:22 -0400] "GET /wp-content/plugins/ultimate-member/assets/libs/pickadate/picker.date.min.js?ver=3.6.2 HTTP/1.1" 200 4219 "https://jobs.socialdigiinnovator.com/" "Mozilla/5.0 (Macintosh; Intel Mac OS X 10_15_7) AppleWebKit/537.36 (KHTML, like Gecko) Chrome/137.0.0.0 Safari/537.36"
2600:1900:0:2d07::101 - - [20/Jun/2025:13:13:22 -0400] "GET /wp-content/plugins/ultimate-member/assets/libs/fileupload/fileupload.js?ver=2.10.4 HTTP/1.1" 200 3191 "https://jobs.socialdigiinnovator.com/" "Mozilla/5.0 (Macintosh; Intel Mac OS X 10_15_7) AppleWebKit/537.36 (KHTML, like Gecko) Chrome/137.0.0.0 Safari/537.36"
2600:1900:0:2d07::101 - - [20/Jun/2025:13:13:22 -0400] "GET /wp-content/plugins/ultimate-member/assets/libs/um-confirm/um-confirm.min.js?ver=1.0 HTTP/1.1" 200 730 "https://jobs.socialdigiinnovator.com/" "Mozilla/5.0 (Macintosh; Intel Mac OS X 10_15_7) AppleWebKit/537.36 (KHTML, like Gecko) Chrome/137.0.0.0 Safari/537.36"
2600:1900:0:2d07::101 - - [20/Jun/2025:13:13:22 -0400] "GET /wp-content/plugins/elementor-pro/assets/js/frontend.min.js?ver=3.23.3 HTTP/1.1" 200 6464 "https://jobs.socialdigiinnovator.com/" "Mozilla/5.0 (Macintosh; Intel Mac OS X 10_15_7) AppleWebKit/537.36 (KHTML, like Gecko) Chrome/137.0.0.0 Safari/537.36"
2600:1900:0:2d07::101 - - [20/Jun/2025:13:13:22 -0400] "GET /wp-content/plugins/ultimate-member/assets/libs/cropper/cropper.min.js?ver=1.6.1 HTTP/1.1" 200 11772 "https://jobs.socialdigiinnovator.com/" "Mozilla/5.0 (Macintosh; Intel Mac OS X 10_15_7) AppleWebKit/537.36 (KHTML, like Gecko) Chrome/137.0.0.0 Safari/537.36"
2600:1900:0:2d07::101 - - [20/Jun/2025:13:13:22 -0400] "GET /wp-content/plugins/ultimate-member/assets/js/um-responsive.min.js?ver=2.10.4 HTTP/1.1" 200 183 "https://jobs.socialdigiinnovator.com/" "Mozilla/5.0 (Macintosh; Intel Mac OS X 10_15_7) AppleWebKit/537.36 (KHTML, like Gecko) Chrome/137.0.0.0 Safari/537.36"
2600:1900:0:2d07::101 - - [20/Jun/2025:13:13:22 -0400] "GET /wp-content/plugins/ultimate-member/assets/js/um-profile.min.js?ver=2.10.4 HTTP/1.1" 200 1039 "https://jobs.socialdigiinnovator.com/" "Mozilla/5.0 (Macintosh; Intel Mac OS X 10_15_7) AppleWebKit/537.36 (KHTML, like Gecko) Chrome/137.0.0.0 Safari/537.36"
2600:1900:0:2d07::101 - - [20/Jun/2025:13:13:22 -0400] "GET /wp-content/plugins/ultimate-member/assets/js/um-scripts.min.js?ver=2.10.4 HTTP/1.1" 200 2878 "https://jobs.socialdigiinnovator.com/" "Mozilla/5.0 (Macintosh; Intel Mac OS X 10_15_7) AppleWebKit/537.36 (KHTML, like Gecko) Chrome/137.0.0.0 Safari/537.36"
2600:1900:0:2d07::101 - - [20/Jun/2025:13:13:21 -0400] "GET /wp-includes/js/dist/hooks.min.js?ver=4d63a3d491d11ffd8ac6 HTTP/1.1" 200 1571 "https://jobs.socialdigiinnovator.com/" "Mozilla/5.0 (Macintosh; Intel Mac OS X 10_15_7) AppleWebKit/537.36 (KHTML, like Gecko) Chrome/137.0.0.0 Safari/537.36"
2600:1900:0:2d07::101 - - [20/Jun/2025:13:13:22 -0400] "GET /wp-content/plugins/elementor/assets/js/frontend-modules.min.js?ver=3.29.2 HTTP/1.1" 200 14423 "https://jobs.socialdigiinnovator.com/" "Mozilla/5.0 (Macintosh; Intel Mac OS X 10_15_7) AppleWebKit/537.36 (KHTML, like Gecko) Chrome/137.0.0.0 Safari/537.36"
2600:1900:0:2d07::101 - - [20/Jun/2025:13:13:22 -0400] "GET /wp-content/plugins/ultimate-member/assets/js/common.min.js?ver=2.10.4 HTTP/1.1" 200 825 "https://jobs.socialdigiinnovator.com/" "Mozilla/5.0 (Macintosh; Intel Mac OS X 10_15_7) AppleWebKit/537.36 (KHTML, like Gecko) Chrome/137.0.0.0 Safari/537.36"
2600:1900:0:2d07::101 - - [20/Jun/2025:13:13:22 -0400] "GET /wp-content/plugins/ultimate-member/assets/libs/pickadate/picker.time.min.js?ver=3.6.2 HTTP/1.1" 200 3097 "https://jobs.socialdigiinnovator.com/" "Mozilla/5.0 (Macintosh; Intel Mac OS X 10_15_7) AppleWebKit/537.36 (KHTML, like Gecko) Chrome/137.0.0.0 Safari/537.36"
2600:1900:0:2d07::101 - - [20/Jun/2025:13:13:22 -0400] "GET /wp-content/plugins/elementor/assets/js/webpack.runtime.min.js?ver=3.29.2 HTTP/1.1" 200 2319 "https://jobs.socialdigiinnovator.com/" "Mozilla/5.0 (Macintosh; Intel Mac OS X 10_15_7) AppleWebKit/537.36 (KHTML, like Gecko) Chrome/137.0.0.0 Safari/537.36"
2600:1900:0:2d07::101 - - [20/Jun/2025:13:13:22 -0400] "GET /wp-content/plugins/ultimate-member/assets/libs/jquery-form/jquery-form.min.js?ver=2.10.4 HTTP/1.1" 200 5219 "https://jobs.socialdigiinnovator.com/" "Mozilla/5.0 (Macintosh; Intel Mac OS X 10_15_7) AppleWebKit/537.36 (KHTML, like Gecko) Chrome/137.0.0.0 Safari/537.36"
2600:1900:0:2d07::101 - - [20/Jun/2025:13:13:22 -0400] "GET /wp-includes/js/jquery/ui/core.min.js?ver=1.13.3 HTTP/1.1" 200 6812 "https://jobs.socialdigiinnovator.com/" "Mozilla/5.0 (Macintosh; Intel Mac OS X 10_15_7) AppleWebKit/537.36 (KHTML, like Gecko) Chrome/137.0.0.0 Safari/537.36"
2600:1900:0:2d07::101 - - [20/Jun/2025:13:13:22 -0400] "GET /wp-content/plugins/ultimate-member/assets/libs/raty/um-raty.min.js?ver=2.6.0 HTTP/1.1" 200 2907 "https://jobs.socialdigiinnovator.com/" "Mozilla/5.0 (Macintosh; Intel Mac OS X 10_15_7) AppleWebKit/537.36 (KHTML, like Gecko) Chrome/137.0.0.0 Safari/537.36"
2600:1900:0:2d07::101 - - [20/Jun/2025:13:13:22 -0400] "GET /wp-content/plugins/elementor/assets/js/frontend.min.js?ver=3.29.2 HTTP/1.1" 200 10288 "https://jobs.socialdigiinnovator.com/" "Mozilla/5.0 (Macintosh; Intel Mac OS X 10_15_7) AppleWebKit/537.36 (KHTML, like Gecko) Chrome/137.0.0.0 Safari/537.36"
2600:1900:0:2d07::101 - - [20/Jun/2025:13:13:22 -0400] "GET /wp-content/plugins/elementor-pro/assets/js/elements-handlers.min.js?ver=3.23.3 HTTP/1.1" 200 9628 "https://jobs.socialdigiinnovator.com/" "Mozilla/5.0 (Macintosh; Intel Mac OS X 10_15_7) AppleWebKit/537.36 (KHTML, like Gecko) Chrome/137.0.0.0 Safari/537.36"
2600:1900:0:2d07::101 - - [20/Jun/2025:13:13:22 -0400] "GET /wp-content/plugins/elementor/assets/lib/font-awesome/webfonts/fa-regular-400.woff2 HTTP/1.1" 200 13276 "https://jobs.socialdigiinnovator.com/wp-content/plugins/elementor/assets/lib/font-awesome/css/regular.min.css?ver=5.15.3" "Mozilla/5.0 (Macintosh; Intel Mac OS X 10_15_7) AppleWebKit/537.36 (KHTML, like Gecko) Chrome/137.0.0.0 Safari/537.36"
2600:1900:0:2d07::101 - - [20/Jun/2025:13:13:23 -0400] "GET /wp-includes/js/wp-emoji-release.min.js?ver=6.8.1 HTTP/1.1" 200 4771 "https://jobs.socialdigiinnovator.com/" "Mozilla/5.0 (Macintosh; Intel Mac OS X 10_15_7) AppleWebKit/537.36 (KHTML, like Gecko) Chrome/137.0.0.0 Safari/537.36"
2600:1900:0:2d07::101 - - [20/Jun/2025:13:13:22 -0400] "GET /wp-content/plugins/ultimate-member/assets/js/um-account.min.js?ver=2.10.4 HTTP/1.1" 200 679 "https://jobs.socialdigiinnovator.com/" "Mozilla/5.0 (Macintosh; Intel Mac OS X 10_15_7) AppleWebKit/537.36 (KHTML, like Gecko) Chrome/137.0.0.0 Safari/537.36"
2600:1900:0:2d07::101 - - [20/Jun/2025:13:13:22 -0400] "GET /wp-content/plugins/ultimate-member/assets/libs/select2/i18n/en.js?ver=4.0.13 HTTP/1.1" 200 395 "https://jobs.socialdigiinnovator.com/" "Mozilla/5.0 (Macintosh; Intel Mac OS X 10_15_7) AppleWebKit/537.36 (KHTML, like Gecko) Chrome/137.0.0.0 Safari/537.36"
2600:1900:0:2d07::101 - - [20/Jun/2025:13:13:22 -0400] "GET /wp-content/plugins/ultimate-member/assets/libs/select2/select2.full.min.js?ver=4.0.13 HTTP/1.1" 200 20518 "https://jobs.socialdigiinnovator.com/" "Mozilla/5.0 (Macintosh; Intel Mac OS X 10_15_7) AppleWebKit/537.36 (KHTML, like Gecko) Chrome/137.0.0.0 Safari/537.36"
2600:1900:0:2d07::101 - - [20/Jun/2025:13:13:22 -0400] "GET /wp-content/plugins/ultimate-member/assets/js/um-conditional.min.js?ver=2.10.4 HTTP/1.1" 200 2173 "https://jobs.socialdigiinnovator.com/" "Mozilla/5.0 (Macintosh; Intel Mac OS X 10_15_7) AppleWebKit/537.36 (KHTML, like Gecko) Chrome/137.0.0.0 Safari/537.36"
2600:1900:0:2d07::101 - - [20/Jun/2025:13:13:22 -0400] "GET /wp-content/plugins/elementor-pro/assets/js/webpack-pro.runtime.min.js?ver=3.23.3 HTTP/1.1" 200 2548 "https://jobs.socialdigiinnovator.com/" "Mozilla/5.0 (Macintosh; Intel Mac OS X 10_15_7) AppleWebKit/537.36 (KHTML, like Gecko) Chrome/137.0.0.0 Safari/537.36"
2600:1900:0:2d07::101 - - [20/Jun/2025:13:13:22 -0400] "GET /wp-content/plugins/material-design-icons-for-elementor/assets/material-icons/fonts/material-regular.woff2 HTTP/1.1" 200 128352 "https://jobs.socialdigiinnovator.com/wp-content/plugins/material-design-icons-for-elementor/assets/material-icons/css/material-icons-regular.css?ver=1.5.1" "Mozilla/5.0 (Macintosh; Intel Mac OS X 10_15_7) AppleWebKit/537.36 (KHTML, like Gecko) Chrome/137.0.0.0 Safari/537.36"
2600:1900:0:2d07::101 - - [20/Jun/2025:13:13:23 -0400] "GET /wp-content/plugins/elementor/assets/js/shared-frontend-handlers.30dc2f9c080845a413a6.bundle.min.js HTTP/1.1" 200 2546 "https://jobs.socialdigiinnovator.com/" "Mozilla/5.0 (Macintosh; Intel Mac OS X 10_15_7) AppleWebKit/537.36 (KHTML, like Gecko) Chrome/137.0.0.0 Safari/537.36"
2600:1900:0:2d07::101 - - [20/Jun/2025:13:13:23 -0400] "GET /wp-content/plugins/elementor/assets/js/section-frontend-handlers.d85ab872da118940910d.bundle.min.js HTTP/1.1" 200 254 "https://jobs.socialdigiinnovator.com/" "Mozilla/5.0 (Macintosh; Intel Mac OS X 10_15_7) AppleWebKit/537.36 (KHTML, like Gecko) Chrome/137.0.0.0 Safari/537.36"
34.23.241.143 - - [20/Jun/2025:13:17:40 -0400] "GET /xmlrpc.php?rsd HTTP/1.1" 403 1242 "-" "Mozilla/5.0/(X11; Linux x86_64) AppleWebKit/537.36 (KHTML, like Gecko) Chrome/125.0.0.0 Safari/537.36"
34.23.241.143 - - [20/Jun/2025:13:18:57 -0400] "GET /register/ HTTP/1.1" 200 11802 "-" "Mozilla/5.0/(X11; Linux x86_64) AppleWebKit/537.36 (KHTML, like Gecko) Chrome/125.0.0.0 Safari/537.36"
2600:1900:0:2d07::101 - - [20/Jun/2025:13:13:23 -0400] "GET /wp-content/plugins/elementor/assets/js/text-editor.c084ef86600b6f11690d.bundle.min.js HTTP/1.1" 200 621 "https://jobs.socialdigiinnovator.com/" "Mozilla/5.0 (Macintosh; Intel Mac OS X 10_15_7) AppleWebKit/537.36 (KHTML, like Gecko) Chrome/137.0.0.0 Safari/537.36"
2600:1900:0:2d07::101 - - [20/Jun/2025:13:13:23 -0400] "GET /wp-content/uploads/2022/03/cropped-Logo_Job-removebg-preview-Custom-2-32x32.png HTTP/1.1" 200 1864 "https://jobs.socialdigiinnovator.com/" "Mozilla/5.0 (Macintosh; Intel Mac OS X 10_15_7) AppleWebKit/537.36 (KHTML, like Gecko) Chrome/137.0.0.0 Safari/537.36"
198.54.114.35 - - [20/Jun/2025:13:17:41 -0400] "POST /wp-cron.php?doing_wp_cron=1750439861.6455130577087402343750 HTTP/1.1" 200 0 "-" "WordPress/6.8.1; https://jobs.socialdigiinnovator.com"
34.23.241.143 - - [20/Jun/2025:13:17:40 -0400] "GET /login/ HTTP/1.1" 200 11702 "-" "Mozilla/5.0/(X11; Linux x86_64) AppleWebKit/537.36 (KHTML, like Gecko) Chrome/125.0.0.0 Safari/537.36"
198.54.114.35 - - [20/Jun/2025:13:18:57 -0400] "POST /wp-cron.php?doing_wp_cron=1750439937.7965040206909179687500 HTTP/1.1" 200 0 "-" "WordPress/6.8.1; https://jobs.socialdigiinnovator.com"
34.213.115.126 - - [20/Jun/2025:13:37:01 -0400] "GET / HTTP/1.1" 200 12896 "http://jobs.socialdigiinnovator.com" "Mozilla/5.0 (Linux; Android 8.0.0; SM-G965U Build/R16NW) AppleWebKit/537.36 (KHTML, like Gecko) Chrome/63.0.3239.111 Mobile Safari/537.36"
198.54.114.35 - - [20/Jun/2025:14:55:10 -0400] "POST /wp-cron.php?doing_wp_cron=1750445710.5904300212860107421875 HTTP/1.1" 200 0 "-" "WordPress/6.8.1; https://jobs.socialdigiinnovator.com"
2a03:2880:f800:1:: - - [20/Jun/2025:14:55:07 -0400] "GET /wp-sitemap.xml HTTP/1.1" 200 183 "-" "meta-externalagent/1.1 (+https://developers.facebook.com/docs/sharing/webmasters/crawler)"
2a03:2880:11ff:1:: - - [20/Jun/2025:15:04:33 -0400] "GET /robots.txt HTTP/1.1" 200 106 "-" "facebookexternalhit/1.1 (+http://www.facebook.com/externalhit_uatext.php)"
93.123.109.122 - - [20/Jun/2025:15:07:16 -0400] "GET / HTTP/1.1" 200 12896 "http://jobs.socialdigiinnovator.com:80/" "Mozilla/5.0 (Windows NT 6.1; WOW64) AppleWebKit/537.36 (KHTML, like Gecko) Chrome/47.0.2526.111 Safari/537.36"
198.54.114.35 - - [20/Jun/2025:15:04:35 -0400] "POST /wp-cron.php?doing_wp_cron=1750446275.8407070636749267578125 HTTP/1.1" 200 0 "-" "WordPress/6.8.1; https://jobs.socialdigiinnovator.com"
198.54.114.35 - - [20/Jun/2025:15:07:17 -0400] "POST /wp-cron.php?doing_wp_cron=1750446437.5157489776611328125000 HTTP/1.1" 200 0 "-" "WordPress/6.8.1; https://jobs.socialdigiinnovator.com"
198.54.114.35 - - [20/Jun/2025:15:07:26 -0400] "POST /wp-cron.php?doing_wp_cron=1750446446.8071451187133789062500 HTTP/1.1" 200 0 "-" "WordPress/6.8.1; https://jobs.socialdigiinnovator.com"
93.123.109.122 - - [20/Jun/2025:15:07:26 -0400] "GET / HTTP/1.1" 200 12896 "-" "Mozilla/5.0 (X11; Linux x86_64) AppleWebKit/537.36 (KHTML, like Gecko) Chrome/74.0.3729.169 Safari/537.36"
35.227.14.155 - - [20/Jun/2025:15:29:25 -0400] "GET /robots.txt HTTP/1.1" 200 106 "-" "Mozilla/5.0/(X11; Linux x86_64) AppleWebKit/537.36 (KHTML, like Gecko) Chrome/125.0.0.0 Safari/537.36"
35.227.14.155 - - [20/Jun/2025:15:29:47 -0400] "GET /password-reset/ HTTP/1.1" 200 11427 "-" "Mozilla/5.0/(X11; Linux x86_64) AppleWebKit/537.36 (KHTML, like Gecko) Chrome/125.0.0.0 Safari/537.36"
198.54.114.35 - - [20/Jun/2025:15:31:56 -0400] "POST /wp-cron.php?doing_wp_cron=1750447915.9622130393981933593750 HTTP/1.1" 200 0 "-" "WordPress/6.8.1; https://jobs.socialdigiinnovator.com"
35.227.14.155 - - [20/Jun/2025:15:31:54 -0400] "GET /?p=344 HTTP/1.1" 301 0 "-" "Mozilla/5.0/(X11; Linux x86_64) AppleWebKit/537.36 (KHTML, like Gecko) Chrome/125.0.0.0 Safari/537.36"
198.54.114.35 - - [20/Jun/2025:15:33:43 -0400] "POST /wp-cron.php?doing_wp_cron=1750448023.4289999008178710937500 HTTP/1.1" 200 0 "-" "WordPress/6.8.1; https://jobs.socialdigiinnovator.com"
198.54.114.35 - - [20/Jun/2025:15:29:28 -0400] "POST /wp-cron.php?doing_wp_cron=1750447768.1514689922332763671875 HTTP/1.1" 200 0 "-" "WordPress/6.8.1; https://jobs.socialdigiinnovator.com"
35.227.14.155 - - [20/Jun/2025:15:29:28 -0400] "GET /xmlrpc.php?rsd HTTP/1.1" 403 1242 "-" "Mozilla/5.0/(X11; Linux x86_64) AppleWebKit/537.36 (KHTML, like Gecko) Chrome/125.0.0.0 Safari/537.36"
35.227.14.155 - - [20/Jun/2025:15:31:56 -0400] "GET /register/ HTTP/1.1" 200 11802 "-" "Mozilla/5.0/(X11; Linux x86_64) AppleWebKit/537.36 (KHTML, like Gecko) Chrome/125.0.0.0 Safari/537.36"
35.227.14.155 - - [20/Jun/2025:15:33:33 -0400] "GET /xmlrpc.php HTTP/1.1" 403 1242 "-" "Mozilla/5.0/(X11; Linux x86_64) AppleWebKit/537.36 (KHTML, like Gecko) Chrome/125.0.0.0 Safari/537.36"
35.227.14.155 - - [20/Jun/2025:15:33:41 -0400] "GET /?p=343 HTTP/1.1" 301 0 "-" "Mozilla/5.0/(X11; Linux x86_64) AppleWebKit/537.36 (KHTML, like Gecko) Chrome/125.0.0.0 Safari/537.36"
35.227.14.155 - - [20/Jun/2025:15:33:43 -0400] "GET /login/ HTTP/1.1" 200 11702 "-" "Mozilla/5.0/(X11; Linux x86_64) AppleWebKit/537.36 (KHTML, like Gecko) Chrome/125.0.0.0 Safari/537.36"
192.42.116.215 - - [20/Jun/2025:16:03:33 -0400] "POST /xmlrpc.php HTTP/1.1" 403 1242 "-" "Mozilla/5.0 (Windows NT 10.0; Win64; x64; rv:124.0) Gecko/20100101 Firefox/124.0"
192.42.116.215 - - [20/Jun/2025:16:03:33 -0400] "POST /xmlrpc.php HTTP/1.1" 403 1242 "-" "Mozilla/5.0 (Windows NT 10.0; Win64; x64; rv:124.0) Gecko/20100101 Firefox/124.0"
85.208.96.212 - - [20/Jun/2025:16:09:11 -0400] "GET /68ventre/fbfc16669.html HTTP/1.1" 404 10798 "-" "Mozilla/5.0 (compatible; SemrushBot/7~bl; +http://www.semrush.com/bot.html)"
198.54.114.35 - - [20/Jun/2025:16:09:13 -0400] "POST /wp-cron.php?doing_wp_cron=1750450153.4974451065063476562500 HTTP/1.1" 200 0 "-" "WordPress/6.8.1; https://jobs.socialdigiinnovator.com"
34.219.213.232 - - [20/Jun/2025:16:20:01 -0400] "GET /wp-content/plugins/elementor/assets/lib/animations/styles/e-animation-pulse.min.css?ver=3.29.2 HTTP/1.1" 304 0 "https://jobs.socialdigiinnovator.com/" "Mozilla/5.0 (Linux; Android 8.0.0; SM-G965U Build/R16NW) AppleWebKit/537.36 (KHTML, like Gecko) Chrome/63.0.3239.111 Mobile Safari/537.36"
34.219.213.232 - - [20/Jun/2025:16:20:01 -0400] "GET /wp-includes/js/jquery/jquery.min.js?ver=3.7.1 HTTP/1.1" 304 0 "https://jobs.socialdigiinnovator.com/" "Mozilla/5.0 (Linux; Android 8.0.0; SM-G965U Build/R16NW) AppleWebKit/537.36 (KHTML, like Gecko) Chrome/63.0.3239.111 Mobile Safari/537.36"
34.219.213.232 - - [20/Jun/2025:16:20:01 -0400] "GET /wp-content/uploads/elementor/google-fonts/css/poppins.css?ver=1742261621 HTTP/1.1" 304 0 "https://jobs.socialdigiinnovator.com/" "Mozilla/5.0 (Linux; Android 8.0.0; SM-G965U Build/R16NW) AppleWebKit/537.36 (KHTML, like Gecko) Chrome/63.0.3239.111 Mobile Safari/537.36"
34.219.213.232 - - [20/Jun/2025:16:20:01 -0400] "GET /wp-content/plugins/ultimate-member/assets/css/um-fontawesome.min.css?ver=6.5.2 HTTP/1.1" 304 0 "https://jobs.socialdigiinnovator.com/" "Mozilla/5.0 (Linux; Android 8.0.0; SM-G965U Build/R16NW) AppleWebKit/537.36 (KHTML, like Gecko) Chrome/63.0.3239.111 Mobile Safari/537.36"
34.219.213.232 - - [20/Jun/2025:16:20:01 -0400] "GET /wp-content/themes/jobify/js/select2.full.min.js?ver=4.0.9 HTTP/1.1" 304 0 "https://jobs.socialdigiinnovator.com/" "Mozilla/5.0 (Linux; Android 8.0.0; SM-G965U Build/R16NW) AppleWebKit/537.36 (KHTML, like Gecko) Chrome/63.0.3239.111 Mobile Safari/537.36"
34.219.213.232 - - [20/Jun/2025:16:20:01 -0400] "GET /wp-content/plugins/elementor-pro/assets/js/frontend.min.js?ver=3.23.3 HTTP/1.1" 304 0 "https://jobs.socialdigiinnovator.com/" "Mozilla/5.0 (Linux; Android 8.0.0; SM-G965U Build/R16NW) AppleWebKit/537.36 (KHTML, like Gecko) Chrome/63.0.3239.111 Mobile Safari/537.36"
34.219.213.232 - - [20/Jun/2025:16:20:01 -0400] "GET /wp-includes/js/wp-util.min.js?ver=6.8.1 HTTP/1.1" 304 0 "https://jobs.socialdigiinnovator.com/" "Mozilla/5.0 (Linux; Android 8.0.0; SM-G965U Build/R16NW) AppleWebKit/537.36 (KHTML, like Gecko) Chrome/63.0.3239.111 Mobile Safari/537.36"
34.219.213.232 - - [20/Jun/2025:16:20:01 -0400] "GET /wp-content/plugins/ultimate-member/assets/libs/pickadate/picker.min.js?ver=3.6.2 HTTP/1.1" 304 0 "https://jobs.socialdigiinnovator.com/" "Mozilla/5.0 (Linux; Android 8.0.0; SM-G965U Build/R16NW) AppleWebKit/537.36 (KHTML, like Gecko) Chrome/63.0.3239.111 Mobile Safari/537.36"
34.219.213.232 - - [20/Jun/2025:16:20:01 -0400] "GET /wp-content/themes/jobify/js/vendor/salvattore/salvattore.min.js?ver=6.8.1 HTTP/1.1" 304 0 "https://jobs.socialdigiinnovator.com/" "Mozilla/5.0 (Linux; Android 8.0.0; SM-G965U Build/R16NW) AppleWebKit/537.36 (KHTML, like Gecko) Chrome/63.0.3239.111 Mobile Safari/537.36"
34.219.213.232 - - [20/Jun/2025:16:20:01 -0400] "GET /wp-content/plugins/ultimate-member/assets/libs/jquery-form/jquery-form.min.js?ver=2.10.4 HTTP/1.1" 304 0 "https://jobs.socialdigiinnovator.com/" "Mozilla/5.0 (Linux; Android 8.0.0; SM-G965U Build/R16NW) AppleWebKit/537.36 (KHTML, like Gecko) Chrome/63.0.3239.111 Mobile Safari/537.36"
34.219.213.232 - - [20/Jun/2025:16:20:01 -0400] "GET /wp-content/themes/jobify/js/jobify.min.js?ver=4.0.9 HTTP/1.1" 304 0 "https://jobs.socialdigiinnovator.com/" "Mozilla/5.0 (Linux; Android 8.0.0; SM-G965U Build/R16NW) AppleWebKit/537.36 (KHTML, like Gecko) Chrome/63.0.3239.111 Mobile Safari/537.36"
34.219.213.232 - - [20/Jun/2025:16:20:01 -0400] "GET /wp-content/plugins/ultimate-member/assets/libs/select2/select2.full.min.js?ver=4.0.13 HTTP/1.1" 304 0 "https://jobs.socialdigiinnovator.com/" "Mozilla/5.0 (Linux; Android 8.0.0; SM-G965U Build/R16NW) AppleWebKit/537.36 (KHTML, like Gecko) Chrome/63.0.3239.111 Mobile Safari/537.36"
198.54.114.35 - - [20/Jun/2025:16:20:00 -0400] "POST /wp-cron.php?doing_wp_cron=1750450800.4857180118560791015625 HTTP/1.1" 200 0 "-" "WordPress/6.8.1; https://jobs.socialdigiinnovator.com"
34.219.213.232 - - [20/Jun/2025:16:19:58 -0400] "GET / HTTP/1.1" 200 12896 "-" "Mozilla/5.0 (Linux; Android 8.0.0; SM-G965U Build/R16NW) AppleWebKit/537.36 (KHTML, like Gecko) Chrome/63.0.3239.111 Mobile Safari/537.36"
34.219.213.232 - - [20/Jun/2025:16:20:01 -0400] "GET /wp-content/plugins/ultimate-member/assets/js/um-gdpr.min.js?ver=2.10.4 HTTP/1.1" 304 0 "https://jobs.socialdigiinnovator.com/" "Mozilla/5.0 (Linux; Android 8.0.0; SM-G965U Build/R16NW) AppleWebKit/537.36 (KHTML, like Gecko) Chrome/63.0.3239.111 Mobile Safari/537.36"
34.219.213.232 - - [20/Jun/2025:16:20:01 -0400] "GET /wp-includes/js/jquery/jquery-migrate.min.js?ver=3.4.1 HTTP/1.1" 304 0 "https://jobs.socialdigiinnovator.com/" "Mozilla/5.0 (Linux; Android 8.0.0; SM-G965U Build/R16NW) AppleWebKit/537.36 (KHTML, like Gecko) Chrome/63.0.3239.111 Mobile Safari/537.36"
