/
home
/
sditechnicalteam
/
access-logs
/
File Upload :
llllll
Current File: /home/sditechnicalteam/access-logs/portfolio.socialdigiinnovator.com-ssl_log
198.54.114.35 - - [20/Jun/2025:08:27:24 -0400] "POST /wp-cron.php?doing_wp_cron=1750422444.8231210708618164062500 HTTP/1.1" 200 0 "-" "WordPress/6.8.1; https://portfolio.socialdigiinnovator.com"
198.54.114.35 - - [20/Jun/2025:08:52:56 -0400] "POST /wp-cron.php?doing_wp_cron=1750423976.3559041023254394531250 HTTP/1.1" 200 0 "-" "WordPress/6.8.1; https://portfolio.socialdigiinnovator.com"
198.54.114.35 - - [20/Jun/2025:09:00:43 -0400] "POST /wp-cron.php?doing_wp_cron=1750424443.8577480316162109375000 HTTP/1.1" 200 0 "-" "WordPress/6.8.1; https://portfolio.socialdigiinnovator.com"
85.208.96.209 - - [20/Jun/2025:09:00:41 -0400] "GET /robots.txt HTTP/1.1" 200 109 "-" "Mozilla/5.0 (compatible; SemrushBot/7~bl; +http://www.semrush.com/bot.html)"
85.208.96.197 - - [20/Jun/2025:09:00:44 -0400] "GET /zinethyl3234262.html HTTP/1.1" 404 8754 "-" "Mozilla/5.0 (compatible; SemrushBot/7~bl; +http://www.semrush.com/bot.html)"
93.123.109.122 - - [20/Jun/2025:09:05:26 -0400] "GET / HTTP/1.1" 200 7262 "http://portfolio.socialdigiinnovator.com:80/" "Mozilla/5.0 (Windows NT 6.1; WOW64) AppleWebKit/537.36 (KHTML, like Gecko) Chrome/47.0.2526.111 Safari/537.36"
34.75.122.215 - - [20/Jun/2025:08:27:22 -0400] "GET /robots.txt HTTP/1.1" 200 109 "-" "Mozilla/5.0/(X11; Linux x86_64) AppleWebKit/537.36 (KHTML, like Gecko) Chrome/125.0.0.0 Safari/537.36"
34.75.122.215 - - [20/Jun/2025:08:27:26 -0400] "GET / HTTP/1.1" 200 7262 "-" "Mozilla/5.0/(X11; Linux x86_64) AppleWebKit/537.36 (KHTML, like Gecko) Chrome/125.0.0.0 Safari/537.36"
2a03:2880:2ff:74:: - - [20/Jun/2025:08:52:53 -0400] "GET /robots.txt HTTP/1.1" 200 109 "-" "facebookexternalhit/1.1 (+http://www.facebook.com/externalhit_uatext.php)"
198.54.114.35 - - [20/Jun/2025:09:05:28 -0400] "POST /wp-cron.php?doing_wp_cron=1750424728.3856821060180664062500 HTTP/1.1" 200 0 "-" "WordPress/6.8.1; https://portfolio.socialdigiinnovator.com"
93.123.109.122 - - [20/Jun/2025:09:05:30 -0400] "GET /wp-content/uploads/2022/01/cropped-cropped-SDI-Logo-Final-Separate-02-1-32x32.png HTTP/1.1" 200 1233 "-" "Mozilla/5.0 (Windows NT 6.1; WOW64) AppleWebKit/537.36 (KHTML, like Gecko) Chrome/47.0.2526.111 Safari/537.36"
93.123.109.122 - - [20/Jun/2025:09:05:40 -0400] "GET / HTTP/1.1" 200 7262 "-" "Mozilla/5.0 (X11; Linux x86_64) AppleWebKit/537.36 (KHTML, like Gecko) Chrome/74.0.3729.169 Safari/537.36"
66.249.66.3 - - [20/Jun/2025:09:13:01 -0400] "GET /tag/shop/ HTTP/1.1" 200 9342 "-" "Mozilla/5.0 (Linux; Android 6.0.1; Nexus 5X Build/MMB29P) AppleWebKit/537.36 (KHTML, like Gecko) Chrome/137.0.7151.103 Mobile Safari/537.36 (compatible; Googlebot/2.1; +http://www.google.com/bot.html)"
66.249.66.3 - - [20/Jun/2025:09:13:16 -0400] "GET /wp-content/themes/leverage/assets/js/vendor/gallery.min.js?ver=2.1.3 HTTP/1.1" 200 11576 "https://portfolio.socialdigiinnovator.com/tag/shop/" "Mozilla/5.0 (Linux; Android 6.0.1; Nexus 5X Build/MMB29P) AppleWebKit/537.36 (KHTML, like Gecko) Chrome/137.0.7151.68 Mobile Safari/537.36 (compatible; Googlebot/2.1; +http://www.google.com/bot.html)"
198.54.114.35 - - [20/Jun/2025:09:13:03 -0400] "POST /wp-cron.php?doing_wp_cron=1750425183.3222720623016357421875 HTTP/1.1" 200 0 "-" "WordPress/6.8.1; https://portfolio.socialdigiinnovator.com"
66.249.66.4 - - [20/Jun/2025:09:13:10 -0400] "GET /wp-content/themes/leverage/assets/js/vendor/cookie-notice.min.js?ver=2.1.3 HTTP/1.1" 200 2911 "https://portfolio.socialdigiinnovator.com/tag/shop/" "Mozilla/5.0 (Linux; Android 6.0.1; Nexus 5X Build/MMB29P) AppleWebKit/537.36 (KHTML, like Gecko) Chrome/137.0.7151.68 Mobile Safari/537.36 (compatible; Googlebot/2.1; +http://www.google.com/bot.html)"
66.249.66.3 - - [20/Jun/2025:09:13:12 -0400] "GET /wp-content/plugins/newsletter/main.js?ver=8.9.0 HTTP/1.1" 200 319 "https://portfolio.socialdigiinnovator.com/tag/shop/" "Mozilla/5.0 (Linux; Android 6.0.1; Nexus 5X Build/MMB29P) AppleWebKit/537.36 (KHTML, like Gecko) Chrome/137.0.7151.68 Mobile Safari/537.36 (compatible; Googlebot/2.1; +http://www.google.com/bot.html)"
66.249.66.3 - - [20/Jun/2025:09:13:15 -0400] "GET /wp-content/themes/leverage/assets/js/vendor/jquery.easing.min.js?ver=2.1.3 HTTP/1.1" 200 828 "https://portfolio.socialdigiinnovator.com/tag/shop/" "Mozilla/5.0 (Linux; Android 6.0.1; Nexus 5X Build/MMB29P) AppleWebKit/537.36 (KHTML, like Gecko) Chrome/137.0.7151.68 Mobile Safari/537.36 (compatible; Googlebot/2.1; +http://www.google.com/bot.html)"
66.249.66.3 - - [20/Jun/2025:09:13:18 -0400] "GET /wp-content/themes/leverage/assets/js/vendor/slider.min.js?ver=2.1.3 HTTP/1.1" 200 33809 "https://portfolio.socialdigiinnovator.com/tag/shop/" "Mozilla/5.0 (Linux; Android 6.0.1; Nexus 5X Build/MMB29P) AppleWebKit/537.36 (KHTML, like Gecko) Chrome/137.0.7151.68 Mobile Safari/537.36 (compatible; Googlebot/2.1; +http://www.google.com/bot.html)"
66.249.66.3 - - [20/Jun/2025:09:13:21 -0400] "GET /wp-content/themes/leverage/assets/js/vendor/popper.min.js?ver=2.1.3 HTTP/1.1" 200 6465 "https://portfolio.socialdigiinnovator.com/tag/shop/" "Mozilla/5.0 (Linux; Android 6.0.1; Nexus 5X Build/MMB29P) AppleWebKit/537.36 (KHTML, like Gecko) Chrome/137.0.7151.68 Mobile Safari/537.36 (compatible; Googlebot/2.1; +http://www.google.com/bot.html)"
198.54.114.35 - - [20/Jun/2025:09:28:17 -0400] "POST /wp-cron.php?doing_wp_cron=1750426097.7732129096984863281250 HTTP/1.1" 200 0 "-" "WordPress/6.8.1; https://portfolio.socialdigiinnovator.com"
198.54.114.35 - - [20/Jun/2025:09:35:58 -0400] "POST /wp-cron.php?doing_wp_cron=1750426558.3586020469665527343750 HTTP/1.1" 200 0 "-" "WordPress/6.8.1; https://portfolio.socialdigiinnovator.com"
51.222.253.20 - - [20/Jun/2025:09:28:15 -0400] "GET /project/collection-of-professional-images-and-videos/ HTTP/1.1" 200 7047 "-" "Mozilla/5.0 (compatible; AhrefsBot/7.0; +http://ahrefs.com/robot/)"
2a03:2880:f800:12:: - - [20/Jun/2025:09:35:55 -0400] "GET /home-11/ HTTP/1.1" 200 7564 "-" "meta-externalagent/1.1 (+https://developers.facebook.com/docs/sharing/webmasters/crawler)"
85.208.96.194 - - [20/Jun/2025:09:38:44 -0400] "GET /tropometer706815.html HTTP/1.1" 404 8752 "-" "Mozilla/5.0 (compatible; SemrushBot/7~bl; +http://www.semrush.com/bot.html)"
198.54.114.35 - - [20/Jun/2025:09:38:45 -0400] "POST /wp-cron.php?doing_wp_cron=1750426725.5843760967254638671875 HTTP/1.1" 200 0 "-" "WordPress/6.8.1; https://portfolio.socialdigiinnovator.com"
198.54.114.35 - - [20/Jun/2025:09:51:50 -0400] "POST /wp-cron.php?doing_wp_cron=1750427509.9182970523834228515625 HTTP/1.1" 200 0 "-" "WordPress/6.8.1; https://portfolio.socialdigiinnovator.com"
85.208.96.203 - - [20/Jun/2025:09:51:47 -0400] "GET /quasireligious8879635.html HTTP/1.1" 404 8751 "-" "Mozilla/5.0 (compatible; SemrushBot/7~bl; +http://www.semrush.com/bot.html)"
198.54.114.35 - - [20/Jun/2025:10:06:24 -0400] "POST /wp-cron.php?doing_wp_cron=1750428384.8057479858398437500000 HTTP/1.1" 200 0 "-" "WordPress/6.8.1; https://portfolio.socialdigiinnovator.com"
34.73.246.222 - - [20/Jun/2025:10:06:22 -0400] "GET /contact/ HTTP/1.1" 200 6943 "-" "Mozilla/5.0/(X11; Linux x86_64) AppleWebKit/537.36 (KHTML, like Gecko) Chrome/125.0.0.0 Safari/537.36"
34.75.122.215 - - [20/Jun/2025:10:08:00 -0400] "GET /xmlrpc.php?rsd HTTP/1.1" 403 1242 "-" "Mozilla/5.0/(X11; Linux x86_64) AppleWebKit/537.36 (KHTML, like Gecko) Chrome/125.0.0.0 Safari/537.36"
34.75.122.215 - - [20/Jun/2025:10:22:22 -0400] "GET /feed/ HTTP/1.1" 500 1347 "-" "Mozilla/5.0/(X11; Linux x86_64) AppleWebKit/537.36 (KHTML, like Gecko) Chrome/125.0.0.0 Safari/537.36"
198.54.114.35 - - [20/Jun/2025:10:22:25 -0400] "POST /wp-cron.php?doing_wp_cron=1750429345.2591741085052490234375 HTTP/1.1" 200 0 "-" "WordPress/6.8.1; https://portfolio.socialdigiinnovator.com"
198.54.114.35 - - [20/Jun/2025:10:32:51 -0400] "POST /wp-cron.php?doing_wp_cron=1750429971.5920770168304443359375 HTTP/1.1" 200 0 "-" "WordPress/6.8.1; https://portfolio.socialdigiinnovator.com"
85.208.96.199 - - [20/Jun/2025:10:32:49 -0400] "GET /neurointervention89349.html HTTP/1.1" 404 8754 "-" "Mozilla/5.0 (compatible; SemrushBot/7~bl; +http://www.semrush.com/bot.html)"
198.54.114.35 - - [20/Jun/2025:10:59:42 -0400] "POST /wp-cron.php?doing_wp_cron=1750431582.3338189125061035156250 HTTP/1.1" 200 0 "-" "WordPress/6.8.1; https://portfolio.socialdigiinnovator.com"
85.208.96.205 - - [20/Jun/2025:10:59:39 -0400] "GET /hancockthrow400104.html HTTP/1.1" 404 8752 "-" "Mozilla/5.0 (compatible; SemrushBot/7~bl; +http://www.semrush.com/bot.html)"
34.75.122.215 - - [20/Jun/2025:11:30:22 -0400] "GET /robots.txt HTTP/1.1" 200 109 "-" "Mozilla/5.0/(X11; Linux x86_64) AppleWebKit/537.36 (KHTML, like Gecko) Chrome/125.0.0.0 Safari/537.36"
34.75.122.215 - - [20/Jun/2025:11:30:22 -0400] "GET /robots.txt HTTP/1.1" 200 109 "-" "Mozilla/5.0/(X11; Linux x86_64) AppleWebKit/537.36 (KHTML, like Gecko) Chrome/125.0.0.0 Safari/537.36"
34.75.122.215 - - [20/Jun/2025:11:30:24 -0400] "GET /books/ HTTP/1.1" 200 6907 "-" "Mozilla/5.0/(X11; Linux x86_64) AppleWebKit/537.36 (KHTML, like Gecko) Chrome/125.0.0.0 Safari/537.36"
34.75.122.215 - - [20/Jun/2025:11:36:39 -0400] "GET /?p=1102 HTTP/1.1" 301 0 "-" "Mozilla/5.0/(X11; Linux x86_64) AppleWebKit/537.36 (KHTML, like Gecko) Chrome/125.0.0.0 Safari/537.36"
34.23.182.203 - - [20/Jun/2025:11:37:09 -0400] "GET /xmlrpc.php?rsd HTTP/1.1" 403 1242 "-" "Mozilla/5.0/(X11; Linux x86_64) AppleWebKit/537.36 (KHTML, like Gecko) Chrome/125.0.0.0 Safari/537.36"
198.54.114.35 - - [20/Jun/2025:11:30:24 -0400] "POST /wp-cron.php?doing_wp_cron=1750433424.5044350624084472656250 HTTP/1.1" 200 0 "-" "WordPress/6.8.1; https://portfolio.socialdigiinnovator.com"
198.54.114.35 - - [20/Jun/2025:11:30:24 -0400] "POST /wp-cron.php?doing_wp_cron=1750433424.5043880939483642578125 HTTP/1.1" 200 0 "-" "WordPress/6.8.1; https://portfolio.socialdigiinnovator.com"
34.75.122.215 - - [20/Jun/2025:11:30:24 -0400] "GET /xmlrpc.php?rsd HTTP/1.1" 403 1242 "-" "Mozilla/5.0/(X11; Linux x86_64) AppleWebKit/537.36 (KHTML, like Gecko) Chrome/125.0.0.0 Safari/537.36"
34.75.122.215 - - [20/Jun/2025:11:30:25 -0400] "GET /comments/feed/ HTTP/1.1" 200 720 "-" "Mozilla/5.0/(X11; Linux x86_64) AppleWebKit/537.36 (KHTML, like Gecko) Chrome/125.0.0.0 Safari/537.36"
34.75.122.215 - - [20/Jun/2025:11:30:48 -0400] "GET /feed/ HTTP/1.1" 500 1347 "-" "Mozilla/5.0/(X11; Linux x86_64) AppleWebKit/537.36 (KHTML, like Gecko) Chrome/125.0.0.0 Safari/537.36"
34.75.122.215 - - [20/Jun/2025:11:32:31 -0400] "GET /testimonials/ HTTP/1.1" 200 7957 "-" "Mozilla/5.0/(X11; Linux x86_64) AppleWebKit/537.36 (KHTML, like Gecko) Chrome/125.0.0.0 Safari/537.36"
198.54.114.35 - - [20/Jun/2025:11:36:41 -0400] "POST /wp-cron.php?doing_wp_cron=1750433801.5891280174255371093750 HTTP/1.1" 200 0 "-" "WordPress/6.8.1; https://portfolio.socialdigiinnovator.com"
34.75.122.215 - - [20/Jun/2025:11:36:41 -0400] "GET /contact/ HTTP/1.1" 200 6943 "-" "Mozilla/5.0/(X11; Linux x86_64) AppleWebKit/537.36 (KHTML, like Gecko) Chrome/125.0.0.0 Safari/537.36"
2a03:2880:f800:1a:: - - [20/Jun/2025:11:45:17 -0400] "GET /blog-with-sidebar-and-1-column/ HTTP/1.1" 200 6813 "-" "meta-externalagent/1.1 (+https://developers.facebook.com/docs/sharing/webmasters/crawler)"
34.23.182.203 - - [20/Jun/2025:11:50:28 -0400] "GET /feed/ HTTP/1.1" 500 1347 "-" "Mozilla/5.0/(X11; Linux x86_64) AppleWebKit/537.36 (KHTML, like Gecko) Chrome/125.0.0.0 Safari/537.36"
85.208.96.203 - - [20/Jun/2025:11:52:49 -0400] "GET /robots.txt HTTP/1.1" 200 109 "-" "Mozilla/5.0 (compatible; SemrushBot/7~bl; +http://www.semrush.com/bot.html)"
185.191.171.7 - - [20/Jun/2025:11:52:51 -0400] "GET /ostentive1884288.html HTTP/1.1" 404 8754 "-" "Mozilla/5.0 (compatible; SemrushBot/7~bl; +http://www.semrush.com/bot.html)"
198.54.114.35 - - [20/Jun/2025:11:45:20 -0400] "POST /wp-cron.php?doing_wp_cron=1750434320.4713129997253417968750 HTTP/1.1" 200 0 "-" "WordPress/6.8.1; https://portfolio.socialdigiinnovator.com"
198.54.114.35 - - [20/Jun/2025:11:50:30 -0400] "POST /wp-cron.php?doing_wp_cron=1750434630.6374399662017822265625 HTTP/1.1" 200 0 "-" "WordPress/6.8.1; https://portfolio.socialdigiinnovator.com"
34.138.248.80 - - [20/Jun/2025:12:13:20 -0400] "GET /xmlrpc.php?rsd HTTP/1.1" 403 1242 "-" "Mozilla/5.0/(X11; Linux x86_64) AppleWebKit/537.36 (KHTML, like Gecko) Chrome/125.0.0.0 Safari/537.36"
198.54.114.35 - - [20/Jun/2025:12:13:23 -0400] "POST /wp-cron.php?doing_wp_cron=1750436002.8786659240722656250000 HTTP/1.1" 200 0 "-" "WordPress/6.8.1; https://portfolio.socialdigiinnovator.com"
34.138.248.80 - - [20/Jun/2025:12:13:20 -0400] "GET /comments/feed/ HTTP/1.1" 200 720 "-" "Mozilla/5.0/(X11; Linux x86_64) AppleWebKit/537.36 (KHTML, like Gecko) Chrome/125.0.0.0 Safari/537.36"
2a03:2880:f800:11:: - - [20/Jun/2025:12:13:40 -0400] "GET /portfolio-grid-layout-and-3-columns/ HTTP/1.1" 200 6773 "-" "meta-externalagent/1.1 (+https://developers.facebook.com/docs/sharing/webmasters/crawler)"
34.138.248.80 - - [20/Jun/2025:12:13:43 -0400] "GET /feed/ HTTP/1.1" 500 1347 "-" "Mozilla/5.0/(X11; Linux x86_64) AppleWebKit/537.36 (KHTML, like Gecko) Chrome/125.0.0.0 Safari/537.36"
2a03:2880:f800:1b:: - - [20/Jun/2025:12:25:15 -0400] "GET /project-category/design/feed/ HTTP/1.1" 500 1045 "-" "meta-externalagent/1.1 (+https://developers.facebook.com/docs/sharing/webmasters/crawler)"
198.54.114.35 - - [20/Jun/2025:12:13:23 -0400] "POST /wp-cron.php?doing_wp_cron=1750436002.8793060779571533203125 HTTP/1.1" 200 0 "-" "WordPress/6.8.1; https://portfolio.socialdigiinnovator.com"
34.138.248.80 - - [20/Jun/2025:12:13:20 -0400] "GET /robots.txt HTTP/1.1" 200 109 "-" "Mozilla/5.0/(X11; Linux x86_64) AppleWebKit/537.36 (KHTML, like Gecko) Chrome/125.0.0.0 Safari/537.36"
34.138.248.80 - - [20/Jun/2025:12:13:23 -0400] "GET /books/ HTTP/1.1" 200 6907 "-" "Mozilla/5.0/(X11; Linux x86_64) AppleWebKit/537.36 (KHTML, like Gecko) Chrome/125.0.0.0 Safari/537.36"
2a03:2880:f800:1d:: - - [20/Jun/2025:12:13:39 -0400] "GET /?p=975 HTTP/1.1" 301 0 "-" "meta-externalagent/1.1 (+https://developers.facebook.com/docs/sharing/webmasters/crawler)"
34.138.248.80 - - [20/Jun/2025:12:14:54 -0400] "GET /testimonials/ HTTP/1.1" 200 7957 "-" "Mozilla/5.0/(X11; Linux x86_64) AppleWebKit/537.36 (KHTML, like Gecko) Chrome/125.0.0.0 Safari/537.36"
34.138.248.80 - - [20/Jun/2025:12:17:54 -0400] "GET /?p=1102 HTTP/1.1" 301 0 "-" "Mozilla/5.0/(X11; Linux x86_64) AppleWebKit/537.36 (KHTML, like Gecko) Chrome/125.0.0.0 Safari/537.36"
34.138.248.80 - - [20/Jun/2025:12:17:56 -0400] "GET /contact/ HTTP/1.1" 200 6943 "-" "Mozilla/5.0/(X11; Linux x86_64) AppleWebKit/537.36 (KHTML, like Gecko) Chrome/125.0.0.0 Safari/537.36"
198.54.114.35 - - [20/Jun/2025:12:19:03 -0400] "POST /wp-cron.php?doing_wp_cron=1750436343.6171679496765136718750 HTTP/1.1" 200 0 "-" "WordPress/6.8.1; https://portfolio.socialdigiinnovator.com"
185.191.171.12 - - [20/Jun/2025:12:19:03 -0400] "GET /nonphosphatic1318389.html HTTP/1.1" 404 8755 "-" "Mozilla/5.0 (compatible; SemrushBot/7~bl; +http://www.semrush.com/bot.html)"
198.54.114.35 - - [20/Jun/2025:12:25:18 -0400] "POST /wp-cron.php?doing_wp_cron=1750436718.7817089557647705078125 HTTP/1.1" 200 0 "-" "WordPress/6.8.1; https://portfolio.socialdigiinnovator.com"
198.54.114.35 - - [20/Jun/2025:13:13:18 -0400] "POST /wp-cron.php?doing_wp_cron=1750439597.8733329772949218750000 HTTP/1.1" 200 0 "-" "WordPress/6.8.1; https://portfolio.socialdigiinnovator.com"
2600:1900:0:2d00::a00 - - [20/Jun/2025:13:13:09 -0400] "GET /books/ HTTP/1.1" 200 6907 "-" "Mozilla/5.0 (Macintosh; Intel Mac OS X 10_15_7) AppleWebKit/537.36 (KHTML, like Gecko) Chrome/137.0.0.0 Safari/537.36"
24.214.221.200 - - [20/Jun/2025:13:13:19 -0400] "GET /books/ HTTP/1.1" 200 6907 "-" "Mozilla/5.0 (Macintosh; Intel Mac OS X 10_15_7) AppleWebKit/537.36 (KHTML, like Gecko) Chrome/137.0.0.0 Safari/537.36"
2600:1900:0:2d00::a00 - - [20/Jun/2025:13:13:20 -0400] "GET /wp-content/themes/leverage/style.css?ver=2.1.3 HTTP/1.1" 200 15055 "https://portfolio.socialdigiinnovator.com/books/" "Mozilla/5.0 (Macintosh; Intel Mac OS X 10_15_7) AppleWebKit/537.36 (KHTML, like Gecko) Chrome/137.0.0.0 Safari/537.36"
2600:1900:0:2d00::a00 - - [20/Jun/2025:13:13:20 -0400] "GET /wp-content/themes/leverage-child/style.css?ver=6.8.1 HTTP/1.1" 200 195 "https://portfolio.socialdigiinnovator.com/books/" "Mozilla/5.0 (Macintosh; Intel Mac OS X 10_15_7) AppleWebKit/537.36 (KHTML, like Gecko) Chrome/137.0.0.0 Safari/537.36"
2600:1900:0:2d00::a00 - - [20/Jun/2025:13:13:20 -0400] "GET /wp-content/themes/leverage/assets/css/vendor/animation.min.css?ver=2.1.3 HTTP/1.1" 200 1539 "https://portfolio.socialdigiinnovator.com/books/" "Mozilla/5.0 (Macintosh; Intel Mac OS X 10_15_7) AppleWebKit/537.36 (KHTML, like Gecko) Chrome/137.0.0.0 Safari/537.36"
2600:1900:0:2d00::a00 - - [20/Jun/2025:13:13:20 -0400] "GET /wp-content/themes/leverage/assets/css/default.css?ver=2.1.3 HTTP/1.1" 200 1186 "https://portfolio.socialdigiinnovator.com/books/" "Mozilla/5.0 (Macintosh; Intel Mac OS X 10_15_7) AppleWebKit/537.36 (KHTML, like Gecko) Chrome/137.0.0.0 Safari/537.36"
2600:1900:0:2d00::a00 - - [20/Jun/2025:13:13:20 -0400] "GET /wp-content/themes/leverage/style.css?ver=6.8.1 HTTP/1.1" 200 15055 "https://portfolio.socialdigiinnovator.com/books/" "Mozilla/5.0 (Macintosh; Intel Mac OS X 10_15_7) AppleWebKit/537.36 (KHTML, like Gecko) Chrome/137.0.0.0 Safari/537.36"
2600:1900:0:2d00::a00 - - [20/Jun/2025:13:13:20 -0400] "GET /wp-content/themes/leverage/assets/css/vendor/gallery.min.css?ver=2.1.3 HTTP/1.1" 200 3526 "https://portfolio.socialdigiinnovator.com/books/" "Mozilla/5.0 (Macintosh; Intel Mac OS X 10_15_7) AppleWebKit/537.36 (KHTML, like Gecko) Chrome/137.0.0.0 Safari/537.36"
2600:1900:0:2d00::a00 - - [20/Jun/2025:13:13:20 -0400] "GET /wp-content/themes/leverage/assets/css/vendor/slider.min.css?ver=2.1.3 HTTP/1.1" 200 3805 "https://portfolio.socialdigiinnovator.com/books/" "Mozilla/5.0 (Macintosh; Intel Mac OS X 10_15_7) AppleWebKit/537.36 (KHTML, like Gecko) Chrome/137.0.0.0 Safari/537.36"
2600:1900:0:2d00::a00 - - [20/Jun/2025:13:13:20 -0400] "GET /wp-content/plugins/elementor/assets/lib/font-awesome/css/v4-shims.min.css?ver=3.29.2 HTTP/1.1" 200 3987 "https://portfolio.socialdigiinnovator.com/books/" "Mozilla/5.0 (Macintosh; Intel Mac OS X 10_15_7) AppleWebKit/537.36 (KHTML, like Gecko) Chrome/137.0.0.0 Safari/537.36"
2600:1900:0:2d00::a00 - - [20/Jun/2025:13:13:20 -0400] "GET /wp-includes/js/jquery/jquery-migrate.min.js?ver=3.4.1 HTTP/1.1" 200 4678 "https://portfolio.socialdigiinnovator.com/books/" "Mozilla/5.0 (Macintosh; Intel Mac OS X 10_15_7) AppleWebKit/537.36 (KHTML, like Gecko) Chrome/137.0.0.0 Safari/537.36"
2600:1900:0:2d00::a00 - - [20/Jun/2025:13:13:20 -0400] "GET /wp-content/plugins/newsletter/style.css?ver=8.9.0 HTTP/1.1" 200 1431 "https://portfolio.socialdigiinnovator.com/books/" "Mozilla/5.0 (Macintosh; Intel Mac OS X 10_15_7) AppleWebKit/537.36 (KHTML, like Gecko) Chrome/137.0.0.0 Safari/537.36"
2600:1900:0:2d00::a00 - - [20/Jun/2025:13:13:20 -0400] "GET /wp-content/themes/leverage-child/style.css?ver=2.1.3 HTTP/1.1" 200 195 "https://portfolio.socialdigiinnovator.com/books/" "Mozilla/5.0 (Macintosh; Intel Mac OS X 10_15_7) AppleWebKit/537.36 (KHTML, like Gecko) Chrome/137.0.0.0 Safari/537.36"
2600:1900:0:2d00::a00 - - [20/Jun/2025:13:13:20 -0400] "GET /wp-content/uploads/elementor/google-fonts/css/robotoslab.css?ver=1742261630 HTTP/1.1" 200 712 "https://portfolio.socialdigiinnovator.com/books/" "Mozilla/5.0 (Macintosh; Intel Mac OS X 10_15_7) AppleWebKit/537.36 (KHTML, like Gecko) Chrome/137.0.0.0 Safari/537.36"
2600:1900:0:2d00::a00 - - [20/Jun/2025:13:13:20 -0400] "GET /wp-content/plugins/elementor/assets/css/frontend.min.css?ver=3.29.2 HTTP/1.1" 200 6472 "https://portfolio.socialdigiinnovator.com/books/" "Mozilla/5.0 (Macintosh; Intel Mac OS X 10_15_7) AppleWebKit/537.36 (KHTML, like Gecko) Chrome/137.0.0.0 Safari/537.36"
2600:1900:0:2d00::a00 - - [20/Jun/2025:13:13:20 -0400] "GET /wp-content/themes/leverage/assets/css/vendor/cookie-notice.min.css?ver=2.1.3 HTTP/1.1" 200 1418 "https://portfolio.socialdigiinnovator.com/books/" "Mozilla/5.0 (Macintosh; Intel Mac OS X 10_15_7) AppleWebKit/537.36 (KHTML, like Gecko) Chrome/137.0.0.0 Safari/537.36"
2600:1900:0:2d00::a00 - - [20/Jun/2025:13:13:20 -0400] "GET /wp-content/themes/leverage/assets/css/support/contact-form-7.css?ver=2.1.3 HTTP/1.1" 200 426 "https://portfolio.socialdigiinnovator.com/books/" "Mozilla/5.0 (Macintosh; Intel Mac OS X 10_15_7) AppleWebKit/537.36 (KHTML, like Gecko) Chrome/137.0.0.0 Safari/537.36"
2600:1900:0:2d00::a00 - - [20/Jun/2025:13:13:20 -0400] "GET /wp-content/themes/leverage/assets/css/vendor/bootstrap.min.css?ver=2.1.3 HTTP/1.1" 200 21257 "https://portfolio.socialdigiinnovator.com/books/" "Mozilla/5.0 (Macintosh; Intel Mac OS X 10_15_7) AppleWebKit/537.36 (KHTML, like Gecko) Chrome/137.0.0.0 Safari/537.36"
2600:1900:0:2d00::a00 - - [20/Jun/2025:13:13:20 -0400] "GET /wp-content/plugins/elementor/assets/css/widget-spacer.min.css?ver=3.29.2 HTTP/1.1" 200 315 "https://portfolio.socialdigiinnovator.com/books/" "Mozilla/5.0 (Macintosh; Intel Mac OS X 10_15_7) AppleWebKit/537.36 (KHTML, like Gecko) Chrome/137.0.0.0 Safari/537.36"
2600:1900:0:2d00::a00 - - [20/Jun/2025:13:13:20 -0400] "GET /wp-content/plugins/elementor/assets/lib/font-awesome/js/v4-shims.min.js?ver=3.29.2 HTTP/1.1" 200 4042 "https://portfolio.socialdigiinnovator.com/books/" "Mozilla/5.0 (Macintosh; Intel Mac OS X 10_15_7) AppleWebKit/537.36 (KHTML, like Gecko) Chrome/137.0.0.0 Safari/537.36"
2600:1900:0:2d00::a00 - - [20/Jun/2025:13:13:20 -0400] "GET /wp-content/plugins/elementor/assets/lib/font-awesome/css/all.min.css?ver=3.29.2 HTTP/1.1" 200 12380 "https://portfolio.socialdigiinnovator.com/books/" "Mozilla/5.0 (Macintosh; Intel Mac OS X 10_15_7) AppleWebKit/537.36 (KHTML, like Gecko) Chrome/137.0.0.0 Safari/537.36"
2600:1900:0:2d00::a00 - - [20/Jun/2025:13:13:20 -0400] "GET /wp-content/plugins/elementor/assets/lib/eicons/css/elementor-icons.min.css?ver=5.40.0 HTTP/1.1" 200 3983 "https://portfolio.socialdigiinnovator.com/books/" "Mozilla/5.0 (Macintosh; Intel Mac OS X 10_15_7) AppleWebKit/537.36 (KHTML, like Gecko) Chrome/137.0.0.0 Safari/537.36"
2600:1900:0:2d00::a00 - - [20/Jun/2025:13:13:20 -0400] "GET /wp-content/themes/leverage/assets/css/support/wordpress.css?ver=2.1.3 HTTP/1.1" 200 3366 "https://portfolio.socialdigiinnovator.com/books/" "Mozilla/5.0 (Macintosh; Intel Mac OS X 10_15_7) AppleWebKit/537.36 (KHTML, like Gecko) Chrome/137.0.0.0 Safari/537.36"
2600:1900:0:2d00::a00 - - [20/Jun/2025:13:13:20 -0400] "GET /wp-content/themes/leverage/assets/fonts/icons/Icons-Line.woff2?v=2.4.0 HTTP/1.1" 200 30064 "https://portfolio.socialdigiinnovator.com/wp-content/themes/leverage/assets/css/vendor/icons.min.css?ver=2.1.3" "Mozilla/5.0 (Macintosh; Intel Mac OS X 10_15_7) AppleWebKit/537.36 (KHTML, like Gecko) Chrome/137.0.0.0 Safari/537.36"
2600:1900:0:2d00::a00 - - [20/Jun/2025:13:13:20 -0400] "GET /wp-content/uploads/2022/01/cropped-cropped-cropped-SDI-Logo-Final-Separate-02-1.png HTTP/1.1" 404 8749 "https://portfolio.socialdigiinnovator.com/books/" "Mozilla/5.0 (Macintosh; Intel Mac OS X 10_15_7) AppleWebKit/537.36 (KHTML, like Gecko) Chrome/137.0.0.0 Safari/537.36"
2600:1900:0:2d00::a00 - - [20/Jun/2025:13:13:20 -0400] "GET /wp-content/themes/leverage/assets/css/vendor/icons.min.css?ver=2.1.3 HTTP/1.1" 200 2362 "https://portfolio.socialdigiinnovator.com/books/" "Mozilla/5.0 (Macintosh; Intel Mac OS X 10_15_7) AppleWebKit/537.36 (KHTML, like Gecko) Chrome/137.0.0.0 Safari/537.36"
2600:1900:0:2d00::a00 - - [20/Jun/2025:13:13:20 -0400] "GET /wp-content/plugins/contact-form-7/includes/css/styles.css?ver=6.0.6 HTTP/1.1" 200 890 "https://portfolio.socialdigiinnovator.com/books/" "Mozilla/5.0 (Macintosh; Intel Mac OS X 10_15_7) AppleWebKit/537.36 (KHTML, like Gecko) Chrome/137.0.0.0 Safari/537.36"
2600:1900:0:2d00::a00 - - [20/Jun/2025:13:13:20 -0400] "GET /wp-includes/js/jquery/jquery.min.js?ver=3.7.1 HTTP/1.1" 200 29744 "https://portfolio.socialdigiinnovator.com/books/" "Mozilla/5.0 (Macintosh; Intel Mac OS X 10_15_7) AppleWebKit/537.36 (KHTML, like Gecko) Chrome/137.0.0.0 Safari/537.36"
2600:1900:0:2d00::a00 - - [20/Jun/2025:13:13:20 -0400] "GET /wp-content/plugins/elementor/assets/css/widget-image.min.css?ver=3.29.2 HTTP/1.1" 200 254 "https://portfolio.socialdigiinnovator.com/books/" "Mozilla/5.0 (Macintosh; Intel Mac OS X 10_15_7) AppleWebKit/537.36 (KHTML, like Gecko) Chrome/137.0.0.0 Safari/537.36"
2600:1900:0:2d00::a00 - - [20/Jun/2025:13:13:20 -0400] "GET /wp-content/uploads/elementor/google-fonts/css/roboto.css?ver=1742261613 HTTP/1.1" 200 1879 "https://portfolio.socialdigiinnovator.com/books/" "Mozilla/5.0 (Macintosh; Intel Mac OS X 10_15_7) AppleWebKit/537.36 (KHTML, like Gecko) Chrome/137.0.0.0 Safari/537.36"
2600:1900:0:2d00::a00 - - [20/Jun/2025:13:13:20 -0400] "GET /wp-includes/js/wp-emoji-release.min.js?ver=6.8.1 HTTP/1.1" 200 4771 "https://portfolio.socialdigiinnovator.com/books/" "Mozilla/5.0 (Macintosh; Intel Mac OS X 10_15_7) AppleWebKit/537.36 (KHTML, like Gecko) Chrome/137.0.0.0 Safari/537.36"
2600:1900:0:2d00::a00 - - [20/Jun/2025:13:13:21 -0400] "GET /wp-content/uploads/2022/01/cropped-cropped-SDI-Logo-Final-Separate-02-1-32x32.png HTTP/1.1" 404 8756 "https://portfolio.socialdigiinnovator.com/books/" "Mozilla/5.0 (Macintosh; Intel Mac OS X 10_15_7) AppleWebKit/537.36 (KHTML, like Gecko) Chrome/137.0.0.0 Safari/537.36"
207.46.13.229 - - [20/Jun/2025:13:18:59 -0400] "GET /robots.txt HTTP/1.1" 200 109 "-" "Mozilla/5.0 AppleWebKit/537.36 (KHTML, like Gecko; compatible; bingbot/2.0; +http://www.bing.com/bingbot.htm) Chrome/116.0.1938.76 Safari/537.36"
34.23.241.143 - - [20/Jun/2025:13:20:33 -0400] "GET /books/ HTTP/1.1" 200 6907 "-" "Mozilla/5.0/(X11; Linux x86_64) AppleWebKit/537.36 (KHTML, like Gecko) Chrome/125.0.0.0 Safari/537.36"
34.23.241.143 - - [20/Jun/2025:13:20:37 -0400] "GET /comments/feed/ HTTP/1.1" 200 720 "-" "Mozilla/5.0/(X11; Linux x86_64) AppleWebKit/537.36 (KHTML, like Gecko) Chrome/125.0.0.0 Safari/537.36"
34.23.241.143 - - [20/Jun/2025:13:20:59 -0400] "GET /feed/ HTTP/1.1" 500 1347 "-" "Mozilla/5.0/(X11; Linux x86_64) AppleWebKit/537.36 (KHTML, like Gecko) Chrome/125.0.0.0 Safari/537.36"
34.23.241.143 - - [20/Jun/2025:13:22:08 -0400] "GET /testimonials/ HTTP/1.1" 200 7957 "-" "Mozilla/5.0/(X11; Linux x86_64) AppleWebKit/537.36 (KHTML, like Gecko) Chrome/125.0.0.0 Safari/537.36"
2600:1900:0:2d00::a00 - - [20/Jun/2025:13:13:21 -0400] "GET /wp-content/uploads/2022/01/cropped-cropped-SDI-Logo-Final-Separate-02-1-192x192.png HTTP/1.1" 404 8747 "https://portfolio.socialdigiinnovator.com/books/" "Mozilla/5.0 (Macintosh; Intel Mac OS X 10_15_7) AppleWebKit/537.36 (KHTML, like Gecko) Chrome/137.0.0.0 Safari/537.36"
198.54.114.35 - - [20/Jun/2025:13:19:02 -0400] "POST /wp-cron.php?doing_wp_cron=1750439941.9438021183013916015625 HTTP/1.1" 200 0 "-" "WordPress/6.8.1; https://portfolio.socialdigiinnovator.com"
40.77.167.57 - - [20/Jun/2025:13:19:16 -0400] "GET /home-2/ HTTP/1.1" 200 7538 "-" "Mozilla/5.0 AppleWebKit/537.36 (KHTML, like Gecko; compatible; bingbot/2.0; +http://www.bing.com/bingbot.htm) Chrome/116.0.1938.76 Safari/537.36"
43.157.95.131 - - [20/Jun/2025:13:19:18 -0400] "GET / HTTP/1.1" 200 7262 "http://portfolio.socialdigiinnovator.com" "Mozilla/5.0 (iPhone; CPU iPhone OS 13_2_3 like Mac OS X) AppleWebKit/605.1.15 (KHTML, like Gecko) Version/13.0.3 Mobile/15E148 Safari/604.1"
34.23.241.143 - - [20/Jun/2025:13:20:33 -0400] "GET /xmlrpc.php?rsd HTTP/1.1" 403 1242 "-" "Mozilla/5.0/(X11; Linux x86_64) AppleWebKit/537.36 (KHTML, like Gecko) Chrome/125.0.0.0 Safari/537.36"
198.54.114.35 - - [20/Jun/2025:13:24:51 -0400] "POST /wp-cron.php?doing_wp_cron=1750440291.5987999439239501953125 HTTP/1.1" 200 0 "-" "WordPress/6.8.1; https://portfolio.socialdigiinnovator.com"
34.23.241.143 - - [20/Jun/2025:13:24:49 -0400] "GET /?p=1102 HTTP/1.1" 301 0 "-" "Mozilla/5.0/(X11; Linux x86_64) AppleWebKit/537.36 (KHTML, like Gecko) Chrome/125.0.0.0 Safari/537.36"
34.23.241.143 - - [20/Jun/2025:13:24:52 -0400] "GET /contact/ HTTP/1.1" 200 6943 "-" "Mozilla/5.0/(X11; Linux x86_64) AppleWebKit/537.36 (KHTML, like Gecko) Chrome/125.0.0.0 Safari/537.36"
34.138.248.80 - - [20/Jun/2025:13:25:15 -0400] "GET /xmlrpc.php?rsd HTTP/1.1" 403 1242 "-" "Mozilla/5.0/(X11; Linux x86_64) AppleWebKit/537.36 (KHTML, like Gecko) Chrome/125.0.0.0 Safari/537.36"
198.54.114.35 - - [20/Jun/2025:13:37:10 -0400] "POST /wp-cron.php?doing_wp_cron=1750441030.3210699558258056640625 HTTP/1.1" 200 0 "-" "WordPress/6.8.1; https://portfolio.socialdigiinnovator.com"
34.138.248.80 - - [20/Jun/2025:13:37:07 -0400] "GET /feed/ HTTP/1.1" 500 1347 "-" "Mozilla/5.0/(X11; Linux x86_64) AppleWebKit/537.36 (KHTML, like Gecko) Chrome/125.0.0.0 Safari/537.36"
198.54.114.35 - - [20/Jun/2025:13:56:26 -0400] "POST /wp-cron.php?doing_wp_cron=1750442186.1145999431610107421875 HTTP/1.1" 200 0 "-" "WordPress/6.8.1; https://portfolio.socialdigiinnovator.com"
77.74.177.118 - - [20/Jun/2025:13:56:23 -0400] "GET / HTTP/1.1" 200 7262 "-" "Mozilla/5.0 (Linux; arm_64; Android 12; CPH2205) AppleWebKit/537.36 (KHTML, like Gecko) Chrome/110.0.0.0 YaBrowser/23.3.3.86.00 SA/3 Mobile Safari/537.36"
52.204.174.139 - - [20/Jun/2025:14:27:24 -0400] "GET /robots.txt HTTP/1.1" 200 109 "-" "Mozilla/5.0 AppleWebKit/537.36 (KHTML, like Gecko; compatible; Amazonbot/0.1; +https://developer.amazon.com/support/amazonbot) Chrome/119.0.6045.214 Safari/537.36"
198.54.114.35 - - [20/Jun/2025:14:27:27 -0400] "POST /wp-cron.php?doing_wp_cron=1750444047.1456658840179443359375 HTTP/1.1" 200 0 "-" "WordPress/6.8.1; https://portfolio.socialdigiinnovator.com"
35.173.38.202 - - [20/Jun/2025:14:27:27 -0400] "GET /contact/ HTTP/1.1" 200 6943 "-" "Mozilla/5.0 AppleWebKit/537.36 (KHTML, like Gecko; compatible; Amazonbot/0.1; +https://developer.amazon.com/support/amazonbot) Chrome/119.0.6045.214 Safari/537.36"
198.54.114.35 - - [20/Jun/2025:14:30:56 -0400] "POST /wp-cron.php?doing_wp_cron=1750444256.5526130199432373046875 HTTP/1.1" 200 0 "-" "WordPress/6.8.1; https://portfolio.socialdigiinnovator.com"
17.241.75.47 - - [20/Jun/2025:14:30:54 -0400] "GET /robots.txt HTTP/1.1" 200 109 "-" "Mozilla/5.0 (Macintosh; Intel Mac OS X 10_15_7) AppleWebKit/605.1.15 (KHTML, like Gecko) Version/17.4 Safari/605.1.15 (Applebot/0.1; +http://www.apple.com/go/applebot)"
35.227.14.155 - - [20/Jun/2025:15:32:54 -0400] "GET /?p=1063 HTTP/1.1" 301 0 "-" "Mozilla/5.0/(X11; Linux x86_64) AppleWebKit/537.36 (KHTML, like Gecko) Chrome/125.0.0.0 Safari/537.36"
35.227.14.155 - - [20/Jun/2025:15:34:08 -0400] "GET /?p=1050 HTTP/1.1" 301 0 "-" "Mozilla/5.0/(X11; Linux x86_64) AppleWebKit/537.36 (KHTML, like Gecko) Chrome/125.0.0.0 Safari/537.36"
35.227.14.155 - - [20/Jun/2025:15:34:08 -0400] "GET /testimonials/ HTTP/1.1" 200 7957 "-" "Mozilla/5.0/(X11; Linux x86_64) AppleWebKit/537.36 (KHTML, like Gecko) Chrome/125.0.0.0 Safari/537.36"
35.227.14.155 - - [20/Jun/2025:15:30:22 -0400] "GET /xmlrpc.php?rsd HTTP/1.1" 403 1242 "-" "Mozilla/5.0/(X11; Linux x86_64) AppleWebKit/537.36 (KHTML, like Gecko) Chrome/125.0.0.0 Safari/537.36"
198.54.114.35 - - [20/Jun/2025:15:32:09 -0400] "POST /wp-cron.php?doing_wp_cron=1750447929.1953239440917968750000 HTTP/1.1" 200 0 "-" "WordPress/6.8.1; https://portfolio.socialdigiinnovator.com"
35.227.14.155 - - [20/Jun/2025:15:32:06 -0400] "GET /feed/ HTTP/1.1" 500 1347 "-" "Mozilla/5.0/(X11; Linux x86_64) AppleWebKit/537.36 (KHTML, like Gecko) Chrome/125.0.0.0 Safari/537.36"
198.54.114.35 - - [20/Jun/2025:15:32:55 -0400] "POST /wp-cron.php?doing_wp_cron=1750447975.0209219455718994140625 HTTP/1.1" 200 0 "-" "WordPress/6.8.1; https://portfolio.socialdigiinnovator.com"
35.227.14.155 - - [20/Jun/2025:15:32:55 -0400] "GET /books/ HTTP/1.1" 200 6907 "-" "Mozilla/5.0/(X11; Linux x86_64) AppleWebKit/537.36 (KHTML, like Gecko) Chrome/125.0.0.0 Safari/537.36"
198.54.114.35 - - [20/Jun/2025:15:34:08 -0400] "POST /wp-cron.php?doing_wp_cron=1750448048.4259920120239257812500 HTTP/1.1" 200 0 "-" "WordPress/6.8.1; https://portfolio.socialdigiinnovator.com"
198.54.114.35 - - [20/Jun/2025:16:02:57 -0400] "POST /wp-cron.php?doing_wp_cron=1750449776.9333860874176025390625 HTTP/1.1" 200 0 "-" "WordPress/6.8.1; https://portfolio.socialdigiinnovator.com"
51.222.253.2 - - [20/Jun/2025:16:02:54 -0400] "GET /robots.txt HTTP/1.1" 200 109 "-" "Mozilla/5.0 (compatible; AhrefsBot/7.0; +http://ahrefs.com/robot/)"
51.222.253.18 - - [20/Jun/2025:16:02:58 -0400] "GET /feed/ HTTP/1.1" 304 0 "-" "Mozilla/5.0 (compatible; AhrefsBot/7.0; +http://ahrefs.com/robot/)"
198.54.114.35 - - [20/Jun/2025:17:25:28 -0400] "POST /wp-cron.php?doing_wp_cron=1750454727.9222619533538818359375 HTTP/1.1" 200 0 "-" "WordPress/6.8.1; https://portfolio.socialdigiinnovator.com"
34.138.248.80 - - [20/Jun/2025:17:25:28 -0400] "GET /xmlrpc.php?rsd HTTP/1.1" 403 1242 "-" "Mozilla/5.0/(X11; Linux x86_64) AppleWebKit/537.36 (KHTML, like Gecko) Chrome/125.0.0.0 Safari/537.36"
198.54.114.35 - - [20/Jun/2025:17:29:41 -0400] "POST /wp-cron.php?doing_wp_cron=1750454981.4242060184478759765625 HTTP/1.1" 200 0 "-" "WordPress/6.8.1; https://portfolio.socialdigiinnovator.com"
34.138.248.80 - - [20/Jun/2025:17:29:41 -0400] "GET /testimonials/ HTTP/1.1" 200 7957 "-" "Mozilla/5.0/(X11; Linux x86_64) AppleWebKit/537.36 (KHTML, like Gecko) Chrome/125.0.0.0 Safari/537.36"
198.54.114.35 - - [20/Jun/2025:17:33:07 -0400] "POST /wp-cron.php?doing_wp_cron=1750455187.2470350265502929687500 HTTP/1.1" 200 0 "-" "WordPress/6.8.1; https://portfolio.socialdigiinnovator.com"
85.208.96.194 - - [20/Jun/2025:17:33:05 -0400] "GET /twash32922.html HTTP/1.1" 404 8749 "-" "Mozilla/5.0 (compatible; SemrushBot/7~bl; +http://www.semrush.com/bot.html)"
34.138.248.80 - - [20/Jun/2025:17:25:25 -0400] "GET /robots.txt HTTP/1.1" 200 109 "-" "Mozilla/5.0/(X11; Linux x86_64) AppleWebKit/537.36 (KHTML, like Gecko) Chrome/125.0.0.0 Safari/537.36"
34.138.248.80 - - [20/Jun/2025:17:27:19 -0400] "GET /feed/ HTTP/1.1" 500 1347 "-" "Mozilla/5.0/(X11; Linux x86_64) AppleWebKit/537.36 (KHTML, like Gecko) Chrome/125.0.0.0 Safari/537.36"
34.138.248.80 - - [20/Jun/2025:17:28:14 -0400] "GET /?p=1063 HTTP/1.1" 301 0 "-" "Mozilla/5.0/(X11; Linux x86_64) AppleWebKit/537.36 (KHTML, like Gecko) Chrome/125.0.0.0 Safari/537.36"
34.138.248.80 - - [20/Jun/2025:17:28:14 -0400] "GET /books/ HTTP/1.1" 200 6907 "-" "Mozilla/5.0/(X11; Linux x86_64) AppleWebKit/537.36 (KHTML, like Gecko) Chrome/125.0.0.0 Safari/537.36"
34.138.248.80 - - [20/Jun/2025:17:29:39 -0400] "GET /?p=1050 HTTP/1.1" 301 0 "-" "Mozilla/5.0/(X11; Linux x86_64) AppleWebKit/537.36 (KHTML, like Gecko) Chrome/125.0.0.0 Safari/537.36"
198.54.114.35 - - [20/Jun/2025:18:12:25 -0400] "POST /wp-cron.php?doing_wp_cron=1750457545.0182170867919921875000 HTTP/1.1" 200 0 "-" "WordPress/6.8.1; https://portfolio.socialdigiinnovator.com"
35.227.59.225 - - [20/Jun/2025:18:12:22 -0400] "GET /robots.txt HTTP/1.1" 200 109 "-" "Mozilla/5.0/(X11; Linux x86_64) AppleWebKit/537.36 (KHTML, like Gecko) Chrome/125.0.0.0 Safari/537.36"
35.227.59.225 - - [20/Jun/2025:18:14:07 -0400] "GET /feed/ HTTP/1.1" 500 1347 "-" "Mozilla/5.0/(X11; Linux x86_64) AppleWebKit/537.36 (KHTML, like Gecko) Chrome/125.0.0.0 Safari/537.36"
35.227.59.225 - - [20/Jun/2025:18:12:25 -0400] "GET /xmlrpc.php?rsd HTTP/1.1" 403 1242 "-" "Mozilla/5.0/(X11; Linux x86_64) AppleWebKit/537.36 (KHTML, like Gecko) Chrome/125.0.0.0 Safari/537.36"
198.54.114.35 - - [20/Jun/2025:18:14:09 -0400] "POST /wp-cron.php?doing_wp_cron=1750457649.2961750030517578125000 HTTP/1.1" 200 0 "-" "WordPress/6.8.1; https://portfolio.socialdigiinnovator.com"
35.227.59.225 - - [20/Jun/2025:18:14:56 -0400] "GET /books/ HTTP/1.1" 200 6907 "-" "Mozilla/5.0/(X11; Linux x86_64) AppleWebKit/537.36 (KHTML, like Gecko) Chrome/125.0.0.0 Safari/537.36"
35.227.59.225 - - [20/Jun/2025:18:14:55 -0400] "GET /?p=1063 HTTP/1.1" 301 0 "-" "Mozilla/5.0/(X11; Linux x86_64) AppleWebKit/537.36 (KHTML, like Gecko) Chrome/125.0.0.0 Safari/537.36"
35.227.59.225 - - [20/Jun/2025:18:16:11 -0400] "GET /?p=1050 HTTP/1.1" 301 0 "-" "Mozilla/5.0/(X11; Linux x86_64) AppleWebKit/537.36 (KHTML, like Gecko) Chrome/125.0.0.0 Safari/537.36"
35.227.59.225 - - [20/Jun/2025:18:16:11 -0400] "GET /testimonials/ HTTP/1.1" 200 7957 "-" "Mozilla/5.0/(X11; Linux x86_64) AppleWebKit/537.36 (KHTML, like Gecko) Chrome/125.0.0.0 Safari/537.36"
54.183.132.84 - - [20/Jun/2025:18:17:42 -0400] "GET / HTTP/1.1" 200 7262 "-" "Mozilla/5.0 (X11; Linux x86_64) AppleWebKit/537.36 (KHTML, like Gecko) Chrome/137.0.0.0 Safari/537.36"
198.54.114.35 - - [20/Jun/2025:18:47:41 -0400] "POST /wp-cron.php?doing_wp_cron=1750459661.1489219665527343750000 HTTP/1.1" 200 0 "-" "WordPress/6.8.1; https://portfolio.socialdigiinnovator.com"
66.249.74.75 - - [20/Jun/2025:18:47:38 -0400] "GET /tag/minimal/ HTTP/1.1" 200 9321 "-" "Mozilla/5.0 (Linux; Android 6.0.1; Nexus 5X Build/MMB29P) AppleWebKit/537.36 (KHTML, like Gecko) Chrome/137.0.7151.103 Mobile Safari/537.36 (compatible; Googlebot/2.1; +http://www.google.com/bot.html)"
66.249.74.73 - - [20/Jun/2025:18:47:46 -0400] "GET /wp-content/plugins/mailoptin/src/core/src/assets/js/mailoptin.min.js?ver=1.2.74.0 HTTP/1.1" 200 13344 "https://portfolio.socialdigiinnovator.com/tag/minimal/" "Mozilla/5.0 (Linux; Android 6.0.1; Nexus 5X Build/MMB29P) AppleWebKit/537.36 (KHTML, like Gecko) Chrome/137.0.7151.68 Mobile Safari/537.36 (compatible; Googlebot/2.1; +http://www.google.com/bot.html)"
66.249.74.73 - - [20/Jun/2025:18:47:52 -0400] "GET /wp-content/themes/leverage/assets/js/main.js?ver=2.1.3 HTTP/1.1" 200 6583 "https://portfolio.socialdigiinnovator.com/tag/minimal/" "Mozilla/5.0 (Linux; Android 6.0.1; Nexus 5X Build/MMB29P) AppleWebKit/537.36 (KHTML, like Gecko) Chrome/137.0.7151.68 Mobile Safari/537.36 (compatible; Googlebot/2.1; +http://www.google.com/bot.html)"
66.249.74.74 - - [20/Jun/2025:18:47:43 -0400] "GET /wp-content/plugins/contact-form-7/includes/swv/js/index.js?ver=6.0.6 HTTP/1.1" 200 3369 "https://portfolio.socialdigiinnovator.com/tag/minimal/" "Mozilla/5.0 (Linux; Android 6.0.1; Nexus 5X Build/MMB29P) AppleWebKit/537.36 (KHTML, like Gecko) Chrome/137.0.7151.68 Mobile Safari/537.36 (compatible; Googlebot/2.1; +http://www.google.com/bot.html)"
66.249.74.73 - - [20/Jun/2025:18:47:48 -0400] "GET /wp-content/themes/leverage/assets/js/vendor/animation.min.js?ver=2.1.3 HTTP/1.1" 200 4302 "https://portfolio.socialdigiinnovator.com/tag/minimal/" "Mozilla/5.0 (Linux; Android 6.0.1; Nexus 5X Build/MMB29P) AppleWebKit/537.36 (KHTML, like Gecko) Chrome/137.0.7151.68 Mobile Safari/537.36 (compatible; Googlebot/2.1; +http://www.google.com/bot.html)"
66.249.74.73 - - [20/Jun/2025:18:47:50 -0400] "GET /wp-content/themes/leverage/assets/js/vendor/jquery.inview.min.js?ver=2.1.3 HTTP/1.1" 200 680 "https://portfolio.socialdigiinnovator.com/tag/minimal/" "Mozilla/5.0 (Linux; Android 6.0.1; Nexus 5X Build/MMB29P) AppleWebKit/537.36 (KHTML, like Gecko) Chrome/137.0.7151.68 Mobile Safari/537.36 (compatible; Googlebot/2.1; +http://www.google.com/bot.html)"
185.191.171.6 - - [20/Jun/2025:19:45:07 -0400] "GET /worldlywise16406.html HTTP/1.1" 404 8752 "-" "Mozilla/5.0 (compatible; SemrushBot/7~bl; +http://www.semrush.com/bot.html)"
198.54.114.35 - - [20/Jun/2025:19:45:07 -0400] "POST /wp-cron.php?doing_wp_cron=1750463107.3916780948638916015625 HTTP/1.1" 200 0 "-" "WordPress/6.8.1; https://portfolio.socialdigiinnovator.com"
85.208.96.212 - - [20/Jun/2025:19:45:03 -0400] "GET /robots.txt HTTP/1.1" 200 109 "-" "Mozilla/5.0 (compatible; SemrushBot/7~bl; +http://www.semrush.com/bot.html)"
Copyright ©2k19 -
Hexid
|
Tex7ure