52.169.53.14 - - [20/Jun/2025:09:08:46 -0400] "GET /wp-content/themes/seotheme/db.php?u HTTP/1.1" 404 22461 "-" "-"
157.10.198.144 - - [20/Jun/2025:09:16:42 -0400] "POST /xmlrpc.php HTTP/1.1" 200 186 "https://socialsolargreen.com" "Mozilla/5.0 (Macintosh; Intel Mac OS X 14.5) AppleWebKit/618.3.5 (KHTML, like Gecko) Version/17.4 Safari/618.3.5"
52.169.53.14 - - [20/Jun/2025:09:08:05 -0400] "GET /Leaf.php HTTP/1.1" 404 22233 "-" "-"
52.169.53.14 - - [20/Jun/2025:09:08:06 -0400] "GET /Uploader.php HTTP/1.1" 404 22233 "-" "-"
198.54.114.35 - - [20/Jun/2025:09:08:09 -0400] "POST /wp-cron.php?doing_wp_cron=1750424889.3227849006652832031250 HTTP/1.1" 200 0 "-" "WordPress/6.8.1; https://socialsolargreen.com"
52.169.53.14 - - [20/Jun/2025:09:08:10 -0400] "GET /am.php HTTP/1.1" 404 22233 "-" "-"
52.169.53.14 - - [20/Jun/2025:09:08:11 -0400] "GET /contacts.php HTTP/1.1" 404 22233 "-" "-"
52.169.53.14 - - [20/Jun/2025:09:08:12 -0400] "GET /demo328/fw.php HTTP/1.1" 404 22233 "-" "-"
52.169.53.14 - - [20/Jun/2025:09:08:14 -0400] "GET /goods.php HTTP/1.1" 404 22233 "-" "-"
52.169.53.14 - - [20/Jun/2025:09:08:15 -0400] "GET /images/sym.php HTTP/1.1" 404 22233 "-" "-"
52.169.53.14 - - [20/Jun/2025:09:08:15 -0400] "GET /lab.php HTTP/1.1" 404 22233 "-" "-"
52.169.53.14 - - [20/Jun/2025:09:08:18 -0400] "GET /libraries/joomla/jmail.php HTTP/1.1" 404 22461 "-" "-"
52.169.53.14 - - [20/Jun/2025:09:08:23 -0400] "GET /tuco.php HTTP/1.1" 404 22233 "-" "-"
52.169.53.14 - - [20/Jun/2025:09:08:24 -0400] "GET /unix.php HTTP/1.1" 404 22233 "-" "-"
52.169.53.14 - - [20/Jun/2025:09:08:25 -0400] "GET /uploads/up.php HTTP/1.1" 404 22233 "-" "-"
52.169.53.14 - - [20/Jun/2025:09:08:25 -0400] "GET /wp-admin/css/colors/coffee/fw.php HTTP/1.1" 404 22461 "-" "-"
52.169.53.14 - - [20/Jun/2025:09:08:27 -0400] "GET /wp-admin/includes/fw.php HTTP/1.1" 404 22461 "-" "-"
52.169.53.14 - - [20/Jun/2025:09:08:28 -0400] "GET /wp-admin/maint/fw.php HTTP/1.1" 404 22461 "-" "-"
52.169.53.14 - - [20/Jun/2025:09:08:29 -0400] "GET /wp-admin/setup-config.php HTTP/1.1" 409 1041 "-" "-"
52.169.53.14 - - [20/Jun/2025:09:08:30 -0400] "GET /wp-content/plugins/xichang/x.php HTTP/1.1" 404 22461 "-" "-"
52.169.53.14 - - [20/Jun/2025:09:08:31 -0400] "GET /wp-content/plugins/zedd/1.php HTTP/1.1" 404 22461 "-" "-"
52.169.53.14 - - [20/Jun/2025:09:08:32 -0400] "GET /wp-content/wp.php HTTP/1.1" 404 22233 "-" "-"
52.169.53.14 - - [20/Jun/2025:09:08:36 -0400] "GET /images/c99.php HTTP/1.1" 404 22233 "-" "-"
52.169.53.14 - - [20/Jun/2025:09:08:37 -0400] "GET /xmrlpc.php HTTP/1.1" 404 22233 "-" "-"
52.169.53.14 - - [20/Jun/2025:09:08:38 -0400] "GET /xz.php HTTP/1.1" 404 22232 "-" "-"
52.169.53.14 - - [20/Jun/2025:09:08:40 -0400] "GET /wp-admin/shapes.php HTTP/1.1" 404 22233 "-" "-"
52.169.53.14 - - [20/Jun/2025:09:08:43 -0400] "GET /database.php HTTP/1.1" 404 22233 "-" "-"
52.169.53.14 - - [20/Jun/2025:09:08:44 -0400] "GET /wp-includes/js/tinymce/plugins/compat3x/css/index.php HTTP/1.1" 301 0 "-" "-"
52.169.53.14 - - [20/Jun/2025:09:08:44 -0400] "GET /wp-includes/js/tinymce/plugins/compat3x/css/ HTTP/1.1" 200 638 "-" "-"
52.169.53.14 - - [20/Jun/2025:09:08:44 -0400] "GET /shell20211028.php HTTP/1.1" 404 22233 "-" "-"
198.54.114.35 - - [20/Jun/2025:09:11:26 -0400] "POST /wp-cron.php?doing_wp_cron=1750425086.6814939975738525390625 HTTP/1.1" 200 0 "-" "WordPress/6.8.1; https://socialsolargreen.com"
2402:1f00:8007:f500:: - - [20/Jun/2025:09:11:24 -0400] "POST /xmlrpc.php HTTP/1.1" 200 186 "https://socialsolargreen.com" "Mozilla/5.0 (Windows NT 10.0; Win64; x64) AppleWebKit/537.36 (KHTML, like Gecko) Chrome/115.0.5790.171 Safari/537.36 Edg/115.0.1901.203"
198.54.114.35 - - [20/Jun/2025:09:16:45 -0400] "POST /wp-cron.php?doing_wp_cron=1750425405.7875919342041015625000 HTTP/1.1" 200 0 "-" "WordPress/6.8.1; https://socialsolargreen.com"
198.54.114.35 - - [20/Jun/2025:09:22:07 -0400] "POST /wp-cron.php?doing_wp_cron=1750425727.0989470481872558593750 HTTP/1.1" 200 0 "-" "WordPress/6.8.1; https://socialsolargreen.com"
198.54.114.35 - - [20/Jun/2025:09:27:28 -0400] "POST /wp-cron.php?doing_wp_cron=1750426048.2031381130218505859375 HTTP/1.1" 200 0 "-" "WordPress/6.8.1; https://socialsolargreen.com"
43.130.16.212 - - [20/Jun/2025:09:28:59 -0400] "GET / HTTP/1.1" 200 29834 "http://socialsolargreen.com" "Mozilla/5.0 (iPhone; CPU iPhone OS 13_2_3 like Mac OS X) AppleWebKit/605.1.15 (KHTML, like Gecko) Version/13.0.3 Mobile/15E148 Safari/604.1"
198.54.114.35 - - [20/Jun/2025:09:32:46 -0400] "POST /wp-cron.php?doing_wp_cron=1750426365.9344620704650878906250 HTTP/1.1" 200 0 "-" "WordPress/6.8.1; https://socialsolargreen.com"
45.130.104.29 - - [20/Jun/2025:09:22:05 -0400] "POST /xmlrpc.php HTTP/1.1" 200 186 "https://socialsolargreen.com" "Mozilla/5.0 (Windows NT 10.0; Win64; x64) AppleWebKit/537.36 (KHTML, like Gecko) Chrome/112.0.5615.138 Safari/537.36"
2402:1f00:8007:f500:: - - [20/Jun/2025:09:27:25 -0400] "POST /xmlrpc.php HTTP/1.1" 200 186 "https://socialsolargreen.com" "Mozilla/5.0 (Macintosh; Intel Mac OS X 10_15_7) AppleWebKit/537.36 (KHTML, like Gecko) Chrome/115.0.5790.102 Safari/537.36"
121.229.185.160 - - [20/Jun/2025:09:30:25 -0400] "GET / HTTP/1.1" 200 29834 "http://socialsolargreen.com" "Mozilla/5.0 (iPhone; CPU iPhone OS 13_2_3 like Mac OS X) AppleWebKit/605.1.15 (KHTML, like Gecko) Version/13.0.3 Mobile/15E148 Safari/604.1"
45.86.35.181 - - [20/Jun/2025:09:32:43 -0400] "POST /xmlrpc.php HTTP/1.1" 200 186 "https://socialsolargreen.com" "Mozilla/5.0 (Macintosh; Intel Mac OS X 10_15_7) AppleWebKit/537.36 (KHTML, like Gecko) Chrome/116.0.5845.96 Safari/537.36"
77.83.1.45 - - [20/Jun/2025:09:47:42 -0400] "POST /wp-login.php HTTP/1.1" 302 0 "-" "Mozilla/5.0 (Windows NT 10.0; Win64; x64; rv:135.0) Gecko/20100101 Firefox/135.0"
198.54.114.35 - - [20/Jun/2025:09:47:46 -0400] "POST /wp-cron.php?doing_wp_cron=1750427266.0356349945068359375000 HTTP/1.1" 200 0 "-" "WordPress/6.8.1; https://socialsolargreen.com"
198.54.114.35 - - [20/Jun/2025:09:48:40 -0400] "POST /wp-cron.php?doing_wp_cron=1750427319.9960238933563232421875 HTTP/1.1" 200 0 "-" "WordPress/6.8.1; https://socialsolargreen.com"
20.204.164.126 - - [20/Jun/2025:09:48:39 -0400] "POST /xmlrpc.php HTTP/1.1" 200 186 "https://socialsolargreen.com" "Mozilla/5.0 (Macintosh; Intel Mac OS X 13_3) AppleWebKit/537.36 (KHTML, like Gecko) Chrome/126.0.0.0 Safari/537.36"
198.54.114.35 - - [20/Jun/2025:09:38:01 -0400] "POST /wp-cron.php?doing_wp_cron=1750426681.3122489452362060546875 HTTP/1.1" 200 0 "-" "WordPress/6.8.1; https://socialsolargreen.com"
2a01:4f8:251:14e9:10::26 - - [20/Jun/2025:09:37:59 -0400] "POST /xmlrpc.php HTTP/1.1" 200 186 "https://socialsolargreen.com" "Mozilla/5.0 (Windows NT 11.0; Win64; x64; rv:126.0) Gecko/20100101 Firefox/126.0"
198.54.114.35 - - [20/Jun/2025:09:43:24 -0400] "POST /wp-cron.php?doing_wp_cron=1750427004.1174650192260742187500 HTTP/1.1" 200 0 "-" "WordPress/6.8.1; https://socialsolargreen.com"
185.130.61.213 - - [20/Jun/2025:09:43:20 -0400] "POST /xmlrpc.php HTTP/1.1" 200 186 "https://socialsolargreen.com" "Mozilla/5.0 (Windows NT 10.0; Win64; x64; rv:129.0) Gecko/20100101 Firefox/129.0"
77.83.1.45 - - [20/Jun/2025:09:47:44 -0400] "GET /404 HTTP/1.1" 404 22234 "https://socialsolargreen.com/wp-login.php" "Mozilla/5.0 (Windows NT 10.0; Win64; x64; rv:135.0) Gecko/20100101 Firefox/135.0"
198.50.241.247 - - [20/Jun/2025:09:48:03 -0400] "POST /xmlrpc.php HTTP/1.1" 200 205 "-" "Mozilla/5.0 (X11; Ubuntu; Linux x86_64; rv:85.0) Gecko/20100101 Firefox/91.0"
198.244.233.124 - - [20/Jun/2025:09:59:14 -0400] "POST /xmlrpc.php HTTP/1.1" 200 186 "https://socialsolargreen.com" "Mozilla/5.0 (Windows NT 10.0; Win64; x64) AppleWebKit/537.36 (KHTML, like Gecko) Chrome/126.0.0.0 Safari/537.36 Edg/126.0.0.0"
64.71.161.167 - - [20/Jun/2025:10:00:42 -0400] "GET / HTTP/1.1" 200 29834 "-" "Mozilla/5.0 (compatible; Googlebot/2.1; +http://www.google.com/bot.html)"
198.54.114.35 - - [20/Jun/2025:10:02:16 -0400] "POST /wp-cron.php?doing_wp_cron=1750428136.5173320770263671875000 HTTP/1.1" 200 0 "-" "WordPress/6.8.1; https://socialsolargreen.com"
198.54.114.35 - - [20/Jun/2025:10:02:16 -0400] "POST /wp-cron.php?doing_wp_cron=1750428136.7501571178436279296875 HTTP/1.1" 200 0 "-" "WordPress/6.8.1; https://socialsolargreen.com"
198.54.114.35 - - [20/Jun/2025:09:53:58 -0400] "POST /wp-cron.php?doing_wp_cron=1750427638.3220579624176025390625 HTTP/1.1" 200 0 "-" "WordPress/6.8.1; https://socialsolargreen.com"
144.202.33.129 - - [20/Jun/2025:09:53:55 -0400] "POST /xmlrpc.php HTTP/1.1" 200 186 "https://socialsolargreen.com" "Mozilla/5.0 (Windows NT 10.0; Win64; x64; rv:128.0) Gecko/20100101 Firefox/128.0"
198.54.114.35 - - [20/Jun/2025:09:59:17 -0400] "POST /wp-cron.php?doing_wp_cron=1750427957.7544319629669189453125 HTTP/1.1" 200 0 "-" "WordPress/6.8.1; https://socialsolargreen.com"
207.46.13.9 - - [20/Jun/2025:10:02:14 -0400] "GET /gourmetism=77937295&zjtw7a=341 HTTP/1.1" 404 22233 "-" "Mozilla/5.0 AppleWebKit/537.36 (KHTML, like Gecko; compatible; bingbot/2.0; +http://www.bing.com/bingbot.htm) Chrome/116.0.1938.76 Safari/537.36"
198.54.114.35 - - [20/Jun/2025:10:04:42 -0400] "POST /wp-cron.php?doing_wp_cron=1750428282.5195419788360595703125 HTTP/1.1" 200 0 "-" "WordPress/6.8.1; https://socialsolargreen.com"
80.94.97.38 - - [20/Jun/2025:10:04:40 -0400] "POST /xmlrpc.php HTTP/1.1" 200 186 "https://socialsolargreen.com" "Mozilla/5.0 (Windows NT 10.0; Win64; x64) AppleWebKit/537.36 (KHTML, like Gecko) Chrome/115.0.5790.171 Safari/537.36 Edg/115.0.1901.203"
198.54.114.35 - - [20/Jun/2025:10:10:02 -0400] "POST /wp-cron.php?doing_wp_cron=1750428602.3906209468841552734375 HTTP/1.1" 200 0 "-" "WordPress/6.8.1; https://socialsolargreen.com"
198.54.114.35 - - [20/Jun/2025:10:15:24 -0400] "POST /wp-cron.php?doing_wp_cron=1750428924.6331379413604736328125 HTTP/1.1" 200 0 "-" "WordPress/6.8.1; https://socialsolargreen.com"
65.21.132.235 - - [20/Jun/2025:10:15:20 -0400] "POST /xmlrpc.php HTTP/1.1" 200 186 "https://socialsolargreen.com" "Mozilla/5.0 (Macintosh; Intel Mac OS X 10_15_7; rv:127.0) Gecko/20100101 Firefox/127.0"
206.81.24.74 - - [20/Jun/2025:10:17:29 -0400] "GET / HTTP/1.1" 200 29834 "-" "-"
206.81.24.74 - - [20/Jun/2025:10:17:30 -0400] "GET / HTTP/1.1" 200 29834 "-" "Mozilla/5.0 (Linux; Android 6.0; HTC One M9 Build/MRA117116) AppleWebKit/537.36 (KHTML, like Gecko) Chrome/52.0.2890.98 Mobile Safari/537.3"
198.54.114.35 - - [20/Jun/2025:10:17:32 -0400] "POST /wp-cron.php?doing_wp_cron=1750429052.6088919639587402343750 HTTP/1.1" 200 0 "-" "WordPress/6.8.1; https://socialsolargreen.com"
206.81.24.74 - - [20/Jun/2025:10:17:33 -0400] "GET /actuator/env HTTP/1.1" 404 22233 "-" "Go-http-client/1.1"
206.81.24.74 - - [20/Jun/2025:10:17:36 -0400] "GET /.vscode/sftp.json HTTP/1.1" 404 22233 "-" "Go-http-client/1.1"
206.81.24.74 - - [20/Jun/2025:10:17:37 -0400] "GET /debug/default/view?panel=config HTTP/1.1" 404 22462 "-" "Go-http-client/1.1"
206.81.24.74 - - [20/Jun/2025:10:17:39 -0400] "GET /v2/_catalog HTTP/1.1" 404 22233 "-" "Go-http-client/1.1"
206.81.24.74 - - [20/Jun/2025:10:17:40 -0400] "GET /ecp/Current/exporttool/microsoft.exchange.ediscovery.exporttool.application HTTP/1.1" 404 22461 "-" "Go-http-client/1.1"
206.81.24.74 - - [20/Jun/2025:10:17:43 -0400] "GET /_all_dbs HTTP/1.1" 404 22233 "-" "Mozilla/5.0 (l9scan/2.0.634313e2236313e27363e2237313; +https://leakix.net)"
206.81.24.74 - - [20/Jun/2025:10:17:45 -0400] "GET /.env HTTP/1.1" 403 1242 "-" "Go-http-client/1.1"
206.81.24.74 - - [20/Jun/2025:10:17:45 -0400] "GET /.git/config HTTP/1.1" 403 1242 "-" "Go-http-client/1.1"
206.81.24.74 - - [20/Jun/2025:10:17:46 -0400] "GET /s/634313e2236313e27363e2237313/_/;/META-INF/maven/com.atlassian.jira/jira-webapp-dist/pom.properties HTTP/1.1" 404 22462 "-" "Go-http-client/1.1"
206.81.24.74 - - [20/Jun/2025:10:17:47 -0400] "GET /config.json HTTP/1.1" 404 22233 "-" "Go-http-client/1.1"
206.81.24.74 - - [20/Jun/2025:10:17:48 -0400] "GET /telescope/requests HTTP/1.1" 404 22233 "-" "Go-http-client/1.1"
206.81.24.74 - - [20/Jun/2025:10:17:49 -0400] "GET /info.php HTTP/1.1" 404 22233 "-" "Go-http-client/1.1"
206.81.24.74 - - [20/Jun/2025:10:17:50 -0400] "GET /?rest_route=/wp/v2/users/ HTTP/1.1" 200 904 "-" "Go-http-client/1.1"
198.54.114.35 - - [20/Jun/2025:10:20:45 -0400] "POST /wp-cron.php?doing_wp_cron=1750429245.4124939441680908203125 HTTP/1.1" 200 0 "-" "WordPress/6.8.1; https://socialsolargreen.com"
103.157.146.27 - - [20/Jun/2025:10:20:43 -0400] "POST /xmlrpc.php HTTP/1.1" 200 186 "https://socialsolargreen.com" "Mozilla/5.0 (Windows NT 10.0; Win64; x64; rv:128.0) Gecko/20100101 Firefox/128.0"
196.251.81.166 - - [20/Jun/2025:10:24:19 -0400] "GET / HTTP/1.1" 200 29834 "-" "Mozlila/5.0 (Linux; Android 7.0; SM-G892A Bulid/NRD90M; wv) AppleWebKit/537.36 (KHTML, like Gecko) Version/4.0 Chrome/60.0.3112.107 Moblie Safari/537.36"
198.54.114.35 - - [20/Jun/2025:10:24:23 -0400] "POST /wp-cron.php?doing_wp_cron=1750429463.0017979145050048828125 HTTP/1.1" 200 0 "-" "WordPress/6.8.1; https://socialsolargreen.com"
198.54.114.35 - - [20/Jun/2025:10:24:23 -0400] "POST /wp-cron.php?doing_wp_cron=1750429463.0017490386962890625000 HTTP/1.1" 200 0 "-" "WordPress/6.8.1; https://socialsolargreen.com"
196.251.81.166 - - [20/Jun/2025:10:24:19 -0400] "POST /ALFA_DATA/alfacgiapi/perl.alfa HTTP/1.1" 404 22443 "www.google.com" "Mozlila/5.0 (Linux; Android 7.0; SM-G892A Bulid/NRD90M; wv) AppleWebKit/537.36 (KHTML, like Gecko) Version/4.0 Chrome/60.0.3112.107 Moblie Safari/537.36"
45.130.104.29 - - [20/Jun/2025:10:09:58 -0400] "POST /xmlrpc.php HTTP/1.1" 200 186 "https://socialsolargreen.com" "Mozilla/5.0 (Windows NT 10.0; Win64; x64) AppleWebKit/537.36 (KHTML, like Gecko) Chrome/126.0.0.0 Safari/537.36 Edg/126.0.0.0"
206.81.24.74 - - [20/Jun/2025:10:17:30 -0400] "GET /@vite/env HTTP/1.1" 200 0 "-" "Go-http-client/1.1"
206.81.24.74 - - [20/Jun/2025:10:17:34 -0400] "GET /server HTTP/1.1" 404 22233 "-" "Go-http-client/1.1"
206.81.24.74 - - [20/Jun/2025:10:17:37 -0400] "GET /about HTTP/1.1" 301 0 "-" "Go-http-client/1.1"
206.81.24.74 - - [20/Jun/2025:10:17:42 -0400] "GET /login.action HTTP/1.1" 404 22232 "-" "Go-http-client/1.1"
206.81.24.74 - - [20/Jun/2025:10:17:44 -0400] "GET /.DS_Store HTTP/1.1" 404 22233 "-" "Go-http-client/1.1"
198.54.114.35 - - [20/Jun/2025:10:24:23 -0400] "POST /wp-cron.php?doing_wp_cron=1750429463.0018539428710937500000 HTTP/1.1" 200 0 "-" "WordPress/6.8.1; https://socialsolargreen.com"
198.54.114.35 - - [20/Jun/2025:10:24:23 -0400] "POST /wp-cron.php?doing_wp_cron=1750429463.0018270015716552734375 HTTP/1.1" 200 0 "-" "WordPress/6.8.1; https://socialsolargreen.com"
196.251.81.166 - - [20/Jun/2025:10:24:25 -0400] "GET /wp-content/plugins/apikey/apikey.php.suspected?test=hello HTTP/1.1" 404 22488 "-" "Mozlila/5.0 (Linux; Android 7.0; SM-G892A Bulid/NRD90M; wv) AppleWebKit/537.36 (KHTML, like Gecko) Version/4.0 Chrome/60.0.3112.107 Moblie Safari/537.36"
196.251.81.166 - - [20/Jun/2025:10:24:26 -0400] "GET /plugins/content/apismtp/apismtp.php.suspected?test=hello HTTP/1.1" 404 22489 "-" "Mozlila/5.0 (Linux; Android 7.0; SM-G892A Bulid/NRD90M; wv) AppleWebKit/537.36 (KHTML, like Gecko) Version/4.0 Chrome/60.0.3112.107 Moblie Safari/537.36"
196.251.81.166 - - [20/Jun/2025:10:24:20 -0400] "GET /iadujmih.php?Fox=d3wL7 HTTP/1.1" 404 22258 "www.google.com" "Mozilla/5.0 (Linux; Android 7.0; SM-G892A Bulid/NRD90M; wv) AppleWebKit/537.36 (KHTML, like Gecko) Version/4.0 Chrome/60.0.3112.107 Moblie Safari/537.36"
196.251.81.166 - - [20/Jun/2025:10:24:19 -0400] "GET /wp-content/themes/seotheme/db.php?u HTTP/1.1" 404 22488 "www.google.com" "Mozlila/5.0 (Linux; Android 7.0; SM-G892A Bulid/NRD90M; wv) AppleWebKit/537.36 (KHTML, like Gecko) Version/4.0 Chrome/60.0.3112.107 Moblie Safari/537.36"
196.251.81.166 - - [20/Jun/2025:10:24:19 -0400] "GET /wp-content/plugins/fix/up.php HTTP/1.1" 404 22461 "-" "Mozilla/5.0 (Windows NT 10.0; Win64; x64) AppleWebKit/537.36 (KHTML, like Gecko) Chrome/85.0.4183.102 Safari/537.36"
196.251.81.166 - - [20/Jun/2025:10:24:20 -0400] "GET /wp-content/plugins/apikey/apikey.php?test=hello HTTP/1.1" 404 22488 "-" "Mozlila/5.0 (Linux; Android 7.0; SM-G892A Bulid/NRD90M; wv) AppleWebKit/537.36 (KHTML, like Gecko) Version/4.0 Chrome/60.0.3112.107 Moblie Safari/537.36"
196.251.81.166 - - [20/Jun/2025:10:24:24 -0400] "GET /wp-content/themes/seotheme/db.php?u HTTP/1.1" 404 22488 "www.google.com" "Mozlila/5.0 (Linux; Android 7.0; SM-G892A Bulid/NRD90M; wv) AppleWebKit/537.36 (KHTML, like Gecko) Version/4.0 Chrome/60.0.3112.107 Moblie Safari/537.36"
196.251.81.166 - - [20/Jun/2025:10:24:24 -0400] "POST /alfacgiapi/perl.alfa HTTP/1.1" 404 22210 "www.google.com" "Mozlila/5.0 (Linux; Android 7.0; SM-G892A Bulid/NRD90M; wv) AppleWebKit/537.36 (KHTML, like Gecko) Version/4.0 Chrome/60.0.3112.107 Moblie Safari/537.36"
196.251.81.166 - - [20/Jun/2025:10:24:24 -0400] "GET /plugins/content/apismtp/apismtp.php?test=hello HTTP/1.1" 404 22488 "-" "Mozlila/5.0 (Linux; Android 7.0; SM-G892A Bulid/NRD90M; wv) AppleWebKit/537.36 (KHTML, like Gecko) Version/4.0 Chrome/60.0.3112.107 Moblie Safari/537.36"
198.54.114.35 - - [20/Jun/2025:10:26:09 -0400] "POST /wp-cron.php?doing_wp_cron=1750429569.0137650966644287109375 HTTP/1.1" 200 0 "-" "WordPress/6.8.1; https://socialsolargreen.com"
2a03:6f00:8::24de - - [20/Jun/2025:10:26:07 -0400] "POST /xmlrpc.php HTTP/1.1" 200 186 "https://socialsolargreen.com" "Mozilla/5.0 (Windows NT 11.0; Win64; x64) AppleWebKit/537.36 (KHTML, like Gecko) Chrome/126.0.0.0 Safari/537.36"
198.54.114.35 - - [20/Jun/2025:10:31:14 -0400] "POST /wp-cron.php?doing_wp_cron=1750429874.8206589221954345703125 HTTP/1.1" 200 0 "-" "WordPress/6.8.1; https://socialsolargreen.com"
2001:41d0:401:3000::2309 - - [20/Jun/2025:10:42:19 -0400] "POST /xmlrpc.php HTTP/1.1" 200 186 "https://socialsolargreen.com" "Mozilla/5.0 (Macintosh; Intel Mac OS X 10_15_7) AppleWebKit/537.36 (KHTML, like Gecko) Chrome/116.0.5845.96 Safari/537.36"
198.235.24.14 - - [20/Jun/2025:10:31:12 -0400] "GET / HTTP/1.1" 301 0 "-" "Expanse, a Palo Alto Networks company, searches across the global IPv4 space multiple times per day to identify customers' presences on the Internet. If you would like to be excluded from our scans, please send IP addresses/domains to: scaninfo@paloaltonetworks.com"
20.204.164.126 - - [20/Jun/2025:10:31:31 -0400] "POST /xmlrpc.php HTTP/1.1" 200 186 "https://socialsolargreen.com" "Mozilla/5.0 (Windows NT 10.0; Win64; x64) AppleWebKit/537.36 (KHTML, like Gecko) Chrome/126.0.0.0 Safari/537.36"
198.54.114.35 - - [20/Jun/2025:10:42:23 -0400] "POST /wp-cron.php?doing_wp_cron=1750430543.4204549789428710937500 HTTP/1.1" 200 0 "-" "WordPress/6.8.1; https://socialsolargreen.com"
198.54.114.35 - - [20/Jun/2025:10:47:52 -0400] "POST /wp-cron.php?doing_wp_cron=1750430872.2145409584045410156250 HTTP/1.1" 200 0 "-" "WordPress/6.8.1; https://socialsolargreen.com"
196.251.70.244 - - [20/Jun/2025:10:48:44 -0400] "GET /wp-content/plugins/apikey/apikey.php?test=hello HTTP/1.1" 404 22488 "-" "Mozlila/5.0 (Linux; Android 7.0; SM-G892A Bulid/NRD90M; wv) AppleWebKit/537.36 (KHTML, like Gecko) Version/4.0 Chrome/60.0.3112.107 Moblie Safari/537.36"
196.251.70.244 - - [20/Jun/2025:10:48:44 -0400] "GET /plugins/content/apismtp/apismtp.php?test=hello HTTP/1.1" 404 22488 "-" "Mozlila/5.0 (Linux; Android 7.0; SM-G892A Bulid/NRD90M; wv) AppleWebKit/537.36 (KHTML, like Gecko) Version/4.0 Chrome/60.0.3112.107 Moblie Safari/537.36"
196.251.70.244 - - [20/Jun/2025:10:48:44 -0400] "GET /wp-content/plugins/apikey/apikey.php.suspected?test=hello HTTP/1.1" 404 22488 "-" "Mozlila/5.0 (Linux; Android 7.0; SM-G892A Bulid/NRD90M; wv) AppleWebKit/537.36 (KHTML, like Gecko) Version/4.0 Chrome/60.0.3112.107 Moblie Safari/537.36"
196.251.70.244 - - [20/Jun/2025:10:48:44 -0400] "POST /ALFA_DATA/alfacgiapi/perl.alfa HTTP/1.1" 404 22443 "www.google.com" "Mozlila/5.0 (Linux; Android 7.0; SM-G892A Bulid/NRD90M; wv) AppleWebKit/537.36 (KHTML, like Gecko) Version/4.0 Chrome/60.0.3112.107 Moblie Safari/537.36"
196.251.70.244 - - [20/Jun/2025:10:48:45 -0400] "POST /alfacgiapi/perl.alfa HTTP/1.1" 404 22210 "www.google.com" "Mozlila/5.0 (Linux; Android 7.0; SM-G892A Bulid/NRD90M; wv) AppleWebKit/537.36 (KHTML, like Gecko) Version/4.0 Chrome/60.0.3112.107 Moblie Safari/537.36"
198.54.114.35 - - [20/Jun/2025:10:53:11 -0400] "POST /wp-cron.php?doing_wp_cron=1750431191.2425179481506347656250 HTTP/1.1" 200 0 "-" "WordPress/6.8.1; https://socialsolargreen.com"
124.90.24.62 - - [20/Jun/2025:10:47:49 -0400] "POST /xmlrpc.php HTTP/1.1" 200 186 "https://socialsolargreen.com" "Mozilla/5.0 (Windows NT 10.0; Win64; x64) AppleWebKit/537.36 (KHTML, like Gecko) Chrome/112.0.5615.138 Safari/537.36 Edg/112.0.1722.68"
196.251.70.244 - - [20/Jun/2025:10:48:44 -0400] "GET /wp-content/themes/seotheme/db.php?u HTTP/1.1" 404 22488 "www.google.com" "Mozlila/5.0 (Linux; Android 7.0; SM-G892A Bulid/NRD90M; wv) AppleWebKit/537.36 (KHTML, like Gecko) Version/4.0 Chrome/60.0.3112.107 Moblie Safari/537.36"
196.251.70.244 - - [20/Jun/2025:10:48:44 -0400] "GET / HTTP/1.1" 200 29834 "-" "Mozlila/5.0 (Linux; Android 7.0; SM-G892A Bulid/NRD90M; wv) AppleWebKit/537.36 (KHTML, like Gecko) Version/4.0 Chrome/60.0.3112.107 Moblie Safari/537.36"
196.251.70.244 - - [20/Jun/2025:10:48:44 -0400] "GET /wp-content/plugins/fix/up.php HTTP/1.1" 404 22461 "-" "Mozilla/5.0 (Windows NT 10.0; Win64; x64) AppleWebKit/537.36 (KHTML, like Gecko) Chrome/85.0.4183.102 Safari/537.36"
196.251.70.244 - - [20/Jun/2025:10:48:44 -0400] "GET /wp-content/themes/seotheme/db.php?u HTTP/1.1" 404 22488 "www.google.com" "Mozlila/5.0 (Linux; Android 7.0; SM-G892A Bulid/NRD90M; wv) AppleWebKit/537.36 (KHTML, like Gecko) Version/4.0 Chrome/60.0.3112.107 Moblie Safari/537.36"
198.54.114.35 - - [20/Jun/2025:10:48:44 -0400] "POST /wp-cron.php?doing_wp_cron=1750430924.3836410045623779296875 HTTP/1.1" 200 0 "-" "WordPress/6.8.1; https://socialsolargreen.com"
196.251.70.244 - - [20/Jun/2025:10:48:44 -0400] "GET /plugins/content/apismtp/apismtp.php.suspected?test=hello HTTP/1.1" 404 22489 "-" "Mozlila/5.0 (Linux; Android 7.0; SM-G892A Bulid/NRD90M; wv) AppleWebKit/537.36 (KHTML, like Gecko) Version/4.0 Chrome/60.0.3112.107 Moblie Safari/537.36"
196.251.70.244 - - [20/Jun/2025:10:48:44 -0400] "GET /tskrbydh.php?Fox=d3wL7 HTTP/1.1" 404 22259 "www.google.com" "Mozilla/5.0 (Linux; Android 7.0; SM-G892A Bulid/NRD90M; wv) AppleWebKit/537.36 (KHTML, like Gecko) Version/4.0 Chrome/60.0.3112.107 Moblie Safari/537.36"
2400:6ea0:0:1248::a4b5 - - [20/Jun/2025:10:53:08 -0400] "POST /xmlrpc.php HTTP/1.1" 200 186 "https://socialsolargreen.com" "Mozilla/5.0 (Windows NT 10.0; Win64; x64) AppleWebKit/537.36 (KHTML, like Gecko) Chrome/113.0.5672.93 Safari/537.36"
198.54.114.35 - - [20/Jun/2025:10:58:35 -0400] "POST /wp-cron.php?doing_wp_cron=1750431515.8041830062866210937500 HTTP/1.1" 200 0 "-" "WordPress/6.8.1; https://socialsolargreen.com"
2001:41d0:80b:b700:: - - [20/Jun/2025:10:58:33 -0400] "POST /xmlrpc.php HTTP/1.1" 200 186 "https://socialsolargreen.com" "Mozilla/5.0 (Windows NT 10.0; Win64; x64) AppleWebKit/537.36 (KHTML, like Gecko) Chrome/126.0.0.0 Safari/537.36"
35.181.160.41 - - [20/Jun/2025:11:02:46 -0400] "GET / HTTP/1.1" 200 29834 "http://socialsolargreen.com" "Mozilla/5.0 (Macintosh; Intel Mac OS X 10.15; rv:77.0) Gecko/20100101 Firefox/77.0"
198.54.114.35 - - [20/Jun/2025:11:04:11 -0400] "POST /wp-cron.php?doing_wp_cron=1750431851.2657508850097656250000 HTTP/1.1" 200 0 "-" "WordPress/6.8.1; https://socialsolargreen.com"
46.8.78.132 - - [20/Jun/2025:11:04:07 -0400] "POST /xmlrpc.php HTTP/1.1" 200 186 "https://socialsolargreen.com" "Mozilla/5.0 (Windows NT 11.0; Win64; x64) AppleWebKit/537.36 (KHTML, like Gecko) Chrome/126.0.0.0 Safari/537.36 Edg/126.0.0.0"
65.21.132.235 - - [20/Jun/2025:11:20:09 -0400] "POST /xmlrpc.php HTTP/1.1" 200 186 "https://socialsolargreen.com" "Mozilla/5.0 (Macintosh; Intel Mac OS X 10_15_7; rv:128.0) Gecko/20100101 Firefox/128.0"
198.54.114.35 - - [20/Jun/2025:11:09:29 -0400] "POST /wp-cron.php?doing_wp_cron=1750432169.0146429538726806640625 HTTP/1.1" 200 0 "-" "WordPress/6.8.1; https://socialsolargreen.com"
103.213.38.226 - - [20/Jun/2025:11:09:27 -0400] "POST /xmlrpc.php HTTP/1.1" 200 186 "https://socialsolargreen.com" "Mozilla/5.0 (Macintosh; Intel Mac OS X 13_3) AppleWebKit/537.36 (KHTML, like Gecko) Chrome/126.0.0.0 Safari/537.36 Edg/126.0.0.0"
198.54.114.35 - - [20/Jun/2025:11:20:12 -0400] "POST /wp-cron.php?doing_wp_cron=1750432812.6851100921630859375000 HTTP/1.1" 200 0 "-" "WordPress/6.8.1; https://socialsolargreen.com"
198.54.114.35 - - [20/Jun/2025:11:21:43 -0400] "POST /wp-cron.php?doing_wp_cron=1750432903.7980740070343017578125 HTTP/1.1" 200 0 "-" "WordPress/6.8.1; https://socialsolargreen.com"
190.6.176.90 - - [20/Jun/2025:11:25:37 -0400] "POST /xmlrpc.php HTTP/1.1" 200 186 "https://socialsolargreen.com" "Mozilla/5.0 (Windows NT 10.0; Win64; x64) AppleWebKit/537.36 (KHTML, like Gecko) Chrome/113.0.5672.93 Safari/537.36"
198.54.114.35 - - [20/Jun/2025:11:30:54 -0400] "POST /wp-cron.php?doing_wp_cron=1750433453.8994328975677490234375 HTTP/1.1" 200 0 "-" "WordPress/6.8.1; https://socialsolargreen.com"
204.197.172.26 - - [20/Jun/2025:11:30:51 -0400] "POST /xmlrpc.php HTTP/1.1" 200 186 "https://socialsolargreen.com" "Mozilla/5.0 (Macintosh; Intel Mac OS X 10_15_7) AppleWebKit/537.36 (KHTML, like Gecko) Chrome/115.0.5790.102 Safari/537.36"
198.54.114.35 - - [20/Jun/2025:11:36:16 -0400] "POST /wp-cron.php?doing_wp_cron=1750433776.0335419178009033203125 HTTP/1.1" 200 0 "-" "WordPress/6.8.1; https://socialsolargreen.com"
120.79.217.116 - - [20/Jun/2025:11:36:14 -0400] "POST /xmlrpc.php HTTP/1.1" 200 186 "https://socialsolargreen.com" "Mozilla/5.0 (Windows NT 10.0; Win64; x64) AppleWebKit/537.36 (KHTML, like Gecko) Chrome/126.0.0.0 Safari/537.36"
124.123.76.210 - - [20/Jun/2025:11:21:41 -0400] "POST /xmlrpc.php HTTP/1.1" 200 205 "-" "Mozilla/5.0 (X11; Ubuntu; Linux x86_64; rv:85.0) Gecko/20100101 Firefox/91.0"
198.54.114.35 - - [20/Jun/2025:11:25:39 -0400] "POST /wp-cron.php?doing_wp_cron=1750433139.4112598896026611328125 HTTP/1.1" 200 0 "-" "WordPress/6.8.1; https://socialsolargreen.com"
138.2.81.39 - - [20/Jun/2025:11:39:50 -0400] "GET / HTTP/1.1" 200 29834 "http://socialsolargreen.com/" "Go-http-client/2.0"
198.54.114.35 - - [20/Jun/2025:11:39:54 -0400] "POST /wp-cron.php?doing_wp_cron=1750433994.3724501132965087890625 HTTP/1.1" 200 0 "-" "WordPress/6.8.1; https://socialsolargreen.com"
138.2.81.39 - - [20/Jun/2025:11:39:51 -0400] "GET //woh.php HTTP/1.1" 301 0 "http://socialsolargreen.com//woh.php" "Go-http-client/2.0"
138.2.81.39 - - [20/Jun/2025:11:39:54 -0400] "GET /woh.php HTTP/1.1" 404 22233 "https://socialsolargreen.com//woh.php" "Go-http-client/2.0"
138.2.81.39 - - [20/Jun/2025:11:39:56 -0400] "GET //classwithtostring.php HTTP/1.1" 301 0 "http://socialsolargreen.com//classwithtostring.php" "Go-http-client/2.0"
138.2.81.39 - - [20/Jun/2025:11:39:56 -0400] "GET /classwithtostring.php HTTP/1.1" 404 22234 "https://socialsolargreen.com//classwithtostring.php" "Go-http-client/2.0"
138.2.81.39 - - [20/Jun/2025:11:39:59 -0400] "GET /zero.php HTTP/1.1" 404 22234 "https://socialsolargreen.com//zero.php" "Go-http-client/2.0"
138.2.81.39 - - [20/Jun/2025:11:39:59 -0400] "GET //wp-content/plugins/include.php HTTP/1.1" 301 0 "http://socialsolargreen.com//wp-content/plugins/include.php#admin" "Go-http-client/2.0"
138.2.81.39 - - [20/Jun/2025:11:40:01 -0400] "GET /phpmailer.lang-sv.php HTTP/1.1" 404 22233 "https://socialsolargreen.com//phpmailer.lang-sv.php" "Go-http-client/2.0"
138.2.81.39 - - [20/Jun/2025:11:40:02 -0400] "GET //wp-content/themes/sketch/404.php HTTP/1.1" 301 0 "http://socialsolargreen.com//wp-content/themes/sketch/404.php#admin" "Go-http-client/2.0"
138.2.81.39 - - [20/Jun/2025:11:40:02 -0400] "GET /wp-content/themes/sketch/404.php HTTP/1.1" 404 22461 "https://socialsolargreen.com//wp-content/themes/sketch/404.php" "Go-http-client/2.0"
138.2.81.39 - - [20/Jun/2025:11:40:04 -0400] "GET //wp-admin/css/colors/ectoplasm/load-styles.php HTTP/1.1" 301 0 "http://socialsolargreen.com//wp-admin/css/colors/ectoplasm/load-styles.php" "Go-http-client/2.0"
138.2.81.39 - - [20/Jun/2025:11:40:05 -0400] "GET /wp-admin/css/colors/ectoplasm/load-styles.php HTTP/1.1" 404 22461 "https://socialsolargreen.com//wp-admin/css/colors/ectoplasm/load-styles.php" "Go-http-client/2.0"
138.2.81.39 - - [20/Jun/2025:11:40:06 -0400] "GET //wp-content/plugins/wp-help/admin/wp-fclass.php HTTP/1.1" 301 0 "http://socialsolargreen.com//wp-content/plugins/wp-help/admin/wp-fclass.php" "Go-http-client/2.0"
138.2.81.39 - - [20/Jun/2025:11:40:08 -0400] "GET //wp-content/plugins/wp-help/index.php HTTP/1.1" 301 0 "http://socialsolargreen.com//wp-content/plugins/wp-help/index.php" "Go-http-client/2.0"
138.2.81.39 - - [20/Jun/2025:11:40:08 -0400] "GET /wp-content/plugins/wp-help/ HTTP/1.1" 404 22461 "https://socialsolargreen.com//wp-content/plugins/wp-help/index.php" "Go-http-client/2.0"
138.2.81.39 - - [20/Jun/2025:11:40:09 -0400] "GET //cgi-bin/class_api.php HTTP/1.1" 301 0 "http://socialsolargreen.com//cgi-bin/class_api.php#888xyz999" "Go-http-client/2.0"
138.2.81.39 - - [20/Jun/2025:11:40:10 -0400] "GET /cgi-bin/class_api.php HTTP/1.1" 404 22233 "https://socialsolargreen.com//cgi-bin/class_api.php" "Go-http-client/2.0"
138.2.81.39 - - [20/Jun/2025:11:40:12 -0400] "GET //wp-admin/js/widgets/class.api.php HTTP/1.1" 301 0 "http://socialsolargreen.com//wp-admin/js/widgets/class.api.php#888xyz999" "Go-http-client/2.0"
138.2.81.39 - - [20/Jun/2025:11:40:13 -0400] "GET //.well-known/pki-validation/class_api.php HTTP/1.1" 301 0 "http://socialsolargreen.com//.well-known/pki-validation/class_api.php#888xyz999" "Go-http-client/2.0"
138.2.81.39 - - [20/Jun/2025:11:40:14 -0400] "GET //class_api.php HTTP/1.1" 301 0 "http://socialsolargreen.com//class_api.php#888xyz999" "Go-http-client/2.0"
138.2.81.39 - - [20/Jun/2025:11:40:18 -0400] "GET /wp-content/themes/wp-pridmag/up.php HTTP/1.1" 404 22461 "https://socialsolargreen.com//wp-content/themes/wp-pridmag/up.php" "Go-http-client/2.0"
138.2.81.39 - - [20/Jun/2025:11:40:21 -0400] "GET //images/atomlib.php HTTP/1.1" 301 0 "http://socialsolargreen.com//images/atomlib.php" "Go-http-client/2.0"
138.2.81.39 - - [20/Jun/2025:11:40:21 -0400] "GET /images/atomlib.php HTTP/1.1" 404 22233 "https://socialsolargreen.com//images/atomlib.php" "Go-http-client/2.0"
138.2.81.39 - - [20/Jun/2025:11:40:22 -0400] "GET //wp-admin/css/atomlib.php HTTP/1.1" 301 0 "http://socialsolargreen.com//wp-admin/css/atomlib.php" "Go-http-client/2.0"
138.2.81.39 - - [20/Jun/2025:11:40:23 -0400] "GET /wp-admin/css/atomlib.php HTTP/1.1" 404 22461 "https://socialsolargreen.com//wp-admin/css/atomlib.php" "Go-http-client/2.0"
138.2.81.39 - - [20/Jun/2025:11:40:23 -0400] "GET //wp-admin/css/colors/blue/atomlib.php HTTP/1.1" 301 0 "http://socialsolargreen.com//wp-admin/css/colors/blue/atomlib.php" "Go-http-client/2.0"
138.2.81.39 - - [20/Jun/2025:11:40:24 -0400] "GET /wp-admin/css/colors/blue/atomlib.php HTTP/1.1" 404 22461 "https://socialsolargreen.com//wp-admin/css/colors/blue/atomlib.php" "Go-http-client/2.0"
138.2.81.39 - - [20/Jun/2025:11:40:25 -0400] "GET /wp-admin/includes/atomlib.php HTTP/1.1" 404 22461 "https://socialsolargreen.com//wp-admin/includes/atomlib.php" "Go-http-client/2.0"
138.2.81.39 - - [20/Jun/2025:11:40:26 -0400] "GET //wp-admin/maint/atomlib.php HTTP/1.1" 301 0 "http://socialsolargreen.com//wp-admin/maint/atomlib.php" "Go-http-client/2.0"
138.2.81.39 - - [20/Jun/2025:11:40:26 -0400] "GET /wp-admin/maint/atomlib.php HTTP/1.1" 404 22461 "https://socialsolargreen.com//wp-admin/maint/atomlib.php" "Go-http-client/2.0"
138.2.81.39 - - [20/Jun/2025:11:40:28 -0400] "GET //wp-content/themes/atomlib.php HTTP/1.1" 301 0 "http://socialsolargreen.com//wp-content/themes/atomlib.php" "Go-http-client/2.0"
138.2.81.39 - - [20/Jun/2025:11:40:29 -0400] "GET /wp-content/themes/atomlib.php HTTP/1.1" 404 22461 "https://socialsolargreen.com//wp-content/themes/atomlib.php" "Go-http-client/2.0"
138.2.81.39 - - [20/Jun/2025:11:40:30 -0400] "GET /wp-admin/images/moon.php HTTP/1.1" 404 22461 "https://socialsolargreen.com//wp-admin/images/moon.php" "Go-http-client/2.0"
138.2.81.39 - - [20/Jun/2025:11:40:31 -0400] "GET //.tmb/moon.php HTTP/1.1" 301 0 "http://socialsolargreen.com//.tmb/moon.php" "Go-http-client/2.0"
138.2.81.39 - - [20/Jun/2025:11:40:32 -0400] "GET //.well-known/acme-challenge/moon.php HTTP/1.1" 301 0 "http://socialsolargreen.com//.well-known/acme-challenge/moon.php" "Go-http-client/2.0"
138.2.81.39 - - [20/Jun/2025:11:40:32 -0400] "GET /.well-known/acme-challenge/moon.php HTTP/1.1" 404 22461 "https://socialsolargreen.com//.well-known/acme-challenge/moon.php" "Go-http-client/2.0"
138.2.81.39 - - [20/Jun/2025:11:40:33 -0400] "GET //cgi-bin/moon.php HTTP/1.1" 301 0 "http://socialsolargreen.com//cgi-bin/moon.php" "Go-http-client/2.0"
138.2.81.39 - - [20/Jun/2025:11:40:33 -0400] "GET /cgi-bin/moon.php HTTP/1.1" 404 22233 "https://socialsolargreen.com//cgi-bin/moon.php" "Go-http-client/2.0"
138.2.81.39 - - [20/Jun/2025:11:40:34 -0400] "GET //wp-admin/user/moon.php HTTP/1.1" 301 0 "http://socialsolargreen.com//wp-admin/user/moon.php" "Go-http-client/2.0"
138.2.81.39 - - [20/Jun/2025:11:40:35 -0400] "GET /wp-admin/user/moon.php HTTP/1.1" 404 22461 "https://socialsolargreen.com//wp-admin/user/moon.php" "Go-http-client/2.0"
138.2.81.39 - - [20/Jun/2025:11:40:36 -0400] "GET /wp-content/upgrade/moon.php HTTP/1.1" 404 22461 "https://socialsolargreen.com//wp-content/upgrade/moon.php" "Go-http-client/2.0"
138.2.81.39 - - [20/Jun/2025:11:40:37 -0400] "GET /wp-admin/js/widgets/moon.php HTTP/1.1" 404 22462 "https://socialsolargreen.com//wp-admin/js/widgets/moon.php" "Go-http-client/2.0"
138.2.81.39 - - [20/Jun/2025:11:40:38 -0400] "GET //wp-admin/maint/moon.php HTTP/1.1" 301 0 "http://socialsolargreen.com//wp-admin/maint/moon.php" "Go-http-client/2.0"
138.2.81.39 - - [20/Jun/2025:11:40:38 -0400] "GET /wp-admin/maint/moon.php HTTP/1.1" 404 22461 "https://socialsolargreen.com//wp-admin/maint/moon.php" "Go-http-client/2.0"
138.2.81.39 - - [20/Jun/2025:11:40:20 -0400] "GET //.well-known/pki-validation/atomlib.php HTTP/1.1" 301 0 "http://socialsolargreen.com//.well-known/pki-validation/atomlib.php" "Go-http-client/2.0"
138.2.81.39 - - [20/Jun/2025:11:40:21 -0400] "GET /.well-known/pki-validation/atomlib.php HTTP/1.1" 404 1251 "https://socialsolargreen.com//.well-known/pki-validation/atomlib.php" "Go-http-client/2.0"
138.2.81.39 - - [20/Jun/2025:11:40:25 -0400] "GET //wp-admin/includes/atomlib.php HTTP/1.1" 301 0 "http://socialsolargreen.com//wp-admin/includes/atomlib.php" "Go-http-client/2.0"
138.2.81.39 - - [20/Jun/2025:11:40:27 -0400] "GET //wp-content/languages/themes/atomlib.php HTTP/1.1" 301 0 "http://socialsolargreen.com//wp-content/languages/themes/atomlib.php" "Go-http-client/2.0"
138.2.81.39 - - [20/Jun/2025:11:40:27 -0400] "GET /wp-content/languages/themes/atomlib.php HTTP/1.1" 404 22461 "https://socialsolargreen.com//wp-content/languages/themes/atomlib.php" "Go-http-client/2.0"
138.2.81.39 - - [20/Jun/2025:11:40:30 -0400] "GET //wp-admin/images/moon.php HTTP/1.1" 301 0 "http://socialsolargreen.com//wp-admin/images/moon.php" "Go-http-client/2.0"
138.2.81.39 - - [20/Jun/2025:11:40:31 -0400] "GET /.tmb/moon.php HTTP/1.1" 404 22233 "https://socialsolargreen.com//.tmb/moon.php" "Go-http-client/2.0"
138.2.81.39 - - [20/Jun/2025:11:40:35 -0400] "GET //wp-content/upgrade/moon.php HTTP/1.1" 301 0 "http://socialsolargreen.com//wp-content/upgrade/moon.php" "Go-http-client/2.0"
138.2.81.39 - - [20/Jun/2025:11:40:37 -0400] "GET //wp-admin/js/widgets/moon.php HTTP/1.1" 301 0 "http://socialsolargreen.com//wp-admin/js/widgets/moon.php" "Go-http-client/2.0"
138.2.81.39 - - [20/Jun/2025:11:40:39 -0400] "GET //wp-includes/ID3/moon.php HTTP/1.1" 301 0 "http://socialsolargreen.com//wp-includes/ID3/moon.php" "Go-http-client/2.0"
138.2.81.39 - - [20/Jun/2025:11:40:39 -0400] "GET /wp-includes/ID3/moon.php HTTP/1.1" 404 22461 "https://socialsolargreen.com//wp-includes/ID3/moon.php" "Go-http-client/2.0"
138.2.81.39 - - [20/Jun/2025:11:40:41 -0400] "GET //wp-admin/includes/moon.php HTTP/1.1" 301 0 "http://socialsolargreen.com//wp-admin/includes/moon.php" "Go-http-client/2.0"
138.2.81.39 - - [20/Jun/2025:11:40:42 -0400] "GET //wp-includes/IXR/moon.php HTTP/1.1" 301 0 "http://socialsolargreen.com//wp-includes/IXR/moon.php" "Go-http-client/2.0"
138.2.81.39 - - [20/Jun/2025:11:40:44 -0400] "GET //cjfuns.php HTTP/1.1" 301 0 "http://socialsolargreen.com//cjfuns.php" "Go-http-client/2.0"
138.2.81.39 - - [20/Jun/2025:11:40:45 -0400] "GET /classfuns.php HTTP/1.1" 404 22233 "https://socialsolargreen.com//classfuns.php" "Go-http-client/2.0"
138.2.81.39 - - [20/Jun/2025:11:40:46 -0400] "GET /tempfuns.php HTTP/1.1" 404 22232 "https://socialsolargreen.com//tempfuns.php" "Go-http-client/2.0"
138.2.81.39 - - [20/Jun/2025:11:40:47 -0400] "GET /adminfuns.php HTTP/1.1" 404 22233 "https://socialsolargreen.com//adminfuns.php" "Go-http-client/2.0"
138.2.81.39 - - [20/Jun/2025:11:40:49 -0400] "GET /nf_tracking.php HTTP/1.1" 404 22232 "https://socialsolargreen.com//nf_tracking.php" "Go-http-client/2.0"
138.2.81.39 - - [20/Jun/2025:11:40:52 -0400] "GET //wso.php HTTP/1.1" 301 0 "http://socialsolargreen.com//wso.php#UEjlZcWL" "Go-http-client/2.0"
138.2.81.39 - - [20/Jun/2025:11:40:53 -0400] "GET //wp-content/uploads/wp-apxupx.php?apx=upx HTTP/1.1" 301 0 "http://socialsolargreen.com//wp-content/uploads/wp-apxupx.php?apx=upx" "Go-http-client/2.0"
138.2.81.39 - - [20/Jun/2025:11:40:54 -0400] "GET //wp-content/upgrade/class_api.php HTTP/1.1" 301 0 "http://socialsolargreen.com//wp-content/upgrade/class_api.php" "Go-http-client/2.0"
138.2.81.39 - - [20/Jun/2025:11:40:55 -0400] "GET //cgi-bin/sgd.php HTTP/1.1" 301 0 "http://socialsolargreen.com//cgi-bin/sgd.php" "Go-http-client/2.0"
138.2.81.39 - - [20/Jun/2025:11:40:58 -0400] "GET //wp-apxupx.php?apx=upx HTTP/1.1" 301 0 "http://socialsolargreen.com//wp-apxupx.php?apx=upx" "Go-http-client/2.0"
138.2.81.39 - - [20/Jun/2025:11:40:40 -0400] "GET //wp-includes/certificates/moon.php HTTP/1.1" 301 0 "http://socialsolargreen.com//wp-includes/certificates/moon.php" "Go-http-client/2.0"
138.2.81.39 - - [20/Jun/2025:11:40:40 -0400] "GET /wp-includes/certificates/moon.php HTTP/1.1" 404 22461 "https://socialsolargreen.com//wp-includes/certificates/moon.php" "Go-http-client/2.0"
138.2.81.39 - - [20/Jun/2025:11:40:41 -0400] "GET /wp-admin/includes/moon.php HTTP/1.1" 404 22461 "https://socialsolargreen.com//wp-admin/includes/moon.php" "Go-http-client/2.0"
138.2.81.39 - - [20/Jun/2025:11:40:43 -0400] "GET /wp-includes/IXR/moon.php HTTP/1.1" 404 22461 "https://socialsolargreen.com//wp-includes/IXR/moon.php" "Go-http-client/2.0"
138.2.81.39 - - [20/Jun/2025:11:40:44 -0400] "GET /cjfuns.php HTTP/1.1" 404 22233 "https://socialsolargreen.com//cjfuns.php" "Go-http-client/2.0"
138.2.81.39 - - [20/Jun/2025:11:40:45 -0400] "GET //classfuns.php HTTP/1.1" 301 0 "http://socialsolargreen.com//classfuns.php" "Go-http-client/2.0"
138.2.81.39 - - [20/Jun/2025:11:40:46 -0400] "GET //tempfuns.php HTTP/1.1" 301 0 "http://socialsolargreen.com//tempfuns.php" "Go-http-client/2.0"
138.2.81.39 - - [20/Jun/2025:11:40:47 -0400] "GET //adminfuns.php HTTP/1.1" 301 0 "http://socialsolargreen.com//adminfuns.php" "Go-http-client/2.0"
138.2.81.39 - - [20/Jun/2025:11:40:48 -0400] "GET //nf_tracking.php HTTP/1.1" 301 0 "http://socialsolargreen.com//nf_tracking.php#password" "Go-http-client/2.0"
138.2.81.39 - - [20/Jun/2025:11:40:49 -0400] "GET //wp-content/wso.php HTTP/1.1" 301 0 "http://socialsolargreen.com//wp-content/wso.php#UEjlZcWL%23UEjlZcWL" "Go-http-client/2.0"
138.2.81.39 - - [20/Jun/2025:11:40:50 -0400] "GET /wp-content/wso.php HTTP/1.1" 404 22233 "https://socialsolargreen.com//wp-content/wso.php" "Go-http-client/2.0"
138.2.81.39 - - [20/Jun/2025:11:40:50 -0400] "GET //wp-includes/wso.php HTTP/1.1" 301 0 "http://socialsolargreen.com//wp-includes/wso.php#UEjlZcWL%23UEjlZcWL" "Go-http-client/2.0"
138.2.81.39 - - [20/Jun/2025:11:40:51 -0400] "GET /wp-includes/wso.php HTTP/1.1" 404 22233 "https://socialsolargreen.com//wp-includes/wso.php" "Go-http-client/2.0"
138.2.81.39 - - [20/Jun/2025:11:40:52 -0400] "GET /wso.php HTTP/1.1" 404 22233 "https://socialsolargreen.com//wso.php" "Go-http-client/2.0"
138.2.81.39 - - [20/Jun/2025:11:40:53 -0400] "GET /wp-content/uploads/wp-apxupx.php?apx=upx HTTP/1.1" 404 22461 "https://socialsolargreen.com//wp-content/uploads/wp-apxupx.php?apx=upx" "Go-http-client/2.0"
138.2.81.39 - - [20/Jun/2025:11:40:54 -0400] "GET /wp-content/upgrade/class_api.php HTTP/1.1" 404 22461 "https://socialsolargreen.com//wp-content/upgrade/class_api.php" "Go-http-client/2.0"
138.2.81.39 - - [20/Jun/2025:11:40:56 -0400] "GET /cgi-bin/sgd.php HTTP/1.1" 404 22233 "https://socialsolargreen.com//cgi-bin/sgd.php" "Go-http-client/2.0"
138.2.81.39 - - [20/Jun/2025:11:40:56 -0400] "GET //wp-admin/js/widgets/sgd.php HTTP/1.1" 301 0 "http://socialsolargreen.com//wp-admin/js/widgets/sgd.php#fg123" "Go-http-client/2.0"
138.2.81.39 - - [20/Jun/2025:11:40:57 -0400] "GET /wp-admin/js/widgets/sgd.php HTTP/1.1" 404 22462 "https://socialsolargreen.com//wp-admin/js/widgets/sgd.php" "Go-http-client/2.0"
138.2.81.39 - - [20/Jun/2025:11:40:59 -0400] "GET //wp-includes/IXR/class.api.php HTTP/1.1" 301 0 "http://socialsolargreen.com//wp-includes/IXR/class.api.php" "Go-http-client/2.0"
138.2.81.39 - - [20/Jun/2025:11:40:59 -0400] "GET /wp-includes/IXR/class.api.php HTTP/1.1" 404 22462 "https://socialsolargreen.com//wp-includes/IXR/class.api.php" "Go-http-client/2.0"
138.2.81.39 - - [20/Jun/2025:11:41:00 -0400] "GET /wp-content/languages/class_api.php HTTP/1.1" 404 22460 "https://socialsolargreen.com//wp-content/languages/class_api.php" "Go-http-client/2.0"
138.2.81.39 - - [20/Jun/2025:11:41:01 -0400] "GET /class_api.php HTTP/1.1" 404 22233 "https://socialsolargreen.com//class_api.php" "Go-http-client/2.0"
138.2.81.39 - - [20/Jun/2025:11:40:58 -0400] "GET /wp-apxupx.php?apx=upx HTTP/1.1" 404 22233 "https://socialsolargreen.com//wp-apxupx.php?apx=upx" "Go-http-client/2.0"
138.2.81.39 - - [20/Jun/2025:11:41:00 -0400] "GET //wp-content/languages/class_api.php HTTP/1.1" 301 0 "http://socialsolargreen.com//wp-content/languages/class_api.php" "Go-http-client/2.0"
138.2.81.39 - - [20/Jun/2025:11:41:01 -0400] "GET //class_api.php HTTP/1.1" 301 0 "http://socialsolargreen.com//class_api.php" "Go-http-client/2.0"
138.2.81.39 - - [20/Jun/2025:11:41:02 -0400] "GET /.well-known/acme-challenge/class_api.php HTTP/1.1" 404 22460 "https://socialsolargreen.com//.well-known/acme-challenge/class_api.php" "Go-http-client/2.0"
138.2.81.39 - - [20/Jun/2025:11:41:04 -0400] "GET //wp-content/languages/themes/class_api.php HTTP/1.1" 301 0 "http://socialsolargreen.com//wp-content/languages/themes/class_api.php" "Go-http-client/2.0"
138.2.81.39 - - [20/Jun/2025:11:41:04 -0400] "GET /wp-content/languages/themes/class_api.php HTTP/1.1" 404 22461 "https://socialsolargreen.com//wp-content/languages/themes/class_api.php" "Go-http-client/2.0"
138.2.81.39 - - [20/Jun/2025:11:41:05 -0400] "GET //wp-admin/includes/class_api.php HTTP/1.1" 301 0 "http://socialsolargreen.com//wp-admin/includes/class_api.php" "Go-http-client/2.0"
138.2.81.39 - - [20/Jun/2025:11:41:06 -0400] "GET /wp-admin/includes/class_api.php HTTP/1.1" 404 22461 "https://socialsolargreen.com//wp-admin/includes/class_api.php" "Go-http-client/2.0"
198.54.114.35 - - [20/Jun/2025:11:41:09 -0400] "POST /wp-cron.php?doing_wp_cron=1750434069.1108059883117675781250 HTTP/1.1" 200 0 "-" "WordPress/6.8.1; https://socialsolargreen.com"
138.2.81.39 - - [20/Jun/2025:11:41:08 -0400] "GET /wp-admin/network/class_api.php HTTP/1.1" 404 22461 "https://socialsolargreen.com//wp-admin/network/class_api.php" "Go-http-client/2.0"
138.2.81.39 - - [20/Jun/2025:11:41:10 -0400] "GET //.tmb/class_api.php HTTP/1.1" 301 0 "http://socialsolargreen.com//.tmb/class_api.php" "Go-http-client/2.0"
138.2.81.39 - - [20/Jun/2025:11:41:10 -0400] "GET /.tmb/class_api.php HTTP/1.1" 404 22233 "https://socialsolargreen.com//.tmb/class_api.php" "Go-http-client/2.0"
138.2.81.39 - - [20/Jun/2025:11:41:12 -0400] "GET //assets/class_api.php HTTP/1.1" 301 0 "http://socialsolargreen.com//assets/class_api.php" "Go-http-client/2.0"
138.2.81.39 - - [20/Jun/2025:11:41:12 -0400] "GET /assets/class_api.php HTTP/1.1" 404 22233 "https://socialsolargreen.com//assets/class_api.php" "Go-http-client/2.0"
138.2.81.39 - - [20/Jun/2025:11:41:13 -0400] "GET //common/css/class_api.php HTTP/1.1" 301 0 "http://socialsolargreen.com//common/css/class_api.php" "Go-http-client/2.0"
138.2.81.39 - - [20/Jun/2025:11:41:13 -0400] "GET /common/css/class_api.php HTTP/1.1" 404 22461 "https://socialsolargreen.com//common/css/class_api.php" "Go-http-client/2.0"
138.2.81.39 - - [20/Jun/2025:11:41:16 -0400] "GET //wp-admin/user/class_api.php HTTP/1.1" 301 0 "http://socialsolargreen.com//wp-admin/user/class_api.php" "Go-http-client/2.0"
138.2.81.39 - - [20/Jun/2025:11:41:18 -0400] "GET //wp-includes/rest-api/fields/cache/index.php HTTP/1.1" 301 0 "http://socialsolargreen.com//wp-includes/rest-api/fields/cache/index.php" "Go-http-client/2.0"
138.2.81.39 - - [20/Jun/2025:11:41:18 -0400] "GET /wp-includes/rest-api/fields/cache/ HTTP/1.1" 404 22461 "https://socialsolargreen.com//wp-includes/rest-api/fields/cache/index.php" "Go-http-client/2.0"
138.2.81.39 - - [20/Jun/2025:11:41:19 -0400] "GET /wp-content/themes/travel/issue.php HTTP/1.1" 404 22460 "https://socialsolargreen.com//wp-content/themes/travel/issue.php" "Go-http-client/2.0"
138.2.81.39 - - [20/Jun/2025:11:41:20 -0400] "GET //wp-includes/IXR/class_api.php HTTP/1.1" 301 0 "http://socialsolargreen.com//wp-includes/IXR/class_api.php" "Go-http-client/2.0"
138.2.81.39 - - [20/Jun/2025:11:41:20 -0400] "GET /wp-includes/IXR/class_api.php HTTP/1.1" 404 22460 "https://socialsolargreen.com//wp-includes/IXR/class_api.php" "Go-http-client/2.0"
138.2.81.39 - - [20/Jun/2025:11:40:19 -0400] "GET //.well-known/acme-challenge/atomlib.php HTTP/1.1" 301 0 "http://socialsolargreen.com//.well-known/acme-challenge/atomlib.php" "Go-http-client/2.0"
138.2.81.39 - - [20/Jun/2025:11:40:19 -0400] "GET /.well-known/acme-challenge/atomlib.php HTTP/1.1" 404 22460 "https://socialsolargreen.com//.well-known/acme-challenge/atomlib.php" "Go-http-client/2.0"
138.2.81.39 - - [20/Jun/2025:11:41:21 -0400] "GET //wp-includes/Requests/class_api.php HTTP/1.1" 301 0 "http://socialsolargreen.com//wp-includes/Requests/class_api.php" "Go-http-client/2.0"
138.2.81.39 - - [20/Jun/2025:11:41:24 -0400] "GET //wp-content/themes/hello-element/footer.php HTTP/1.1" 301 0 "http://socialsolargreen.com//wp-content/themes/hello-element/footer.php" "Go-http-client/2.0"
138.2.81.39 - - [20/Jun/2025:11:41:02 -0400] "GET //.well-known/acme-challenge/class_api.php HTTP/1.1" 301 0 "http://socialsolargreen.com//.well-known/acme-challenge/class_api.php" "Go-http-client/2.0"
138.2.81.39 - - [20/Jun/2025:11:41:03 -0400] "GET //.tmb/mariju.php HTTP/1.1" 301 0 "http://socialsolargreen.com//.tmb/mariju.php" "Go-http-client/2.0"
138.2.81.39 - - [20/Jun/2025:11:41:03 -0400] "GET /.tmb/mariju.php HTTP/1.1" 404 22233 "https://socialsolargreen.com//.tmb/mariju.php" "Go-http-client/2.0"
138.2.81.39 - - [20/Jun/2025:11:41:07 -0400] "GET //wp-admin/js/widgets/class_api.php HTTP/1.1" 301 0 "http://socialsolargreen.com//wp-admin/js/widgets/class_api.php" "Go-http-client/2.0"
138.2.81.39 - - [20/Jun/2025:11:41:07 -0400] "GET /wp-admin/js/widgets/class_api.php HTTP/1.1" 404 22461 "https://socialsolargreen.com//wp-admin/js/widgets/class_api.php" "Go-http-client/2.0"
138.2.81.39 - - [20/Jun/2025:11:41:08 -0400] "GET //wp-admin/network/class_api.php HTTP/1.1" 301 0 "http://socialsolargreen.com//wp-admin/network/class_api.php" "Go-http-client/2.0"
138.2.81.39 - - [20/Jun/2025:11:41:14 -0400] "GET //common/img/class_api.php HTTP/1.1" 301 0 "http://socialsolargreen.com//common/img/class_api.php" "Go-http-client/2.0"
138.2.81.39 - - [20/Jun/2025:11:41:14 -0400] "GET /common/img/class_api.php HTTP/1.1" 404 22461 "https://socialsolargreen.com//common/img/class_api.php" "Go-http-client/2.0"
138.2.81.39 - - [20/Jun/2025:11:41:15 -0400] "GET //.well-known/acme-challenge/mariju.php HTTP/1.1" 301 0 "http://socialsolargreen.com//.well-known/acme-challenge/mariju.php" "Go-http-client/2.0"
138.2.81.39 - - [20/Jun/2025:11:41:16 -0400] "GET /.well-known/acme-challenge/mariju.php HTTP/1.1" 404 22461 "https://socialsolargreen.com//.well-known/acme-challenge/mariju.php" "Go-http-client/2.0"
138.2.81.39 - - [20/Jun/2025:11:41:17 -0400] "GET /wp-admin/user/class_api.php HTTP/1.1" 404 22461 "https://socialsolargreen.com//wp-admin/user/class_api.php" "Go-http-client/2.0"
138.2.81.39 - - [20/Jun/2025:11:41:19 -0400] "GET //wp-content/themes/travel/issue.php HTTP/1.1" 301 0 "http://socialsolargreen.com//wp-content/themes/travel/issue.php" "Go-http-client/2.0"
138.2.81.39 - - [20/Jun/2025:11:41:22 -0400] "GET /wp-includes/Requests/class_api.php HTTP/1.1" 404 22460 "https://socialsolargreen.com//wp-includes/Requests/class_api.php" "Go-http-client/2.0"
138.2.81.39 - - [20/Jun/2025:11:41:22 -0400] "GET //wp-includes/random_compat/class_api.php HTTP/1.1" 301 0 "http://socialsolargreen.com//wp-includes/random_compat/class_api.php" "Go-http-client/2.0"
138.2.81.39 - - [20/Jun/2025:11:41:23 -0400] "GET /wp-includes/random_compat/class_api.php HTTP/1.1" 404 22461 "https://socialsolargreen.com//wp-includes/random_compat/class_api.php" "Go-http-client/2.0"
138.2.81.39 - - [20/Jun/2025:11:41:24 -0400] "GET /wp-content/themes/hello-element/footer.php HTTP/1.1" 404 22461 "https://socialsolargreen.com//wp-content/themes/hello-element/footer.php" "Go-http-client/2.0"
13.239.153.140 - - [20/Jun/2025:11:41:33 -0400] "POST /xmlrpc.php HTTP/1.1" 200 186 "https://socialsolargreen.com" "Mozilla/5.0 (Windows NT 10.0; Win64; x64) AppleWebKit/537.36 (KHTML, like Gecko) Chrome/112.0.5615.138 Safari/537.36"
