107.151.222.187 - - [20/Jun/2025:15:02:07 -0400] "GET //xmlrpc.php?rsd HTTP/1.1" 200 298 "-" "Mozilla/5.0 (Windows NT 10.0; Win64; x64) AppleWebKit/537.36 (KHTML, like Gecko) Chrome/80.0.3987.149 Safari/537.36"
107.151.222.187 - - [20/Jun/2025:15:02:07 -0400] "GET //?author=1 HTTP/1.1" 301 0 "-" "Mozilla/5.0 (Windows NT 10.0; Win64; x64) AppleWebKit/537.36 (KHTML, like Gecko) Chrome/80.0.3987.149 Safari/537.36"
107.151.222.187 - - [20/Jun/2025:15:02:08 -0400] "POST //xmlrpc.php HTTP/1.1" 200 205 "-" "Mozilla/5.0 (Windows NT 10.0; Win64; x64) AppleWebKit/537.36 (KHTML, like Gecko) Chrome/80.0.3987.149 Safari/537.36"
107.151.222.187 - - [20/Jun/2025:15:02:08 -0400] "POST //xmlrpc.php HTTP/1.1" 200 189 "-" "Mozilla/5.0 (Windows NT 10.0; Win64; x64) AppleWebKit/537.36 (KHTML, like Gecko) Chrome/80.0.3987.149 Safari/537.36"
107.151.222.187 - - [20/Jun/2025:15:02:08 -0400] "POST //xmlrpc.php HTTP/1.1" 200 205 "-" "Mozilla/5.0 (Windows NT 10.0; Win64; x64) AppleWebKit/537.36 (KHTML, like Gecko) Chrome/80.0.3987.149 Safari/537.36"
198.54.114.35 - - [20/Jun/2025:15:02:09 -0400] "POST /wp-cron.php?doing_wp_cron=1750446129.8342208862304687500000 HTTP/1.1" 200 0 "-" "WordPress/6.8.1; https://socialsolargreen.com"
198.54.114.35 - - [20/Jun/2025:14:47:53 -0400] "POST /wp-cron.php?doing_wp_cron=1750445273.8146629333496093750000 HTTP/1.1" 200 0 "-" "WordPress/6.8.1; https://socialsolargreen.com"
194.163.189.40 - - [20/Jun/2025:14:47:51 -0400] "POST /xmlrpc.php HTTP/1.1" 200 186 "https://socialsolargreen.com" "Mozilla/5.0 (Windows NT 10.0; Win64; x64) AppleWebKit/537.36 (KHTML, like Gecko) Chrome/115.0.5790.102 Safari/537.36"
198.54.114.35 - - [20/Jun/2025:14:52:35 -0400] "POST /wp-cron.php?doing_wp_cron=1750445555.3858039379119873046875 HTTP/1.1" 200 0 "-" "WordPress/6.8.1; https://socialsolargreen.com"
89.45.83.89 - - [20/Jun/2025:14:57:19 -0400] "POST /xmlrpc.php HTTP/1.1" 200 186 "https://socialsolargreen.com" "Mozilla/5.0 (Windows NT 10.0; Win64; x64) AppleWebKit/537.36 (KHTML, like Gecko) Chrome/113.0.5672.93 Safari/537.36"
107.151.222.187 - - [20/Jun/2025:15:02:06 -0400] "GET / HTTP/1.1" 200 29834 "-" "Mozilla/5.0 (Windows NT 10.0; Win64; x64) AppleWebKit/537.36 (KHTML, like Gecko) Chrome/80.0.3987.149 Safari/537.36"
198.54.114.35 - - [20/Jun/2025:15:02:07 -0400] "POST /wp-cron.php?doing_wp_cron=1750446127.1078948974609375000000 HTTP/1.1" 200 0 "-" "WordPress/6.8.1; https://socialsolargreen.com"
107.151.222.187 - - [20/Jun/2025:15:02:06 -0400] "GET //wp-includes/wlwmanifest.xml HTTP/1.1" 301 0 "-" "Mozilla/5.0 (Windows NT 10.0; Win64; x64) AppleWebKit/537.36 (KHTML, like Gecko) Chrome/80.0.3987.149 Safari/537.36"
107.151.222.187 - - [20/Jun/2025:15:02:07 -0400] "GET //?author=2 HTTP/1.1" 301 0 "-" "Mozilla/5.0 (Windows NT 10.0; Win64; x64) AppleWebKit/537.36 (KHTML, like Gecko) Chrome/80.0.3987.149 Safari/537.36"
107.151.222.187 - - [20/Jun/2025:15:02:07 -0400] "GET //wp-json/wp/v2/users/ HTTP/1.1" 200 904 "-" "Mozilla/5.0 (Windows NT 10.0; Win64; x64) AppleWebKit/537.36 (KHTML, like Gecko) Chrome/80.0.3987.149 Safari/537.36"
107.151.222.187 - - [20/Jun/2025:15:02:07 -0400] "POST //xmlrpc.php HTTP/1.1" 200 189 "-" "Mozilla/5.0 (Windows NT 10.0; Win64; x64) AppleWebKit/537.36 (KHTML, like Gecko) Chrome/80.0.3987.149 Safari/537.36"
107.151.222.187 - - [20/Jun/2025:15:02:08 -0400] "POST //xmlrpc.php HTTP/1.1" 200 205 "-" "Mozilla/5.0 (Windows NT 10.0; Win64; x64) AppleWebKit/537.36 (KHTML, like Gecko) Chrome/80.0.3987.149 Safari/537.36"
107.151.222.187 - - [20/Jun/2025:15:02:08 -0400] "POST //xmlrpc.php HTTP/1.1" 200 205 "-" "Mozilla/5.0 (Windows NT 10.0; Win64; x64) AppleWebKit/537.36 (KHTML, like Gecko) Chrome/80.0.3987.149 Safari/537.36"
114.119.158.216 - - [20/Jun/2025:15:04:20 -0400] "GET /solar-panel-installation/ HTTP/1.1" 200 26279 "https://socialsolargreen.com/" "Mozilla/5.0 (Linux; Android 7.0;) AppleWebKit/537.36 (KHTML, like Gecko) Mobile Safari/537.36 (compatible; PetalBot;+https://webmaster.petalsearch.com/site/petalbot)"
114.119.143.213 - - [20/Jun/2025:15:05:52 -0400] "GET /about-us/ HTTP/1.1" 200 27276 "https://socialsolargreen.com/" "Mozilla/5.0 (Linux; Android 7.0;) AppleWebKit/537.36 (KHTML, like Gecko) Mobile Safari/537.36 (compatible; PetalBot;+https://webmaster.petalsearch.com/site/petalbot)"
198.54.114.35 - - [20/Jun/2025:15:06:08 -0400] "POST /wp-cron.php?doing_wp_cron=1750446368.5173299312591552734375 HTTP/1.1" 200 0 "-" "WordPress/6.8.1; https://socialsolargreen.com"
92.205.182.254 - - [20/Jun/2025:15:06:06 -0400] "POST /xmlrpc.php HTTP/1.1" 200 205 "-" "Mozilla/5.0 (X11; Ubuntu; Linux x86_64; rv:85.0) Gecko/20100101 Firefox/91.0"
198.54.114.35 - - [20/Jun/2025:15:06:42 -0400] "POST /wp-cron.php?doing_wp_cron=1750446402.1061849594116210937500 HTTP/1.1" 200 0 "-" "WordPress/6.8.1; https://socialsolargreen.com"
185.249.227.165 - - [20/Jun/2025:15:06:41 -0400] "POST /xmlrpc.php HTTP/1.1" 200 186 "https://socialsolargreen.com" "Mozilla/5.0 (Macintosh; Intel Mac OS X 10_15_7; rv:125.0.1) Gecko/20100101 Firefox/125.0.1"
198.54.114.35 - - [20/Jun/2025:15:11:26 -0400] "POST /wp-cron.php?doing_wp_cron=1750446686.7860078811645507812500 HTTP/1.1" 200 0 "-" "WordPress/6.8.1; https://socialsolargreen.com"
2400:6180:100:d0::86d:2001 - - [20/Jun/2025:15:11:24 -0400] "POST /xmlrpc.php HTTP/1.1" 200 186 "https://socialsolargreen.com" "Mozilla/5.0 (Macintosh; Intel Mac OS X 13_3) AppleWebKit/537.36 (KHTML, like Gecko) Chrome/126.0.0.0 Safari/537.36 Edg/126.0.0.0"
198.54.114.35 - - [20/Jun/2025:15:16:13 -0400] "POST /wp-cron.php?doing_wp_cron=1750446973.5643439292907714843750 HTTP/1.1" 200 0 "-" "WordPress/6.8.1; https://socialsolargreen.com"
120.79.217.116 - - [20/Jun/2025:15:16:11 -0400] "POST /xmlrpc.php HTTP/1.1" 200 186 "https://socialsolargreen.com" "Mozilla/5.0 (Macintosh; Intel Mac OS X 10_15_7) AppleWebKit/537.36 (KHTML, like Gecko) Chrome/112.0.5615.138 Safari/537.36"
2001:41d0:602:2f6e:: - - [20/Jun/2025:15:30:03 -0400] "POST /xmlrpc.php HTTP/1.1" 200 186 "https://socialsolargreen.com" "Mozilla/5.0 (Macintosh; Intel Mac OS X 14.3) AppleWebKit/614.31.14 (KHTML, like Gecko) Version/17.0.96 Safari/614.31.14"
162.241.253.132 - - [20/Jun/2025:15:34:48 -0400] "POST /xmlrpc.php HTTP/1.1" 200 186 "https://socialsolargreen.com" "Mozilla/5.0 (Windows NT 10.0; Win64; x64) AppleWebKit/537.36 (KHTML, like Gecko) Chrome/126.0.0.0 Safari/537.36 Edg/126.0.0.0"
138.246.253.24 - - [20/Jun/2025:15:25:08 -0400] "GET /robots.txt HTTP/1.1" 200 102 "-" "Mozilla/5.0 (Windows NT 10.0; Win64; x64) AppleWebKit/537.36 (KHTML, like Gecko) Chrome/103.0.5060.134 Safari/537.36"
198.54.114.35 - - [20/Jun/2025:15:25:31 -0400] "POST /wp-cron.php?doing_wp_cron=1750447531.3690149784088134765625 HTTP/1.1" 200 0 "-" "WordPress/6.8.1; https://socialsolargreen.com"
51.38.234.109 - - [20/Jun/2025:15:25:28 -0400] "POST /xmlrpc.php HTTP/1.1" 200 186 "https://socialsolargreen.com" "Mozilla/5.0 (Windows NT 10.0; Win64; x64) AppleWebKit/537.36 (KHTML, like Gecko) Chrome/114.0.5735.134 Safari/537.36"
198.54.114.35 - - [20/Jun/2025:15:30:08 -0400] "POST /wp-cron.php?doing_wp_cron=1750447808.1625289916992187500000 HTTP/1.1" 200 0 "-" "WordPress/6.8.1; https://socialsolargreen.com"
198.54.114.35 - - [20/Jun/2025:15:34:50 -0400] "POST /wp-cron.php?doing_wp_cron=1750448090.1965880393981933593750 HTTP/1.1" 200 0 "-" "WordPress/6.8.1; https://socialsolargreen.com"
198.54.114.35 - - [20/Jun/2025:15:48:45 -0400] "POST /wp-cron.php?doing_wp_cron=1750448924.9231750965118408203125 HTTP/1.1" 200 0 "-" "WordPress/6.8.1; https://socialsolargreen.com"
79.124.76.167 - - [20/Jun/2025:15:48:42 -0400] "POST /xmlrpc.php HTTP/1.1" 200 186 "https://socialsolargreen.com" "Mozilla/5.0 (Macintosh; Intel Mac OS X 14.3) AppleWebKit/614.31.14 (KHTML, like Gecko) Version/17.0.96 Safari/614.31.14"
49.7.227.204 - - [20/Jun/2025:15:52:52 -0400] "GET / HTTP/1.1" 200 29834 "http://socialsolargreen.com" "Mozilla/5.0 (iPhone; CPU iPhone OS 13_2_3 like Mac OS X) AppleWebKit/605.1.15 (KHTML, like Gecko) Version/13.0.3 Mobile/15E148 Safari/604.1"
198.54.114.35 - - [20/Jun/2025:15:56:16 -0400] "POST /wp-cron.php?doing_wp_cron=1750449376.7112219333648681640625 HTTP/1.1" 200 0 "-" "WordPress/6.8.1; https://socialsolargreen.com"
40.77.167.28 - - [20/Jun/2025:15:56:14 -0400] "GET /catechizable-afdbff34.html HTTP/1.1" 404 22233 "-" "Mozilla/5.0 AppleWebKit/537.36 (KHTML, like Gecko; compatible; bingbot/2.0; +http://www.bing.com/bingbot.htm) Chrome/116.0.1938.76 Safari/537.36"
198.54.114.35 - - [20/Jun/2025:15:44:07 -0400] "POST /wp-cron.php?doing_wp_cron=1750448647.5258839130401611328125 HTTP/1.1" 200 0 "-" "WordPress/6.8.1; https://socialsolargreen.com"
103.106.104.116 - - [20/Jun/2025:15:44:03 -0400] "POST /xmlrpc.php HTTP/1.1" 200 186 "https://socialsolargreen.com" "Mozilla/5.0 (Macintosh; Intel Mac OS X 10_15_7; rv:128.0) Gecko/20100101 Firefox/128.0"
198.54.114.35 - - [20/Jun/2025:15:53:25 -0400] "POST /wp-cron.php?doing_wp_cron=1750449205.6128699779510498046875 HTTP/1.1" 200 0 "-" "WordPress/6.8.1; https://socialsolargreen.com"
104.168.248.149 - - [20/Jun/2025:15:53:23 -0400] "POST /xmlrpc.php HTTP/1.1" 200 186 "https://socialsolargreen.com" "Mozilla/5.0 (Windows NT 10.0; Win64; x64) AppleWebKit/537.36 (KHTML, like Gecko) Chrome/126.0.0.0 Safari/537.36"
85.208.96.203 - - [20/Jun/2025:15:57:37 -0400] "GET /robots.txt HTTP/1.1" 304 0 "-" "Mozilla/5.0 (compatible; SemrushBot/7~bl; +http://www.semrush.com/bot.html)"
85.208.96.200 - - [20/Jun/2025:15:57:38 -0400] "GET /contact/ HTTP/1.1" 200 25244 "-" "Mozilla/5.0 (compatible; SemrushBot/7~bl; +http://www.semrush.com/bot.html)"
198.54.114.35 - - [20/Jun/2025:15:59:16 -0400] "POST /wp-cron.php?doing_wp_cron=1750449556.2767820358276367187500 HTTP/1.1" 200 0 "-" "WordPress/6.8.1; https://socialsolargreen.com"
2402:1f00:8000:800::1c87 - - [20/Jun/2025:15:59:16 -0400] "POST /xmlrpc.php HTTP/1.1" 200 205 "-" "Mozilla/5.0 (X11; Ubuntu; Linux x86_64; rv:85.0) Gecko/20100101 Firefox/91.0"
198.54.114.35 - - [20/Jun/2025:16:00:41 -0400] "POST /wp-cron.php?doing_wp_cron=1750449640.9410960674285888671875 HTTP/1.1" 200 0 "-" "WordPress/6.8.1; https://socialsolargreen.com"
178.20.47.92 - - [20/Jun/2025:16:01:07 -0400] "GET / HTTP/1.1" 200 29834 "-" "Mozilla/5.0 (Macintosh; Intel Mac OS X 10_15_7) AppleWebKit/537.36 (KHTML, like Gecko) Chrome/133.0.0.0 Safari/537.36"
103.110.49.61 - - [20/Jun/2025:16:01:09 -0400] "POST / HTTP/1.1" 200 29780 "-" "Mozilla/5.0 (Macintosh; Intel Mac OS X 10_15_7) AppleWebKit/537.36 (KHTML, like Gecko) Chrome/133.0.0.0 Safari/537.36"
103.110.49.61 - - [20/Jun/2025:16:01:13 -0400] "POST / HTTP/1.1" 200 29780 "-" "Mozilla/5.0 (Windows NT 10.0; Win64; x64) AppleWebKit/537.36 (KHTML, like Gecko) Chrome/120.0.0.0 Safari/537.36"
178.20.47.92 - - [20/Jun/2025:16:01:15 -0400] "GET /blog/ HTTP/1.1" 200 23622 "-" "Mozilla/5.0 (Macintosh; Intel Mac OS X 10_15_7) AppleWebKit/537.36 (KHTML, like Gecko) Chrome/133.0.0.0 Safari/537.36"
103.110.49.61 - - [20/Jun/2025:16:01:17 -0400] "POST /blog/ HTTP/1.1" 200 23572 "-" "Mozilla/5.0 (Macintosh; Intel Mac OS X 10_15_7) AppleWebKit/537.36 (KHTML, like Gecko) Chrome/133.0.0.0 Safari/537.36"
103.110.49.61 - - [20/Jun/2025:16:01:21 -0400] "POST /blog/ HTTP/1.1" 200 23572 "-" "Mozilla/5.0 (Windows NT 10.0; Win64; x64) AppleWebKit/537.36 (KHTML, like Gecko) Chrome/120.0.0.0 Safari/537.36"
178.20.47.92 - - [20/Jun/2025:16:01:23 -0400] "GET /contact/ HTTP/1.1" 200 25244 "-" "Mozilla/5.0 (Macintosh; Intel Mac OS X 10_15_7) AppleWebKit/537.36 (KHTML, like Gecko) Chrome/133.0.0.0 Safari/537.36"
103.110.49.61 - - [20/Jun/2025:16:01:24 -0400] "POST /contact/ HTTP/1.1" 200 25196 "-" "Mozilla/5.0 (Macintosh; Intel Mac OS X 10_15_7) AppleWebKit/537.36 (KHTML, like Gecko) Chrome/133.0.0.0 Safari/537.36"
103.110.49.61 - - [20/Jun/2025:16:01:27 -0400] "POST /contact/ HTTP/1.1" 200 25196 "-" "Mozilla/5.0 (Windows NT 10.0; Win64; x64) AppleWebKit/537.36 (KHTML, like Gecko) Chrome/120.0.0.0 Safari/537.36"
103.110.49.61 - - [20/Jun/2025:16:01:30 -0400] "POST /contact/ HTTP/1.1" 200 25196 "-" "Mozilla/5.0 (Macintosh; Intel Mac OS X 10_15_7) AppleWebKit/537.36 (KHTML, like Gecko) Chrome/133.0.0.0 Safari/537.36"
178.20.47.92 - - [20/Jun/2025:16:01:35 -0400] "GET /contact/ HTTP/1.1" 200 25244 "-" "Mozilla/5.0 (Macintosh; Intel Mac OS X 10_15_7) AppleWebKit/537.36 (KHTML, like Gecko) Chrome/133.0.0.0 Safari/537.36"
103.110.49.61 - - [20/Jun/2025:16:01:37 -0400] "POST /contact/ HTTP/1.1" 200 25196 "-" "Mozilla/5.0 (Macintosh; Intel Mac OS X 10_15_7) AppleWebKit/537.36 (KHTML, like Gecko) Chrome/133.0.0.0 Safari/537.36"
103.110.49.61 - - [20/Jun/2025:16:01:42 -0400] "POST /contact/ HTTP/1.1" 200 25196 "-" "Mozilla/5.0 (Macintosh; Intel Mac OS X 10_15_7) AppleWebKit/537.36 (KHTML, like Gecko) Chrome/133.0.0.0 Safari/537.36"
103.110.49.61 - - [20/Jun/2025:16:01:45 -0400] "POST /contact/ HTTP/1.1" 200 25196 "-" "Mozilla/5.0 (Windows NT 10.0; Win64; x64) AppleWebKit/537.36 (KHTML, like Gecko) Chrome/120.0.0.0 Safari/537.36"
51.222.253.9 - - [20/Jun/2025:16:05:28 -0400] "GET /wp-sitemap.xml HTTP/1.1" 200 195 "-" "Mozilla/5.0 (compatible; AhrefsBot/7.0; +http://ahrefs.com/robot/)"
51.222.253.12 - - [20/Jun/2025:16:05:30 -0400] "GET /wp-sitemap-posts-page-1.xml HTTP/1.1" 200 310 "-" "Mozilla/5.0 (compatible; AhrefsBot/7.0; +http://ahrefs.com/robot/)"
198.54.114.35 - - [20/Jun/2025:15:58:06 -0400] "POST /wp-cron.php?doing_wp_cron=1750449486.0287389755249023437500 HTTP/1.1" 200 0 "-" "WordPress/6.8.1; https://socialsolargreen.com"
143.202.162.156 - - [20/Jun/2025:15:58:03 -0400] "POST /xmlrpc.php HTTP/1.1" 200 186 "https://socialsolargreen.com" "Mozilla/5.0 (Macintosh; Intel Mac OS X 10_15_7; rv:125.0.1) Gecko/20100101 Firefox/125.0.1"
196.251.83.95 - - [20/Jun/2025:16:00:39 -0400] "GET //wp-content/plugins/fix/up.php HTTP/1.1" 301 0 "-" "Mozilla/5.0 (Windows NT 10.0; Win64; x64) AppleWebKit/537.36 (KHTML, like Gecko) Chrome/85.0.4183.102 Safari/537.36"
196.251.83.95 - - [20/Jun/2025:16:00:41 -0400] "GET /wp-content/plugins/fix/up.php HTTP/1.1" 404 22461 "-" "Mozilla/5.0 (Windows NT 10.0; Win64; x64) AppleWebKit/537.36 (KHTML, like Gecko) Chrome/85.0.4183.102 Safari/537.36"
198.54.114.35 - - [20/Jun/2025:16:01:09 -0400] "POST /wp-cron.php?doing_wp_cron=1750449669.4870419502258300781250 HTTP/1.1" 200 0 "-" "WordPress/6.8.1; https://socialsolargreen.com"
103.110.49.61 - - [20/Jun/2025:16:01:33 -0400] "POST /contact/ HTTP/1.1" 200 25196 "-" "Mozilla/5.0 (Windows NT 10.0; Win64; x64) AppleWebKit/537.36 (KHTML, like Gecko) Chrome/120.0.0.0 Safari/537.36"
103.110.49.61 - - [20/Jun/2025:16:01:40 -0400] "POST /contact/ HTTP/1.1" 200 25196 "-" "Mozilla/5.0 (Windows NT 10.0; Win64; x64) AppleWebKit/537.36 (KHTML, like Gecko) Chrome/120.0.0.0 Safari/537.36"
49.51.141.76 - - [20/Jun/2025:16:02:40 -0400] "GET / HTTP/1.1" 200 29834 "http://socialsolargreen.com" "Mozilla/5.0 (iPhone; CPU iPhone OS 13_2_3 like Mac OS X) AppleWebKit/605.1.15 (KHTML, like Gecko) Version/13.0.3 Mobile/15E148 Safari/604.1"
198.54.114.35 - - [20/Jun/2025:16:02:46 -0400] "POST /wp-cron.php?doing_wp_cron=1750449766.0711710453033447265625 HTTP/1.1" 200 0 "-" "WordPress/6.8.1; https://socialsolargreen.com"
2001:41d0:602:2f6e:: - - [20/Jun/2025:16:02:45 -0400] "POST /xmlrpc.php HTTP/1.1" 200 186 "https://socialsolargreen.com" "Mozilla/5.0 (Windows NT 10.0; Win64; x64) AppleWebKit/537.36 (KHTML, like Gecko) Chrome/113.0.5672.126 Safari/537.36 Edg/113.0.1774.50"
51.222.253.7 - - [20/Jun/2025:16:05:29 -0400] "GET /wp-sitemap-posts-post-1.xml HTTP/1.1" 200 233 "-" "Mozilla/5.0 (compatible; AhrefsBot/7.0; +http://ahrefs.com/robot/)"
51.222.253.13 - - [20/Jun/2025:16:05:33 -0400] "GET /wp-sitemap-taxonomies-category-1.xml HTTP/1.1" 200 164 "-" "Mozilla/5.0 (compatible; AhrefsBot/7.0; +http://ahrefs.com/robot/)"
66.249.70.7 - - [20/Jun/2025:16:06:49 -0400] "GET /wp-content/plugins/elementor/assets/js/webpack.runtime.min.js?ver=3.29.2 HTTP/1.1" 304 0 "https://socialsolargreen.com/" "Mozilla/5.0 (Linux; Android 6.0.1; Nexus 5X Build/MMB29P) AppleWebKit/537.36 (KHTML, like Gecko) Chrome/137.0.7151.68 Mobile Safari/537.36 (compatible; Googlebot/2.1; +http://www.google.com/bot.html)"
66.249.70.7 - - [20/Jun/2025:16:06:50 -0400] "GET /wp-includes/js/dist/hooks.min.js?ver=4d63a3d491d11ffd8ac6 HTTP/1.1" 304 0 "https://socialsolargreen.com/" "Mozilla/5.0 (Linux; Android 6.0.1; Nexus 5X Build/MMB29P) AppleWebKit/537.36 (KHTML, like Gecko) Chrome/137.0.7151.68 Mobile Safari/537.36 (compatible; Googlebot/2.1; +http://www.google.com/bot.html)"
51.222.253.5 - - [20/Jun/2025:16:05:35 -0400] "GET /wp-sitemap-users-1.xml HTTP/1.1" 200 164 "-" "Mozilla/5.0 (compatible; AhrefsBot/7.0; +http://ahrefs.com/robot/)"
66.249.70.1 - - [20/Jun/2025:16:06:02 -0400] "GET / HTTP/1.1" 200 29834 "-" "Mozilla/5.0 (Linux; Android 6.0.1; Nexus 5X Build/MMB29P) AppleWebKit/537.36 (KHTML, like Gecko) Chrome/137.0.7151.103 Mobile Safari/537.36 (compatible; Googlebot/2.1; +http://www.google.com/bot.html)"
198.54.114.35 - - [20/Jun/2025:16:07:29 -0400] "POST /wp-cron.php?doing_wp_cron=1750450049.6050388813018798828125 HTTP/1.1" 200 0 "-" "WordPress/6.8.1; https://socialsolargreen.com"
75.119.144.123 - - [20/Jun/2025:16:07:26 -0400] "POST /xmlrpc.php HTTP/1.1" 200 186 "https://socialsolargreen.com" "Mozilla/5.0 (Windows NT 11.0; Win64; x64) AppleWebKit/537.36 (KHTML, like Gecko) Chrome/126.0.0.0 Safari/537.36"
198.54.114.35 - - [20/Jun/2025:16:12:16 -0400] "POST /wp-cron.php?doing_wp_cron=1750450336.8840539455413818359375 HTTP/1.1" 200 0 "-" "WordPress/6.8.1; https://socialsolargreen.com"
15.204.43.172 - - [20/Jun/2025:16:12:15 -0400] "POST /xmlrpc.php HTTP/1.1" 200 186 "https://socialsolargreen.com" "Mozilla/5.0 (Windows NT 10.0; Win64; x64) AppleWebKit/537.36 (KHTML, like Gecko) Chrome/126.0.0.0 Safari/537.36"
198.54.114.35 - - [20/Jun/2025:16:13:17 -0400] "POST /wp-cron.php?doing_wp_cron=1750450396.9598059654235839843750 HTTP/1.1" 200 0 "-" "WordPress/6.8.1; https://socialsolargreen.com"
157.245.159.84 - - [20/Jun/2025:16:13:16 -0400] "GET /wp-content/plugins/WordPressCore/include.php HTTP/1.1" 404 22461 "-" "ShellBot 2.0"
157.245.159.84 - - [20/Jun/2025:16:13:26 -0400] "GET /wp-content/plugins/WordPressCore-1/include.php HTTP/1.1" 404 22460 "-" "ShellBot 2.0"
198.54.114.35 - - [20/Jun/2025:16:13:16 -0400] "POST /wp-cron.php?doing_wp_cron=1750450396.7198700904846191406250 HTTP/1.1" 200 0 "-" "WordPress/6.8.1; https://socialsolargreen.com"
157.245.159.84 - - [20/Jun/2025:16:13:34 -0400] "GET /wp-content/themes/include.php HTTP/1.1" 404 22461 "-" "ShellBot 2.0"
157.245.159.84 - - [20/Jun/2025:16:13:43 -0400] "GET /wp-content/plugins/include.php HTTP/1.1" 404 22461 "-" "ShellBot 2.0"
157.245.159.84 - - [20/Jun/2025:16:13:52 -0400] "GET /wp-includes/images/include.php HTTP/1.1" 404 22460 "-" "ShellBot 2.0"
198.54.114.35 - - [20/Jun/2025:16:14:09 -0400] "POST /wp-cron.php?doing_wp_cron=1750450449.9042999744415283203125 HTTP/1.1" 200 0 "-" "WordPress/6.8.1; https://socialsolargreen.com"
157.245.159.84 - - [20/Jun/2025:16:14:18 -0400] "GET /wp-content/plugins/HelloDollyV2-1/hello_dolly_v2.php HTTP/1.1" 404 22460 "-" "ShellBot 2.0"
157.245.159.84 - - [20/Jun/2025:16:14:01 -0400] "GET /wp-includes/widgets/include.php HTTP/1.1" 404 22461 "-" "ShellBot 2.0"
157.245.159.84 - - [20/Jun/2025:16:14:09 -0400] "GET /wp-content/plugins/HelloDollyV2/hello_dolly_v2.php HTTP/1.1" 404 22461 "-" "ShellBot 2.0"
157.245.159.84 - - [20/Jun/2025:16:14:26 -0400] "GET /wp-content/themes/hello_dolly_v2.php HTTP/1.1" 404 22461 "-" "ShellBot 2.0"
157.245.159.84 - - [20/Jun/2025:16:14:34 -0400] "GET /wp-content/plugins/hello_dolly_v2.php HTTP/1.1" 404 22461 "-" "ShellBot 2.0"
157.245.159.84 - - [20/Jun/2025:16:14:42 -0400] "GET /wp-includes/images/hello_dolly_v2.php HTTP/1.1" 404 22461 "-" "ShellBot 2.0"
157.245.159.84 - - [20/Jun/2025:16:14:51 -0400] "GET /wp-includes/widgets/hello_dolly_v2.php HTTP/1.1" 404 22460 "-" "ShellBot 2.0"
198.54.114.35 - - [20/Jun/2025:16:17:01 -0400] "POST /wp-cron.php?doing_wp_cron=1750450621.7498331069946289062500 HTTP/1.1" 200 0 "-" "WordPress/6.8.1; https://socialsolargreen.com"
103.31.38.163 - - [20/Jun/2025:16:16:59 -0400] "POST /xmlrpc.php HTTP/1.1" 200 186 "https://socialsolargreen.com" "Mozilla/5.0 (Macintosh; Intel Mac OS X 14_4_1) AppleWebKit/605.1.15 (KHTML, like Gecko) Version/17.3.1 Safari/605.1.15"
198.235.24.181 - - [20/Jun/2025:16:19:57 -0400] "GET / HTTP/1.1" 200 29834 "http://172.67.162.146:80/" "-"
198.54.114.35 - - [20/Jun/2025:16:21:42 -0400] "POST /wp-cron.php?doing_wp_cron=1750450902.3805930614471435546875 HTTP/1.1" 200 0 "-" "WordPress/6.8.1; https://socialsolargreen.com"
67.205.59.102 - - [20/Jun/2025:16:21:40 -0400] "POST /xmlrpc.php HTTP/1.1" 200 186 "https://socialsolargreen.com" "Mozilla/5.0 (Macintosh; Intel Mac OS X 10_15_7; rv:129.0) Gecko/20100101 Firefox/129.0"
198.54.114.35 - - [20/Jun/2025:16:26:25 -0400] "POST /wp-cron.php?doing_wp_cron=1750451185.6353518962860107421875 HTTP/1.1" 200 0 "-" "WordPress/6.8.1; https://socialsolargreen.com"
49.13.149.223 - - [20/Jun/2025:16:26:22 -0400] "POST /xmlrpc.php HTTP/1.1" 200 186 "https://socialsolargreen.com" "Mozilla/5.0 (Windows NT 10.0; Win64; x64) AppleWebKit/537.36 (KHTML, like Gecko) Chrome/116.0.5845.96 Safari/537.36"
198.54.114.35 - - [20/Jun/2025:16:31:08 -0400] "POST /wp-cron.php?doing_wp_cron=1750451468.7134358882904052734375 HTTP/1.1" 200 0 "-" "WordPress/6.8.1; https://socialsolargreen.com"
37.187.26.72 - - [20/Jun/2025:16:31:06 -0400] "POST /xmlrpc.php HTTP/1.1" 200 186 "https://socialsolargreen.com" "Mozilla/5.0 (Macintosh; Intel Mac OS X 10_15_7; rv:125.0.1) Gecko/20100101 Firefox/125.0.1"
34.19.47.209 - - [20/Jun/2025:16:31:41 -0400] "HEAD /wordpress HTTP/1.1" 404 0 "http://socialsolargreen.com/wordpress" "Mozilla/5.0 (Windows NT 10.0; Win64; x64) AppleWebKit/537.36 (KHTML, like Gecko) Chrome/74.0.3729.169 Safari/537.36"
34.19.47.209 - - [20/Jun/2025:16:31:41 -0400] "HEAD /bc HTTP/1.1" 404 0 "http://socialsolargreen.com/bc" "Mozilla/5.0 (Windows NT 10.0; Win64; x64) AppleWebKit/537.36 (KHTML, like Gecko) Chrome/74.0.3729.169 Safari/537.36"
34.19.47.209 - - [20/Jun/2025:16:31:42 -0400] "HEAD /bk HTTP/1.1" 404 0 "http://socialsolargreen.com/bk" "Mozilla/5.0 (Windows NT 10.0; Win64; x64) AppleWebKit/537.36 (KHTML, like Gecko) Chrome/74.0.3729.169 Safari/537.36"
34.19.47.209 - - [20/Jun/2025:16:31:42 -0400] "HEAD /new HTTP/1.1" 404 0 "http://socialsolargreen.com/new" "Mozilla/5.0 (Windows NT 10.0; Win64; x64) AppleWebKit/537.36 (KHTML, like Gecko) Chrome/74.0.3729.169 Safari/537.36"
34.19.47.209 - - [20/Jun/2025:16:31:43 -0400] "HEAD / HTTP/1.1" 200 0 "https://socialsolargreen.com/home" "Mozilla/5.0 (Windows NT 10.0; Win64; x64) AppleWebKit/537.36 (KHTML, like Gecko) Chrome/74.0.3729.169 Safari/537.36"
198.54.114.35 - - [20/Jun/2025:16:35:45 -0400] "POST /wp-cron.php?doing_wp_cron=1750451745.7005960941314697265625 HTTP/1.1" 200 0 "-" "WordPress/6.8.1; https://socialsolargreen.com"
198.54.114.35 - - [20/Jun/2025:16:31:41 -0400] "POST /wp-cron.php?doing_wp_cron=1750451501.2732019424438476562500 HTTP/1.1" 200 0 "-" "WordPress/6.8.1; https://socialsolargreen.com"
34.19.47.209 - - [20/Jun/2025:16:31:41 -0400] "HEAD / HTTP/1.1" 200 0 "http://socialsolargreen.com/" "Mozilla/5.0 (Windows NT 10.0; Win64; x64) AppleWebKit/537.36 (KHTML, like Gecko) Chrome/74.0.3729.169 Safari/537.36"
34.19.47.209 - - [20/Jun/2025:16:31:41 -0400] "HEAD /wp HTTP/1.1" 404 0 "http://socialsolargreen.com/wp" "Mozilla/5.0 (Windows NT 10.0; Win64; x64) AppleWebKit/537.36 (KHTML, like Gecko) Chrome/74.0.3729.169 Safari/537.36"
34.19.47.209 - - [20/Jun/2025:16:31:42 -0400] "HEAD /backup HTTP/1.1" 404 0 "http://socialsolargreen.com/backup" "Mozilla/5.0 (Windows NT 10.0; Win64; x64) AppleWebKit/537.36 (KHTML, like Gecko) Chrome/74.0.3729.169 Safari/537.36"
34.19.47.209 - - [20/Jun/2025:16:31:42 -0400] "HEAD /old HTTP/1.1" 404 0 "http://socialsolargreen.com/old" "Mozilla/5.0 (Windows NT 10.0; Win64; x64) AppleWebKit/537.36 (KHTML, like Gecko) Chrome/74.0.3729.169 Safari/537.36"
34.19.47.209 - - [20/Jun/2025:16:31:43 -0400] "HEAD /main HTTP/1.1" 404 0 "http://socialsolargreen.com/main" "Mozilla/5.0 (Windows NT 10.0; Win64; x64) AppleWebKit/537.36 (KHTML, like Gecko) Chrome/74.0.3729.169 Safari/537.36"
34.19.47.209 - - [20/Jun/2025:16:31:43 -0400] "HEAD /home HTTP/1.1" 301 0 "http://socialsolargreen.com/home" "Mozilla/5.0 (Windows NT 10.0; Win64; x64) AppleWebKit/537.36 (KHTML, like Gecko) Chrome/74.0.3729.169 Safari/537.36"
54.82.219.226 - - [20/Jun/2025:16:35:43 -0400] "POST /xmlrpc.php HTTP/1.1" 200 186 "https://socialsolargreen.com" "Mozilla/5.0 (Macintosh; Intel Mac OS X 13_3) AppleWebKit/537.36 (KHTML, like Gecko) Chrome/126.0.0.0 Safari/537.36"
198.54.114.35 - - [20/Jun/2025:16:40:24 -0400] "POST /wp-cron.php?doing_wp_cron=1750452024.2818830013275146484375 HTTP/1.1" 200 0 "-" "WordPress/6.8.1; https://socialsolargreen.com"
2a02:4780:2:3e74::1 - - [20/Jun/2025:16:40:22 -0400] "POST /xmlrpc.php HTTP/1.1" 200 186 "https://socialsolargreen.com" "Mozilla/5.0 (Windows NT 10.0; Win64; x64) AppleWebKit/537.36 (KHTML, like Gecko) Chrome/112.0.5615.138 Safari/537.36 Edg/112.0.1722.68"
198.54.114.35 - - [20/Jun/2025:16:45:02 -0400] "POST /wp-cron.php?doing_wp_cron=1750452302.3422250747680664062500 HTTP/1.1" 200 0 "-" "WordPress/6.8.1; https://socialsolargreen.com"
45.86.35.181 - - [20/Jun/2025:16:45:00 -0400] "POST /xmlrpc.php HTTP/1.1" 200 186 "https://socialsolargreen.com" "Mozilla/5.0 (Macintosh; Intel Mac OS X 14_6) AppleWebKit/605.1.15 (KHTML, like Gecko) Version/17.5 Safari/605.1.15"
198.54.114.35 - - [20/Jun/2025:16:49:44 -0400] "POST /wp-cron.php?doing_wp_cron=1750452583.9567480087280273437500 HTTP/1.1" 200 0 "-" "WordPress/6.8.1; https://socialsolargreen.com"
185.191.171.19 - - [20/Jun/2025:16:52:17 -0400] "GET /blog/ HTTP/1.1" 200 23622 "-" "Mozilla/5.0 (compatible; SemrushBot/7~bl; +http://www.semrush.com/bot.html)"
81.93.64.34 - - [20/Jun/2025:16:54:15 -0400] "POST /xmlrpc.php HTTP/1.1" 200 186 "https://socialsolargreen.com" "Mozilla/5.0 (Macintosh; Intel Mac OS X 10_15_7; rv:128.0) Gecko/20100101 Firefox/128.0"
198.54.114.35 - - [20/Jun/2025:16:58:00 -0400] "POST /wp-cron.php?doing_wp_cron=1750453080.7884171009063720703125 HTTP/1.1" 200 0 "-" "WordPress/6.8.1; https://socialsolargreen.com"
120.138.19.65 - - [20/Jun/2025:16:57:58 -0400] "POST /xmlrpc.php HTTP/1.1" 200 205 "-" "Mozilla/5.0 (X11; Ubuntu; Linux x86_64; rv:85.0) Gecko/20100101 Firefox/91.0"
198.54.114.35 - - [20/Jun/2025:17:03:31 -0400] "POST /wp-cron.php?doing_wp_cron=1750453411.3243999481201171875000 HTTP/1.1" 200 0 "-" "WordPress/6.8.1; https://socialsolargreen.com"
94.23.70.39 - - [20/Jun/2025:17:03:29 -0400] "POST /xmlrpc.php HTTP/1.1" 200 186 "https://socialsolargreen.com" "Mozilla/5.0 (Windows NT 10.0; Win64; x64) AppleWebKit/537.36 (KHTML, like Gecko) Chrome/114.0.5735.199 Safari/537.36 Edg/114.0.1823.67"
13.239.153.140 - - [20/Jun/2025:16:49:41 -0400] "POST /xmlrpc.php HTTP/1.1" 200 186 "https://socialsolargreen.com" "Mozilla/5.0 (Macintosh; Intel Mac OS X 14_6) AppleWebKit/605.1.15 (KHTML, like Gecko) Version/17.5 Safari/605.1.15"
198.54.114.35 - - [20/Jun/2025:16:54:17 -0400] "POST /wp-cron.php?doing_wp_cron=1750452857.6354238986968994140625 HTTP/1.1" 200 0 "-" "WordPress/6.8.1; https://socialsolargreen.com"
198.54.114.35 - - [20/Jun/2025:17:08:08 -0400] "POST /wp-cron.php?doing_wp_cron=1750453688.8146650791168212890625 HTTP/1.1" 200 0 "-" "WordPress/6.8.1; https://socialsolargreen.com"
51.178.45.73 - - [20/Jun/2025:17:08:07 -0400] "POST /xmlrpc.php HTTP/1.1" 200 186 "https://socialsolargreen.com" "Mozilla/5.0 (Windows NT 10.0; Win64; x64) AppleWebKit/537.36 (KHTML, like Gecko) Chrome/115.0.5790.102 Safari/537.36"
198.54.114.35 - - [20/Jun/2025:17:11:07 -0400] "POST /wp-cron.php?doing_wp_cron=1750453867.4386830329895019531250 HTTP/1.1" 200 0 "-" "WordPress/6.8.1; https://socialsolargreen.com"
205.210.31.147 - - [20/Jun/2025:17:11:05 -0400] "GET / HTTP/1.1" 301 0 "http://104.21.10.68:80/" "-"
205.210.31.147 - - [20/Jun/2025:17:11:08 -0400] "GET / HTTP/1.1" 200 29834 "-" "-"
198.54.114.35 - - [20/Jun/2025:17:12:44 -0400] "POST /wp-cron.php?doing_wp_cron=1750453964.5816040039062500000000 HTTP/1.1" 200 0 "-" "WordPress/6.8.1; https://socialsolargreen.com"
152.67.193.32 - - [20/Jun/2025:17:12:42 -0400] "POST /xmlrpc.php HTTP/1.1" 200 186 "https://socialsolargreen.com" "Mozilla/5.0 (Windows NT 10.0; Win64; x64) AppleWebKit/537.36 (KHTML, like Gecko) Chrome/116.0.5845.96 Safari/537.36"
198.54.114.35 - - [20/Jun/2025:17:16:33 -0400] "POST /wp-cron.php?doing_wp_cron=1750454193.4158151149749755859375 HTTP/1.1" 200 0 "-" "WordPress/6.8.1; https://socialsolargreen.com"
198.235.24.35 - - [20/Jun/2025:17:16:32 -0400] "GET /404 HTTP/1.1" 404 22233 "-" "Expanse, a Palo Alto Networks company, searches across the global IPv4 space multiple times per day to identify customers' presences on the Internet. If you would like to be excluded from our scans, please send IP addresses/domains to: scaninfo@paloaltonetworks.com"
79.174.94.137 - - [20/Jun/2025:17:17:17 -0400] "POST /xmlrpc.php HTTP/1.1" 200 186 "https://socialsolargreen.com" "Mozilla/5.0 (Windows NT 10.0; Win64; x64; rv:128.0) Gecko/20100101 Firefox/128.0"
204.197.172.26 - - [20/Jun/2025:17:21:54 -0400] "POST /xmlrpc.php HTTP/1.1" 200 186 "https://socialsolargreen.com" "Mozilla/5.0 (Macintosh; Intel Mac OS X 14.3) AppleWebKit/614.31.14 (KHTML, like Gecko) Version/17.0.96 Safari/614.31.14"
198.235.24.35 - - [20/Jun/2025:17:16:31 -0400] "GET /wp-login.php HTTP/1.1" 302 0 "-" "Expanse, a Palo Alto Networks company, searches across the global IPv4 space multiple times per day to identify customers' presences on the Internet. If you would like to be excluded from our scans, please send IP addresses/domains to: scaninfo@paloaltonetworks.com"
198.54.114.35 - - [20/Jun/2025:17:16:33 -0400] "POST /wp-cron.php?doing_wp_cron=1750454193.2684559822082519531250 HTTP/1.1" 200 0 "-" "WordPress/6.8.1; https://socialsolargreen.com"
198.54.114.35 - - [20/Jun/2025:17:17:17 -0400] "POST /wp-cron.php?doing_wp_cron=1750454237.7701570987701416015625 HTTP/1.1" 200 0 "-" "WordPress/6.8.1; https://socialsolargreen.com"
198.54.114.35 - - [20/Jun/2025:17:21:56 -0400] "POST /wp-cron.php?doing_wp_cron=1750454516.6377038955688476562500 HTTP/1.1" 200 0 "-" "WordPress/6.8.1; https://socialsolargreen.com"
109.110.188.3 - - [20/Jun/2025:17:26:31 -0400] "POST /xmlrpc.php HTTP/1.1" 200 186 "https://socialsolargreen.com" "Mozilla/5.0 (Windows NT 10.0; Win64; x64) AppleWebKit/537.36 (KHTML, like Gecko) Chrome/115.0.5790.171 Safari/537.36 Edg/115.0.1901.203"
198.54.114.35 - - [20/Jun/2025:17:31:07 -0400] "POST /wp-cron.php?doing_wp_cron=1750455067.6492810249328613281250 HTTP/1.1" 200 0 "-" "WordPress/6.8.1; https://socialsolargreen.com"
185.249.227.165 - - [20/Jun/2025:17:31:05 -0400] "POST /xmlrpc.php HTTP/1.1" 200 186 "https://socialsolargreen.com" "Mozilla/5.0 (Windows NT 10.0; Win64; x64; rv:127.0) Gecko/20100101 Firefox/127.0"
91.151.95.70 - - [20/Jun/2025:17:35:42 -0400] "POST /xmlrpc.php HTTP/1.1" 200 186 "https://socialsolargreen.com" "Mozilla/5.0 (Windows NT 11.0; Win64; x64; rv:126.0) Gecko/20100101 Firefox/126.0"
164.90.155.118 - - [20/Jun/2025:17:37:24 -0400] "POST /xmlrpc.php HTTP/1.1" 200 186 "-" "Mozilla/5.0 (Windows NT 10.0; Win64; x64; rv:50.0) Gecko/20100101 Firefox/50.0"
198.54.114.35 - - [20/Jun/2025:17:40:26 -0400] "POST /wp-cron.php?doing_wp_cron=1750455625.9823739528656005859375 HTTP/1.1" 200 0 "-" "WordPress/6.8.1; https://socialsolargreen.com"
198.54.114.35 - - [20/Jun/2025:17:26:34 -0400] "POST /wp-cron.php?doing_wp_cron=1750454794.1195099353790283203125 HTTP/1.1" 200 0 "-" "WordPress/6.8.1; https://socialsolargreen.com"
198.54.114.35 - - [20/Jun/2025:17:35:44 -0400] "POST /wp-cron.php?doing_wp_cron=1750455344.1222739219665527343750 HTTP/1.1" 200 0 "-" "WordPress/6.8.1; https://socialsolargreen.com"
198.54.114.35 - - [20/Jun/2025:17:37:26 -0400] "POST /wp-cron.php?doing_wp_cron=1750455446.7274820804595947265625 HTTP/1.1" 200 0 "-" "WordPress/6.8.1; https://socialsolargreen.com"
2600:3c00::f03c:93ff:fe5a:c926 - - [20/Jun/2025:17:40:24 -0400] "POST /xmlrpc.php HTTP/1.1" 200 186 "https://socialsolargreen.com" "Mozilla/5.0 (Windows NT 10.0; Win64; x64) AppleWebKit/537.36 (KHTML, like Gecko) Chrome/113.0.5672.93 Safari/537.36"
198.54.114.35 - - [20/Jun/2025:17:49:41 -0400] "POST /wp-cron.php?doing_wp_cron=1750456181.4664449691772460937500 HTTP/1.1" 200 0 "-" "WordPress/6.8.1; https://socialsolargreen.com"
77.68.27.174 - - [20/Jun/2025:17:54:17 -0400] "POST /xmlrpc.php HTTP/1.1" 200 186 "https://socialsolargreen.com" "Mozilla/5.0 (Windows NT 10.0; Win64; x64) AppleWebKit/537.36 (KHTML, like Gecko) Chrome/113.0.5672.126 Safari/537.36 Edg/113.0.1774.50"
198.54.114.35 - - [20/Jun/2025:17:45:02 -0400] "POST /wp-cron.php?doing_wp_cron=1750455902.7652640342712402343750 HTTP/1.1" 200 0 "-" "WordPress/6.8.1; https://socialsolargreen.com"
194.35.13.67 - - [20/Jun/2025:17:45:00 -0400] "POST /xmlrpc.php HTTP/1.1" 200 186 "https://socialsolargreen.com" "Mozilla/5.0 (Macintosh; Intel Mac OS X 10_15_7) AppleWebKit/537.36 (KHTML, like Gecko) Chrome/116.0.5845.96 Safari/537.36"
103.163.214.6 - - [20/Jun/2025:17:49:39 -0400] "POST /xmlrpc.php HTTP/1.1" 200 186 "https://socialsolargreen.com" "Mozilla/5.0 (Windows NT 10.0; Win64; x64; rv:125.0.1) Gecko/20100101 Firefox/125.0.1"
198.54.114.35 - - [20/Jun/2025:17:54:19 -0400] "POST /wp-cron.php?doing_wp_cron=1750456459.3112449645996093750000 HTTP/1.1" 200 0 "-" "WordPress/6.8.1; https://socialsolargreen.com"
199.250.206.198 - - [20/Jun/2025:17:59:13 -0400] "POST /xmlrpc.php HTTP/1.1" 200 205 "-" "Mozilla/5.0 (X11; Ubuntu; Linux x86_64; rv:85.0) Gecko/20100101 Firefox/91.0"
155.130.134.235 - - [20/Jun/2025:17:59:24 -0400] "POST /xmlrpc.php HTTP/1.1" 200 186 "-" "Mozilla/5.0 (Windows NT 10.0; Win64; x64; rv:52.0) Gecko/20100101 Firefox/52.0"
2a03:2880:f800:12:: - - [20/Jun/2025:18:02:39 -0400] "GET /wp-sitemap.xml HTTP/1.1" 200 195 "-" "meta-externalagent/1.1 (+https://developers.facebook.com/docs/sharing/webmasters/crawler)"
198.54.114.35 - - [20/Jun/2025:18:03:47 -0400] "POST /wp-cron.php?doing_wp_cron=1750457026.9997110366821289062500 HTTP/1.1" 200 0 "-" "WordPress/6.8.1; https://socialsolargreen.com"
198.54.114.35 - - [20/Jun/2025:18:08:30 -0400] "POST /wp-cron.php?doing_wp_cron=1750457310.0412030220031738281250 HTTP/1.1" 200 0 "-" "WordPress/6.8.1; https://socialsolargreen.com"
198.54.114.35 - - [20/Jun/2025:17:59:01 -0400] "POST /wp-cron.php?doing_wp_cron=1750456741.2641770839691162109375 HTTP/1.1" 200 0 "-" "WordPress/6.8.1; https://socialsolargreen.com"
168.119.13.146 - - [20/Jun/2025:17:58:59 -0400] "POST /xmlrpc.php HTTP/1.1" 200 186 "https://socialsolargreen.com" "Mozilla/5.0 (Windows NT 10.0; Win64; x64) AppleWebKit/537.36 (KHTML, like Gecko) Chrome/114.0.5735.199 Safari/537.36 Edg/114.0.1823.67"
198.54.114.35 - - [20/Jun/2025:17:59:13 -0400] "POST /wp-cron.php?doing_wp_cron=1750456753.6333808898925781250000 HTTP/1.1" 200 0 "-" "WordPress/6.8.1; https://socialsolargreen.com"
15.204.43.173 - - [20/Jun/2025:18:03:45 -0400] "POST /xmlrpc.php HTTP/1.1" 200 186 "https://socialsolargreen.com" "Mozilla/5.0 (Macintosh; Intel Mac OS X 10_15_7; rv:128.0) Gecko/20100101 Firefox/128.0"
123.1.133.4 - - [20/Jun/2025:18:08:27 -0400] "POST /xmlrpc.php HTTP/1.1" 200 186 "https://socialsolargreen.com" "Mozilla/5.0 (Windows NT 10.0; Win64; x64) AppleWebKit/537.36 (KHTML, like Gecko) Chrome/116.0.5845.96 Safari/537.36"
198.54.114.35 - - [20/Jun/2025:18:17:55 -0400] "POST /wp-cron.php?doing_wp_cron=1750457875.2356610298156738281250 HTTP/1.1" 200 0 "-" "WordPress/6.8.1; https://socialsolargreen.com"
34.46.107.224 - - [20/Jun/2025:18:17:52 -0400] "POST /xmlrpc.php HTTP/1.1" 200 186 "https://socialsolargreen.com" "Mozilla/5.0 (Windows NT 10.0; Win64; x64; rv:127.0) Gecko/20100101 Firefox/127.0"
198.54.114.35 - - [20/Jun/2025:18:20:12 -0400] "POST /wp-cron.php?doing_wp_cron=1750458012.4582219123840332031250 HTTP/1.1" 200 0 "-" "WordPress/6.8.1; https://socialsolargreen.com"
52.138.136.252 - - [20/Jun/2025:18:20:10 -0400] "GET /wp-content/plugins/hellopress/wp_filemanager.php HTTP/1.1" 404 22461 "-" "-"
52.138.136.252 - - [20/Jun/2025:18:20:15 -0400] "GET /404 HTTP/1.1" 404 22233 "-" "-"
52.138.136.252 - - [20/Jun/2025:18:20:16 -0400] "GET /wp-content/themes/astra/inc/ki1k.php HTTP/1.1" 404 22460 "-" "-"
52.138.136.252 - - [20/Jun/2025:18:20:18 -0400] "GET /default.php HTTP/1.1" 404 22233 "-" "-"
52.138.136.252 - - [20/Jun/2025:18:20:19 -0400] "GET /wp-content/themes/cay-van-phong/filemanager.php HTTP/1.1" 404 22461 "-" "-"
52.138.136.252 - - [20/Jun/2025:18:20:21 -0400] "GET /wp-content/plugins/seoplugins/index.php HTTP/1.1" 301 0 "-" "-"
52.138.136.252 - - [20/Jun/2025:18:20:21 -0400] "GET /wp-content/plugins/seoplugins/ HTTP/1.1" 404 22461 "-" "-"
52.138.136.252 - - [20/Jun/2025:18:20:23 -0400] "GET /libraries/legacy/info.php HTTP/1.1" 404 22461 "-" "-"
52.138.136.252 - - [20/Jun/2025:18:20:23 -0400] "GET /wp-content/themes/include.php HTTP/1.1" 404 22461 "-" "-"
52.138.136.252 - - [20/Jun/2025:18:20:25 -0400] "GET /404 HTTP/1.1" 404 22233 "-" "-"
52.138.136.252 - - [20/Jun/2025:18:20:26 -0400] "GET /assets/images/28c5400b0b.php HTTP/1.1" 404 22460 "-" "-"
52.138.136.252 - - [20/Jun/2025:18:20:27 -0400] "GET /wordpress/wp-includes/wp-config-sample.php HTTP/1.1" 404 22460 "-" "-"
52.138.136.252 - - [20/Jun/2025:18:20:28 -0400] "GET /wp-mail.php/wp-includes/ID3/.info.php HTTP/1.1" 403 958 "-" "-"
52.138.136.252 - - [20/Jun/2025:18:20:29 -0400] "GET /wp-includes/js/tinymce/skins/lightgray/img/about.php HTTP/1.1" 404 22460 "-" "-"
52.138.136.252 - - [20/Jun/2025:18:20:29 -0400] "GET /wp-includes/block-supports/autoload_classmap.php HTTP/1.1" 404 22461 "-" "-"
52.138.136.252 - - [20/Jun/2025:18:20:31 -0400] "GET /wp-admin/images/install.php HTTP/1.1" 404 22461 "-" "-"
52.138.136.252 - - [20/Jun/2025:18:20:33 -0400] "GET /wp-admin/chosen.php HTTP/1.1" 404 22233 "-" "-"
52.138.136.252 - - [20/Jun/2025:18:20:33 -0400] "GET /info.php HTTP/1.1" 404 22233 "-" "-"
52.138.136.252 - - [20/Jun/2025:18:20:34 -0400] "GET /wp-includes/assets/about.php HTTP/1.1" 404 22460 "-" "-"
52.138.136.252 - - [20/Jun/2025:18:20:36 -0400] "GET /404 HTTP/1.1" 404 22233 "-" "-"
52.138.136.252 - - [20/Jun/2025:18:20:37 -0400] "GET /th/plugins/phpThumb/404.php HTTP/1.1" 404 22460 "-" "-"
52.138.136.252 - - [20/Jun/2025:18:20:38 -0400] "GET /files/log.php HTTP/1.1" 404 22233 "-" "-"
52.138.136.252 - - [20/Jun/2025:18:20:39 -0400] "GET /wp-includes/html-api/index.php HTTP/1.1" 301 0 "-" "-"
52.138.136.252 - - [20/Jun/2025:18:20:40 -0400] "GET /wp-includes/assets/index.php HTTP/1.1" 301 0 "-" "-"
52.138.136.252 - - [20/Jun/2025:18:20:41 -0400] "GET /wp-includes/block-patterns/vuln.php HTTP/1.1" 404 22461 "-" "-"
52.138.136.252 - - [20/Jun/2025:18:20:42 -0400] "GET /wp-includes/rest-api/fields/ HTTP/1.1" 200 760 "-" "-"
52.138.136.252 - - [20/Jun/2025:18:20:42 -0400] "GET /wp-includes/images/media/wp-login.php HTTP/1.1" 302 0 "-" "-"
52.138.136.252 - - [20/Jun/2025:18:20:42 -0400] "GET /404 HTTP/1.1" 404 22233 "-" "-"
52.138.136.252 - - [20/Jun/2025:18:20:44 -0400] "GET /wp-content/languages/asus.php HTTP/1.1" 404 22460 "-" "-"
52.138.136.252 - - [20/Jun/2025:18:20:45 -0400] "GET /admin.php HTTP/1.1" 404 22233 "-" "-"
52.138.136.252 - - [20/Jun/2025:18:20:47 -0400] "GET /wp-content/themes/wp-pridmag/admin.php HTTP/1.1" 404 22461 "-" "-"
52.138.136.252 - - [20/Jun/2025:18:20:47 -0400] "GET /wp-includes/Text/wp-conflg.php HTTP/1.1" 404 22460 "-" "-"
198.54.114.35 - - [20/Jun/2025:18:20:12 -0400] "POST /wp-cron.php?doing_wp_cron=1750458012.6575319766998291015625 HTTP/1.1" 200 0 "-" "WordPress/6.8.1; https://socialsolargreen.com"
52.138.136.252 - - [20/Jun/2025:18:20:14 -0400] "GET /wp-includes/Text/network.php HTTP/1.1" 404 22461 "-" "-"
52.138.136.252 - - [20/Jun/2025:18:20:14 -0400] "GET /wp-content/upgrade-temp-backup/wp-login.php HTTP/1.1" 302 0 "-" "-"
52.138.136.252 - - [20/Jun/2025:18:20:15 -0400] "GET /js/fm.php HTTP/1.1" 404 22233 "-" "-"
52.138.136.252 - - [20/Jun/2025:18:20:17 -0400] "GET /WordPress/wp-admin/includes/zmFM.php HTTP/1.1" 404 22460 "-" "-"
52.138.136.252 - - [20/Jun/2025:18:20:18 -0400] "GET /ty.php HTTP/1.1" 404 22233 "-" "-"
52.138.136.252 - - [20/Jun/2025:18:20:20 -0400] "GET /fm.php HTTP/1.1" 404 22232 "-" "-"
52.138.136.252 - - [20/Jun/2025:18:20:22 -0400] "GET /ini.php HTTP/1.1" 404 22233 "-" "-"
52.138.136.252 - - [20/Jun/2025:18:20:24 -0400] "GET /wp-admin/network/about.php HTTP/1.1" 302 0 "-" "-"
52.138.136.252 - - [20/Jun/2025:18:20:25 -0400] "GET /wp-login.php?redirect_to=https%3A%2F%2Fsocialsolargreen.com%2Fwp-admin%2Fnetwork%2Fabout.php&reauth=1 HTTP/1.1" 302 0 "-" "-"
52.138.136.252 - - [20/Jun/2025:18:20:25 -0400] "GET /alfa.php HTTP/1.1" 404 22233 "-" "-"
52.138.136.252 - - [20/Jun/2025:18:20:26 -0400] "GET /wp-mail.php/wp-includes/ID3/rk2.php HTTP/1.1" 403 958 "-" "-"
52.138.136.252 - - [20/Jun/2025:18:20:28 -0400] "GET /wp-includes/Text/Diff/Engine/about.php HTTP/1.1" 404 22461 "-" "-"
52.138.136.252 - - [20/Jun/2025:18:20:30 -0400] "GET /wp-content/uploads/classwithtostring.php HTTP/1.1" 404 22461 "-" "-"
52.138.136.252 - - [20/Jun/2025:18:20:32 -0400] "GET /.well-known/link.php HTTP/1.1" 404 22233 "-" "-"
52.138.136.252 - - [20/Jun/2025:18:20:35 -0400] "GET /test.php HTTP/1.1" 404 22233 "-" "-"
52.138.136.252 - - [20/Jun/2025:18:20:36 -0400] "GET /wp-admin/css/colors/ectoplasm/wp-login.php HTTP/1.1" 302 0 "-" "-"
52.138.136.252 - - [20/Jun/2025:18:20:36 -0400] "GET /Assets/item.php HTTP/1.1" 404 22233 "-" "-"
52.138.136.252 - - [20/Jun/2025:18:20:37 -0400] "GET /shop/lock.php HTTP/1.1" 404 22233 "-" "-"
52.138.136.252 - - [20/Jun/2025:18:20:38 -0400] "GET /wp-includes/css/dist/preferences/index.php HTTP/1.1" 301 0 "-" "-"
52.138.136.252 - - [20/Jun/2025:18:20:38 -0400] "GET /wp-includes/css/dist/preferences/ HTTP/1.1" 200 679 "-" "-"
52.138.136.252 - - [20/Jun/2025:18:20:39 -0400] "GET /wp-includes/html-api/ HTTP/1.1" 200 1428 "-" "-"
52.138.136.252 - - [20/Jun/2025:18:20:40 -0400] "GET /x.php HTTP/1.1" 404 22233 "-" "-"
52.138.136.252 - - [20/Jun/2025:18:20:41 -0400] "GET /wp-includes/assets/ HTTP/1.1" 200 1095 "-" "-"
52.138.136.252 - - [20/Jun/2025:18:20:42 -0400] "GET /wp-includes/rest-api/fields/index.php HTTP/1.1" 301 0 "-" "-"
52.138.136.252 - - [20/Jun/2025:18:20:43 -0400] "GET /wp-content/uploads/autoload_classmap.php HTTP/1.1" 404 22460 "-" "-"
52.138.136.252 - - [20/Jun/2025:18:20:43 -0400] "GET /images/404.php HTTP/1.1" 404 22233 "-" "-"
52.138.136.252 - - [20/Jun/2025:18:20:45 -0400] "GET /.well-known/pki-validation/parx.php HTTP/1.1" 404 1251 "-" "-"
52.138.136.252 - - [20/Jun/2025:18:20:46 -0400] "GET /wp-content/plugins/wp-login.php HTTP/1.1" 302 0 "-" "-"
52.138.136.252 - - [20/Jun/2025:18:20:46 -0400] "GET /404 HTTP/1.1" 404 22233 "-" "-"
52.138.136.252 - - [20/Jun/2025:18:20:46 -0400] "GET /12wudscz.php HTTP/1.1" 404 22233 "-" "-"
52.138.136.252 - - [20/Jun/2025:18:20:50 -0400] "GET /404 HTTP/1.1" 404 22233 "-" "-"
52.138.136.252 - - [20/Jun/2025:18:20:51 -0400] "GET /wp-includes/rest-api/endpoints/index.php HTTP/1.1" 301 0 "-" "-"
52.138.136.252 - - [20/Jun/2025:18:20:51 -0400] "GET /wp-includes/rest-api/endpoints/ HTTP/1.1" 200 2184 "-" "-"
52.138.136.252 - - [20/Jun/2025:18:20:52 -0400] "GET /index/about.php HTTP/1.1" 404 22233 "-" "-"
52.138.136.252 - - [20/Jun/2025:18:20:53 -0400] "GET /manager.php HTTP/1.1" 404 22233 "-" "-"
52.138.136.252 - - [20/Jun/2025:18:20:54 -0400] "GET /modules/mod_simplefileuploadv1.3/elements/filemanager.php HTTP/1.1" 404 22460 "-" "-"
52.138.136.252 - - [20/Jun/2025:18:20:56 -0400] "GET /wp-content/plugins/wp.php HTTP/1.1" 404 22460 "-" "-"
52.138.136.252 - - [20/Jun/2025:18:20:56 -0400] "GET /wp-admin/includes/index.php HTTP/1.1" 301 0 "-" "-"
52.138.136.252 - - [20/Jun/2025:18:20:57 -0400] "GET /wp-includes/SimplePie/Cache/content.php HTTP/1.1" 404 22461 "-" "-"
52.138.136.252 - - [20/Jun/2025:18:20:59 -0400] "GET /404 HTTP/1.1" 404 22233 "-" "-"
52.138.136.252 - - [20/Jun/2025:18:20:59 -0400] "GET /wp-mail.php/wp-includes/ID3/taptap-null.php HTTP/1.1" 403 958 "-" "-"
52.138.136.252 - - [20/Jun/2025:18:20:59 -0400] "GET /.well-known/as.php HTTP/1.1" 404 22232 "-" "-"
52.138.136.252 - - [20/Jun/2025:18:21:00 -0400] "GET /wp-includes/customize/wp-login.php HTTP/1.1" 302 0 "-" "-"
52.138.136.252 - - [20/Jun/2025:18:21:01 -0400] "GET /themes.php HTTP/1.1" 404 22233 "-" "-"
52.138.136.252 - - [20/Jun/2025:18:21:02 -0400] "GET /wp-admin/network/upfile.php HTTP/1.1" 404 22461 "-" "-"
52.138.136.252 - - [20/Jun/2025:18:21:03 -0400] "GET /wp-includes/sitemaps/providers/about.php HTTP/1.1" 404 22461 "-" "-"
52.138.136.252 - - [20/Jun/2025:18:21:05 -0400] "GET /wp-includes/sodium_compat/src/content.php HTTP/1.1" 404 22461 "-" "-"
52.138.136.252 - - [20/Jun/2025:18:21:06 -0400] "GET /wp-includes/rest-api/admin.php HTTP/1.1" 404 22461 "-" "-"
52.138.136.252 - - [20/Jun/2025:18:21:07 -0400] "GET /wp-includes/js/crop/zmFM.php HTTP/1.1" 404 22460 "-" "-"
198.54.114.35 - - [20/Jun/2025:18:21:09 -0400] "POST /wp-cron.php?doing_wp_cron=1750458069.3356399536132812500000 HTTP/1.1" 200 0 "-" "WordPress/6.8.1; https://socialsolargreen.com"
52.138.136.252 - - [20/Jun/2025:18:21:10 -0400] "GET /wp-configs.php HTTP/1.1" 404 22233 "-" "-"
52.138.136.252 - - [20/Jun/2025:18:21:11 -0400] "GET /wp-includes/Text/wp.php HTTP/1.1" 404 22461 "-" "-"
52.138.136.252 - - [20/Jun/2025:18:21:12 -0400] "GET /inputs.php HTTP/1.1" 404 22233 "-" "-"
52.138.136.252 - - [20/Jun/2025:18:21:13 -0400] "GET /wp-admin/network/chosen.php HTTP/1.1" 404 22461 "-" "-"
52.138.136.252 - - [20/Jun/2025:18:21:14 -0400] "GET /wp-includes/images/chosen.php HTTP/1.1" 404 22461 "-" "-"
52.138.136.252 - - [20/Jun/2025:18:21:16 -0400] "GET /wp-includes/sodium_compat/src/Core32/Curve25519/Ge/about.php HTTP/1.1" 404 22461 "-" "-"
52.138.136.252 - - [20/Jun/2025:18:21:18 -0400] "GET /wp-content/languages/ HTTP/1.1" 404 22233 "-" "-"
52.138.136.252 - - [20/Jun/2025:18:21:20 -0400] "GET /admin/fckeditor/editor/filemanager/updates.php HTTP/1.1" 404 22461 "-" "-"
52.138.136.252 - - [20/Jun/2025:18:21:22 -0400] "GET /404 HTTP/1.1" 404 22233 "-" "-"
52.138.136.252 - - [20/Jun/2025:18:21:22 -0400] "GET /wp-admin/css/colors/coffee/alfa-rex.php HTTP/1.1" 404 22461 "-" "-"
52.138.136.252 - - [20/Jun/2025:18:21:23 -0400] "GET /wp-includes/SimplePie/Cache/about.php HTTP/1.1" 404 22461 "-" "-"
52.138.136.252 - - [20/Jun/2025:18:21:24 -0400] "GET /wp-admin/css/colors/blue/index.php HTTP/1.1" 301 0 "-" "-"
52.138.136.252 - - [20/Jun/2025:18:21:25 -0400] "GET /wp-admin/css/colors/blue/ HTTP/1.1" 200 736 "-" "-"
52.138.136.252 - - [20/Jun/2025:18:21:25 -0400] "GET /wp-mail.php/wp-includes/ID3/wp-mail.php HTTP/1.1" 403 958 "-" "-"
52.138.136.252 - - [20/Jun/2025:18:21:25 -0400] "GET /wp-content/plugins/revslider/public/assets/assets/sources/wp-login.php HTTP/1.1" 302 0 "-" "-"
52.138.136.252 - - [20/Jun/2025:18:21:25 -0400] "GET /404 HTTP/1.1" 404 22233 "-" "-"
52.138.136.252 - - [20/Jun/2025:18:21:26 -0400] "GET /wp-content/themes/file.php HTTP/1.1" 404 22460 "-" "-"
52.138.136.252 - - [20/Jun/2025:18:21:28 -0400] "GET /wp-content/uploads/2020/admin.php HTTP/1.1" 404 22461 "-" "-"
52.138.136.252 - - [20/Jun/2025:18:21:29 -0400] "GET /assets/images/wp-login.php HTTP/1.1" 302 0 "-" "-"
52.138.136.252 - - [20/Jun/2025:18:21:30 -0400] "GET /404 HTTP/1.1" 404 22233 "-" "-"
52.138.136.252 - - [20/Jun/2025:18:21:30 -0400] "GET /css/xp.php HTTP/1.1" 404 22233 "-" "-"
52.138.136.252 - - [20/Jun/2025:18:21:30 -0400] "GET /wp-includes/assets/themes.php HTTP/1.1" 404 22461 "-" "-"
52.138.136.252 - - [20/Jun/2025:18:20:48 -0400] "GET /wp-content/plugins/background-image-cropper/plugins.php HTTP/1.1" 404 22460 "-" "-"
52.138.136.252 - - [20/Jun/2025:18:20:49 -0400] "GET /classwithtostring.php HTTP/1.1" 404 22233 "-" "-"
52.138.136.252 - - [20/Jun/2025:18:20:50 -0400] "GET /wp-includes/Text/Diff/Renderer/wp-login.php HTTP/1.1" 302 0 "-" "-"
52.138.136.252 - - [20/Jun/2025:18:20:50 -0400] "GET /wp-admin/images/users.php HTTP/1.1" 404 22461 "-" "-"
52.138.136.252 - - [20/Jun/2025:18:20:51 -0400] "GET /wp-includes/random_compat/about.php HTTP/1.1" 404 22461 "-" "-"
52.138.136.252 - - [20/Jun/2025:18:20:53 -0400] "GET /.well-known/pki-validation/about.php HTTP/1.1" 404 1251 "-" "-"
52.138.136.252 - - [20/Jun/2025:18:20:54 -0400] "GET /wp-admin/user/content.php HTTP/1.1" 404 22460 "-" "-"
52.138.136.252 - - [20/Jun/2025:18:20:55 -0400] "GET /about/function.php HTTP/1.1" 404 22233 "-" "-"
52.138.136.252 - - [20/Jun/2025:18:20:57 -0400] "GET /wp-admin/includes/ HTTP/1.1" 200 4126 "-" "-"
52.138.136.252 - - [20/Jun/2025:18:20:58 -0400] "GET /wp-content/themes/xmrlpc.php HTTP/1.1" 404 22460 "-" "-"
52.138.136.252 - - [20/Jun/2025:18:20:59 -0400] "GET /wp-includes/js/wp-login.php HTTP/1.1" 302 0 "-" "-"
52.138.136.252 - - [20/Jun/2025:18:21:00 -0400] "GET /404 HTTP/1.1" 404 22233 "-" "-"
52.138.136.252 - - [20/Jun/2025:18:21:00 -0400] "GET /.well-known/lv.php HTTP/1.1" 404 22233 "-" "-"
52.138.136.252 - - [20/Jun/2025:18:21:01 -0400] "GET /wp-content/plugins/duplicator/assets/about.php HTTP/1.1" 404 22461 "-" "-"
52.138.136.252 - - [20/Jun/2025:18:21:03 -0400] "GET /wp-content/plugins/index.php HTTP/1.1" 403 1242 "-" "-"
52.138.136.252 - - [20/Jun/2025:18:21:03 -0400] "GET /wp-content/upgrade/autoload_classmap.php HTTP/1.1" 404 22461 "-" "-"
52.138.136.252 - - [20/Jun/2025:18:21:04 -0400] "GET /images/cjfuns.php HTTP/1.1" 404 22233 "-" "-"
52.138.136.252 - - [20/Jun/2025:18:21:07 -0400] "GET /wp-2019.php HTTP/1.1" 404 22233 "-" "-"
52.138.136.252 - - [20/Jun/2025:18:21:08 -0400] "GET /wp-includes/js/about.php HTTP/1.1" 404 22461 "-" "-"
52.138.136.252 - - [20/Jun/2025:18:21:09 -0400] "GET /wp-content/plugin.php HTTP/1.1" 404 22233 "-" "-"
52.138.136.252 - - [20/Jun/2025:18:21:10 -0400] "GET /wp-admin/js/widgets/xmrlpc.php HTTP/1.1" 404 22461 "-" "-"
