198.54.114.35 - - [20/Jun/2025:11:39:54 -0400] "POST /wp-cron.php?doing_wp_cron=1750433994.6350829601287841796875 HTTP/1.1" 200 0 "-" "WordPress/6.8.1; https://socialsolargreen.com"
138.2.81.39 - - [20/Jun/2025:11:39:57 -0400] "GET //simple.php HTTP/1.1" 301 0 "http://socialsolargreen.com//simple.php" "Go-http-client/2.0"
138.2.81.39 - - [20/Jun/2025:11:39:57 -0400] "GET /simple.php HTTP/1.1" 404 22233 "https://socialsolargreen.com//simple.php" "Go-http-client/2.0"
138.2.81.39 - - [20/Jun/2025:11:39:58 -0400] "GET //zero.php HTTP/1.1" 301 0 "http://socialsolargreen.com//zero.php" "Go-http-client/2.0"
138.2.81.39 - - [20/Jun/2025:11:40:00 -0400] "GET /wp-content/plugins/include.php HTTP/1.1" 404 22460 "https://socialsolargreen.com//wp-content/plugins/include.php" "Go-http-client/2.0"
138.2.81.39 - - [20/Jun/2025:11:40:01 -0400] "GET //phpmailer.lang-sv.php HTTP/1.1" 301 0 "http://socialsolargreen.com//phpmailer.lang-sv.php" "Go-http-client/2.0"
138.2.81.39 - - [20/Jun/2025:11:40:07 -0400] "GET /wp-content/plugins/wp-help/admin/wp-fclass.php HTTP/1.1" 404 22461 "https://socialsolargreen.com//wp-content/plugins/wp-help/admin/wp-fclass.php" "Go-http-client/2.0"
198.54.114.35 - - [20/Jun/2025:11:40:09 -0400] "POST /wp-cron.php?doing_wp_cron=1750434009.6762189865112304687500 HTTP/1.1" 200 0 "-" "WordPress/6.8.1; https://socialsolargreen.com"
138.2.81.39 - - [20/Jun/2025:11:40:10 -0400] "GET //wp-admin/images/class.api.php HTTP/1.1" 301 0 "http://socialsolargreen.com//wp-admin/images/class.api.php#888xyz999" "Go-http-client/2.0"
138.2.81.39 - - [20/Jun/2025:11:40:11 -0400] "GET /wp-admin/images/class.api.php HTTP/1.1" 404 22460 "https://socialsolargreen.com//wp-admin/images/class.api.php" "Go-http-client/2.0"
138.2.81.39 - - [20/Jun/2025:11:40:12 -0400] "GET /wp-admin/js/widgets/class.api.php HTTP/1.1" 404 22461 "https://socialsolargreen.com//wp-admin/js/widgets/class.api.php" "Go-http-client/2.0"
138.2.81.39 - - [20/Jun/2025:11:40:14 -0400] "GET /.well-known/pki-validation/class_api.php HTTP/1.1" 404 1251 "https://socialsolargreen.com//.well-known/pki-validation/class_api.php" "Go-http-client/2.0"
138.2.81.39 - - [20/Jun/2025:11:40:15 -0400] "GET /class_api.php HTTP/1.1" 404 22233 "https://socialsolargreen.com//class_api.php" "Go-http-client/2.0"
138.2.81.39 - - [20/Jun/2025:11:40:15 -0400] "GET //class.api.php HTTP/1.1" 301 0 "http://socialsolargreen.com//class.api.php#888xyz999" "Go-http-client/2.0"
138.2.81.39 - - [20/Jun/2025:11:40:16 -0400] "GET /class.api.php HTTP/1.1" 404 22233 "https://socialsolargreen.com//class.api.php" "Go-http-client/2.0"
138.2.81.39 - - [20/Jun/2025:11:40:17 -0400] "GET //wp-content/themes/tflow/up.php HTTP/1.1" 301 0 "http://socialsolargreen.com//wp-content/themes/tflow/up.php" "Go-http-client/2.0"
138.2.81.39 - - [20/Jun/2025:11:40:17 -0400] "GET /wp-content/themes/tflow/up.php HTTP/1.1" 404 22461 "https://socialsolargreen.com//wp-content/themes/tflow/up.php" "Go-http-client/2.0"
138.2.81.39 - - [20/Jun/2025:11:40:18 -0400] "GET //wp-content/themes/wp-pridmag/up.php HTTP/1.1" 301 0 "http://socialsolargreen.com//wp-content/themes/wp-pridmag/up.php" "Go-http-client/2.0"
206.189.37.180 - - [20/Jun/2025:11:45:13 -0400] "GET //wp-includes/ID3/license.txt HTTP/1.1" 200 414 "-" "Mozilla/5.0 (Windows NT 10.0; Win64; x64) AppleWebKit/537.36 (KHTML, like Gecko) Chrome/95.0.4638.69 Safari/537.36"
198.54.114.35 - - [20/Jun/2025:11:45:17 -0400] "POST /wp-cron.php?doing_wp_cron=1750434317.3764441013336181640625 HTTP/1.1" 200 0 "-" "WordPress/6.8.1; https://socialsolargreen.com"
206.189.37.180 - - [20/Jun/2025:11:45:14 -0400] "GET //feed/ HTTP/1.1" 301 0 "-" "Mozilla/5.0 (Windows NT 10.0; Win64; x64) AppleWebKit/537.36 (KHTML, like Gecko) Chrome/95.0.4638.69 Safari/537.36"
206.189.37.180 - - [20/Jun/2025:11:45:19 -0400] "GET //wp-json/wp/v2/users/ HTTP/1.1" 200 904 "-" "Mozilla/5.0 (Windows NT 10.0; Win64; x64) AppleWebKit/537.36 (KHTML, like Gecko) Chrome/95.0.4638.69 Safari/537.36"
206.189.37.180 - - [20/Jun/2025:11:45:20 -0400] "POST //xmlrpc.php HTTP/1.1" 200 205 "-" "Mozilla/5.0 (Windows NT 10.0; Win64; x64) AppleWebKit/537.36 (KHTML, like Gecko) Chrome/95.0.4638.69 Safari/537.36"
206.189.37.180 - - [20/Jun/2025:11:45:21 -0400] "POST //xmlrpc.php HTTP/1.1" 200 205 "-" "Mozilla/5.0 (Windows NT 10.0; Win64; x64) AppleWebKit/537.36 (KHTML, like Gecko) Chrome/95.0.4638.69 Safari/537.36"
206.189.37.180 - - [20/Jun/2025:11:45:23 -0400] "POST //xmlrpc.php HTTP/1.1" 200 205 "-" "Mozilla/5.0 (Windows NT 10.0; Win64; x64) AppleWebKit/537.36 (KHTML, like Gecko) Chrome/95.0.4638.69 Safari/537.36"
89.169.147.122 - - [20/Jun/2025:11:46:59 -0400] "POST /xmlrpc.php HTTP/1.1" 200 186 "https://socialsolargreen.com" "Mozilla/5.0 (Macintosh; Intel Mac OS X 14_4_1) AppleWebKit/605.1.15 (KHTML, like Gecko) Version/17.3.1 Safari/605.1.15"
198.54.114.35 - - [20/Jun/2025:11:52:22 -0400] "POST /wp-cron.php?doing_wp_cron=1750434742.1470470428466796875000 HTTP/1.1" 200 0 "-" "WordPress/6.8.1; https://socialsolargreen.com"
15.204.43.172 - - [20/Jun/2025:11:52:18 -0400] "POST /xmlrpc.php HTTP/1.1" 200 186 "https://socialsolargreen.com" "Mozilla/5.0 (Windows NT 10.0; Win64; x64) AppleWebKit/537.36 (KHTML, like Gecko) Chrome/114.0.5735.199 Safari/537.36 Edg/114.0.1823.67"
206.189.37.180 - - [20/Jun/2025:11:45:18 -0400] "GET //xmlrpc.php?rsd HTTP/1.1" 200 298 "-" "Mozilla/5.0 (Windows NT 10.0; Win64; x64) AppleWebKit/537.36 (KHTML, like Gecko) Chrome/95.0.4638.69 Safari/537.36"
206.189.37.180 - - [20/Jun/2025:11:45:18 -0400] "GET //?author=1 HTTP/1.1" 301 0 "-" "Mozilla/5.0 (Windows NT 10.0; Win64; x64) AppleWebKit/537.36 (KHTML, like Gecko) Chrome/95.0.4638.69 Safari/537.36"
206.189.37.180 - - [20/Jun/2025:11:45:19 -0400] "GET //?author=2 HTTP/1.1" 301 0 "-" "Mozilla/5.0 (Windows NT 10.0; Win64; x64) AppleWebKit/537.36 (KHTML, like Gecko) Chrome/95.0.4638.69 Safari/537.36"
206.189.37.180 - - [20/Jun/2025:11:45:21 -0400] "POST //xmlrpc.php HTTP/1.1" 200 205 "-" "Mozilla/5.0 (Windows NT 10.0; Win64; x64) AppleWebKit/537.36 (KHTML, like Gecko) Chrome/95.0.4638.69 Safari/537.36"
206.189.37.180 - - [20/Jun/2025:11:45:22 -0400] "POST //xmlrpc.php HTTP/1.1" 200 205 "-" "Mozilla/5.0 (Windows NT 10.0; Win64; x64) AppleWebKit/537.36 (KHTML, like Gecko) Chrome/95.0.4638.69 Safari/537.36"
206.189.37.180 - - [20/Jun/2025:11:45:23 -0400] "POST //xmlrpc.php HTTP/1.1" 200 205 "-" "Mozilla/5.0 (Windows NT 10.0; Win64; x64) AppleWebKit/537.36 (KHTML, like Gecko) Chrome/95.0.4638.69 Safari/537.36"
198.54.114.35 - - [20/Jun/2025:11:47:01 -0400] "POST /wp-cron.php?doing_wp_cron=1750434421.1263599395751953125000 HTTP/1.1" 200 0 "-" "WordPress/6.8.1; https://socialsolargreen.com"
198.54.114.35 - - [20/Jun/2025:11:57:36 -0400] "POST /wp-cron.php?doing_wp_cron=1750435056.6282970905303955078125 HTTP/1.1" 200 0 "-" "WordPress/6.8.1; https://socialsolargreen.com"
2001:67c:2070:c847::1 - - [20/Jun/2025:12:08:01 -0400] "POST /xmlrpc.php HTTP/1.1" 200 186 "https://socialsolargreen.com" "Mozilla/5.0 (Macintosh; Intel Mac OS X 13_3) AppleWebKit/537.36 (KHTML, like Gecko) Chrome/126.0.0.0 Safari/537.36"
54.36.148.186 - - [20/Jun/2025:12:08:07 -0400] "GET /robots.txt HTTP/1.1" 200 102 "-" "Mozilla/5.0 (compatible; AhrefsBot/7.0; +http://ahrefs.com/robot/)"
51.222.253.14 - - [20/Jun/2025:12:08:08 -0400] "GET /privacy-policy/ HTTP/1.1" 200 24901 "-" "Mozilla/5.0 (compatible; AhrefsBot/7.0; +http://ahrefs.com/robot/)"
89.233.107.32 - - [20/Jun/2025:11:57:33 -0400] "POST /xmlrpc.php HTTP/1.1" 200 186 "https://socialsolargreen.com" "Mozilla/5.0 (Macintosh; Intel Mac OS X 10_15_7; rv:126.0) Gecko/20100101 Firefox/126.0"
198.54.114.35 - - [20/Jun/2025:12:02:49 -0400] "POST /wp-cron.php?doing_wp_cron=1750435369.8329560756683349609375 HTTP/1.1" 200 0 "-" "WordPress/6.8.1; https://socialsolargreen.com"
178.254.22.43 - - [20/Jun/2025:12:02:47 -0400] "POST /xmlrpc.php HTTP/1.1" 200 186 "https://socialsolargreen.com" "Mozilla/5.0 (Windows NT 10.0; Win64; x64) AppleWebKit/537.36 (KHTML, like Gecko) Chrome/115.0.5790.171 Safari/537.36 Edg/115.0.1901.203"
198.54.114.35 - - [20/Jun/2025:12:08:04 -0400] "POST /wp-cron.php?doing_wp_cron=1750435684.3739600181579589843750 HTTP/1.1" 200 0 "-" "WordPress/6.8.1; https://socialsolargreen.com"
198.54.114.35 - - [20/Jun/2025:12:18:20 -0400] "POST /wp-cron.php?doing_wp_cron=1750436300.3590180873870849609375 HTTP/1.1" 200 0 "-" "WordPress/6.8.1; https://socialsolargreen.com"
198.54.114.35 - - [20/Jun/2025:12:23:26 -0400] "POST /wp-cron.php?doing_wp_cron=1750436606.5007340908050537109375 HTTP/1.1" 200 0 "-" "WordPress/6.8.1; https://socialsolargreen.com"
162.55.223.78 - - [20/Jun/2025:12:23:24 -0400] "POST /xmlrpc.php HTTP/1.1" 200 186 "https://socialsolargreen.com" "Mozilla/5.0 (Macintosh; Intel Mac OS X 10_15_7) AppleWebKit/537.36 (KHTML, like Gecko) Chrome/114.0.5735.134 Safari/537.36"
198.54.114.35 - - [20/Jun/2025:12:13:13 -0400] "POST /wp-cron.php?doing_wp_cron=1750435993.6806669235229492187500 HTTP/1.1" 200 0 "-" "WordPress/6.8.1; https://socialsolargreen.com"
103.163.214.43 - - [20/Jun/2025:12:13:11 -0400] "POST /xmlrpc.php HTTP/1.1" 200 186 "https://socialsolargreen.com" "Mozilla/5.0 (Macintosh; Intel Mac OS X 10.15; rv:126.0) Gecko/20100101 Firefox/126.0"
43.133.63.242 - - [20/Jun/2025:12:13:57 -0400] "GET /wp-aa.php HTTP/1.1" 404 22232 "-" "Mozilla/5.0 (Windows NT 10.0; Win64; x64) AppleWebKit/537.36 (KHTML, like Gecko) Chrome/83.0.4103.97 Safari/537.36"
43.133.63.242 - - [20/Jun/2025:12:13:59 -0400] "GET /wp-content/plugins/wp-automatic/inc/csv.php HTTP/1.1" 404 22462 "-" "Mozilla/5.0 (Windows NT 10.0; Win64; x64) AppleWebKit/537.36 (KHTML, like Gecko) Chrome/83.0.4103.97 Safari/537.36"
85.208.96.204 - - [20/Jun/2025:12:17:59 -0400] "GET /robots.txt HTTP/1.1" 304 0 "-" "Mozilla/5.0 (compatible; SemrushBot/7~bl; +http://www.semrush.com/bot.html)"
185.191.171.8 - - [20/Jun/2025:12:18:00 -0400] "GET /privacy-policy/ HTTP/1.1" 200 24901 "-" "Mozilla/5.0 (compatible; SemrushBot/7~bl; +http://www.semrush.com/bot.html)"
147.45.136.104 - - [20/Jun/2025:12:18:18 -0400] "POST /xmlrpc.php HTTP/1.1" 200 186 "https://socialsolargreen.com" "Mozilla/5.0 (Macintosh; Intel Mac OS X 10_15_7) AppleWebKit/537.36 (KHTML, like Gecko) Chrome/113.0.5672.93 Safari/537.36"
198.54.114.35 - - [20/Jun/2025:12:28:33 -0400] "POST /wp-cron.php?doing_wp_cron=1750436912.9648699760437011718750 HTTP/1.1" 200 0 "-" "WordPress/6.8.1; https://socialsolargreen.com"
103.72.97.210 - - [20/Jun/2025:12:28:31 -0400] "POST /xmlrpc.php HTTP/1.1" 200 186 "https://socialsolargreen.com" "Mozilla/5.0 (Windows NT 10.0; Win64; x64) AppleWebKit/537.36 (KHTML, like Gecko) Chrome/126.0.0.0 Safari/537.36 Edg/126.0.0.0"
15.204.43.172 - - [20/Jun/2025:12:33:31 -0400] "POST /xmlrpc.php HTTP/1.1" 200 186 "https://socialsolargreen.com" "Mozilla/5.0 (Windows NT 10.0; Win64; x64) AppleWebKit/537.36 (KHTML, like Gecko) Chrome/114.0.5735.199 Safari/537.36 Edg/114.0.1823.67"
196.251.85.183 - - [20/Jun/2025:12:41:19 -0400] "GET / HTTP/1.1" 200 29834 "-" "Mozilla/5.0 (Windows NT 10.0; Win64; x64) AppleWebKit/537.36 (KHTML, like Gecko) Chrome/89.0.4389.114 Safari/537.36"
198.54.114.35 - - [20/Jun/2025:12:41:22 -0400] "POST /wp-cron.php?doing_wp_cron=1750437681.8535590171813964843750 HTTP/1.1" 200 0 "-" "WordPress/6.8.1; https://socialsolargreen.com"
196.251.85.183 - - [20/Jun/2025:12:41:19 -0400] "GET //wp-includes/wlwmanifest.xml HTTP/1.1" 301 0 "-" "Mozilla/5.0 (Windows NT 10.0; Win64; x64) AppleWebKit/537.36 (KHTML, like Gecko) Chrome/89.0.4389.114 Safari/537.36"
196.251.85.183 - - [20/Jun/2025:12:41:22 -0400] "GET //xmlrpc.php?rsd HTTP/1.1" 200 298 "-" "Mozilla/5.0 (Windows NT 10.0; Win64; x64) AppleWebKit/537.36 (KHTML, like Gecko) Chrome/89.0.4389.114 Safari/537.36"
196.251.85.183 - - [20/Jun/2025:12:41:22 -0400] "GET //?author=2 HTTP/1.1" 301 0 "-" "Mozilla/5.0 (Windows NT 10.0; Win64; x64) AppleWebKit/537.36 (KHTML, like Gecko) Chrome/89.0.4389.114 Safari/537.36"
196.251.85.183 - - [20/Jun/2025:12:41:23 -0400] "GET //?author=3 HTTP/1.1" 301 0 "-" "Mozilla/5.0 (Windows NT 10.0; Win64; x64) AppleWebKit/537.36 (KHTML, like Gecko) Chrome/89.0.4389.114 Safari/537.36"
196.251.85.183 - - [20/Jun/2025:12:41:23 -0400] "POST //xmlrpc.php HTTP/1.1" 200 189 "-" "Mozilla/5.0 (Windows NT 10.0; Win64; x64) AppleWebKit/537.36 (KHTML, like Gecko) Chrome/89.0.4389.114 Safari/537.36"
196.251.85.183 - - [20/Jun/2025:12:41:23 -0400] "POST //xmlrpc.php HTTP/1.1" 200 189 "-" "Mozilla/5.0 (Windows NT 10.0; Win64; x64) AppleWebKit/537.36 (KHTML, like Gecko) Chrome/89.0.4389.114 Safari/537.36"
196.251.85.183 - - [20/Jun/2025:12:41:24 -0400] "POST //xmlrpc.php HTTP/1.1" 200 205 "-" "Mozilla/5.0 (Windows NT 10.0; Win64; x64) AppleWebKit/537.36 (KHTML, like Gecko) Chrome/89.0.4389.114 Safari/537.36"
196.251.85.183 - - [20/Jun/2025:12:41:24 -0400] "POST //xmlrpc.php HTTP/1.1" 200 189 "-" "Mozilla/5.0 (Windows NT 10.0; Win64; x64) AppleWebKit/537.36 (KHTML, like Gecko) Chrome/89.0.4389.114 Safari/537.36"
196.251.85.183 - - [20/Jun/2025:12:41:25 -0400] "POST //xmlrpc.php HTTP/1.1" 200 205 "-" "Mozilla/5.0 (Windows NT 10.0; Win64; x64) AppleWebKit/537.36 (KHTML, like Gecko) Chrome/89.0.4389.114 Safari/537.36"
15.204.43.173 - - [20/Jun/2025:12:43:27 -0400] "POST /xmlrpc.php HTTP/1.1" 200 186 "https://socialsolargreen.com" "Mozilla/5.0 (Macintosh; Intel Mac OS X 10_15_7) AppleWebKit/537.36 (KHTML, like Gecko) Chrome/112.0.5615.138 Safari/537.36"
198.54.114.35 - - [20/Jun/2025:12:33:35 -0400] "POST /wp-cron.php?doing_wp_cron=1750437215.3010580539703369140625 HTTP/1.1" 200 0 "-" "WordPress/6.8.1; https://socialsolargreen.com"
198.54.114.35 - - [20/Jun/2025:12:38:32 -0400] "POST /wp-cron.php?doing_wp_cron=1750437512.6892979145050048828125 HTTP/1.1" 200 0 "-" "WordPress/6.8.1; https://socialsolargreen.com"
194.163.134.155 - - [20/Jun/2025:12:38:29 -0400] "POST /xmlrpc.php HTTP/1.1" 200 186 "https://socialsolargreen.com" "Mozilla/5.0 (Windows NT 10.0; Win64; x64; rv:127.0) Gecko/20100101 Firefox/127.0"
2a01:4ff:2f0:105a::1 - - [20/Jun/2025:12:38:54 -0400] "POST /xmlrpc.php HTTP/1.1" 200 205 "-" "Mozilla/5.0 (X11; Ubuntu; Linux x86_64; rv:85.0) Gecko/20100101 Firefox/91.0"
198.54.114.35 - - [20/Jun/2025:12:41:21 -0400] "POST /wp-cron.php?doing_wp_cron=1750437681.5867710113525390625000 HTTP/1.1" 200 0 "-" "WordPress/6.8.1; https://socialsolargreen.com"
196.251.85.183 - - [20/Jun/2025:12:41:22 -0400] "GET //?author=1 HTTP/1.1" 301 0 "-" "Mozilla/5.0 (Windows NT 10.0; Win64; x64) AppleWebKit/537.36 (KHTML, like Gecko) Chrome/89.0.4389.114 Safari/537.36"
196.251.85.183 - - [20/Jun/2025:12:41:23 -0400] "GET //wp-json/wp/v2/users/ HTTP/1.1" 200 904 "-" "Mozilla/5.0 (Windows NT 10.0; Win64; x64) AppleWebKit/537.36 (KHTML, like Gecko) Chrome/89.0.4389.114 Safari/537.36"
196.251.85.183 - - [20/Jun/2025:12:41:24 -0400] "POST //xmlrpc.php HTTP/1.1" 200 205 "-" "Mozilla/5.0 (Windows NT 10.0; Win64; x64) AppleWebKit/537.36 (KHTML, like Gecko) Chrome/89.0.4389.114 Safari/537.36"
198.54.114.35 - - [20/Jun/2025:12:43:29 -0400] "POST /wp-cron.php?doing_wp_cron=1750437809.6405088901519775390625 HTTP/1.1" 200 0 "-" "WordPress/6.8.1; https://socialsolargreen.com"
198.54.114.35 - - [20/Jun/2025:12:45:10 -0400] "POST /wp-cron.php?doing_wp_cron=1750437909.8555490970611572265625 HTTP/1.1" 200 0 "-" "WordPress/6.8.1; https://socialsolargreen.com"
198.54.114.35 - - [20/Jun/2025:12:48:27 -0400] "POST /wp-cron.php?doing_wp_cron=1750438107.0325920581817626953125 HTTP/1.1" 200 0 "-" "WordPress/6.8.1; https://socialsolargreen.com"
45.8.132.132 - - [20/Jun/2025:12:48:25 -0400] "POST /xmlrpc.php HTTP/1.1" 200 186 "https://socialsolargreen.com" "Mozilla/5.0 (Windows NT 10.0; Win64; x64; rv:128.0) Gecko/20100101 Firefox/128.0"
52.167.144.159 - - [20/Jun/2025:12:49:44 -0400] "GET /wp-content/uploads/2023/10/phone1-292x300.png HTTP/1.1" 200 15511 "-" "Mozilla/5.0 AppleWebKit/537.36 (KHTML, like Gecko; compatible; bingbot/2.0; +http://www.bing.com/bingbot.htm) Chrome/116.0.1938.76 Safari/537.36"
103.173.134.15 - - [20/Jun/2025:12:49:49 -0400] "GET /404 HTTP/1.1" 404 22234 "-" "Mozilla/5.0 (Windows NT 6.3; Win64; x64) AppleWebKit/537.36 (KHTML, like Gecko) Chrome/106.0.5249.168 Safari/537.36"
103.173.134.15 - - [20/Jun/2025:12:49:50 -0400] "GET /404 HTTP/1.1" 404 22234 "-" "Mozilla/5.0 (Windows NT 10.0) AppleWebKit/537.36 (KHTML, like Gecko) Chrome/107.0.5304.91 Safari/537.36"
103.173.134.15 - - [20/Jun/2025:12:49:53 -0400] "GET /wp-login.php HTTP/1.1" 302 0 "-" "Mozilla/5.0 (Windows NT 6.1; Win64; x64) AppleWebKit/537.36 (KHTML, like Gecko) Chrome/105.0.5195.52 Safari/537.36"
198.54.114.35 - - [20/Jun/2025:12:58:09 -0400] "POST /wp-cron.php?doing_wp_cron=1750438689.0580360889434814453125 HTTP/1.1" 200 0 "-" "WordPress/6.8.1; https://socialsolargreen.com"
66.249.70.1 - - [20/Jun/2025:13:00:12 -0400] "GET /wp-content/uploads/2023/09/5KW.png HTTP/1.1" 200 5821 "-" "Googlebot-Image/1.0"
162.14.197.180 - - [20/Jun/2025:12:45:08 -0400] "GET / HTTP/1.1" 301 0 "http://www.socialsolargreen.com" "Mozilla/5.0 (iPhone; CPU iPhone OS 13_2_3 like Mac OS X) AppleWebKit/605.1.15 (KHTML, like Gecko) Version/13.0.3 Mobile/15E148 Safari/604.1"
162.14.197.180 - - [20/Jun/2025:12:45:15 -0400] "GET / HTTP/1.1" 200 29834 "https://www.socialsolargreen.com/" "Mozilla/5.0 (iPhone; CPU iPhone OS 13_2_3 like Mac OS X) AppleWebKit/605.1.15 (KHTML, like Gecko) Version/13.0.3 Mobile/15E148 Safari/604.1"
103.173.134.15 - - [20/Jun/2025:12:49:44 -0400] "GET /wp-login.php HTTP/1.1" 302 0 "-" "Mozilla/5.0 (Windows NT 10.0; WOW64) AppleWebKit/537.36 (KHTML, like Gecko) Chrome/102.0.5005.63 Safari/537.36"
198.54.114.35 - - [20/Jun/2025:12:49:45 -0400] "POST /wp-cron.php?doing_wp_cron=1750438185.0047769546508789062500 HTTP/1.1" 200 0 "-" "WordPress/6.8.1; https://socialsolargreen.com"
103.173.134.15 - - [20/Jun/2025:12:49:44 -0400] "GET /404 HTTP/1.1" 404 22234 "-" "Mozilla/5.0 (Windows NT 10.0; WOW64) AppleWebKit/537.36 (KHTML, like Gecko) Chrome/102.0.5005.63 Safari/537.36"
103.173.134.15 - - [20/Jun/2025:12:49:48 -0400] "GET /wp-login.php HTTP/1.1" 302 0 "-" "Mozilla/5.0 (Windows NT 6.3; Win64; x64) AppleWebKit/537.36 (KHTML, like Gecko) Chrome/106.0.5249.168 Safari/537.36"
103.173.134.15 - - [20/Jun/2025:12:49:50 -0400] "GET /wp-login.php HTTP/1.1" 302 0 "-" "Mozilla/5.0 (Windows NT 10.0) AppleWebKit/537.36 (KHTML, like Gecko) Chrome/107.0.5304.91 Safari/537.36"
103.173.134.15 - - [20/Jun/2025:12:49:52 -0400] "GET /wp-login.php HTTP/1.1" 302 0 "-" "Mozilla/5.0 (Windows NT 10.0) AppleWebKit/537.36 (KHTML, like Gecko) Chrome/106.0.5249.168 Safari/537.36"
103.173.134.15 - - [20/Jun/2025:12:49:52 -0400] "GET /404 HTTP/1.1" 404 22234 "-" "Mozilla/5.0 (Windows NT 10.0) AppleWebKit/537.36 (KHTML, like Gecko) Chrome/106.0.5249.168 Safari/537.36"
103.173.134.15 - - [20/Jun/2025:12:49:54 -0400] "GET /404 HTTP/1.1" 404 22234 "-" "Mozilla/5.0 (Windows NT 6.1; Win64; x64) AppleWebKit/537.36 (KHTML, like Gecko) Chrome/105.0.5195.52 Safari/537.36"
198.54.114.35 - - [20/Jun/2025:12:53:20 -0400] "POST /wp-cron.php?doing_wp_cron=1750438400.1952970027923583984375 HTTP/1.1" 200 0 "-" "WordPress/6.8.1; https://socialsolargreen.com"
104.250.158.42 - - [20/Jun/2025:12:53:17 -0400] "POST /xmlrpc.php HTTP/1.1" 200 186 "https://socialsolargreen.com" "Mozilla/5.0 (Macintosh; Intel Mac OS X 14_4_1) AppleWebKit/605.1.15 (KHTML, like Gecko) Version/17.3.1 Safari/605.1.15"
68.183.179.140 - - [20/Jun/2025:12:58:06 -0400] "POST /xmlrpc.php HTTP/1.1" 200 186 "https://socialsolargreen.com" "Mozilla/5.0 (Windows NT 10.0; Win64; x64) AppleWebKit/537.36 (KHTML, like Gecko) Chrome/114.0.5735.134 Safari/537.36"
198.54.114.35 - - [20/Jun/2025:13:03:00 -0400] "POST /wp-cron.php?doing_wp_cron=1750438980.3529639244079589843750 HTTP/1.1" 200 0 "-" "WordPress/6.8.1; https://socialsolargreen.com"
163.172.187.89 - - [20/Jun/2025:13:02:58 -0400] "POST /xmlrpc.php HTTP/1.1" 200 186 "https://socialsolargreen.com" "Mozilla/5.0 (Windows NT 10.0; Win64; x64) AppleWebKit/537.36 (KHTML, like Gecko) Chrome/112.0.5615.138 Safari/537.36 Edg/112.0.1722.68"
198.54.114.35 - - [20/Jun/2025:13:07:43 -0400] "POST /wp-cron.php?doing_wp_cron=1750439263.6361711025238037109375 HTTP/1.1" 200 0 "-" "WordPress/6.8.1; https://socialsolargreen.com"
38.91.101.159 - - [20/Jun/2025:13:07:41 -0400] "POST /xmlrpc.php HTTP/1.1" 200 186 "https://socialsolargreen.com" "Mozilla/5.0 (Windows NT 10.0; Win64; x64) AppleWebKit/537.36 (KHTML, like Gecko) Chrome/114.0.5735.199 Safari/537.36 Edg/114.0.1823.67"
198.54.114.35 - - [20/Jun/2025:13:12:29 -0400] "POST /wp-cron.php?doing_wp_cron=1750439549.7758119106292724609375 HTTP/1.1" 200 0 "-" "WordPress/6.8.1; https://socialsolargreen.com"
104.250.158.42 - - [20/Jun/2025:13:12:26 -0400] "POST /xmlrpc.php HTTP/1.1" 200 186 "https://socialsolargreen.com" "Mozilla/5.0 (Windows NT 10.0; Win64; x64) AppleWebKit/537.36 (KHTML, like Gecko) Chrome/114.0.5735.199 Safari/537.36 Edg/114.0.1823.67"
199.192.22.85 - - [20/Jun/2025:13:17:12 -0400] "POST /xmlrpc.php HTTP/1.1" 200 186 "https://socialsolargreen.com" "Mozilla/5.0 (Macintosh; Intel Mac OS X 14_4_1) AppleWebKit/605.1.15 (KHTML, like Gecko) Version/17.3.1 Safari/605.1.15"
198.54.114.35 - - [20/Jun/2025:13:22:02 -0400] "POST /wp-cron.php?doing_wp_cron=1750440122.1956400871276855468750 HTTP/1.1" 200 0 "-" "WordPress/6.8.1; https://socialsolargreen.com"
2600:1f16:610:a900:1f86:ae30:2495:a902 - - [20/Jun/2025:13:21:58 -0400] "POST /xmlrpc.php HTTP/1.1" 200 186 "https://socialsolargreen.com" "Mozilla/5.0 (Windows NT 10.0; Win64; x64; rv:127.0) Gecko/20100101 Firefox/127.0"
198.54.114.35 - - [20/Jun/2025:13:17:14 -0400] "POST /wp-cron.php?doing_wp_cron=1750439834.1586339473724365234375 HTTP/1.1" 200 0 "-" "WordPress/6.8.1; https://socialsolargreen.com"
194.147.35.199 - - [20/Jun/2025:13:22:53 -0400] "GET /admin HTTP/1.1" 302 0 "-" "Mozilla/5.0"
194.147.35.199 - - [20/Jun/2025:13:22:54 -0400] "GET /wp-admin/ HTTP/1.1" 302 0 "-" "Mozilla/5.0"
194.147.35.199 - - [20/Jun/2025:13:22:55 -0400] "GET /404 HTTP/1.1" 404 22234 "-" "Mozilla/5.0"
198.54.114.35 - - [20/Jun/2025:13:22:53 -0400] "POST /wp-cron.php?doing_wp_cron=1750440173.2333259582519531250000 HTTP/1.1" 200 0 "-" "WordPress/6.8.1; https://socialsolargreen.com"
194.147.35.199 - - [20/Jun/2025:13:22:54 -0400] "GET /wp-login.php?redirect_to=https%3A%2F%2Fsocialsolargreen.com%2Fwp-admin%2F&reauth=1 HTTP/1.1" 302 0 "-" "Mozilla/5.0"
194.147.35.199 - - [20/Jun/2025:13:22:56 -0400] "GET /downloader HTTP/1.1" 404 22233 "-" "Mozilla/5.0"
198.54.114.35 - - [20/Jun/2025:13:25:33 -0400] "POST /wp-cron.php?doing_wp_cron=1750440333.3046340942382812500000 HTTP/1.1" 200 0 "-" "WordPress/6.8.1; https://socialsolargreen.com"
52.167.144.228 - - [20/Jun/2025:13:25:30 -0400] "GET /allochlorophyll/1539678 HTTP/1.1" 404 22233 "-" "Mozilla/5.0 AppleWebKit/537.36 (KHTML, like Gecko; compatible; bingbot/2.0; +http://www.bing.com/bingbot.htm) Chrome/116.0.1938.76 Safari/537.36"
54.82.219.226 - - [20/Jun/2025:13:26:50 -0400] "POST /xmlrpc.php HTTP/1.1" 200 186 "https://socialsolargreen.com" "Mozilla/5.0 (Windows NT 10.0; Win64; x64) AppleWebKit/537.36 (KHTML, like Gecko) Chrome/112.0.5615.138 Safari/537.36"
198.186.130.214 - - [20/Jun/2025:13:31:36 -0400] "POST /xmlrpc.php HTTP/1.1" 200 186 "https://socialsolargreen.com" "Mozilla/5.0 (Macintosh; Intel Mac OS X 10_15_7; rv:127.0) Gecko/20100101 Firefox/127.0"
198.54.114.35 - - [20/Jun/2025:13:36:00 -0400] "POST /wp-cron.php?doing_wp_cron=1750440960.3778688907623291015625 HTTP/1.1" 200 0 "-" "WordPress/6.8.1; https://socialsolargreen.com"
198.54.114.35 - - [20/Jun/2025:13:36:00 -0400] "POST /wp-cron.php?doing_wp_cron=1750440960.3778491020202636718750 HTTP/1.1" 200 0 "-" "WordPress/6.8.1; https://socialsolargreen.com"
198.54.114.35 - - [20/Jun/2025:13:36:00 -0400] "POST /wp-cron.php?doing_wp_cron=1750440960.3777949810028076171875 HTTP/1.1" 200 0 "-" "WordPress/6.8.1; https://socialsolargreen.com"
198.54.114.35 - - [20/Jun/2025:13:36:00 -0400] "POST /wp-cron.php?doing_wp_cron=1750440960.3778290748596191406250 HTTP/1.1" 200 0 "-" "WordPress/6.8.1; https://socialsolargreen.com"
198.54.114.35 - - [20/Jun/2025:13:36:00 -0400] "POST /wp-cron.php?doing_wp_cron=1750440960.3778429031372070312500 HTTP/1.1" 200 0 "-" "WordPress/6.8.1; https://socialsolargreen.com"
196.251.84.161 - - [20/Jun/2025:13:35:58 -0400] "GET /wp-content/plugins/fix/up.php HTTP/1.1" 404 22461 "-" "Mozilla/5.0 (Windows NT 10.0; Win64; x64) AppleWebKit/537.36 (KHTML, like Gecko) Chrome/85.0.4183.102 Safari/537.36"
196.251.84.161 - - [20/Jun/2025:13:35:58 -0400] "GET /wp-content/plugins/apikey/apikey.php?test=hello HTTP/1.1" 404 22488 "-" "Mozlila/5.0 (Linux; Android 7.0; SM-G892A Bulid/NRD90M; wv) AppleWebKit/537.36 (KHTML, like Gecko) Version/4.0 Chrome/60.0.3112.107 Moblie Safari/537.36"
196.251.84.161 - - [20/Jun/2025:13:36:01 -0400] "GET /wp-content/themes/seotheme/db.php?u HTTP/1.1" 404 22488 "www.google.com" "Mozlila/5.0 (Linux; Android 7.0; SM-G892A Bulid/NRD90M; wv) AppleWebKit/537.36 (KHTML, like Gecko) Version/4.0 Chrome/60.0.3112.107 Moblie Safari/537.36"
196.251.84.161 - - [20/Jun/2025:13:36:03 -0400] "GET /plugins/content/apismtp/apismtp.php.suspected?test=hello HTTP/1.1" 404 22489 "-" "Mozlila/5.0 (Linux; Android 7.0; SM-G892A Bulid/NRD90M; wv) AppleWebKit/537.36 (KHTML, like Gecko) Version/4.0 Chrome/60.0.3112.107 Moblie Safari/537.36"
2a02:4780:2:3e74::1 - - [20/Jun/2025:13:36:21 -0400] "POST /xmlrpc.php HTTP/1.1" 200 186 "https://socialsolargreen.com" "Mozilla/5.0 (Macintosh; Intel Mac OS X 10_15_7) AppleWebKit/537.36 (KHTML, like Gecko) Chrome/113.0.5672.93 Safari/537.36"
198.54.114.35 - - [20/Jun/2025:13:37:29 -0400] "POST /wp-cron.php?doing_wp_cron=1750441049.7965309619903564453125 HTTP/1.1" 200 0 "-" "WordPress/6.8.1; https://socialsolargreen.com"
198.235.24.186 - - [20/Jun/2025:13:37:29 -0400] "GET / HTTP/1.1" 301 0 "http://172.67.162.146:80/" "-"
198.235.24.186 - - [20/Jun/2025:13:37:30 -0400] "GET / HTTP/1.1" 200 29834 "-" "-"
198.54.114.35 - - [20/Jun/2025:13:26:50 -0400] "POST /wp-cron.php?doing_wp_cron=1750440410.7680759429931640625000 HTTP/1.1" 200 0 "-" "WordPress/6.8.1; https://socialsolargreen.com"
198.54.114.35 - - [20/Jun/2025:13:31:39 -0400] "POST /wp-cron.php?doing_wp_cron=1750440699.5696380138397216796875 HTTP/1.1" 200 0 "-" "WordPress/6.8.1; https://socialsolargreen.com"
198.54.114.35 - - [20/Jun/2025:13:32:43 -0400] "POST /wp-cron.php?doing_wp_cron=1750440763.0511889457702636718750 HTTP/1.1" 200 0 "-" "WordPress/6.8.1; https://socialsolargreen.com"
2402:1f00:8200:6400:: - - [20/Jun/2025:13:32:42 -0400] "POST /xmlrpc.php HTTP/1.1" 200 205 "-" "Mozilla/5.0 (X11; Ubuntu; Linux x86_64; rv:85.0) Gecko/20100101 Firefox/91.0"
196.251.84.161 - - [20/Jun/2025:13:35:58 -0400] "GET / HTTP/1.1" 200 29834 "-" "Mozlila/5.0 (Linux; Android 7.0; SM-G892A Bulid/NRD90M; wv) AppleWebKit/537.36 (KHTML, like Gecko) Version/4.0 Chrome/60.0.3112.107 Moblie Safari/537.36"
196.251.84.161 - - [20/Jun/2025:13:35:58 -0400] "GET /wvzrqrsz.php?Fox=d3wL7 HTTP/1.1" 404 22258 "www.google.com" "Mozilla/5.0 (Linux; Android 7.0; SM-G892A Bulid/NRD90M; wv) AppleWebKit/537.36 (KHTML, like Gecko) Version/4.0 Chrome/60.0.3112.107 Moblie Safari/537.36"
196.251.84.161 - - [20/Jun/2025:13:35:58 -0400] "GET /wp-content/themes/seotheme/db.php?u HTTP/1.1" 404 22488 "www.google.com" "Mozlila/5.0 (Linux; Android 7.0; SM-G892A Bulid/NRD90M; wv) AppleWebKit/537.36 (KHTML, like Gecko) Version/4.0 Chrome/60.0.3112.107 Moblie Safari/537.36"
196.251.84.161 - - [20/Jun/2025:13:35:58 -0400] "POST /ALFA_DATA/alfacgiapi/perl.alfa HTTP/1.1" 404 22443 "www.google.com" "Mozlila/5.0 (Linux; Android 7.0; SM-G892A Bulid/NRD90M; wv) AppleWebKit/537.36 (KHTML, like Gecko) Version/4.0 Chrome/60.0.3112.107 Moblie Safari/537.36"
196.251.84.161 - - [20/Jun/2025:13:36:01 -0400] "POST /alfacgiapi/perl.alfa HTTP/1.1" 404 22210 "www.google.com" "Mozlila/5.0 (Linux; Android 7.0; SM-G892A Bulid/NRD90M; wv) AppleWebKit/537.36 (KHTML, like Gecko) Version/4.0 Chrome/60.0.3112.107 Moblie Safari/537.36"
196.251.84.161 - - [20/Jun/2025:13:36:01 -0400] "GET /plugins/content/apismtp/apismtp.php?test=hello HTTP/1.1" 404 22489 "-" "Mozlila/5.0 (Linux; Android 7.0; SM-G892A Bulid/NRD90M; wv) AppleWebKit/537.36 (KHTML, like Gecko) Version/4.0 Chrome/60.0.3112.107 Moblie Safari/537.36"
196.251.84.161 - - [20/Jun/2025:13:36:02 -0400] "GET /wp-content/plugins/apikey/apikey.php.suspected?test=hello HTTP/1.1" 404 22489 "-" "Mozlila/5.0 (Linux; Android 7.0; SM-G892A Bulid/NRD90M; wv) AppleWebKit/537.36 (KHTML, like Gecko) Version/4.0 Chrome/60.0.3112.107 Moblie Safari/537.36"
198.54.114.35 - - [20/Jun/2025:13:36:21 -0400] "POST /wp-cron.php?doing_wp_cron=1750440981.3550519943237304687500 HTTP/1.1" 200 0 "-" "WordPress/6.8.1; https://socialsolargreen.com"
113.11.176.77 - - [20/Jun/2025:13:41:09 -0400] "POST /xmlrpc.php HTTP/1.1" 200 186 "https://socialsolargreen.com" "Mozilla/5.0 (Macintosh; Intel Mac OS X 10_15_7; rv:127.0) Gecko/20100101 Firefox/127.0"
198.54.114.35 - - [20/Jun/2025:13:44:23 -0400] "POST /wp-cron.php?doing_wp_cron=1750441463.8334579467773437500000 HTTP/1.1" 200 0 "-" "WordPress/6.8.1; https://socialsolargreen.com"
198.54.114.35 - - [20/Jun/2025:13:44:24 -0400] "POST /wp-cron.php?doing_wp_cron=1750441464.0145480632781982421875 HTTP/1.1" 200 0 "-" "WordPress/6.8.1; https://socialsolargreen.com"
143.198.127.169 - - [20/Jun/2025:13:44:27 -0400] "POST //xmlrpc.php HTTP/1.1" 200 205 "-" "Mozilla/5.0 (Windows NT 10.0; Win64; x64) AppleWebKit/537.36 (KHTML, like Gecko) Chrome/80.0.3987.149 Safari/537.36"
143.198.127.169 - - [20/Jun/2025:13:44:27 -0400] "POST //xmlrpc.php HTTP/1.1" 200 189 "-" "Mozilla/5.0 (Windows NT 10.0; Win64; x64) AppleWebKit/537.36 (KHTML, like Gecko) Chrome/80.0.3987.149 Safari/537.36"
143.198.127.169 - - [20/Jun/2025:13:44:28 -0400] "POST //xmlrpc.php HTTP/1.1" 200 205 "-" "Mozilla/5.0 (Windows NT 10.0; Win64; x64) AppleWebKit/537.36 (KHTML, like Gecko) Chrome/80.0.3987.149 Safari/537.36"
198.54.114.35 - - [20/Jun/2025:13:46:00 -0400] "POST /wp-cron.php?doing_wp_cron=1750441560.0758090019226074218750 HTTP/1.1" 200 0 "-" "WordPress/6.8.1; https://socialsolargreen.com"
194.163.128.147 - - [20/Jun/2025:13:45:58 -0400] "POST /xmlrpc.php HTTP/1.1" 200 186 "https://socialsolargreen.com" "Mozilla/5.0 (Windows NT 10.0; Win64; x64) AppleWebKit/537.36 (KHTML, like Gecko) Chrome/126.0.0.0 Safari/537.36 Edg/126.0.0.0"
43.153.12.58 - - [20/Jun/2025:13:49:49 -0400] "GET / HTTP/1.1" 301 0 "http://www.socialsolargreen.com" "Mozilla/5.0 (iPhone; CPU iPhone OS 13_2_3 like Mac OS X) AppleWebKit/605.1.15 (KHTML, like Gecko) Version/13.0.3 Mobile/15E148 Safari/604.1"
198.54.114.35 - - [20/Jun/2025:13:50:49 -0400] "POST /wp-cron.php?doing_wp_cron=1750441849.1668279170989990234375 HTTP/1.1" 200 0 "-" "WordPress/6.8.1; https://socialsolargreen.com"
185.249.227.165 - - [20/Jun/2025:13:50:48 -0400] "POST /xmlrpc.php HTTP/1.1" 200 186 "https://socialsolargreen.com" "Mozilla/5.0 (Windows NT 10.0; Win64; x64) AppleWebKit/537.36 (KHTML, like Gecko) Chrome/113.0.5672.126 Safari/537.36 Edg/113.0.1774.50"
198.54.114.35 - - [20/Jun/2025:13:55:39 -0400] "POST /wp-cron.php?doing_wp_cron=1750442139.6796770095825195312500 HTTP/1.1" 200 0 "-" "WordPress/6.8.1; https://socialsolargreen.com"
198.54.114.35 - - [20/Jun/2025:13:41:11 -0400] "POST /wp-cron.php?doing_wp_cron=1750441271.0533280372619628906250 HTTP/1.1" 200 0 "-" "WordPress/6.8.1; https://socialsolargreen.com"
143.198.127.169 - - [20/Jun/2025:13:44:17 -0400] "GET / HTTP/1.1" 200 29834 "-" "Mozilla/5.0 (Windows NT 10.0; Win64; x64) AppleWebKit/537.36 (KHTML, like Gecko) Chrome/80.0.3987.149 Safari/537.36"
143.198.127.169 - - [20/Jun/2025:13:44:22 -0400] "GET //wp-includes/wlwmanifest.xml HTTP/1.1" 301 0 "-" "Mozilla/5.0 (Windows NT 10.0; Win64; x64) AppleWebKit/537.36 (KHTML, like Gecko) Chrome/80.0.3987.149 Safari/537.36"
143.198.127.169 - - [20/Jun/2025:13:44:24 -0400] "GET //xmlrpc.php?rsd HTTP/1.1" 200 298 "-" "Mozilla/5.0 (Windows NT 10.0; Win64; x64) AppleWebKit/537.36 (KHTML, like Gecko) Chrome/80.0.3987.149 Safari/537.36"
143.198.127.169 - - [20/Jun/2025:13:44:25 -0400] "GET //?author=1 HTTP/1.1" 301 0 "-" "Mozilla/5.0 (Windows NT 10.0; Win64; x64) AppleWebKit/537.36 (KHTML, like Gecko) Chrome/80.0.3987.149 Safari/537.36"
143.198.127.169 - - [20/Jun/2025:13:44:25 -0400] "GET //?author=2 HTTP/1.1" 301 0 "-" "Mozilla/5.0 (Windows NT 10.0; Win64; x64) AppleWebKit/537.36 (KHTML, like Gecko) Chrome/80.0.3987.149 Safari/537.36"
143.198.127.169 - - [20/Jun/2025:13:44:25 -0400] "GET //wp-json/wp/v2/users/ HTTP/1.1" 200 904 "-" "Mozilla/5.0 (Windows NT 10.0; Win64; x64) AppleWebKit/537.36 (KHTML, like Gecko) Chrome/80.0.3987.149 Safari/537.36"
143.198.127.169 - - [20/Jun/2025:13:44:26 -0400] "POST //xmlrpc.php HTTP/1.1" 200 189 "-" "Mozilla/5.0 (Windows NT 10.0; Win64; x64) AppleWebKit/537.36 (KHTML, like Gecko) Chrome/80.0.3987.149 Safari/537.36"
143.198.127.169 - - [20/Jun/2025:13:44:28 -0400] "POST //xmlrpc.php HTTP/1.1" 200 205 "-" "Mozilla/5.0 (Windows NT 10.0; Win64; x64) AppleWebKit/537.36 (KHTML, like Gecko) Chrome/80.0.3987.149 Safari/537.36"
143.198.127.169 - - [20/Jun/2025:13:44:28 -0400] "POST //xmlrpc.php HTTP/1.1" 200 205 "-" "Mozilla/5.0 (Windows NT 10.0; Win64; x64) AppleWebKit/537.36 (KHTML, like Gecko) Chrome/80.0.3987.149 Safari/537.36"
198.54.114.35 - - [20/Jun/2025:13:49:52 -0400] "POST /wp-cron.php?doing_wp_cron=1750441792.5226299762725830078125 HTTP/1.1" 200 0 "-" "WordPress/6.8.1; https://socialsolargreen.com"
43.153.12.58 - - [20/Jun/2025:13:49:53 -0400] "GET / HTTP/1.1" 200 29834 "https://www.socialsolargreen.com/" "Mozilla/5.0 (iPhone; CPU iPhone OS 13_2_3 like Mac OS X) AppleWebKit/605.1.15 (KHTML, like Gecko) Version/13.0.3 Mobile/15E148 Safari/604.1"
185.181.206.92 - - [20/Jun/2025:13:55:36 -0400] "POST /xmlrpc.php HTTP/1.1" 200 186 "https://socialsolargreen.com" "Mozilla/5.0 (Macintosh; Intel Mac OS X 10_15_7) AppleWebKit/537.36 (KHTML, like Gecko) Chrome/126.0.0.0 Safari/537.36"
198.54.114.35 - - [20/Jun/2025:14:00:25 -0400] "POST /wp-cron.php?doing_wp_cron=1750442424.9658560752868652343750 HTTP/1.1" 200 0 "-" "WordPress/6.8.1; https://socialsolargreen.com"
88.198.13.196 - - [20/Jun/2025:14:02:54 -0400] "GET /assets/filemanager/dialog.php HTTP/1.1" 404 22488 "-" "Mozilla/5.0 (Linux; Android 11; Redmi Note 9 Pro Build/RKQ1.200826.002; wv) AppleWebKit/537.36 (KHTML, like Gecko) Version/4.0 Chrome/101.0.4951.61 Mobile Safari/537.36"
88.198.13.196 - - [20/Jun/2025:14:02:57 -0400] "GET //js/filemanager/dialog.php HTTP/1.1" 301 0 "-" "Mozilla/5.0 (Linux; Android 11; Redmi Note 9 Pro Build/RKQ1.200826.002; wv) AppleWebKit/537.36 (KHTML, like Gecko) Version/4.0 Chrome/101.0.4951.61 Mobile Safari/537.36"
88.198.13.196 - - [20/Jun/2025:14:02:57 -0400] "GET /js/filemanager/dialog.php HTTP/1.1" 404 22489 "-" "Mozilla/5.0 (Linux; Android 11; Redmi Note 9 Pro Build/RKQ1.200826.002; wv) AppleWebKit/537.36 (KHTML, like Gecko) Version/4.0 Chrome/101.0.4951.61 Mobile Safari/537.36"
88.198.13.196 - - [20/Jun/2025:14:02:58 -0400] "GET /admin/themes/filemanager/dialog.php HTTP/1.1" 404 22489 "-" "Mozilla/5.0 (Linux; Android 11; Redmi Note 9 Pro Build/RKQ1.200826.002; wv) AppleWebKit/537.36 (KHTML, like Gecko) Version/4.0 Chrome/101.0.4951.61 Mobile Safari/537.36"
88.198.13.196 - - [20/Jun/2025:14:03:05 -0400] "GET /admin/global/plugins/filemanager/dialog.php HTTP/1.1" 404 22488 "-" "Mozilla/5.0 (Linux; Android 11; Redmi Note 9 Pro Build/RKQ1.200826.002; wv) AppleWebKit/537.36 (KHTML, like Gecko) Version/4.0 Chrome/101.0.4951.61 Mobile Safari/537.36"
88.198.13.196 - - [20/Jun/2025:14:03:08 -0400] "GET /admin/assets/global/plugins/filemanager/dialog.php HTTP/1.1" 404 22488 "-" "Mozilla/5.0 (Linux; Android 11; Redmi Note 9 Pro Build/RKQ1.200826.002; wv) AppleWebKit/537.36 (KHTML, like Gecko) Version/4.0 Chrome/101.0.4951.61 Mobile Safari/537.36"
198.54.114.35 - - [20/Jun/2025:14:03:09 -0400] "POST /wp-cron.php?doing_wp_cron=1750442589.8885989189147949218750 HTTP/1.1" 200 0 "-" "WordPress/6.8.1; https://socialsolargreen.com"
88.198.13.196 - - [20/Jun/2025:14:03:09 -0400] "GET /admin/assets/js/ckeditor/filemanager/dialog.php HTTP/1.1" 404 22487 "-" "Mozilla/5.0 (Linux; Android 11; Redmi Note 9 Pro Build/RKQ1.200826.002; wv) AppleWebKit/537.36 (KHTML, like Gecko) Version/4.0 Chrome/101.0.4951.61 Mobile Safari/537.36"
88.198.13.196 - - [20/Jun/2025:14:03:11 -0400] "GET /assets/admin/filemanager/dialog.php HTTP/1.1" 404 22487 "-" "Mozilla/5.0 (Linux; Android 11; Redmi Note 9 Pro Build/RKQ1.200826.002; wv) AppleWebKit/537.36 (KHTML, like Gecko) Version/4.0 Chrome/101.0.4951.61 Mobile Safari/537.36"
88.198.13.196 - - [20/Jun/2025:14:03:12 -0400] "GET /media/js/filemanager/dialog.php HTTP/1.1" 404 22488 "-" "Mozilla/5.0 (Linux; Android 11; Redmi Note 9 Pro Build/RKQ1.200826.002; wv) AppleWebKit/537.36 (KHTML, like Gecko) Version/4.0 Chrome/101.0.4951.61 Mobile Safari/537.36"
88.198.13.196 - - [20/Jun/2025:14:03:13 -0400] "GET /admin/js/filemanager/dialog.php HTTP/1.1" 404 22488 "-" "Mozilla/5.0 (Linux; Android 11; Redmi Note 9 Pro Build/RKQ1.200826.002; wv) AppleWebKit/537.36 (KHTML, like Gecko) Version/4.0 Chrome/101.0.4951.61 Mobile Safari/537.36"
198.54.114.35 - - [20/Jun/2025:14:05:53 -0400] "POST /wp-cron.php?doing_wp_cron=1750442753.4809639453887939453125 HTTP/1.1" 200 0 "-" "WordPress/6.8.1; https://socialsolargreen.com"
102.164.30.140 - - [20/Jun/2025:14:05:51 -0400] "POST / HTTP/1.1" 200 29780 "-" "Mozilla/5.0 (Macintosh; Intel Mac OS X 10_15_7) AppleWebKit/537.36 (KHTML, like Gecko) Chrome/133.0.0.0 Safari/537.36"
102.164.30.140 - - [20/Jun/2025:14:05:57 -0400] "POST / HTTP/1.1" 200 29780 "-" "Mozilla/5.0 (Windows NT 10.0; Win64; x64) AppleWebKit/537.36 (KHTML, like Gecko) Chrome/120.0.0.0 Safari/537.36"
80.85.246.217 - - [20/Jun/2025:14:05:59 -0400] "GET /blog/ HTTP/1.1" 200 23622 "-" "Mozilla/5.0 (Macintosh; Intel Mac OS X 10_15_7) AppleWebKit/537.36 (KHTML, like Gecko) Chrome/133.0.0.0 Safari/537.36"
209.126.9.193 - - [20/Jun/2025:14:00:22 -0400] "POST /xmlrpc.php HTTP/1.1" 200 186 "https://socialsolargreen.com" "Mozilla/5.0 (Windows NT 10.0; Win64; x64) AppleWebKit/537.36 (KHTML, like Gecko) Chrome/115.0.5790.102 Safari/537.36"
198.54.114.35 - - [20/Jun/2025:14:02:52 -0400] "POST /wp-cron.php?doing_wp_cron=1750442572.4867990016937255859375 HTTP/1.1" 200 0 "-" "WordPress/6.8.1; https://socialsolargreen.com"
88.198.13.196 - - [20/Jun/2025:14:02:50 -0400] "GET /filemanager/dialog.php HTTP/1.1" 404 22259 "-" "Mozilla/5.0 (Linux; Android 11; Redmi Note 9 Pro Build/RKQ1.200826.002; wv) AppleWebKit/537.36 (KHTML, like Gecko) Version/4.0 Chrome/101.0.4951.61 Mobile Safari/537.36"
88.198.13.196 - - [20/Jun/2025:14:02:55 -0400] "GET /asset/filemanager/dialog.php HTTP/1.1" 404 22489 "-" "Mozilla/5.0 (Linux; Android 11; Redmi Note 9 Pro Build/RKQ1.200826.002; wv) AppleWebKit/537.36 (KHTML, like Gecko) Version/4.0 Chrome/101.0.4951.61 Mobile Safari/537.36"
88.198.13.196 - - [20/Jun/2025:14:02:59 -0400] "GET /admin/editor/filemanager/dialog.php HTTP/1.1" 404 22487 "-" "Mozilla/5.0 (Linux; Android 11; Redmi Note 9 Pro Build/RKQ1.200826.002; wv) AppleWebKit/537.36 (KHTML, like Gecko) Version/4.0 Chrome/101.0.4951.61 Mobile Safari/537.36"
88.198.13.196 - - [20/Jun/2025:14:03:00 -0400] "GET /asset/tinymce/filemanager/dialog.php HTTP/1.1" 404 22487 "-" "Mozilla/5.0 (Linux; Android 11; Redmi Note 9 Pro Build/RKQ1.200826.002; wv) AppleWebKit/537.36 (KHTML, like Gecko) Version/4.0 Chrome/101.0.4951.61 Mobile Safari/537.36"
88.198.13.196 - - [20/Jun/2025:14:03:02 -0400] "GET /assets/plugins/filemanager/dialog.php HTTP/1.1" 404 22488 "-" "Mozilla/5.0 (Linux; Android 11; Redmi Note 9 Pro Build/RKQ1.200826.002; wv) AppleWebKit/537.36 (KHTML, like Gecko) Version/4.0 Chrome/101.0.4951.61 Mobile Safari/537.36"
88.198.13.196 - - [20/Jun/2025:14:03:03 -0400] "GET /js/tinymce/plugins/filemanager/dialog.php HTTP/1.1" 404 22488 "-" "Mozilla/5.0 (Linux; Android 11; Redmi Note 9 Pro Build/RKQ1.200826.002; wv) AppleWebKit/537.36 (KHTML, like Gecko) Version/4.0 Chrome/101.0.4951.61 Mobile Safari/537.36"
88.198.13.196 - - [20/Jun/2025:14:03:04 -0400] "GET /admin/filemanager/dialog.php HTTP/1.1" 404 22488 "-" "Mozilla/5.0 (Linux; Android 11; Redmi Note 9 Pro Build/RKQ1.200826.002; wv) AppleWebKit/537.36 (KHTML, like Gecko) Version/4.0 Chrome/101.0.4951.61 Mobile Safari/537.36"
88.198.13.196 - - [20/Jun/2025:14:03:07 -0400] "GET /admin/ckeditor/plugins/filemanager/dialog.php HTTP/1.1" 404 22488 "-" "Mozilla/5.0 (Linux; Android 11; Redmi Note 9 Pro Build/RKQ1.200826.002; wv) AppleWebKit/537.36 (KHTML, like Gecko) Version/4.0 Chrome/101.0.4951.61 Mobile Safari/537.36"
80.85.246.217 - - [20/Jun/2025:14:05:48 -0400] "GET / HTTP/1.1" 200 29834 "-" "Mozilla/5.0 (Macintosh; Intel Mac OS X 10_15_7) AppleWebKit/537.36 (KHTML, like Gecko) Chrome/133.0.0.0 Safari/537.36"
102.164.30.140 - - [20/Jun/2025:14:06:06 -0400] "POST /contact/ HTTP/1.1" 200 25196 "-" "Mozilla/5.0 (Macintosh; Intel Mac OS X 10_15_7) AppleWebKit/537.36 (KHTML, like Gecko) Chrome/133.0.0.0 Safari/537.36"
198.54.114.35 - - [20/Jun/2025:14:06:10 -0400] "POST /wp-cron.php?doing_wp_cron=1750442770.6116540431976318359375 HTTP/1.1" 200 0 "-" "WordPress/6.8.1; https://socialsolargreen.com"
102.164.30.140 - - [20/Jun/2025:14:06:13 -0400] "POST /contact/ HTTP/1.1" 200 25196 "-" "Mozilla/5.0 (Macintosh; Intel Mac OS X 10_15_7) AppleWebKit/537.36 (KHTML, like Gecko) Chrome/133.0.0.0 Safari/537.36"
102.164.30.140 - - [20/Jun/2025:14:06:19 -0400] "POST /contact/ HTTP/1.1" 200 25196 "-" "Mozilla/5.0 (Macintosh; Intel Mac OS X 10_15_7) AppleWebKit/537.36 (KHTML, like Gecko) Chrome/133.0.0.0 Safari/537.36"
102.164.30.140 - - [20/Jun/2025:14:06:26 -0400] "POST /contact/ HTTP/1.1" 200 25196 "-" "Mozilla/5.0 (Macintosh; Intel Mac OS X 10_15_7) AppleWebKit/537.36 (KHTML, like Gecko) Chrome/133.0.0.0 Safari/537.36"
102.164.30.140 - - [20/Jun/2025:14:06:00 -0400] "POST /blog/ HTTP/1.1" 200 23572 "-" "Mozilla/5.0 (Macintosh; Intel Mac OS X 10_15_7) AppleWebKit/537.36 (KHTML, like Gecko) Chrome/133.0.0.0 Safari/537.36"
102.164.30.140 - - [20/Jun/2025:14:06:03 -0400] "POST /blog/ HTTP/1.1" 200 23572 "-" "Mozilla/5.0 (Windows NT 10.0; Win64; x64) AppleWebKit/537.36 (KHTML, like Gecko) Chrome/120.0.0.0 Safari/537.36"
80.85.246.217 - - [20/Jun/2025:14:06:05 -0400] "GET /contact/ HTTP/1.1" 200 25244 "-" "Mozilla/5.0 (Macintosh; Intel Mac OS X 10_15_7) AppleWebKit/537.36 (KHTML, like Gecko) Chrome/133.0.0.0 Safari/537.36"
102.164.30.140 - - [20/Jun/2025:14:06:10 -0400] "POST /contact/ HTTP/1.1" 200 25196 "-" "Mozilla/5.0 (Windows NT 10.0; Win64; x64) AppleWebKit/537.36 (KHTML, like Gecko) Chrome/120.0.0.0 Safari/537.36"
102.164.30.140 - - [20/Jun/2025:14:06:16 -0400] "POST /contact/ HTTP/1.1" 200 25196 "-" "Mozilla/5.0 (Windows NT 10.0; Win64; x64) AppleWebKit/537.36 (KHTML, like Gecko) Chrome/120.0.0.0 Safari/537.36"
80.85.246.217 - - [20/Jun/2025:14:06:18 -0400] "GET /contact/ HTTP/1.1" 200 25244 "-" "Mozilla/5.0 (Macintosh; Intel Mac OS X 10_15_7) AppleWebKit/537.36 (KHTML, like Gecko) Chrome/133.0.0.0 Safari/537.36"
102.164.30.140 - - [20/Jun/2025:14:06:23 -0400] "POST /contact/ HTTP/1.1" 200 25196 "-" "Mozilla/5.0 (Windows NT 10.0; Win64; x64) AppleWebKit/537.36 (KHTML, like Gecko) Chrome/120.0.0.0 Safari/537.36"
102.164.30.140 - - [20/Jun/2025:14:06:29 -0400] "POST /contact/ HTTP/1.1" 200 25196 "-" "Mozilla/5.0 (Windows NT 10.0; Win64; x64) AppleWebKit/537.36 (KHTML, like Gecko) Chrome/120.0.0.0 Safari/537.36"
54.153.90.16 - - [20/Jun/2025:14:09:17 -0400] "GET / HTTP/1.1" 200 29834 "-" "Mozilla/5.0 (X11; Linux x86_64) AppleWebKit/537.36 (KHTML, like Gecko) Chrome/137.0.0.0 Safari/537.36"
198.54.114.35 - - [20/Jun/2025:14:09:58 -0400] "POST /wp-cron.php?doing_wp_cron=1750442998.7700009346008300781250 HTTP/1.1" 200 0 "-" "WordPress/6.8.1; https://socialsolargreen.com"
185.26.150.103 - - [20/Jun/2025:14:09:56 -0400] "POST /xmlrpc.php HTTP/1.1" 200 186 "https://socialsolargreen.com" "Mozilla/5.0 (Windows NT 10.0; Win64; x64) AppleWebKit/537.36 (KHTML, like Gecko) Chrome/126.0.0.0 Safari/537.36 Edg/126.0.0.0"
198.235.24.33 - - [20/Jun/2025:14:12:56 -0400] "GET /404 HTTP/1.1" 404 22233 "-" "Expanse, a Palo Alto Networks company, searches across the global IPv4 space multiple times per day to identify customers' presences on the Internet. If you would like to be excluded from our scans, please send IP addresses/domains to: scaninfo@paloaltonetworks.com"
198.54.114.35 - - [20/Jun/2025:14:14:43 -0400] "POST /wp-cron.php?doing_wp_cron=1750443283.0929970741271972656250 HTTP/1.1" 200 0 "-" "WordPress/6.8.1; https://socialsolargreen.com"
198.54.114.35 - - [20/Jun/2025:14:19:34 -0400] "POST /wp-cron.php?doing_wp_cron=1750443574.7540879249572753906250 HTTP/1.1" 200 0 "-" "WordPress/6.8.1; https://socialsolargreen.com"
52.167.144.173 - - [20/Jun/2025:14:20:34 -0400] "GET /bastien-ee40218.html HTTP/1.1" 404 22233 "-" "Mozilla/5.0 AppleWebKit/537.36 (KHTML, like Gecko; compatible; bingbot/2.0; +http://www.bing.com/bingbot.htm) Chrome/116.0.1938.76 Safari/537.36"
162.241.61.190 - - [20/Jun/2025:14:20:54 -0400] "POST /xmlrpc.php HTTP/1.1" 200 205 "-" "Mozilla/5.0 (X11; Ubuntu; Linux x86_64; rv:85.0) Gecko/20100101 Firefox/91.0"
162.19.67.137 - - [20/Jun/2025:14:24:15 -0400] "POST /xmlrpc.php HTTP/1.1" 200 186 "https://socialsolargreen.com" "Mozilla/5.0 (Windows NT 10.0; Win64; x64) AppleWebKit/537.36 (KHTML, like Gecko) Chrome/114.0.5735.134 Safari/537.36"
198.235.24.33 - - [20/Jun/2025:14:12:53 -0400] "GET /wp-login.php HTTP/1.1" 302 0 "-" "Expanse, a Palo Alto Networks company, searches across the global IPv4 space multiple times per day to identify customers' presences on the Internet. If you would like to be excluded from our scans, please send IP addresses/domains to: scaninfo@paloaltonetworks.com"
198.54.114.35 - - [20/Jun/2025:14:12:57 -0400] "POST /wp-cron.php?doing_wp_cron=1750443176.9380419254302978515625 HTTP/1.1" 200 0 "-" "WordPress/6.8.1; https://socialsolargreen.com"
162.55.35.248 - - [20/Jun/2025:14:14:41 -0400] "POST /xmlrpc.php HTTP/1.1" 200 186 "https://socialsolargreen.com" "Mozilla/5.0 (Macintosh; Intel Mac OS X 10_15_7) AppleWebKit/537.36 (KHTML, like Gecko) Chrome/112.0.5615.138 Safari/537.36"
35.200.129.64 - - [20/Jun/2025:14:19:32 -0400] "POST /xmlrpc.php HTTP/1.1" 200 186 "https://socialsolargreen.com" "Mozilla/5.0 (Windows NT 10.0; Win64; x64) AppleWebKit/537.36 (KHTML, like Gecko) Chrome/114.0.5735.199 Safari/537.36 Edg/114.0.1823.67"
198.54.114.35 - - [20/Jun/2025:14:20:34 -0400] "POST /wp-cron.php?doing_wp_cron=1750443634.9079511165618896484375 HTTP/1.1" 200 0 "-" "WordPress/6.8.1; https://socialsolargreen.com"
198.54.114.35 - - [20/Jun/2025:14:24:17 -0400] "POST /wp-cron.php?doing_wp_cron=1750443857.0230219364166259765625 HTTP/1.1" 200 0 "-" "WordPress/6.8.1; https://socialsolargreen.com"
198.54.114.35 - - [20/Jun/2025:14:29:02 -0400] "POST /wp-cron.php?doing_wp_cron=1750444141.9424800872802734375000 HTTP/1.1" 200 0 "-" "WordPress/6.8.1; https://socialsolargreen.com"
35.238.203.213 - - [20/Jun/2025:14:29:00 -0400] "POST /xmlrpc.php HTTP/1.1" 200 186 "https://socialsolargreen.com" "Mozilla/5.0 (Windows NT 10.0; Win64; x64; rv:128.0) Gecko/20100101 Firefox/128.0"
198.54.114.35 - - [20/Jun/2025:14:33:44 -0400] "POST /wp-cron.php?doing_wp_cron=1750444424.6280701160430908203125 HTTP/1.1" 200 0 "-" "WordPress/6.8.1; https://socialsolargreen.com"
2a03:6f00:8::24de - - [20/Jun/2025:14:33:42 -0400] "POST /xmlrpc.php HTTP/1.1" 200 186 "https://socialsolargreen.com" "Mozilla/5.0 (Windows NT 10.0; Win64; x64) AppleWebKit/537.36 (KHTML, like Gecko) Chrome/115.0.5790.102 Safari/537.36"
49.13.149.223 - - [20/Jun/2025:14:38:28 -0400] "POST /xmlrpc.php HTTP/1.1" 200 186 "https://socialsolargreen.com" "Mozilla/5.0 (Windows NT 10.0; Win64; x64; rv:126.0) Gecko/20100101 Firefox/126.0"
198.235.24.240 - - [20/Jun/2025:14:42:30 -0400] "GET / HTTP/1.1" 200 29834 "-" "Expanse, a Palo Alto Networks company, searches across the global IPv4 space multiple times per day to identify customers' presences on the Internet. If you would like to be excluded from our scans, please send IP addresses/domains to: scaninfo@paloaltonetworks.com"
107.172.243.11 - - [20/Jun/2025:14:43:09 -0400] "POST /xmlrpc.php HTTP/1.1" 200 186 "https://socialsolargreen.com" "Mozilla/5.0 (Windows NT 10.0; Win64; x64) AppleWebKit/537.36 (KHTML, like Gecko) Chrome/112.0.5615.138 Safari/537.36 Edg/112.0.1722.68"
114.119.132.68 - - [20/Jun/2025:14:44:05 -0400] "GET /privacy-policy/ HTTP/1.1" 200 24901 "https://socialsolargreen.com/" "Mozilla/5.0 (Linux; Android 7.0;) AppleWebKit/537.36 (KHTML, like Gecko) Mobile Safari/537.36 (compatible; PetalBot;+https://webmaster.petalsearch.com/site/petalbot)"
66.249.70.8 - - [20/Jun/2025:14:30:12 -0400] "GET /wp-content/uploads/2023/09/about-1024x683.jpg HTTP/1.1" 200 86967 "-" "Googlebot-Image/1.0"
198.54.114.35 - - [20/Jun/2025:14:38:30 -0400] "POST /wp-cron.php?doing_wp_cron=1750444709.8950629234313964843750 HTTP/1.1" 200 0 "-" "WordPress/6.8.1; https://socialsolargreen.com"
198.54.114.35 - - [20/Jun/2025:14:43:11 -0400] "POST /wp-cron.php?doing_wp_cron=1750444991.2626519203186035156250 HTTP/1.1" 200 0 "-" "WordPress/6.8.1; https://socialsolargreen.com"
142.44.138.99 - - [20/Jun/2025:14:52:33 -0400] "POST /xmlrpc.php HTTP/1.1" 200 186 "https://socialsolargreen.com" "Mozilla/5.0 (Windows NT 10.0; Win64; x64) AppleWebKit/537.36 (KHTML, like Gecko) Chrome/126.0.0.0 Safari/537.36 Edg/126.0.0.0"
198.54.114.35 - - [20/Jun/2025:14:57:21 -0400] "POST /wp-cron.php?doing_wp_cron=1750445841.5293920040130615234375 HTTP/1.1" 200 0 "-" "WordPress/6.8.1; https://socialsolargreen.com"
198.54.114.35 - - [20/Jun/2025:15:02:02 -0400] "POST /wp-cron.php?doing_wp_cron=1750446122.5334579944610595703125 HTTP/1.1" 200 0 "-" "WordPress/6.8.1; https://socialsolargreen.com"
47.236.12.137 - - [20/Jun/2025:15:02:00 -0400] "POST /xmlrpc.php HTTP/1.1" 200 186 "https://socialsolargreen.com" "Mozilla/5.0 (Macintosh; Intel Mac OS X 10_15_7) AppleWebKit/537.36 (KHTML, like Gecko) Chrome/114.0.5735.134 Safari/537.36"
