36.255.40.37 - - [01/Jan/2025:13:44:57 -0500] "GET /fix/wp-content/themes/betheme/visual-builder/assets/css/_variables.css HTTP/1.1" 200 338 "https://farhan.socialdigiinnovator.com/fix/wp-content/themes/betheme/visual-builder/assets/css/iframe.css?ver=27.6.1" "Mozilla/5.0 (Windows NT 10.0; Win64; x64) AppleWebKit/537.36 (KHTML, like Gecko) Chrome/131.0.0.0 Safari/537.36"
36.255.40.37 - - [01/Jan/2025:13:44:58 -0500] "GET /fix/wp-content/themes/betheme/images/logo/logo.png HTTP/1.1" 200 1568 "https://farhan.socialdigiinnovator.com/fix/?visual=iframe" "Mozilla/5.0 (Windows NT 10.0; Win64; x64) AppleWebKit/537.36 (KHTML, like Gecko) Chrome/131.0.0.0 Safari/537.36"
36.255.40.37 - - [01/Jan/2025:13:44:58 -0500] "GET /fix/wp-content/themes/betheme/js/plugins/enllax.min.js?ver=27.6.1 HTTP/1.1" 200 476 "https://farhan.socialdigiinnovator.com/fix/?visual=iframe" "Mozilla/5.0 (Windows NT 10.0; Win64; x64) AppleWebKit/537.36 (KHTML, like Gecko) Chrome/131.0.0.0 Safari/537.36"
36.255.40.37 - - [01/Jan/2025:13:44:58 -0500] "GET /fix/wp-content/themes/betheme/js/plugins/waypoints.min.js?ver=27.6.1 HTTP/1.1" 200 2598 "https://farhan.socialdigiinnovator.com/fix/?visual=iframe" "Mozilla/5.0 (Windows NT 10.0; Win64; x64) AppleWebKit/537.36 (KHTML, like Gecko) Chrome/131.0.0.0 Safari/537.36"
36.255.40.37 - - [01/Jan/2025:13:44:58 -0500] "GET /fix/wp-content/uploads/2023/10/Untitled-design-6.jpg HTTP/1.1" 200 11775 "https://farhan.socialdigiinnovator.com/fix/?visual=iframe" "Mozilla/5.0 (Windows NT 10.0; Win64; x64) AppleWebKit/537.36 (KHTML, like Gecko) Chrome/131.0.0.0 Safari/537.36"
36.255.40.37 - - [01/Jan/2025:13:44:58 -0500] "GET /fix/wp-content/themes/betheme/js/plugins/visible.min.js?ver=27.6.1 HTTP/1.1" 200 334 "https://farhan.socialdigiinnovator.com/fix/?visual=iframe" "Mozilla/5.0 (Windows NT 10.0; Win64; x64) AppleWebKit/537.36 (KHTML, like Gecko) Chrome/131.0.0.0 Safari/537.36"
36.255.40.37 - - [01/Jan/2025:13:44:58 -0500] "GET /fix/wp-content/themes/betheme/js/plugins/magnificpopup.min.js?ver=27.6.1 HTTP/1.1" 200 7034 "https://farhan.socialdigiinnovator.com/fix/?visual=iframe" "Mozilla/5.0 (Windows NT 10.0; Win64; x64) AppleWebKit/537.36 (KHTML, like Gecko) Chrome/131.0.0.0 Safari/537.36"
36.255.40.37 - - [01/Jan/2025:13:44:58 -0500] "GET /fix/wp-content/themes/betheme/js/scripts.js?ver=27.6.1 HTTP/1.1" 200 31269 "https://farhan.socialdigiinnovator.com/fix/?visual=iframe" "Mozilla/5.0 (Windows NT 10.0; Win64; x64) AppleWebKit/537.36 (KHTML, like Gecko) Chrome/131.0.0.0 Safari/537.36"
36.255.40.37 - - [01/Jan/2025:13:44:58 -0500] "GET /fix/wp-content/themes/betheme/assets/jplayer/jplayer.min.js?ver=27.6.1 HTTP/1.1" 200 12378 "https://farhan.socialdigiinnovator.com/fix/?visual=iframe" "Mozilla/5.0 (Windows NT 10.0; Win64; x64) AppleWebKit/537.36 (KHTML, like Gecko) Chrome/131.0.0.0 Safari/537.36"
36.255.40.37 - - [01/Jan/2025:13:44:58 -0500] "GET /fix/wp-content/themes/betheme/assets/animations/animations.min.js?ver=27.6.1 HTTP/1.1" 200 551 "https://farhan.socialdigiinnovator.com/fix/?visual=iframe" "Mozilla/5.0 (Windows NT 10.0; Win64; x64) AppleWebKit/537.36 (KHTML, like Gecko) Chrome/131.0.0.0 Safari/537.36"
36.255.40.37 - - [01/Jan/2025:13:44:58 -0500] "GET /fix/wp-content/themes/betheme/assets/lottie/lottie-player.js HTTP/1.1" 200 66354 "https://farhan.socialdigiinnovator.com/fix/?visual=iframe" "Mozilla/5.0 (Windows NT 10.0; Win64; x64) AppleWebKit/537.36 (KHTML, like Gecko) Chrome/131.0.0.0 Safari/537.36"
36.255.40.37 - - [01/Jan/2025:13:44:58 -0500] "GET /fix/wp-content/plugins/elementor/assets/lib/dialog/dialog.min.js?ver=4.9.3 HTTP/1.1" 200 3487 "https://farhan.socialdigiinnovator.com/fix/?visual=iframe" "Mozilla/5.0 (Windows NT 10.0; Win64; x64) AppleWebKit/537.36 (KHTML, like Gecko) Chrome/131.0.0.0 Safari/537.36"
36.255.40.37 - - [01/Jan/2025:13:44:56 -0500] "GET /fix/wp-content/themes/betheme/visual-builder/assets/css/medium-editor.min.css?ver=27.6.1 HTTP/1.1" 200 3184 "https://farhan.socialdigiinnovator.com/fix/?visual=iframe" "Mozilla/5.0 (Windows NT 10.0; Win64; x64) AppleWebKit/537.36 (KHTML, like Gecko) Chrome/131.0.0.0 Safari/537.36"
36.255.40.37 - - [01/Jan/2025:13:44:56 -0500] "GET /fix/wp-content/themes/betheme-child/style.css?ver=6.7.1 HTTP/1.1" 200 449 "https://farhan.socialdigiinnovator.com/fix/?visual=iframe" "Mozilla/5.0 (Windows NT 10.0; Win64; x64) AppleWebKit/537.36 (KHTML, like Gecko) Chrome/131.0.0.0 Safari/537.36"
36.255.40.37 - - [01/Jan/2025:13:44:56 -0500] "GET /fix/wp-content/themes/betheme/css/scripts/swiper.css?ver=27.6.1 HTTP/1.1" 200 4435 "https://farhan.socialdigiinnovator.com/fix/?visual=iframe" "Mozilla/5.0 (Windows NT 10.0; Win64; x64) AppleWebKit/537.36 (KHTML, like Gecko) Chrome/131.0.0.0 Safari/537.36"
36.255.40.37 - - [01/Jan/2025:13:44:58 -0500] "GET /fix/wp-includes/js/jquery/jquery-migrate.min.js?ver=3.4.1 HTTP/1.1" 200 4678 "https://farhan.socialdigiinnovator.com/fix/?visual=iframe" "Mozilla/5.0 (Windows NT 10.0; Win64; x64) AppleWebKit/537.36 (KHTML, like Gecko) Chrome/131.0.0.0 Safari/537.36"
36.255.40.37 - - [01/Jan/2025:13:44:58 -0500] "GET /fix/wp-content/themes/betheme/js/plugins/debouncedresize.min.js?ver=27.6.1 HTTP/1.1" 200 258 "https://farhan.socialdigiinnovator.com/fix/?visual=iframe" "Mozilla/5.0 (Windows NT 10.0; Win64; x64) AppleWebKit/537.36 (KHTML, like Gecko) Chrome/131.0.0.0 Safari/537.36"
36.255.40.37 - - [01/Jan/2025:13:44:58 -0500] "GET /fix/wp-includes/js/dist/hooks.min.js?ver=4d63a3d491d11ffd8ac6 HTTP/1.1" 200 1571 "https://farhan.socialdigiinnovator.com/fix/?visual=iframe" "Mozilla/5.0 (Windows NT 10.0; Win64; x64) AppleWebKit/537.36 (KHTML, like Gecko) Chrome/131.0.0.0 Safari/537.36"
36.255.40.37 - - [01/Jan/2025:13:44:58 -0500] "GET /fix/wp-content/themes/betheme/js/swiper.js?ver=27.6.1 HTTP/1.1" 200 40145 "https://farhan.socialdigiinnovator.com/fix/?visual=iframe" "Mozilla/5.0 (Windows NT 10.0; Win64; x64) AppleWebKit/537.36 (KHTML, like Gecko) Chrome/131.0.0.0 Safari/537.36"
36.255.40.37 - - [01/Jan/2025:13:44:58 -0500] "GET /fix/wp-content/themes/betheme/visual-builder/assets/svg/options/add-light.svg HTTP/1.1" 200 177 "https://farhan.socialdigiinnovator.com/fix/wp-content/themes/betheme/visual-builder/assets/css/iframe.css?ver=27.6.1" "Mozilla/5.0 (Windows NT 10.0; Win64; x64) AppleWebKit/537.36 (KHTML, like Gecko) Chrome/131.0.0.0 Safari/537.36"
36.255.40.37 - - [01/Jan/2025:13:44:58 -0500] "GET /fix/wp-content/themes/betheme/fonts/fontawesome/fa-solid-900.woff2 HTTP/1.1" 200 80300 "https://farhan.socialdigiinnovator.com/fix/wp-content/themes/betheme/fonts/fontawesome/fontawesome.css?ver=27.6.1" "Mozilla/5.0 (Windows NT 10.0; Win64; x64) AppleWebKit/537.36 (KHTML, like Gecko) Chrome/131.0.0.0 Safari/537.36"
36.255.40.37 - - [01/Jan/2025:13:44:58 -0500] "GET /fix/wp-content/themes/betheme/js/menu.js?ver=27.6.1 HTTP/1.1" 200 897 "https://farhan.socialdigiinnovator.com/fix/?visual=iframe" "Mozilla/5.0 (Windows NT 10.0; Win64; x64) AppleWebKit/537.36 (KHTML, like Gecko) Chrome/131.0.0.0 Safari/537.36"
36.255.40.37 - - [01/Jan/2025:13:44:59 -0500] "GET /fix/wp-content/themes/betheme/visual-builder/assets/img/divider.png HTTP/1.1" 200 134 "https://farhan.socialdigiinnovator.com/fix/wp-content/themes/betheme/visual-builder/assets/css/iframe.css?ver=27.6.1" "Mozilla/5.0 (Windows NT 10.0; Win64; x64) AppleWebKit/537.36 (KHTML, like Gecko) Chrome/131.0.0.0 Safari/537.36"
36.255.40.37 - - [01/Jan/2025:13:45:08 -0500] "GET /fix/wp-content/themes/betheme/visual-builder/assets/svg/options/inc.svg HTTP/1.1" 200 183 "https://farhan.socialdigiinnovator.com/fix/wp-content/themes/betheme/visual-builder/assets/css/iframe.css?ver=27.6.1" "Mozilla/5.0 (Windows NT 10.0; Win64; x64) AppleWebKit/537.36 (KHTML, like Gecko) Chrome/131.0.0.0 Safari/537.36"
36.255.40.37 - - [01/Jan/2025:13:44:58 -0500] "GET /fix/wp-content/themes/betheme/js/plugins/isotope.min.js?ver=27.6.1 HTTP/1.1" 200 9522 "https://farhan.socialdigiinnovator.com/fix/?visual=iframe" "Mozilla/5.0 (Windows NT 10.0; Win64; x64) AppleWebKit/537.36 (KHTML, like Gecko) Chrome/131.0.0.0 Safari/537.36"
36.255.40.37 - - [01/Jan/2025:13:45:02 -0500] "GET /fix/wp-content/themes/betheme/images/favicon.ico HTTP/1.1" 200 5430 "https://farhan.socialdigiinnovator.com/fix/wp-admin/post.php?post=447&action=mfn-live-builder" "Mozilla/5.0 (Windows NT 10.0; Win64; x64) AppleWebKit/537.36 (KHTML, like Gecko) Chrome/131.0.0.0 Safari/537.36"
36.255.40.37 - - [01/Jan/2025:13:45:02 -0500] "GET /fix/wp-content/themes/betheme/visual-builder/assets/svg/options/edit-light.svg HTTP/1.1" 200 253 "https://farhan.socialdigiinnovator.com/fix/wp-content/themes/betheme/visual-builder/assets/css/iframe.css?ver=27.6.1" "Mozilla/5.0 (Windows NT 10.0; Win64; x64) AppleWebKit/537.36 (KHTML, like Gecko) Chrome/131.0.0.0 Safari/537.36"
36.255.40.37 - - [01/Jan/2025:13:45:07 -0500] "GET /fix/wp-content/themes/betheme/visual-builder/assets/svg/options/dec.svg HTTP/1.1" 200 272 "https://farhan.socialdigiinnovator.com/fix/wp-content/themes/betheme/visual-builder/assets/css/iframe.css?ver=27.6.1" "Mozilla/5.0 (Windows NT 10.0; Win64; x64) AppleWebKit/537.36 (KHTML, like Gecko) Chrome/131.0.0.0 Safari/537.36"
36.255.40.37 - - [01/Jan/2025:13:45:07 -0500] "GET /fix/wp-content/themes/betheme/visual-builder/assets/svg/options/add.svg HTTP/1.1" 200 183 "https://farhan.socialdigiinnovator.com/fix/wp-content/themes/betheme/visual-builder/assets/css/iframe.css?ver=27.6.1" "Mozilla/5.0 (Windows NT 10.0; Win64; x64) AppleWebKit/537.36 (KHTML, like Gecko) Chrome/131.0.0.0 Safari/537.36"
36.255.40.37 - - [01/Jan/2025:13:45:08 -0500] "GET /fix/wp-content/themes/betheme/visual-builder/assets/svg/options/edit.svg HTTP/1.1" 200 255 "https://farhan.socialdigiinnovator.com/fix/wp-content/themes/betheme/visual-builder/assets/css/iframe.css?ver=27.6.1" "Mozilla/5.0 (Windows NT 10.0; Win64; x64) AppleWebKit/537.36 (KHTML, like Gecko) Chrome/131.0.0.0 Safari/537.36"
36.255.40.37 - - [01/Jan/2025:13:45:08 -0500] "GET /fix/wp-content/themes/betheme/visual-builder/assets/svg/options/more.svg HTTP/1.1" 200 197 "https://farhan.socialdigiinnovator.com/fix/wp-content/themes/betheme/visual-builder/assets/css/iframe.css?ver=27.6.1" "Mozilla/5.0 (Windows NT 10.0; Win64; x64) AppleWebKit/537.36 (KHTML, like Gecko) Chrome/131.0.0.0 Safari/537.36"
36.255.40.37 - - [01/Jan/2025:13:45:08 -0500] "GET /fix/wp-content/themes/betheme/visual-builder/assets/svg/options/delete.svg HTTP/1.1" 200 320 "https://farhan.socialdigiinnovator.com/fix/wp-content/themes/betheme/visual-builder/assets/css/iframe.css?ver=27.6.1" "Mozilla/5.0 (Windows NT 10.0; Win64; x64) AppleWebKit/537.36 (KHTML, like Gecko) Chrome/131.0.0.0 Safari/537.36"
36.255.40.37 - - [01/Jan/2025:13:45:08 -0500] "GET /fix/wp-content/themes/betheme/visual-builder/assets/svg/options/drag.svg HTTP/1.1" 200 285 "https://farhan.socialdigiinnovator.com/fix/wp-content/themes/betheme/visual-builder/assets/css/iframe.css?ver=27.6.1" "Mozilla/5.0 (Windows NT 10.0; Win64; x64) AppleWebKit/537.36 (KHTML, like Gecko) Chrome/131.0.0.0 Safari/537.36"
36.255.40.37 - - [01/Jan/2025:13:45:08 -0500] "GET /fix/wp-content/themes/betheme/visual-builder/assets/svg/options/clone.svg HTTP/1.1" 200 397 "https://farhan.socialdigiinnovator.com/fix/wp-content/themes/betheme/visual-builder/assets/css/iframe.css?ver=27.6.1" "Mozilla/5.0 (Windows NT 10.0; Win64; x64) AppleWebKit/537.36 (KHTML, like Gecko) Chrome/131.0.0.0 Safari/537.36"
36.255.40.37 - - [01/Jan/2025:13:45:54 -0500] "POST /fix/wp-admin/admin-ajax.php HTTP/1.1" 200 47 "https://farhan.socialdigiinnovator.com/fix/wp-admin/post.php?post=447&action=mfn-live-builder" "Mozilla/5.0 (Windows NT 10.0; Win64; x64) AppleWebKit/537.36 (KHTML, like Gecko) Chrome/131.0.0.0 Safari/537.36"
36.255.40.37 - - [01/Jan/2025:13:46:05 -0500] "POST /fix/wp-admin/admin-ajax.php HTTP/1.1" 200 47 "https://farhan.socialdigiinnovator.com/fix/wp-admin/edit.php?post_status=publish&post_type=page&paged=3" "Mozilla/5.0 (Windows NT 10.0; Win64; x64) AppleWebKit/537.36 (KHTML, like Gecko) Chrome/131.0.0.0 Safari/537.36"
36.255.40.37 - - [01/Jan/2025:13:46:11 -0500] "GET /fix/immigration-lawyers-uk/ HTTP/1.1" 200 44091 "https://farhan.socialdigiinnovator.com/fix/wp-admin/edit.php?post_status=publish&post_type=page&paged=3" "Mozilla/5.0 (Windows NT 10.0; Win64; x64) AppleWebKit/537.36 (KHTML, like Gecko) Chrome/131.0.0.0 Safari/537.36"
36.255.40.37 - - [01/Jan/2025:13:46:14 -0500] "GET /fix/wp-includes/css/admin-bar.min.css?ver=6.7.1 HTTP/1.1" 200 3623 "https://farhan.socialdigiinnovator.com/fix/immigration-lawyers-uk/" "Mozilla/5.0 (Windows NT 10.0; Win64; x64) AppleWebKit/537.36 (KHTML, like Gecko) Chrome/131.0.0.0 Safari/537.36"
36.255.40.37 - - [01/Jan/2025:13:46:14 -0500] "GET /fix/wp-content/plugins/elementor/assets/css/frontend.min.css?ver=3.26.3 HTTP/1.1" 200 6458 "https://farhan.socialdigiinnovator.com/fix/immigration-lawyers-uk/" "Mozilla/5.0 (Windows NT 10.0; Win64; x64) AppleWebKit/537.36 (KHTML, like Gecko) Chrome/131.0.0.0 Safari/537.36"
36.255.40.37 - - [01/Jan/2025:13:46:14 -0500] "GET /fix/wp-content/plugins/duplicate-post/css/duplicate-post.css?ver=4.5 HTTP/1.1" 200 901 "https://farhan.socialdigiinnovator.com/fix/immigration-lawyers-uk/" "Mozilla/5.0 (Windows NT 10.0; Win64; x64) AppleWebKit/537.36 (KHTML, like Gecko) Chrome/131.0.0.0 Safari/537.36"
36.255.40.37 - - [01/Jan/2025:13:46:14 -0500] "GET /fix/wp-content/plugins/elementor/assets/css/admin-bar.min.css?ver=3.26.3 HTTP/1.1" 200 276 "https://farhan.socialdigiinnovator.com/fix/immigration-lawyers-uk/" "Mozilla/5.0 (Windows NT 10.0; Win64; x64) AppleWebKit/537.36 (KHTML, like Gecko) Chrome/131.0.0.0 Safari/537.36"
36.255.40.37 - - [01/Jan/2025:13:46:14 -0500] "GET /fix/wp-content/uploads/elementor/css/post-9.css?ver=1735756898 HTTP/1.1" 200 323 "https://farhan.socialdigiinnovator.com/fix/immigration-lawyers-uk/" "Mozilla/5.0 (Windows NT 10.0; Win64; x64) AppleWebKit/537.36 (KHTML, like Gecko) Chrome/131.0.0.0 Safari/537.36"
36.255.40.37 - - [01/Jan/2025:13:46:15 -0500] "GET /fix/wp-content/themes/betheme/muffin-options/svg/be-mono.svg HTTP/1.1" 200 837 "https://farhan.socialdigiinnovator.com/fix/wp-content/themes/betheme/css/be.css?ver=27.6.1" "Mozilla/5.0 (Windows NT 10.0; Win64; x64) AppleWebKit/537.36 (KHTML, like Gecko) Chrome/131.0.0.0 Safari/537.36"
36.255.40.37 - - [01/Jan/2025:13:46:32 -0500] "GET /fix/immigration-lawyers-uk/ HTTP/1.1" 200 38101 "-" "Mozilla/5.0 (Windows NT 10.0; Win64; x64) AppleWebKit/537.36 (KHTML, like Gecko) Chrome/131.0.0.0 Safari/537.36 Edg/131.0.0.0"
198.54.114.35 - - [01/Jan/2025:13:46:33 -0500] "POST /fix/wp-admin/admin-ajax.php?action=async_litespeed&nonce=EhTmbl71vEz1df7zdJLWVARf0xnyhLXu&litespeed_type=imgoptm HTTP/1.1" 200 5 "-" "WordPress/6.7.1; https://farhan.socialdigiinnovator.com/fix"
36.255.40.37 - - [01/Jan/2025:13:46:49 -0500] "GET /fix/wp-admin/nav-menus.php HTTP/1.1" 302 68168 "https://farhan.socialdigiinnovator.com/fix/wp-admin/edit.php?post_status=publish&post_type=page&paged=3" "Mozilla/5.0 (Windows NT 10.0; Win64; x64) AppleWebKit/537.36 (KHTML, like Gecko) Chrome/131.0.0.0 Safari/537.36"
36.255.40.37 - - [01/Jan/2025:13:46:51 -0500] "GET /fix/wp-admin/nav-menus.php?action=edit&menu=0 HTTP/1.1" 200 67971 "https://farhan.socialdigiinnovator.com/fix/wp-admin/edit.php?post_status=publish&post_type=page&paged=3" "Mozilla/5.0 (Windows NT 10.0; Win64; x64) AppleWebKit/537.36 (KHTML, like Gecko) Chrome/131.0.0.0 Safari/537.36"
198.54.114.35 - - [01/Jan/2025:13:45:54 -0500] "POST /fix/wp-cron.php?doing_wp_cron=1735757154.6423339843750000000000 HTTP/1.1" 200 0 "-" "WordPress/6.7.1; https://farhan.socialdigiinnovator.com/fix"
198.54.114.35 - - [01/Jan/2025:13:45:55 -0500] "POST /fix/wp-admin/admin-ajax.php?action=async_litespeed&nonce=tY9ZNXIx7G69vYbz62a9SJtSc216A6M3&litespeed_type=imgoptm HTTP/1.1" 200 5 "-" "WordPress/6.7.1; https://farhan.socialdigiinnovator.com/fix"
36.255.40.37 - - [01/Jan/2025:13:46:04 -0500] "GET /fix/wp-admin/edit.php?post_status=publish&post_type=page&paged=3 HTTP/1.1" 200 27620 "https://farhan.socialdigiinnovator.com/fix/wp-admin/edit.php?post_status=publish&post_type=page&paged=2" "Mozilla/5.0 (Windows NT 10.0; Win64; x64) AppleWebKit/537.36 (KHTML, like Gecko) Chrome/131.0.0.0 Safari/537.36"
36.255.40.37 - - [01/Jan/2025:13:46:14 -0500] "GET /fix/wp-content/plugins/elementor/assets/js/webpack.runtime.min.js?ver=3.26.3 HTTP/1.1" 200 2236 "https://farhan.socialdigiinnovator.com/fix/immigration-lawyers-uk/" "Mozilla/5.0 (Windows NT 10.0; Win64; x64) AppleWebKit/537.36 (KHTML, like Gecko) Chrome/131.0.0.0 Safari/537.36"
36.255.40.37 - - [01/Jan/2025:13:46:14 -0500] "GET /fix/wp-content/plugins/elementor/assets/js/frontend-modules.min.js?ver=3.26.3 HTTP/1.1" 200 14959 "https://farhan.socialdigiinnovator.com/fix/immigration-lawyers-uk/" "Mozilla/5.0 (Windows NT 10.0; Win64; x64) AppleWebKit/537.36 (KHTML, like Gecko) Chrome/131.0.0.0 Safari/537.36"
36.255.40.37 - - [01/Jan/2025:13:46:15 -0500] "GET /fix/wp-content/plugins/elementor/assets/js/elementor-admin-bar.min.js?ver=3.26.3 HTTP/1.1" 200 2187 "https://farhan.socialdigiinnovator.com/fix/immigration-lawyers-uk/" "Mozilla/5.0 (Windows NT 10.0; Win64; x64) AppleWebKit/537.36 (KHTML, like Gecko) Chrome/131.0.0.0 Safari/537.36"
36.255.40.37 - - [01/Jan/2025:13:46:16 -0500] "POST /fix/wp-admin/admin-ajax.php HTTP/1.1" 200 47 "https://farhan.socialdigiinnovator.com/fix/wp-admin/edit.php?post_status=publish&post_type=page&paged=3" "Mozilla/5.0 (Windows NT 10.0; Win64; x64) AppleWebKit/537.36 (KHTML, like Gecko) Chrome/131.0.0.0 Safari/537.36"
198.54.114.35 - - [01/Jan/2025:13:46:33 -0500] "POST /fix/wp-cron.php?doing_wp_cron=1735757193.1236100196838378906250 HTTP/1.1" 200 0 "-" "WordPress/6.7.1; https://farhan.socialdigiinnovator.com/fix"
36.255.40.37 - - [01/Jan/2025:13:46:45 -0500] "POST /fix/wp-admin/admin-ajax.php HTTP/1.1" 200 47 "https://farhan.socialdigiinnovator.com/fix/wp-admin/edit.php?post_status=publish&post_type=page&paged=3" "Mozilla/5.0 (Windows NT 10.0; Win64; x64) AppleWebKit/537.36 (KHTML, like Gecko) Chrome/131.0.0.0 Safari/537.36"
36.255.40.37 - - [01/Jan/2025:13:46:52 -0500] "GET /fix/wp-admin/js/nav-menu.min.js?ver=6.7.1 HTTP/1.1" 200 7831 "https://farhan.socialdigiinnovator.com/fix/wp-admin/nav-menus.php?action=edit&menu=0" "Mozilla/5.0 (Windows NT 10.0; Win64; x64) AppleWebKit/537.36 (KHTML, like Gecko) Chrome/131.0.0.0 Safari/537.36"
36.255.40.37 - - [01/Jan/2025:13:46:54 -0500] "GET /fix/wp-admin/load-scripts.php?c=1&load%5Bchunk_0%5D=hoverIntent&ver=6.7.1 HTTP/1.1" 200 712 "https://farhan.socialdigiinnovator.com/fix/wp-admin/nav-menus.php?action=edit&menu=0" "Mozilla/5.0 (Windows NT 10.0; Win64; x64) AppleWebKit/537.36 (KHTML, like Gecko) Chrome/131.0.0.0 Safari/537.36"
36.255.40.37 - - [01/Jan/2025:13:47:11 -0500] "POST /fix/wp-admin/nav-menus.php?action=edit&menu=0 HTTP/1.1" 302 0 "https://farhan.socialdigiinnovator.com/fix/wp-admin/nav-menus.php?action=edit&menu=0" "Mozilla/5.0 (Windows NT 10.0; Win64; x64) AppleWebKit/537.36 (KHTML, like Gecko) Chrome/131.0.0.0 Safari/537.36"
36.255.40.37 - - [01/Jan/2025:13:47:19 -0500] "GET /fix/wp-content/themes/betheme/functions/admin/assets/admin.js?ver=1735757238 HTTP/1.1" 200 858 "https://farhan.socialdigiinnovator.com/fix/wp-admin/nav-menus.php?menu=2" "Mozilla/5.0 (Windows NT 10.0; Win64; x64) AppleWebKit/537.36 (KHTML, like Gecko) Chrome/131.0.0.0 Safari/537.36"
36.255.40.37 - - [01/Jan/2025:13:46:52 -0500] "GET /fix/wp-admin/load-scripts.php?c=1&load%5Bchunk_0%5D=jquery-core,jquery-migrate,utils,wp-dom-ready,wp-hooks&ver=6.7.1 HTTP/1.1" 200 37724 "https://farhan.socialdigiinnovator.com/fix/wp-admin/nav-menus.php?action=edit&menu=0" "Mozilla/5.0 (Windows NT 10.0; Win64; x64) AppleWebKit/537.36 (KHTML, like Gecko) Chrome/131.0.0.0 Safari/537.36"
36.255.40.37 - - [01/Jan/2025:13:46:54 -0500] "GET /fix/wp-admin/load-styles.php?c=1&dir=ltr&load%5Bchunk_0%5D=media-views&ver=6.7.1 HTTP/1.1" 200 9159 "https://farhan.socialdigiinnovator.com/fix/wp-admin/nav-menus.php?action=edit&menu=0" "Mozilla/5.0 (Windows NT 10.0; Win64; x64) AppleWebKit/537.36 (KHTML, like Gecko) Chrome/131.0.0.0 Safari/537.36"
36.255.40.37 - - [01/Jan/2025:13:46:55 -0500] "GET /fix/wp-content/themes/betheme/functions/admin/assets/admin.js?ver=1735757211 HTTP/1.1" 200 858 "https://farhan.socialdigiinnovator.com/fix/wp-admin/nav-menus.php?action=edit&menu=0" "Mozilla/5.0 (Windows NT 10.0; Win64; x64) AppleWebKit/537.36 (KHTML, like Gecko) Chrome/131.0.0.0 Safari/537.36"
36.255.40.37 - - [01/Jan/2025:13:46:55 -0500] "GET /fix/wp-admin/js/accordion.min.js?ver=6.7.1 HTTP/1.1" 200 314 "https://farhan.socialdigiinnovator.com/fix/wp-admin/nav-menus.php?action=edit&menu=0" "Mozilla/5.0 (Windows NT 10.0; Win64; x64) AppleWebKit/537.36 (KHTML, like Gecko) Chrome/131.0.0.0 Safari/537.36"
36.255.40.37 - - [01/Jan/2025:13:47:11 -0500] "GET /fix/wp-admin/nav-menus.php?menu=2 HTTP/1.1" 200 68356 "https://farhan.socialdigiinnovator.com/fix/wp-admin/nav-menus.php?action=edit&menu=0" "Mozilla/5.0 (Windows NT 10.0; Win64; x64) AppleWebKit/537.36 (KHTML, like Gecko) Chrome/131.0.0.0 Safari/537.36"
36.255.40.37 - - [01/Jan/2025:13:47:15 -0500] "GET /fix/wp-content/themes/betheme/functions/admin/assets/admin.js?ver=1735757233 HTTP/1.1" 200 858 "https://farhan.socialdigiinnovator.com/fix/wp-admin/nav-menus.php?menu=2" "Mozilla/5.0 (Windows NT 10.0; Win64; x64) AppleWebKit/537.36 (KHTML, like Gecko) Chrome/131.0.0.0 Safari/537.36"
36.255.40.37 - - [01/Jan/2025:13:47:17 -0500] "POST /fix/wp-admin/nav-menus.php?menu=2 HTTP/1.1" 200 68439 "https://farhan.socialdigiinnovator.com/fix/wp-admin/nav-menus.php?menu=2" "Mozilla/5.0 (Windows NT 10.0; Win64; x64) AppleWebKit/537.36 (KHTML, like Gecko) Chrome/131.0.0.0 Safari/537.36"
36.255.40.37 - - [01/Jan/2025:13:47:22 -0500] "GET /fix/immigration-lawyers-uk/ HTTP/1.1" 200 38100 "-" "Mozilla/5.0 (Windows NT 10.0; Win64; x64) AppleWebKit/537.36 (KHTML, like Gecko) Chrome/131.0.0.0 Safari/537.36 Edg/131.0.0.0"
198.54.114.35 - - [01/Jan/2025:13:48:02 -0500] "POST /fix/wp-cron.php?doing_wp_cron=1735757281.9867169857025146484375 HTTP/1.1" 200 0 "-" "WordPress/6.7.1; https://farhan.socialdigiinnovator.com/fix"
198.54.114.35 - - [01/Jan/2025:13:49:05 -0500] "POST /fix/wp-cron.php?doing_wp_cron=1735757345.0721840858459472656250 HTTP/1.1" 200 0 "-" "WordPress/6.7.1; https://farhan.socialdigiinnovator.com/fix"
36.255.40.37 - - [01/Jan/2025:13:49:04 -0500] "POST /fix/wp-admin/admin-ajax.php HTTP/1.1" 200 47 "https://farhan.socialdigiinnovator.com/fix/wp-admin/admin.php?page=be-plugins" "Mozilla/5.0 (Windows NT 10.0; Win64; x64) AppleWebKit/537.36 (KHTML, like Gecko) Chrome/131.0.0.0 Safari/537.36"
198.54.114.35 - - [01/Jan/2025:13:49:05 -0500] "POST /fix/wp-admin/admin-ajax.php?action=async_litespeed&nonce=sN9zs0FRFvk9lWBI8uLH27uAWVadqr8g&litespeed_type=imgoptm HTTP/1.1" 200 5 "-" "WordPress/6.7.1; https://farhan.socialdigiinnovator.com/fix"
198.54.114.35 - - [01/Jan/2025:13:51:08 -0500] "POST /fix/wp-cron.php?doing_wp_cron=1735757467.9825680255889892578125 HTTP/1.1" 200 0 "-" "WordPress/6.7.1; https://farhan.socialdigiinnovator.com/fix"
198.54.114.35 - - [01/Jan/2025:13:51:08 -0500] "POST /fix/wp-admin/admin-ajax.php?action=async_litespeed&nonce=8Cv0psh87k3YCXUB2r4JsdimcGll2kKG&litespeed_type=imgoptm HTTP/1.1" 200 5 "-" "WordPress/6.7.1; https://farhan.socialdigiinnovator.com/fix"
36.255.40.37 - - [01/Jan/2025:13:48:01 -0500] "GET /fix/wp-admin/admin.php?page=be-plugins HTTP/1.1" 200 15901 "https://farhan.socialdigiinnovator.com/fix/wp-admin/nav-menus.php?menu=2" "Mozilla/5.0 (Windows NT 10.0; Win64; x64) AppleWebKit/537.36 (KHTML, like Gecko) Chrome/131.0.0.0 Safari/537.36"
198.54.114.35 - - [01/Jan/2025:13:48:02 -0500] "POST /fix/wp-admin/admin-ajax.php?action=async_litespeed&nonce=lEankGeU9WN9Li517lokbsneztZQwKbA&litespeed_type=imgoptm HTTP/1.1" 200 5 "-" "WordPress/6.7.1; https://farhan.socialdigiinnovator.com/fix"
36.255.40.37 - - [01/Jan/2025:13:51:05 -0500] "POST /fix/wp-admin/admin-ajax.php HTTP/1.1" 200 47 "https://farhan.socialdigiinnovator.com/fix/wp-admin/admin.php?page=be-plugins" "Mozilla/5.0 (Windows NT 10.0; Win64; x64) AppleWebKit/537.36 (KHTML, like Gecko) Chrome/131.0.0.0 Safari/537.36"
198.54.114.35 - - [01/Jan/2025:13:55:09 -0500] "POST /fix/wp-cron.php?doing_wp_cron=1735757709.7095530033111572265625 HTTP/1.1" 200 0 "-" "WordPress/6.7.1; https://farhan.socialdigiinnovator.com/fix"
198.54.114.35 - - [01/Jan/2025:13:57:10 -0500] "POST /fix/wp-cron.php?doing_wp_cron=1735757830.6081860065460205078125 HTTP/1.1" 200 0 "-" "WordPress/6.7.1; https://farhan.socialdigiinnovator.com/fix"
36.255.40.37 - - [01/Jan/2025:13:59:09 -0500] "POST /fix/wp-admin/admin-ajax.php HTTP/1.1" 200 47 "https://farhan.socialdigiinnovator.com/fix/wp-admin/admin.php?page=be-plugins" "Mozilla/5.0 (Windows NT 10.0; Win64; x64) AppleWebKit/537.36 (KHTML, like Gecko) Chrome/131.0.0.0 Safari/537.36"
198.54.114.35 - - [01/Jan/2025:13:59:12 -0500] "POST /fix/wp-admin/admin-ajax.php?action=async_litespeed&nonce=KKzn7ild3UCvZkmegRY8UL3wJancmtq4&litespeed_type=imgoptm HTTP/1.1" 200 5 "-" "WordPress/6.7.1; https://farhan.socialdigiinnovator.com/fix"
192.198.80.6 - - [01/Jan/2025:14:00:24 -0500] "GET /fix HTTP/1.1" 301 795 "-" "Mozilla/5.0 (X11; Linux x86_64) AppleWebKit/537.36 (KHTML, like Gecko) HeadlessChrome/109.0.5414.119 Safari/537.36"
198.54.114.35 - - [01/Jan/2025:14:00:25 -0500] "POST /fix/wp-cron.php?doing_wp_cron=1735758025.4042069911956787109375 HTTP/1.1" 200 0 "-" "WordPress/6.7.1; https://farhan.socialdigiinnovator.com/fix"
192.198.80.6 - - [01/Jan/2025:14:00:24 -0500] "GET /fix/ HTTP/1.1" 200 26849 "-" "Mozilla/5.0 (X11; Linux x86_64) AppleWebKit/537.36 (KHTML, like Gecko) HeadlessChrome/109.0.5414.119 Safari/537.36"
192.198.80.6 - - [01/Jan/2025:14:00:27 -0500] "GET /fix/wp-content/themes/betheme/css/be.css?ver=27.6.1 HTTP/1.1" 200 78178 "https://farhan.socialdigiinnovator.com/fix/" "Mozilla/5.0 (X11; Linux x86_64) AppleWebKit/537.36 (KHTML, like Gecko) HeadlessChrome/109.0.5414.119 Safari/537.36"
192.198.80.6 - - [01/Jan/2025:14:00:27 -0500] "GET /fix/wp-content/themes/betheme/fonts/fontawesome/fontawesome.css?ver=27.6.1 HTTP/1.1" 200 12408 "https://farhan.socialdigiinnovator.com/fix/" "Mozilla/5.0 (X11; Linux x86_64) AppleWebKit/537.36 (KHTML, like Gecko) HeadlessChrome/109.0.5414.119 Safari/537.36"
192.198.80.6 - - [01/Jan/2025:14:00:27 -0500] "GET /fix/wp-includes/js/jquery/jquery-migrate.min.js?ver=3.4.1 HTTP/1.1" 200 4678 "https://farhan.socialdigiinnovator.com/fix/" "Mozilla/5.0 (X11; Linux x86_64) AppleWebKit/537.36 (KHTML, like Gecko) HeadlessChrome/109.0.5414.119 Safari/537.36"
192.198.80.6 - - [01/Jan/2025:14:00:27 -0500] "GET /fix/wp-content/themes/betheme/assets/jplayer/css/jplayer.blue.monday.min.css?ver=27.6.1 HTTP/1.1" 200 1878 "https://farhan.socialdigiinnovator.com/fix/" "Mozilla/5.0 (X11; Linux x86_64) AppleWebKit/537.36 (KHTML, like Gecko) HeadlessChrome/109.0.5414.119 Safari/537.36"
192.198.80.6 - - [01/Jan/2025:14:00:27 -0500] "GET /fix/wp-content/themes/betheme/assets/animations/animations.min.css?ver=27.6.1 HTTP/1.1" 200 4610 "https://farhan.socialdigiinnovator.com/fix/" "Mozilla/5.0 (X11; Linux x86_64) AppleWebKit/537.36 (KHTML, like Gecko) HeadlessChrome/109.0.5414.119 Safari/537.36"
198.54.114.35 - - [01/Jan/2025:13:53:08 -0500] "POST /fix/wp-cron.php?doing_wp_cron=1735757588.6087000370025634765625 HTTP/1.1" 200 0 "-" "WordPress/6.7.1; https://farhan.socialdigiinnovator.com/fix"
36.255.40.37 - - [01/Jan/2025:13:53:06 -0500] "POST /fix/wp-admin/admin-ajax.php HTTP/1.1" 200 47 "https://farhan.socialdigiinnovator.com/fix/wp-admin/admin.php?page=be-plugins" "Mozilla/5.0 (Windows NT 10.0; Win64; x64) AppleWebKit/537.36 (KHTML, like Gecko) Chrome/131.0.0.0 Safari/537.36"
198.54.114.35 - - [01/Jan/2025:13:53:08 -0500] "POST /fix/wp-admin/admin-ajax.php?action=async_litespeed&nonce=EVXiQWS1uZVJPnpFrIChThdCaCn8zBtD&litespeed_type=imgoptm HTTP/1.1" 200 5 "-" "WordPress/6.7.1; https://farhan.socialdigiinnovator.com/fix"
36.255.40.37 - - [01/Jan/2025:13:55:07 -0500] "POST /fix/wp-admin/admin-ajax.php HTTP/1.1" 200 47 "https://farhan.socialdigiinnovator.com/fix/wp-admin/admin.php?page=be-plugins" "Mozilla/5.0 (Windows NT 10.0; Win64; x64) AppleWebKit/537.36 (KHTML, like Gecko) Chrome/131.0.0.0 Safari/537.36"
198.54.114.35 - - [01/Jan/2025:13:55:10 -0500] "POST /fix/wp-admin/admin-ajax.php?action=async_litespeed&nonce=DZwkoyCjjLNtglFDs3GgdJRWrWnQ5MH8&litespeed_type=imgoptm HTTP/1.1" 200 5 "-" "WordPress/6.7.1; https://farhan.socialdigiinnovator.com/fix"
36.255.40.37 - - [01/Jan/2025:13:57:08 -0500] "POST /fix/wp-admin/admin-ajax.php HTTP/1.1" 200 47 "https://farhan.socialdigiinnovator.com/fix/wp-admin/admin.php?page=be-plugins" "Mozilla/5.0 (Windows NT 10.0; Win64; x64) AppleWebKit/537.36 (KHTML, like Gecko) Chrome/131.0.0.0 Safari/537.36"
198.54.114.35 - - [01/Jan/2025:13:57:11 -0500] "POST /fix/wp-admin/admin-ajax.php?action=async_litespeed&nonce=FnxEY3YvkTSmprilgk7p1iTEdHU6onVU&litespeed_type=imgoptm HTTP/1.1" 200 5 "-" "WordPress/6.7.1; https://farhan.socialdigiinnovator.com/fix"
198.54.114.35 - - [01/Jan/2025:13:59:11 -0500] "POST /fix/wp-cron.php?doing_wp_cron=1735757951.7999699115753173828125 HTTP/1.1" 200 0 "-" "WordPress/6.7.1; https://farhan.socialdigiinnovator.com/fix"
198.54.114.35 - - [01/Jan/2025:14:00:26 -0500] "POST /fix/wp-admin/admin-ajax.php?action=async_litespeed&nonce=1CsgvHrD0JqQ8ZgAN1ViT5LRyqbm0lUI&litespeed_type=imgoptm HTTP/1.1" 200 0 "-" "WordPress/6.7.1; https://farhan.socialdigiinnovator.com/fix"
192.198.80.6 - - [01/Jan/2025:14:00:27 -0500] "GET /fix/wp-content/themes/betheme-child/style.css?ver=6.7.1 HTTP/1.1" 200 449 "https://farhan.socialdigiinnovator.com/fix/" "Mozilla/5.0 (X11; Linux x86_64) AppleWebKit/537.36 (KHTML, like Gecko) HeadlessChrome/109.0.5414.119 Safari/537.36"
192.198.80.6 - - [01/Jan/2025:14:00:27 -0500] "GET /fix/wp-includes/css/dist/block-library/style.min.css?ver=6.7.1 HTTP/1.1" 200 14225 "https://farhan.socialdigiinnovator.com/fix/" "Mozilla/5.0 (X11; Linux x86_64) AppleWebKit/537.36 (KHTML, like Gecko) HeadlessChrome/109.0.5414.119 Safari/537.36"
192.198.80.6 - - [01/Jan/2025:14:00:27 -0500] "GET /fix/wp-includes/js/jquery/jquery.min.js?ver=3.7.1 HTTP/1.1" 200 29744 "https://farhan.socialdigiinnovator.com/fix/" "Mozilla/5.0 (X11; Linux x86_64) AppleWebKit/537.36 (KHTML, like Gecko) HeadlessChrome/109.0.5414.119 Safari/537.36"
192.198.80.6 - - [01/Jan/2025:14:00:27 -0500] "GET /fix/wp-content/themes/betheme/css/responsive.css?ver=27.6.1 HTTP/1.1" 200 11300 "https://farhan.socialdigiinnovator.com/fix/" "Mozilla/5.0 (X11; Linux x86_64) AppleWebKit/537.36 (KHTML, like Gecko) HeadlessChrome/109.0.5414.119 Safari/537.36"
192.198.80.6 - - [01/Jan/2025:14:00:28 -0500] "GET /fix/wp-content/themes/betheme/assets/animations/animations.min.js?ver=27.6.1 HTTP/1.1" 200 551 "https://farhan.socialdigiinnovator.com/fix/" "Mozilla/5.0 (X11; Linux x86_64) AppleWebKit/537.36 (KHTML, like Gecko) HeadlessChrome/109.0.5414.119 Safari/537.36"
192.198.80.6 - - [01/Jan/2025:14:00:28 -0500] "GET /fix/wp-content/themes/betheme/js/plugins/visible.min.js?ver=27.6.1 HTTP/1.1" 200 334 "https://farhan.socialdigiinnovator.com/fix/" "Mozilla/5.0 (X11; Linux x86_64) AppleWebKit/537.36 (KHTML, like Gecko) HeadlessChrome/109.0.5414.119 Safari/537.36"
192.198.80.6 - - [01/Jan/2025:14:00:28 -0500] "GET /fix/wp-includes/js/jquery/ui/core.min.js?ver=1.13.3 HTTP/1.1" 200 6811 "https://farhan.socialdigiinnovator.com/fix/" "Mozilla/5.0 (X11; Linux x86_64) AppleWebKit/537.36 (KHTML, like Gecko) HeadlessChrome/109.0.5414.119 Safari/537.36"
192.198.80.6 - - [01/Jan/2025:14:00:28 -0500] "GET /fix/wp-content/themes/betheme/js/plugins/debouncedresize.min.js?ver=27.6.1 HTTP/1.1" 200 258 "https://farhan.socialdigiinnovator.com/fix/" "Mozilla/5.0 (X11; Linux x86_64) AppleWebKit/537.36 (KHTML, like Gecko) HeadlessChrome/109.0.5414.119 Safari/537.36"
192.198.80.6 - - [01/Jan/2025:14:00:28 -0500] "GET /fix/wp-content/themes/betheme/js/plugins/enllax.min.js?ver=27.6.1 HTTP/1.1" 200 476 "https://farhan.socialdigiinnovator.com/fix/" "Mozilla/5.0 (X11; Linux x86_64) AppleWebKit/537.36 (KHTML, like Gecko) HeadlessChrome/109.0.5414.119 Safari/537.36"
192.198.80.6 - - [01/Jan/2025:14:00:28 -0500] "GET /fix/wp-content/themes/betheme/images/logo/logo.png HTTP/1.1" 200 1568 "https://farhan.socialdigiinnovator.com/fix/" "Mozilla/5.0 (X11; Linux x86_64) AppleWebKit/537.36 (KHTML, like Gecko) HeadlessChrome/109.0.5414.119 Safari/537.36"
192.198.80.6 - - [01/Jan/2025:14:00:28 -0500] "GET /fix/wp-content/themes/betheme/fonts/fontawesome/fa-solid-900.woff2 HTTP/1.1" 200 80300 "https://farhan.socialdigiinnovator.com/fix/wp-content/themes/betheme/fonts/fontawesome/fontawesome.css?ver=27.6.1" "Mozilla/5.0 (X11; Linux x86_64) AppleWebKit/537.36 (KHTML, like Gecko) HeadlessChrome/109.0.5414.119 Safari/537.36"
192.198.80.6 - - [01/Jan/2025:14:00:28 -0500] "GET /fix/wp-includes/js/jquery/ui/tabs.min.js?ver=1.13.3 HTTP/1.1" 200 3794 "https://farhan.socialdigiinnovator.com/fix/" "Mozilla/5.0 (X11; Linux x86_64) AppleWebKit/537.36 (KHTML, like Gecko) HeadlessChrome/109.0.5414.119 Safari/537.36"
192.198.80.6 - - [01/Jan/2025:14:00:28 -0500] "GET /fix/wp-content/uploads/2023/10/Untitled-design-6.jpg HTTP/1.1" 200 11775 "https://farhan.socialdigiinnovator.com/fix/" "Mozilla/5.0 (X11; Linux x86_64) AppleWebKit/537.36 (KHTML, like Gecko) HeadlessChrome/109.0.5414.119 Safari/537.36"
192.198.80.6 - - [01/Jan/2025:14:00:28 -0500] "GET /fix/wp-content/themes/betheme/js/menu.js?ver=27.6.1 HTTP/1.1" 200 897 "https://farhan.socialdigiinnovator.com/fix/" "Mozilla/5.0 (X11; Linux x86_64) AppleWebKit/537.36 (KHTML, like Gecko) HeadlessChrome/109.0.5414.119 Safari/537.36"
192.198.80.6 - - [01/Jan/2025:14:00:28 -0500] "GET /fix/wp-content/themes/betheme/js/plugins/magnificpopup.min.js?ver=27.6.1 HTTP/1.1" 200 7034 "https://farhan.socialdigiinnovator.com/fix/" "Mozilla/5.0 (X11; Linux x86_64) AppleWebKit/537.36 (KHTML, like Gecko) HeadlessChrome/109.0.5414.119 Safari/537.36"
192.198.80.6 - - [01/Jan/2025:14:00:28 -0500] "GET /fix/wp-content/themes/betheme/js/scripts.js?ver=27.6.1 HTTP/1.1" 200 31269 "https://farhan.socialdigiinnovator.com/fix/" "Mozilla/5.0 (X11; Linux x86_64) AppleWebKit/537.36 (KHTML, like Gecko) HeadlessChrome/109.0.5414.119 Safari/537.36"
192.198.80.6 - - [01/Jan/2025:14:00:28 -0500] "GET /fix/wp-content/themes/betheme/assets/jplayer/jplayer.min.js?ver=27.6.1 HTTP/1.1" 200 12378 "https://farhan.socialdigiinnovator.com/fix/" "Mozilla/5.0 (X11; Linux x86_64) AppleWebKit/537.36 (KHTML, like Gecko) HeadlessChrome/109.0.5414.119 Safari/537.36"
192.198.80.6 - - [01/Jan/2025:14:00:28 -0500] "GET /fix/wp-content/themes/betheme/fonts/mfn/icons.woff2?11083851 HTTP/1.1" 200 72136 "https://farhan.socialdigiinnovator.com/fix/wp-content/themes/betheme/css/be.css?ver=27.6.1" "Mozilla/5.0 (X11; Linux x86_64) AppleWebKit/537.36 (KHTML, like Gecko) HeadlessChrome/109.0.5414.119 Safari/537.36"
192.198.80.6 - - [01/Jan/2025:14:00:28 -0500] "GET /fix/wp-includes/js/wp-emoji-release.min.js?ver=6.7.1 HTTP/1.1" 200 4676 "https://farhan.socialdigiinnovator.com/fix/" "Mozilla/5.0 (X11; Linux x86_64) AppleWebKit/537.36 (KHTML, like Gecko) HeadlessChrome/109.0.5414.119 Safari/537.36"
192.198.80.6 - - [01/Jan/2025:14:01:37 -0500] "GET / HTTP/1.1" 200 41674 "-" "Mozilla/5.0 (X11; Linux x86_64) AppleWebKit/537.36 (KHTML, like Gecko) HeadlessChrome/109.0.5414.119 Safari/537.36"
192.198.80.6 - - [01/Jan/2025:14:01:42 -0500] "GET /wp-content/plugins/contact-form-7/includes/css/styles.css?ver=6.0.2 HTTP/1.1" 200 890 "https://farhan.socialdigiinnovator.com/" "Mozilla/5.0 (X11; Linux x86_64) AppleWebKit/537.36 (KHTML, like Gecko) HeadlessChrome/109.0.5414.119 Safari/537.36"
192.198.80.6 - - [01/Jan/2025:14:01:42 -0500] "GET /wp-includes/js/jquery/jquery.min.js?ver=3.7.1 HTTP/1.1" 200 29744 "https://farhan.socialdigiinnovator.com/" "Mozilla/5.0 (X11; Linux x86_64) AppleWebKit/537.36 (KHTML, like Gecko) HeadlessChrome/109.0.5414.119 Safari/537.36"
192.198.80.6 - - [01/Jan/2025:14:01:42 -0500] "GET /wp-includes/js/jquery/jquery-migrate.min.js?ver=3.4.1 HTTP/1.1" 200 4678 "https://farhan.socialdigiinnovator.com/" "Mozilla/5.0 (X11; Linux x86_64) AppleWebKit/537.36 (KHTML, like Gecko) HeadlessChrome/109.0.5414.119 Safari/537.36"
192.198.80.6 - - [01/Jan/2025:14:01:42 -0500] "GET /wp-content/themes/betheme/assets/jplayer/css/jplayer.blue.monday.min.css?ver=27.6.1 HTTP/1.1" 200 1878 "https://farhan.socialdigiinnovator.com/" "Mozilla/5.0 (X11; Linux x86_64) AppleWebKit/537.36 (KHTML, like Gecko) HeadlessChrome/109.0.5414.119 Safari/537.36"
192.198.80.6 - - [01/Jan/2025:14:01:42 -0500] "GET /wp-content/themes/betheme/css/be.css?ver=27.6.1 HTTP/1.1" 200 78178 "https://farhan.socialdigiinnovator.com/" "Mozilla/5.0 (X11; Linux x86_64) AppleWebKit/537.36 (KHTML, like Gecko) HeadlessChrome/109.0.5414.119 Safari/537.36"
192.198.80.6 - - [01/Jan/2025:14:01:42 -0500] "GET /wp-includes/js/dist/hooks.min.js?ver=4d63a3d491d11ffd8ac6 HTTP/1.1" 200 1571 "https://farhan.socialdigiinnovator.com/" "Mozilla/5.0 (X11; Linux x86_64) AppleWebKit/537.36 (KHTML, like Gecko) HeadlessChrome/109.0.5414.119 Safari/537.36"
192.198.80.6 - - [01/Jan/2025:14:01:42 -0500] "GET /wp-content/plugins/contact-form-7/includes/js/index.js?ver=6.0.2 HTTP/1.1" 200 4008 "https://farhan.socialdigiinnovator.com/" "Mozilla/5.0 (X11; Linux x86_64) AppleWebKit/537.36 (KHTML, like Gecko) HeadlessChrome/109.0.5414.119 Safari/537.36"
192.198.80.6 - - [01/Jan/2025:14:01:42 -0500] "GET /wp-content/plugins/wpcf7-redirect/build/js/wpcf7r-fe.js?ver=1.1 HTTP/1.1" 200 1495 "https://farhan.socialdigiinnovator.com/" "Mozilla/5.0 (X11; Linux x86_64) AppleWebKit/537.36 (KHTML, like Gecko) HeadlessChrome/109.0.5414.119 Safari/537.36"
192.198.80.6 - - [01/Jan/2025:14:01:42 -0500] "GET /wp-content/themes/betheme/js/plugins/magnificpopup.min.js?ver=27.6.1 HTTP/1.1" 200 7034 "https://farhan.socialdigiinnovator.com/" "Mozilla/5.0 (X11; Linux x86_64) AppleWebKit/537.36 (KHTML, like Gecko) HeadlessChrome/109.0.5414.119 Safari/537.36"
192.198.80.6 - - [01/Jan/2025:14:01:42 -0500] "GET /wp-includes/js/jquery/ui/core.min.js?ver=1.13.3 HTTP/1.1" 200 6811 "https://farhan.socialdigiinnovator.com/" "Mozilla/5.0 (X11; Linux x86_64) AppleWebKit/537.36 (KHTML, like Gecko) HeadlessChrome/109.0.5414.119 Safari/537.36"
192.198.80.6 - - [01/Jan/2025:14:01:42 -0500] "GET /wp-content/uploads/pum/pum-site-scripts.js?defer&generated=1733163299&ver=1.20.3 HTTP/1.1" 200 16658 "https://farhan.socialdigiinnovator.com/" "Mozilla/5.0 (X11; Linux x86_64) AppleWebKit/537.36 (KHTML, like Gecko) HeadlessChrome/109.0.5414.119 Safari/537.36"
192.198.80.6 - - [01/Jan/2025:14:01:42 -0500] "GET /wp-content/themes/betheme/js/plugins/visible.min.js?ver=27.6.1 HTTP/1.1" 200 334 "https://farhan.socialdigiinnovator.com/" "Mozilla/5.0 (X11; Linux x86_64) AppleWebKit/537.36 (KHTML, like Gecko) HeadlessChrome/109.0.5414.119 Safari/537.36"
192.198.80.6 - - [01/Jan/2025:14:01:42 -0500] "GET /wp-includes/js/jquery/ui/tabs.min.js?ver=1.13.3 HTTP/1.1" 200 3794 "https://farhan.socialdigiinnovator.com/" "Mozilla/5.0 (X11; Linux x86_64) AppleWebKit/537.36 (KHTML, like Gecko) HeadlessChrome/109.0.5414.119 Safari/537.36"
198.54.114.35 - - [01/Jan/2025:14:01:41 -0500] "POST /wp-cron.php?doing_wp_cron=1735758100.9130909442901611328125 HTTP/1.1" 200 0 "-" "WordPress/6.7.1; https://farhan.socialdigiinnovator.com"
192.198.80.6 - - [01/Jan/2025:14:01:42 -0500] "GET /wp-includes/css/dist/block-library/style.min.css?ver=6.7.1 HTTP/1.1" 200 14225 "https://farhan.socialdigiinnovator.com/" "Mozilla/5.0 (X11; Linux x86_64) AppleWebKit/537.36 (KHTML, like Gecko) HeadlessChrome/109.0.5414.119 Safari/537.36"
192.198.80.6 - - [01/Jan/2025:14:01:42 -0500] "GET /wp-content/plugins/wpcf7-redirect/build/css/wpcf7-redirect-frontend.min.css?ver=1.1 HTTP/1.1" 200 96 "https://farhan.socialdigiinnovator.com/" "Mozilla/5.0 (X11; Linux x86_64) AppleWebKit/537.36 (KHTML, like Gecko) HeadlessChrome/109.0.5414.119 Safari/537.36"
192.198.80.6 - - [01/Jan/2025:14:01:42 -0500] "GET /wp-content/themes/betheme/css/responsive.css?ver=27.6.1 HTTP/1.1" 200 11300 "https://farhan.socialdigiinnovator.com/" "Mozilla/5.0 (X11; Linux x86_64) AppleWebKit/537.36 (KHTML, like Gecko) HeadlessChrome/109.0.5414.119 Safari/537.36"
192.198.80.6 - - [01/Jan/2025:14:01:42 -0500] "GET /wp-content/themes/betheme/assets/animations/animations.min.css?ver=27.6.1 HTTP/1.1" 200 4610 "https://farhan.socialdigiinnovator.com/" "Mozilla/5.0 (X11; Linux x86_64) AppleWebKit/537.36 (KHTML, like Gecko) HeadlessChrome/109.0.5414.119 Safari/537.36"
192.198.80.6 - - [01/Jan/2025:14:01:42 -0500] "GET /wp-content/themes/betheme/fonts/fontawesome/fontawesome.css?ver=27.6.1 HTTP/1.1" 200 12408 "https://farhan.socialdigiinnovator.com/" "Mozilla/5.0 (X11; Linux x86_64) AppleWebKit/537.36 (KHTML, like Gecko) HeadlessChrome/109.0.5414.119 Safari/537.36"
192.198.80.6 - - [01/Jan/2025:14:01:42 -0500] "GET /wp-content/uploads/pum/pum-site-styles.css?generated=1733163299&ver=1.20.3 HTTP/1.1" 200 3154 "https://farhan.socialdigiinnovator.com/" "Mozilla/5.0 (X11; Linux x86_64) AppleWebKit/537.36 (KHTML, like Gecko) HeadlessChrome/109.0.5414.119 Safari/537.36"
192.198.80.6 - - [01/Jan/2025:14:01:42 -0500] "GET /wp-includes/js/dist/i18n.min.js?ver=5e580eb46a90c2b997e6 HTTP/1.1" 200 3542 "https://farhan.socialdigiinnovator.com/" "Mozilla/5.0 (X11; Linux x86_64) AppleWebKit/537.36 (KHTML, like Gecko) HeadlessChrome/109.0.5414.119 Safari/537.36"
192.198.80.6 - - [01/Jan/2025:14:01:42 -0500] "GET /wp-content/plugins/contact-form-7/includes/swv/js/index.js?ver=6.0.2 HTTP/1.1" 200 3369 "https://farhan.socialdigiinnovator.com/" "Mozilla/5.0 (X11; Linux x86_64) AppleWebKit/537.36 (KHTML, like Gecko) HeadlessChrome/109.0.5414.119 Safari/537.36"
192.198.80.6 - - [01/Jan/2025:14:01:42 -0500] "GET /wp-content/themes/betheme/assets/animations/animations.min.js?ver=27.6.1 HTTP/1.1" 200 551 "https://farhan.socialdigiinnovator.com/" "Mozilla/5.0 (X11; Linux x86_64) AppleWebKit/537.36 (KHTML, like Gecko) HeadlessChrome/109.0.5414.119 Safari/537.36"
192.198.80.6 - - [01/Jan/2025:14:01:42 -0500] "GET /wp-content/themes/betheme/js/plugins/enllax.min.js?ver=27.6.1 HTTP/1.1" 200 476 "https://farhan.socialdigiinnovator.com/" "Mozilla/5.0 (X11; Linux x86_64) AppleWebKit/537.36 (KHTML, like Gecko) HeadlessChrome/109.0.5414.119 Safari/537.36"
192.198.80.6 - - [01/Jan/2025:14:01:42 -0500] "GET /wp-content/themes/betheme/js/plugins/debouncedresize.min.js?ver=27.6.1 HTTP/1.1" 200 258 "https://farhan.socialdigiinnovator.com/" "Mozilla/5.0 (X11; Linux x86_64) AppleWebKit/537.36 (KHTML, like Gecko) HeadlessChrome/109.0.5414.119 Safari/537.36"
192.198.80.6 - - [01/Jan/2025:14:01:42 -0500] "GET /wp-content/themes/betheme/js/parallax/translate3d.js?ver=27.6.1 HTTP/1.1" 200 1262 "https://farhan.socialdigiinnovator.com/" "Mozilla/5.0 (X11; Linux x86_64) AppleWebKit/537.36 (KHTML, like Gecko) HeadlessChrome/109.0.5414.119 Safari/537.36"
192.198.80.6 - - [01/Jan/2025:14:01:42 -0500] "GET /wp-content/themes/betheme/js/menu.js?ver=27.6.1 HTTP/1.1" 200 897 "https://farhan.socialdigiinnovator.com/" "Mozilla/5.0 (X11; Linux x86_64) AppleWebKit/537.36 (KHTML, like Gecko) HeadlessChrome/109.0.5414.119 Safari/537.36"
192.198.80.6 - - [01/Jan/2025:14:01:42 -0500] "GET /wp-content/themes/betheme/assets/jplayer/jplayer.min.js?ver=27.6.1 HTTP/1.1" 200 12378 "https://farhan.socialdigiinnovator.com/" "Mozilla/5.0 (X11; Linux x86_64) AppleWebKit/537.36 (KHTML, like Gecko) HeadlessChrome/109.0.5414.119 Safari/537.36"
192.198.80.6 - - [01/Jan/2025:14:01:42 -0500] "GET /wp-content/themes/betheme/js/scripts.js?ver=27.6.1 HTTP/1.1" 200 31269 "https://farhan.socialdigiinnovator.com/" "Mozilla/5.0 (X11; Linux x86_64) AppleWebKit/537.36 (KHTML, like Gecko) HeadlessChrome/109.0.5414.119 Safari/537.36"
192.198.80.6 - - [01/Jan/2025:14:01:43 -0500] "GET /wp-includes/js/wp-emoji-release.min.js?ver=6.7.1 HTTP/1.1" 200 4676 "https://farhan.socialdigiinnovator.com/" "Mozilla/5.0 (X11; Linux x86_64) AppleWebKit/537.36 (KHTML, like Gecko) HeadlessChrome/109.0.5414.119 Safari/537.36"
36.255.40.37 - - [01/Jan/2025:14:03:10 -0500] "GET /fix/immigration-lawyers-uk/ HTTP/1.1" 404 1251 "-" "Mozilla/5.0 (Windows NT 10.0; Win64; x64) AppleWebKit/537.36 (KHTML, like Gecko) Chrome/131.0.0.0 Safari/537.36 Edg/131.0.0.0"
94.103.125.40 - - [01/Jan/2025:14:04:26 -0500] "GET /simple.php HTTP/1.1" 404 1251 "http://farhan.socialdigiinnovator.com/simple.php" "Go-http-client/2.0"
94.103.125.40 - - [01/Jan/2025:14:04:27 -0500] "GET /wp-atom.php HTTP/1.1" 404 1251 "-" "Go-http-client/2.0"
192.198.80.6 - - [01/Jan/2025:14:01:43 -0500] "GET /wp-content/themes/betheme/fonts/fontawesome/fa-solid-900.woff2 HTTP/1.1" 200 80300 "https://farhan.socialdigiinnovator.com/wp-content/themes/betheme/fonts/fontawesome/fontawesome.css?ver=27.6.1" "Mozilla/5.0 (X11; Linux x86_64) AppleWebKit/537.36 (KHTML, like Gecko) HeadlessChrome/109.0.5414.119 Safari/537.36"
192.198.80.6 - - [01/Jan/2025:14:01:43 -0500] "GET /wp-content/themes/betheme/fonts/mfn/icons.woff2?11083851 HTTP/1.1" 200 72136 "https://farhan.socialdigiinnovator.com/wp-content/themes/betheme/css/be.css?ver=27.6.1" "Mozilla/5.0 (X11; Linux x86_64) AppleWebKit/537.36 (KHTML, like Gecko) HeadlessChrome/109.0.5414.119 Safari/537.36"
36.255.40.37 - - [01/Jan/2025:14:03:17 -0500] "GET / HTTP/1.1" 404 1251 "-" "Mozilla/5.0 (Windows NT 10.0; Win64; x64) AppleWebKit/537.36 (KHTML, like Gecko) Chrome/131.0.0.0 Safari/537.36 Edg/131.0.0.0"
94.103.125.40 - - [01/Jan/2025:14:04:27 -0500] "GET /class.api.php HTTP/1.1" 404 1251 "http://farhan.socialdigiinnovator.com/class.api.php" "Go-http-client/2.0"
36.255.40.37 - - [06/Jan/2025:12:12:53 -0500] "GET / HTTP/1.1" 500 0 "-" "Mozilla/5.0 (Windows NT 10.0; Win64; x64) AppleWebKit/537.36 (KHTML, like Gecko) Chrome/131.0.0.0 Safari/537.36 Edg/131.0.0.0"
36.255.40.37 - - [06/Jan/2025:12:13:00 -0500] "GET / HTTP/1.1" 500 0 "-" "Mozilla/5.0 (Windows NT 10.0; Win64; x64) AppleWebKit/537.36 (KHTML, like Gecko) Chrome/131.0.0.0 Safari/537.36 Edg/131.0.0.0"
36.255.40.37 - - [06/Jan/2025:12:12:59 -0500] "GET / HTTP/1.1" 500 0 "-" "Mozilla/5.0 (Windows NT 10.0; Win64; x64) AppleWebKit/537.36 (KHTML, like Gecko) Chrome/131.0.0.0 Safari/537.36 Edg/131.0.0.0"