36.255.40.37 - - [01/Jan/2025:13:35:20 -0500] "GET /fix/wp-content/themes/betheme/muffin-options/svg/select/header/below.svg HTTP/1.1" 200 910 "https://farhan.socialdigiinnovator.com/fix/wp-admin/admin.php?page=be-setup" "Mozilla/5.0 (Windows NT 10.0; Win64; x64) AppleWebKit/537.36 (KHTML, like Gecko) Chrome/131.0.0.0 Safari/537.36"
36.255.40.37 - - [01/Jan/2025:13:35:20 -0500] "GET /fix/wp-content/themes/betheme/muffin-options/svg/select/header/creative-open.svg HTTP/1.1" 200 949 "https://farhan.socialdigiinnovator.com/fix/wp-admin/admin.php?page=be-setup" "Mozilla/5.0 (Windows NT 10.0; Win64; x64) AppleWebKit/537.36 (KHTML, like Gecko) Chrome/131.0.0.0 Safari/537.36"
36.255.40.37 - - [01/Jan/2025:13:35:20 -0500] "GET /fix/wp-content/themes/betheme/muffin-options/fields/upload/field_upload.js?ver=27.6.1 HTTP/1.1" 200 488 "https://farhan.socialdigiinnovator.com/fix/wp-admin/admin.php?page=be-setup" "Mozilla/5.0 (Windows NT 10.0; Win64; x64) AppleWebKit/537.36 (KHTML, like Gecko) Chrome/131.0.0.0 Safari/537.36"
36.255.40.37 - - [01/Jan/2025:13:35:20 -0500] "GET /fix/wp-content/themes/betheme/muffin-options/svg/select/header/modern.svg HTTP/1.1" 200 853 "https://farhan.socialdigiinnovator.com/fix/wp-admin/admin.php?page=be-setup" "Mozilla/5.0 (Windows NT 10.0; Win64; x64) AppleWebKit/537.36 (KHTML, like Gecko) Chrome/131.0.0.0 Safari/537.36"
36.255.40.37 - - [01/Jan/2025:13:35:20 -0500] "GET /fix/wp-content/themes/betheme/muffin-options/svg/select/header/simple-empty.svg HTTP/1.1" 200 811 "https://farhan.socialdigiinnovator.com/fix/wp-admin/admin.php?page=be-setup" "Mozilla/5.0 (Windows NT 10.0; Win64; x64) AppleWebKit/537.36 (KHTML, like Gecko) Chrome/131.0.0.0 Safari/537.36"
36.255.40.37 - - [01/Jan/2025:13:35:20 -0500] "GET /fix/wp-content/themes/betheme/muffin-options/svg/select/header/creative-open-rtl.svg HTTP/1.1" 200 948 "https://farhan.socialdigiinnovator.com/fix/wp-admin/admin.php?page=be-setup" "Mozilla/5.0 (Windows NT 10.0; Win64; x64) AppleWebKit/537.36 (KHTML, like Gecko) Chrome/131.0.0.0 Safari/537.36"
36.255.40.37 - - [01/Jan/2025:13:35:20 -0500] "GET /fix/wp-content/themes/betheme/functions/builder/pre-built/images/907.png HTTP/1.1" 200 10022 "https://farhan.socialdigiinnovator.com/fix/wp-admin/admin.php?page=be-setup" "Mozilla/5.0 (Windows NT 10.0; Win64; x64) AppleWebKit/537.36 (KHTML, like Gecko) Chrome/131.0.0.0 Safari/537.36"
36.255.40.37 - - [01/Jan/2025:13:35:20 -0500] "GET /fix/wp-content/themes/betheme/functions/builder/pre-built/images/905.png HTTP/1.1" 200 6423 "https://farhan.socialdigiinnovator.com/fix/wp-admin/admin.php?page=be-setup" "Mozilla/5.0 (Windows NT 10.0; Win64; x64) AppleWebKit/537.36 (KHTML, like Gecko) Chrome/131.0.0.0 Safari/537.36"
36.255.40.37 - - [01/Jan/2025:13:35:20 -0500] "GET /fix/wp-content/themes/betheme/functions/builder/pre-built/images/902.png HTTP/1.1" 200 6007 "https://farhan.socialdigiinnovator.com/fix/wp-admin/admin.php?page=be-setup" "Mozilla/5.0 (Windows NT 10.0; Win64; x64) AppleWebKit/537.36 (KHTML, like Gecko) Chrome/131.0.0.0 Safari/537.36"
36.255.40.37 - - [01/Jan/2025:13:35:20 -0500] "GET /fix/wp-content/themes/betheme/functions/builder/pre-built/images/909.png HTTP/1.1" 200 6061 "https://farhan.socialdigiinnovator.com/fix/wp-admin/admin.php?page=be-setup" "Mozilla/5.0 (Windows NT 10.0; Win64; x64) AppleWebKit/537.36 (KHTML, like Gecko) Chrome/131.0.0.0 Safari/537.36"
36.255.40.37 - - [01/Jan/2025:13:35:20 -0500] "GET /fix/wp-content/themes/betheme/muffin-options/svg/select/footer-layout/3-one-fifth-two-fifth-two-fifth.svg HTTP/1.1" 200 173 "https://farhan.socialdigiinnovator.com/fix/wp-admin/admin.php?page=be-setup" "Mozilla/5.0 (Windows NT 10.0; Win64; x64) AppleWebKit/537.36 (KHTML, like Gecko) Chrome/131.0.0.0 Safari/537.36"
36.255.40.37 - - [01/Jan/2025:13:35:20 -0500] "GET /fix/wp-content/themes/betheme/muffin-options/svg/select/footer-layout/5-one-fifth-one-fifth-one-fifth-one-fifth-one-fifth-.svg HTTP/1.1" 200 173 "https://farhan.socialdigiinnovator.com/fix/wp-admin/admin.php?page=be-setup" "Mozilla/5.0 (Windows NT 10.0; Win64; x64) AppleWebKit/537.36 (KHTML, like Gecko) Chrome/131.0.0.0 Safari/537.36"
36.255.40.37 - - [01/Jan/2025:13:35:20 -0500] "GET /fix/wp-content/themes/betheme/muffin-options/svg/select/footer-layout/3-one-fourth-one-second-one-fourth-.svg HTTP/1.1" 200 177 "https://farhan.socialdigiinnovator.com/fix/wp-admin/admin.php?page=be-setup" "Mozilla/5.0 (Windows NT 10.0; Win64; x64) AppleWebKit/537.36 (KHTML, like Gecko) Chrome/131.0.0.0 Safari/537.36"
36.255.40.37 - - [01/Jan/2025:13:35:20 -0500] "GET /fix/wp-content/themes/betheme/functions/builder/pre-built/images/911.png HTTP/1.1" 200 6556 "https://farhan.socialdigiinnovator.com/fix/wp-admin/admin.php?page=be-setup" "Mozilla/5.0 (Windows NT 10.0; Win64; x64) AppleWebKit/537.36 (KHTML, like Gecko) Chrome/131.0.0.0 Safari/537.36"
36.255.40.37 - - [01/Jan/2025:13:35:20 -0500] "GET /fix/wp-content/themes/betheme/functions/builder/pre-built/images/910.png HTTP/1.1" 200 11735 "https://farhan.socialdigiinnovator.com/fix/wp-admin/admin.php?page=be-setup" "Mozilla/5.0 (Windows NT 10.0; Win64; x64) AppleWebKit/537.36 (KHTML, like Gecko) Chrome/131.0.0.0 Safari/537.36"
36.255.40.37 - - [01/Jan/2025:13:35:20 -0500] "GET /fix/wp-content/themes/betheme/functions/builder/pre-built/images/914.png HTTP/1.1" 200 10386 "https://farhan.socialdigiinnovator.com/fix/wp-admin/admin.php?page=be-setup" "Mozilla/5.0 (Windows NT 10.0; Win64; x64) AppleWebKit/537.36 (KHTML, like Gecko) Chrome/131.0.0.0 Safari/537.36"
36.255.40.37 - - [01/Jan/2025:13:35:21 -0500] "GET /fix/wp-content/themes/betheme/functions/admin/setup/assets/images/be.svg HTTP/1.1" 200 1054 "https://farhan.socialdigiinnovator.com/fix/wp-content/themes/betheme/functions/admin/setup/assets/setup.css?ver=27.6.1" "Mozilla/5.0 (Windows NT 10.0; Win64; x64) AppleWebKit/537.36 (KHTML, like Gecko) Chrome/131.0.0.0 Safari/537.36"
36.255.40.37 - - [01/Jan/2025:13:35:21 -0500] "GET /fix/wp-content/themes/betheme/functions/builder/pre-built/images/802.png HTTP/1.1" 200 15994 "https://farhan.socialdigiinnovator.com/fix/wp-admin/admin.php?page=be-setup" "Mozilla/5.0 (Windows NT 10.0; Win64; x64) AppleWebKit/537.36 (KHTML, like Gecko) Chrome/131.0.0.0 Safari/537.36"
36.255.40.37 - - [01/Jan/2025:13:35:20 -0500] "GET /fix/wp-content/themes/betheme/muffin-options/svg/select/footer-layout/3-one-second-one-fourth-one-fourth-.svg HTTP/1.1" 200 178 "https://farhan.socialdigiinnovator.com/fix/wp-admin/admin.php?page=be-setup" "Mozilla/5.0 (Windows NT 10.0; Win64; x64) AppleWebKit/537.36 (KHTML, like Gecko) Chrome/131.0.0.0 Safari/537.36"
36.255.40.37 - - [01/Jan/2025:13:35:20 -0500] "GET /fix/wp-content/themes/betheme/muffin-options/svg/select/footer-layout/3-one-fourth-one-fourth-one-second-.svg HTTP/1.1" 200 176 "https://farhan.socialdigiinnovator.com/fix/wp-admin/admin.php?page=be-setup" "Mozilla/5.0 (Windows NT 10.0; Win64; x64) AppleWebKit/537.36 (KHTML, like Gecko) Chrome/131.0.0.0 Safari/537.36"
36.255.40.37 - - [01/Jan/2025:13:35:20 -0500] "GET /fix/wp-content/themes/betheme/muffin-options/svg/select/footer-layout/_default.svg HTTP/1.1" 200 179 "https://farhan.socialdigiinnovator.com/fix/wp-admin/admin.php?page=be-setup" "Mozilla/5.0 (Windows NT 10.0; Win64; x64) AppleWebKit/537.36 (KHTML, like Gecko) Chrome/131.0.0.0 Safari/537.36"
36.255.40.37 - - [01/Jan/2025:13:35:20 -0500] "GET /fix/wp-content/themes/betheme/functions/builder/pre-built/images/913.png HTTP/1.1" 200 12096 "https://farhan.socialdigiinnovator.com/fix/wp-admin/admin.php?page=be-setup" "Mozilla/5.0 (Windows NT 10.0; Win64; x64) AppleWebKit/537.36 (KHTML, like Gecko) Chrome/131.0.0.0 Safari/537.36"
36.255.40.37 - - [01/Jan/2025:13:35:20 -0500] "GET /fix/wp-content/themes/betheme/functions/builder/pre-built/images/908.png HTTP/1.1" 200 13166 "https://farhan.socialdigiinnovator.com/fix/wp-admin/admin.php?page=be-setup" "Mozilla/5.0 (Windows NT 10.0; Win64; x64) AppleWebKit/537.36 (KHTML, like Gecko) Chrome/131.0.0.0 Safari/537.36"
36.255.40.37 - - [01/Jan/2025:13:35:20 -0500] "GET /fix/wp-content/themes/betheme/functions/builder/pre-built/images/906.png HTTP/1.1" 200 7885 "https://farhan.socialdigiinnovator.com/fix/wp-admin/admin.php?page=be-setup" "Mozilla/5.0 (Windows NT 10.0; Win64; x64) AppleWebKit/537.36 (KHTML, like Gecko) Chrome/131.0.0.0 Safari/537.36"
36.255.40.37 - - [01/Jan/2025:13:35:21 -0500] "GET /fix/wp-content/themes/betheme/muffin-options/svg/select/footer-layout/3-two-fifth-two-fifth-one-fifth.svg HTTP/1.1" 200 171 "https://farhan.socialdigiinnovator.com/fix/wp-admin/admin.php?page=be-setup" "Mozilla/5.0 (Windows NT 10.0; Win64; x64) AppleWebKit/537.36 (KHTML, like Gecko) Chrome/131.0.0.0 Safari/537.36"
36.255.40.37 - - [01/Jan/2025:13:35:21 -0500] "GET /fix/wp-content/themes/betheme/muffin-options/svg/select/footer-layout/3-one-third-one-third-one-third-.svg HTTP/1.1" 200 174 "https://farhan.socialdigiinnovator.com/fix/wp-admin/admin.php?page=be-setup" "Mozilla/5.0 (Windows NT 10.0; Win64; x64) AppleWebKit/537.36 (KHTML, like Gecko) Chrome/131.0.0.0 Safari/537.36"
36.255.40.37 - - [01/Jan/2025:13:35:21 -0500] "GET /fix/wp-content/themes/betheme/muffin-options/svg/select/footer-layout/4-one-fourth-one-fourth-one-fourth-one-fourth.svg HTTP/1.1" 200 179 "https://farhan.socialdigiinnovator.com/fix/wp-admin/admin.php?page=be-setup" "Mozilla/5.0 (Windows NT 10.0; Win64; x64) AppleWebKit/537.36 (KHTML, like Gecko) Chrome/131.0.0.0 Safari/537.36"
36.255.40.37 - - [01/Jan/2025:13:35:21 -0500] "GET /fix/wp-content/themes/betheme/functions/builder/pre-built/images/803.png HTTP/1.1" 200 19055 "https://farhan.socialdigiinnovator.com/fix/wp-admin/admin.php?page=be-setup" "Mozilla/5.0 (Windows NT 10.0; Win64; x64) AppleWebKit/537.36 (KHTML, like Gecko) Chrome/131.0.0.0 Safari/537.36"
36.255.40.37 - - [01/Jan/2025:13:35:21 -0500] "GET /fix/wp-content/themes/betheme/fonts/mfn/icons.woff2?11083851 HTTP/1.1" 200 72136 "https://farhan.socialdigiinnovator.com/fix/wp-content/themes/betheme/fonts/mfn/icons.css?ver=27.6.1" "Mozilla/5.0 (Windows NT 10.0; Win64; x64) AppleWebKit/537.36 (KHTML, like Gecko) Chrome/131.0.0.0 Safari/537.36"
36.255.40.37 - - [01/Jan/2025:13:35:21 -0500] "GET /fix/wp-content/themes/betheme/functions/importer/assets/images/check-white.svg HTTP/1.1" 200 288 "https://farhan.socialdigiinnovator.com/fix/wp-content/themes/betheme/functions/importer/assets/importer.css?ver=27.6.1" "Mozilla/5.0 (Windows NT 10.0; Win64; x64) AppleWebKit/537.36 (KHTML, like Gecko) Chrome/131.0.0.0 Safari/537.36"
36.255.40.37 - - [01/Jan/2025:13:35:21 -0500] "GET /fix/wp-content/themes/betheme/muffin-options/svg/select/footer-layout/2-one-third-two-third--.svg HTTP/1.1" 200 282 "https://farhan.socialdigiinnovator.com/fix/wp-admin/admin.php?page=be-setup" "Mozilla/5.0 (Windows NT 10.0; Win64; x64) AppleWebKit/537.36 (KHTML, like Gecko) Chrome/131.0.0.0 Safari/537.36"
36.255.40.37 - - [01/Jan/2025:13:35:21 -0500] "GET /fix/wp-content/themes/betheme/functions/builder/pre-built/images/801.png HTTP/1.1" 200 22811 "https://farhan.socialdigiinnovator.com/fix/wp-admin/admin.php?page=be-setup" "Mozilla/5.0 (Windows NT 10.0; Win64; x64) AppleWebKit/537.36 (KHTML, like Gecko) Chrome/131.0.0.0 Safari/537.36"
36.255.40.37 - - [01/Jan/2025:13:35:21 -0500] "GET /fix/wp-content/themes/betheme/muffin-options/fonts/betheme/betheme.ttf?9hcywa HTTP/1.1" 200 1844 "https://farhan.socialdigiinnovator.com/fix/wp-content/themes/betheme/muffin-options/css/options.css?ver=27.6.1" "Mozilla/5.0 (Windows NT 10.0; Win64; x64) AppleWebKit/537.36 (KHTML, like Gecko) Chrome/131.0.0.0 Safari/537.36"
36.255.40.37 - - [01/Jan/2025:13:35:21 -0500] "GET /fix/wp-content/themes/betheme/muffin-options/svg/select/footer-layout/2-one-second-one-second--.svg HTTP/1.1" 200 279 "https://farhan.socialdigiinnovator.com/fix/wp-admin/admin.php?page=be-setup" "Mozilla/5.0 (Windows NT 10.0; Win64; x64) AppleWebKit/537.36 (KHTML, like Gecko) Chrome/131.0.0.0 Safari/537.36"
36.255.40.37 - - [01/Jan/2025:13:35:21 -0500] "GET /fix/wp-content/themes/betheme/functions/builder/pre-built/images/804.png HTTP/1.1" 200 17637 "https://farhan.socialdigiinnovator.com/fix/wp-admin/admin.php?page=be-setup" "Mozilla/5.0 (Windows NT 10.0; Win64; x64) AppleWebKit/537.36 (KHTML, like Gecko) Chrome/131.0.0.0 Safari/537.36"
36.255.40.37 - - [01/Jan/2025:13:35:27 -0500] "GET /fix/wp-admin/themes.php HTTP/1.1" 200 13895 "https://farhan.socialdigiinnovator.com/fix/wp-admin/admin.php?page=be-setup" "Mozilla/5.0 (Windows NT 10.0; Win64; x64) AppleWebKit/537.36 (KHTML, like Gecko) Chrome/131.0.0.0 Safari/537.36"
36.255.40.37 - - [01/Jan/2025:13:35:28 -0500] "GET /fix/wp-content/themes/betheme/screenshot.png?ver=27.6.1 HTTP/1.1" 200 291778 "https://farhan.socialdigiinnovator.com/fix/wp-admin/themes.php" "Mozilla/5.0 (Windows NT 10.0; Win64; x64) AppleWebKit/537.36 (KHTML, like Gecko) Chrome/131.0.0.0 Safari/537.36"
36.255.40.37 - - [01/Jan/2025:13:35:31 -0500] "GET /fix/wp-admin/theme-install.php HTTP/1.1" 200 13044 "https://farhan.socialdigiinnovator.com/fix/wp-admin/themes.php" "Mozilla/5.0 (Windows NT 10.0; Win64; x64) AppleWebKit/537.36 (KHTML, like Gecko) Chrome/131.0.0.0 Safari/537.36"
36.255.40.37 - - [01/Jan/2025:13:36:20 -0500] "GET /fix/wp-admin/themes.php?activated=true HTTP/1.1" 302 14410 "https://farhan.socialdigiinnovator.com/fix/wp-admin/update.php?action=upload-theme" "Mozilla/5.0 (Windows NT 10.0; Win64; x64) AppleWebKit/537.36 (KHTML, like Gecko) Chrome/131.0.0.0 Safari/537.36"
36.255.40.37 - - [01/Jan/2025:13:36:24 -0500] "GET /fix/wp-admin/admin.php?page=be-plugins HTTP/1.1" 200 10329 "https://farhan.socialdigiinnovator.com/fix/wp-admin/admin.php?page=be-setup" "Mozilla/5.0 (Windows NT 10.0; Win64; x64) AppleWebKit/537.36 (KHTML, like Gecko) Chrome/131.0.0.0 Safari/537.36"
36.255.40.37 - - [01/Jan/2025:13:36:25 -0500] "GET /fix/wp-content/themes/betheme/functions/admin/assets/svg/_dark/plugins/becustom.svg HTTP/1.1" 200 2395 "https://farhan.socialdigiinnovator.com/fix/wp-admin/admin.php?page=be-plugins" "Mozilla/5.0 (Windows NT 10.0; Win64; x64) AppleWebKit/537.36 (KHTML, like Gecko) Chrome/131.0.0.0 Safari/537.36"
36.255.40.37 - - [01/Jan/2025:13:35:21 -0500] "GET /fix/wp-content/themes/betheme/functions/builder/pre-built/images/912.png HTTP/1.1" 200 5118 "https://farhan.socialdigiinnovator.com/fix/wp-admin/admin.php?page=be-setup" "Mozilla/5.0 (Windows NT 10.0; Win64; x64) AppleWebKit/537.36 (KHTML, like Gecko) Chrome/131.0.0.0 Safari/537.36"
36.255.40.37 - - [01/Jan/2025:13:35:21 -0500] "GET /fix/wp-content/themes/betheme/muffin-options/svg/others/setup-type.svg HTTP/1.1" 200 227 "https://farhan.socialdigiinnovator.com/fix/wp-content/themes/betheme/muffin-options/css/options.css?ver=27.6.1" "Mozilla/5.0 (Windows NT 10.0; Win64; x64) AppleWebKit/537.36 (KHTML, like Gecko) Chrome/131.0.0.0 Safari/537.36"
36.255.40.37 - - [01/Jan/2025:13:35:21 -0500] "GET /fix/wp-content/themes/betheme/muffin-options/svg/select/footer-layout/1-one---.svg HTTP/1.1" 200 229 "https://farhan.socialdigiinnovator.com/fix/wp-admin/admin.php?page=be-setup" "Mozilla/5.0 (Windows NT 10.0; Win64; x64) AppleWebKit/537.36 (KHTML, like Gecko) Chrome/131.0.0.0 Safari/537.36"
36.255.40.37 - - [01/Jan/2025:13:35:27 -0500] "GET /fix/wp-admin/load-styles.php?c=1&dir=ltr&load%5Bchunk_0%5D=dashicons,admin-bar,common,forms,admin-menu,dashboard,list-tables,edit,revisions,media,themes,about,nav-menus,wp-pointer,widgets&load%5Bchunk_1%5D=,site-icon,l10n,buttons,wp-auth-check,code-editor&ver=6.7.1 HTTP/1.1" 200 104011 "https://farhan.socialdigiinnovator.com/fix/wp-admin/themes.php" "Mozilla/5.0 (Windows NT 10.0; Win64; x64) AppleWebKit/537.36 (KHTML, like Gecko) Chrome/131.0.0.0 Safari/537.36"
36.255.40.37 - - [01/Jan/2025:13:35:27 -0500] "GET /fix/wp-admin/load-scripts.php?c=1&load%5Bchunk_0%5D=jquery-core,jquery-migrate,utils,underscore,wp-codemirror&ver=6.7.1 HTTP/1.1" 200 229089 "https://farhan.socialdigiinnovator.com/fix/wp-admin/themes.php" "Mozilla/5.0 (Windows NT 10.0; Win64; x64) AppleWebKit/537.36 (KHTML, like Gecko) Chrome/131.0.0.0 Safari/537.36"
36.255.40.37 - - [01/Jan/2025:13:35:32 -0500] "POST /fix/wp-admin/admin-ajax.php HTTP/1.1" 200 216697 "https://farhan.socialdigiinnovator.com/fix/wp-admin/theme-install.php?browse=popular" "Mozilla/5.0 (Windows NT 10.0; Win64; x64) AppleWebKit/537.36 (KHTML, like Gecko) Chrome/131.0.0.0 Safari/537.36"
36.255.40.37 - - [01/Jan/2025:13:35:54 -0500] "GET /fix/wp-admin/load-styles.php?c=1&dir=ltr&load%5Bchunk_0%5D=dashicons,admin-bar,common,forms,admin-menu,dashboard,list-tables,edit,revisions,media,themes,about,nav-menus,wp-pointer,widgets&load%5Bchunk_1%5D=,site-icon,l10n,buttons,code-editor&ver=6.7.1 HTTP/1.1" 200 103525 "https://farhan.socialdigiinnovator.com/fix/wp-admin/update.php?action=upload-theme" "Mozilla/5.0 (Windows NT 10.0; Win64; x64) AppleWebKit/537.36 (KHTML, like Gecko) Chrome/131.0.0.0 Safari/537.36"
36.255.40.37 - - [01/Jan/2025:13:35:41 -0500] "POST /fix/wp-admin/update.php?action=upload-theme HTTP/1.1" 200 8170 "https://farhan.socialdigiinnovator.com/fix/wp-admin/theme-install.php?browse=popular" "Mozilla/5.0 (Windows NT 10.0; Win64; x64) AppleWebKit/537.36 (KHTML, like Gecko) Chrome/131.0.0.0 Safari/537.36"
36.255.40.37 - - [01/Jan/2025:13:36:19 -0500] "GET /fix/wp-admin/themes.php?action=activate&template=betheme&stylesheet=betheme-child&_wpnonce=a0cd608322 HTTP/1.1" 302 0 "https://farhan.socialdigiinnovator.com/fix/wp-admin/update.php?action=upload-theme" "Mozilla/5.0 (Windows NT 10.0; Win64; x64) AppleWebKit/537.36 (KHTML, like Gecko) Chrome/131.0.0.0 Safari/537.36"
36.255.40.37 - - [01/Jan/2025:13:36:22 -0500] "GET /fix/wp-admin/admin.php?page=be-setup HTTP/1.1" 200 83338 "https://farhan.socialdigiinnovator.com/fix/wp-admin/update.php?action=upload-theme" "Mozilla/5.0 (Windows NT 10.0; Win64; x64) AppleWebKit/537.36 (KHTML, like Gecko) Chrome/131.0.0.0 Safari/537.36"
36.255.40.37 - - [01/Jan/2025:13:36:26 -0500] "GET /fix/wp-content/themes/betheme/functions/admin/assets/dashboard.js?ver=27.6.1 HTTP/1.1" 200 2356 "https://farhan.socialdigiinnovator.com/fix/wp-admin/admin.php?page=be-plugins" "Mozilla/5.0 (Windows NT 10.0; Win64; x64) AppleWebKit/537.36 (KHTML, like Gecko) Chrome/131.0.0.0 Safari/537.36"
36.255.40.37 - - [01/Jan/2025:13:36:26 -0500] "GET /fix/wp-content/themes/betheme/functions/admin/assets/svg/plugins/sample-reviews.svg HTTP/1.1" 200 10993 "https://farhan.socialdigiinnovator.com/fix/wp-admin/admin.php?page=be-plugins" "Mozilla/5.0 (Windows NT 10.0; Win64; x64) AppleWebKit/537.36 (KHTML, like Gecko) Chrome/131.0.0.0 Safari/537.36"
36.255.40.37 - - [01/Jan/2025:13:36:26 -0500] "GET /fix/wp-content/themes/betheme/functions/admin/assets/svg/_dark/plugins/force-regenerate-thumbnails.svg HTTP/1.1" 200 768 "https://farhan.socialdigiinnovator.com/fix/wp-admin/admin.php?page=be-plugins" "Mozilla/5.0 (Windows NT 10.0; Win64; x64) AppleWebKit/537.36 (KHTML, like Gecko) Chrome/131.0.0.0 Safari/537.36"
36.255.40.37 - - [01/Jan/2025:13:36:26 -0500] "GET /fix/wp-content/themes/betheme/muffin-options/svg/menu/dashboard/theme-options.svg HTTP/1.1" 200 761 "https://farhan.socialdigiinnovator.com/fix/wp-content/themes/betheme/muffin-options/css/options.css?ver=27.6.1" "Mozilla/5.0 (Windows NT 10.0; Win64; x64) AppleWebKit/537.36 (KHTML, like Gecko) Chrome/131.0.0.0 Safari/537.36"
36.255.40.37 - - [01/Jan/2025:13:36:26 -0500] "GET /fix/wp-content/themes/betheme/muffin-options/svg/others/plugins.svg HTTP/1.1" 200 403 "https://farhan.socialdigiinnovator.com/fix/wp-content/themes/betheme/muffin-options/css/options.css?ver=27.6.1" "Mozilla/5.0 (Windows NT 10.0; Win64; x64) AppleWebKit/537.36 (KHTML, like Gecko) Chrome/131.0.0.0 Safari/537.36"
36.255.40.37 - - [01/Jan/2025:13:36:26 -0500] "GET /fix/wp-content/themes/betheme/muffin-options/svg/menu/dashboard/dashboard.svg HTTP/1.1" 200 224 "https://farhan.socialdigiinnovator.com/fix/wp-content/themes/betheme/muffin-options/css/options.css?ver=27.6.1" "Mozilla/5.0 (Windows NT 10.0; Win64; x64) AppleWebKit/537.36 (KHTML, like Gecko) Chrome/131.0.0.0 Safari/537.36"
36.255.40.37 - - [01/Jan/2025:13:36:26 -0500] "GET /fix/wp-content/themes/betheme/muffin-options/svg/options/star.svg HTTP/1.1" 200 347 "https://farhan.socialdigiinnovator.com/fix/wp-content/themes/betheme/muffin-options/css/options.css?ver=27.6.1" "Mozilla/5.0 (Windows NT 10.0; Win64; x64) AppleWebKit/537.36 (KHTML, like Gecko) Chrome/131.0.0.0 Safari/537.36"
36.255.40.37 - - [01/Jan/2025:13:36:26 -0500] "GET /fix/wp-content/themes/betheme/muffin-options/svg/menu/dashboard/maintenance.svg HTTP/1.1" 200 347 "https://farhan.socialdigiinnovator.com/fix/wp-content/themes/betheme/muffin-options/css/options.css?ver=27.6.1" "Mozilla/5.0 (Windows NT 10.0; Win64; x64) AppleWebKit/537.36 (KHTML, like Gecko) Chrome/131.0.0.0 Safari/537.36"
36.255.40.37 - - [01/Jan/2025:13:36:26 -0500] "GET /fix/wp-content/themes/betheme/muffin-options/svg/options/info.svg HTTP/1.1" 200 251 "https://farhan.socialdigiinnovator.com/fix/wp-content/themes/betheme/muffin-options/css/options.css?ver=27.6.1" "Mozilla/5.0 (Windows NT 10.0; Win64; x64) AppleWebKit/537.36 (KHTML, like Gecko) Chrome/131.0.0.0 Safari/537.36"
36.255.40.37 - - [01/Jan/2025:13:36:26 -0500] "GET /fix/wp-content/themes/betheme/muffin-options/svg/options/check.svg HTTP/1.1" 200 288 "https://farhan.socialdigiinnovator.com/fix/wp-content/themes/betheme/muffin-options/css/options.css?ver=27.6.1" "Mozilla/5.0 (Windows NT 10.0; Win64; x64) AppleWebKit/537.36 (KHTML, like Gecko) Chrome/131.0.0.0 Safari/537.36"
36.255.40.37 - - [01/Jan/2025:13:36:26 -0500] "GET /fix/wp-content/themes/betheme/muffin-options/svg/menu/dashboard/websites.svg HTTP/1.1" 200 228 "https://farhan.socialdigiinnovator.com/fix/wp-content/themes/betheme/muffin-options/css/options.css?ver=27.6.1" "Mozilla/5.0 (Windows NT 10.0; Win64; x64) AppleWebKit/537.36 (KHTML, like Gecko) Chrome/131.0.0.0 Safari/537.36"
36.255.40.37 - - [01/Jan/2025:13:36:25 -0500] "GET /fix/wp-content/themes/betheme/functions/admin/assets/dashboard.css?ver=27.6.1 HTTP/1.1" 200 6291 "https://farhan.socialdigiinnovator.com/fix/wp-admin/admin.php?page=be-plugins" "Mozilla/5.0 (Windows NT 10.0; Win64; x64) AppleWebKit/537.36 (KHTML, like Gecko) Chrome/131.0.0.0 Safari/537.36"
36.255.40.37 - - [01/Jan/2025:13:36:25 -0500] "GET /fix/wp-content/themes/betheme/functions/admin/assets/svg/plugins/becustom.svg HTTP/1.1" 200 2396 "https://farhan.socialdigiinnovator.com/fix/wp-admin/admin.php?page=be-plugins" "Mozilla/5.0 (Windows NT 10.0; Win64; x64) AppleWebKit/537.36 (KHTML, like Gecko) Chrome/131.0.0.0 Safari/537.36"
36.255.40.37 - - [01/Jan/2025:13:36:26 -0500] "GET /fix/wp-content/themes/betheme/functions/admin/assets/svg/plugins/LayerSlider.svg HTTP/1.1" 200 432 "https://farhan.socialdigiinnovator.com/fix/wp-admin/admin.php?page=be-plugins" "Mozilla/5.0 (Windows NT 10.0; Win64; x64) AppleWebKit/537.36 (KHTML, like Gecko) Chrome/131.0.0.0 Safari/537.36"
36.255.40.37 - - [01/Jan/2025:13:36:26 -0500] "GET /fix/wp-content/themes/betheme/functions/admin/assets/svg/plugins/leadin.svg HTTP/1.1" 200 822 "https://farhan.socialdigiinnovator.com/fix/wp-admin/admin.php?page=be-plugins" "Mozilla/5.0 (Windows NT 10.0; Win64; x64) AppleWebKit/537.36 (KHTML, like Gecko) Chrome/131.0.0.0 Safari/537.36"
36.255.40.37 - - [01/Jan/2025:13:36:26 -0500] "GET /fix/wp-content/themes/betheme/functions/admin/assets/svg/_dark/plugins/leadin.svg HTTP/1.1" 200 817 "https://farhan.socialdigiinnovator.com/fix/wp-admin/admin.php?page=be-plugins" "Mozilla/5.0 (Windows NT 10.0; Win64; x64) AppleWebKit/537.36 (KHTML, like Gecko) Chrome/131.0.0.0 Safari/537.36"
36.255.40.37 - - [01/Jan/2025:13:36:26 -0500] "GET /fix/wp-content/themes/betheme/functions/admin/assets/svg/plugins/duplicate-post.svg HTTP/1.1" 200 1019 "https://farhan.socialdigiinnovator.com/fix/wp-admin/admin.php?page=be-plugins" "Mozilla/5.0 (Windows NT 10.0; Win64; x64) AppleWebKit/537.36 (KHTML, like Gecko) Chrome/131.0.0.0 Safari/537.36"
36.255.40.37 - - [01/Jan/2025:13:36:26 -0500] "GET /fix/wp-content/themes/betheme/functions/admin/assets/svg/_dark/plugins/sample-reviews.svg HTTP/1.1" 200 10987 "https://farhan.socialdigiinnovator.com/fix/wp-admin/admin.php?page=be-plugins" "Mozilla/5.0 (Windows NT 10.0; Win64; x64) AppleWebKit/537.36 (KHTML, like Gecko) Chrome/131.0.0.0 Safari/537.36"
36.255.40.37 - - [01/Jan/2025:13:36:26 -0500] "GET /fix/wp-content/themes/betheme/functions/admin/assets/svg/plugins/js_composer.svg HTTP/1.1" 200 461 "https://farhan.socialdigiinnovator.com/fix/wp-admin/admin.php?page=be-plugins" "Mozilla/5.0 (Windows NT 10.0; Win64; x64) AppleWebKit/537.36 (KHTML, like Gecko) Chrome/131.0.0.0 Safari/537.36"
36.255.40.37 - - [01/Jan/2025:13:36:26 -0500] "GET /fix/wp-content/themes/betheme/functions/admin/assets/svg/be.svg HTTP/1.1" 200 1054 "https://farhan.socialdigiinnovator.com/fix/wp-content/themes/betheme/functions/admin/assets/dashboard.css?ver=27.6.1" "Mozilla/5.0 (Windows NT 10.0; Win64; x64) AppleWebKit/537.36 (KHTML, like Gecko) Chrome/131.0.0.0 Safari/537.36"
36.255.40.37 - - [01/Jan/2025:13:36:26 -0500] "GET /fix/wp-content/themes/betheme/functions/admin/assets/svg/plugins/force-regenerate-thumbnails.svg HTTP/1.1" 200 769 "https://farhan.socialdigiinnovator.com/fix/wp-admin/admin.php?page=be-plugins" "Mozilla/5.0 (Windows NT 10.0; Win64; x64) AppleWebKit/537.36 (KHTML, like Gecko) Chrome/131.0.0.0 Safari/537.36"
36.255.40.37 - - [01/Jan/2025:13:36:49 -0500] "GET /fix/wp-admin/plugins.php HTTP/1.1" 302 0 "https://farhan.socialdigiinnovator.com/fix/wp-admin/admin.php?page=be-plugins" "Mozilla/5.0 (Windows NT 10.0; Win64; x64) AppleWebKit/537.36 (KHTML, like Gecko) Chrome/131.0.0.0 Safari/537.36"
36.255.40.37 - - [01/Jan/2025:13:36:26 -0500] "GET /fix/wp-content/themes/betheme/muffin-options/svg/menu/dashboard/templates.svg HTTP/1.1" 200 324 "https://farhan.socialdigiinnovator.com/fix/wp-content/themes/betheme/muffin-options/css/options.css?ver=27.6.1" "Mozilla/5.0 (Windows NT 10.0; Win64; x64) AppleWebKit/537.36 (KHTML, like Gecko) Chrome/131.0.0.0 Safari/537.36"
36.255.40.37 - - [01/Jan/2025:13:36:28 -0500] "GET /fix/wp-content/themes/betheme/muffin-options/svg/others/loading.svg HTTP/1.1" 200 606 "https://farhan.socialdigiinnovator.com/fix/wp-content/themes/betheme/muffin-options/css/options.css?ver=27.6.1" "Mozilla/5.0 (Windows NT 10.0; Win64; x64) AppleWebKit/537.36 (KHTML, like Gecko) Chrome/131.0.0.0 Safari/537.36"
36.255.40.37 - - [01/Jan/2025:13:36:28 -0500] "GET /fix/wp-admin/admin-ajax.php?action=mfn_setup_plugin_install&page=be-tgmpa&plugin=becustom&tgmpa-install=install-plugin&tgmpa-nonce=2f3a34c920 HTTP/1.1" 200 536 "https://farhan.socialdigiinnovator.com/fix/wp-admin/admin.php?page=be-plugins" "Mozilla/5.0 (Windows NT 10.0; Win64; x64) AppleWebKit/537.36 (KHTML, like Gecko) Chrome/131.0.0.0 Safari/537.36"
36.255.40.37 - - [01/Jan/2025:13:36:33 -0500] "GET /fix/wp-admin/admin-ajax.php?action=mfn_setup_plugin_install&page=be-tgmpa&plugin=elementor&tgmpa-install=install-plugin&tgmpa-nonce=2f3a34c920 HTTP/1.1" 200 605 "https://farhan.socialdigiinnovator.com/fix/wp-admin/admin.php?page=be-plugins" "Mozilla/5.0 (Windows NT 10.0; Win64; x64) AppleWebKit/537.36 (KHTML, like Gecko) Chrome/131.0.0.0 Safari/537.36"
198.54.114.35 - - [01/Jan/2025:13:36:41 -0500] "POST /fix/wp-cron.php?doing_wp_cron=1735756601.6842319965362548828125 HTTP/1.1" 200 0 "-" "WordPress/6.7.1; https://farhan.socialdigiinnovator.com/fix"
36.255.40.37 - - [01/Jan/2025:13:36:40 -0500] "GET /fix/wp-admin/admin-ajax.php?action=mfn_setup_plugin_install&page=be-tgmpa&plugin=duplicate-post&tgmpa-install=install-plugin&tgmpa-nonce=2f3a34c920 HTTP/1.1" 200 553 "https://farhan.socialdigiinnovator.com/fix/wp-admin/admin.php?page=be-plugins" "Mozilla/5.0 (Windows NT 10.0; Win64; x64) AppleWebKit/537.36 (KHTML, like Gecko) Chrome/131.0.0.0 Safari/537.36"
36.255.40.37 - - [01/Jan/2025:13:36:50 -0500] "GET /fix/wp-admin/admin.php?page=elementor-app HTTP/1.1" 200 18641 "https://farhan.socialdigiinnovator.com/fix/wp-admin/admin.php?page=be-plugins" "Mozilla/5.0 (Windows NT 10.0; Win64; x64) AppleWebKit/537.36 (KHTML, like Gecko) Chrome/131.0.0.0 Safari/537.36"
36.255.40.37 - - [01/Jan/2025:13:36:50 -0500] "GET /fix/wp-admin/load-scripts.php?c=1&load%5Bchunk_0%5D=jquery-core,jquery-migrate,hoverIntent,utils,wp-dom-ready,wp-hooks&ver=6.7.1 HTTP/1.1" 200 38211 "https://farhan.socialdigiinnovator.com/fix/wp-admin/admin.php?page=elementor-app" "Mozilla/5.0 (Windows NT 10.0; Win64; x64) AppleWebKit/537.36 (KHTML, like Gecko) Chrome/131.0.0.0 Safari/537.36"
36.255.40.37 - - [01/Jan/2025:13:36:51 -0500] "GET /fix/wp-includes/css/media-views.min.css?ver=6.7.1 HTTP/1.1" 200 8277 "https://farhan.socialdigiinnovator.com/fix/wp-admin/admin.php?page=elementor-app" "Mozilla/5.0 (Windows NT 10.0; Win64; x64) AppleWebKit/537.36 (KHTML, like Gecko) Chrome/131.0.0.0 Safari/537.36"
36.255.40.37 - - [01/Jan/2025:13:36:51 -0500] "GET /fix/wp-content/plugins/elementor/assets/lib/e-select2/css/e-select2.min.css?ver=4.0.6-rc.1 HTTP/1.1" 200 1773 "https://farhan.socialdigiinnovator.com/fix/wp-admin/admin.php?page=elementor-app" "Mozilla/5.0 (Windows NT 10.0; Win64; x64) AppleWebKit/537.36 (KHTML, like Gecko) Chrome/131.0.0.0 Safari/537.36"
36.255.40.37 - - [01/Jan/2025:13:36:51 -0500] "GET /fix/wp-content/plugins/elementor/assets/css/common.min.css?ver=3.26.3 HTTP/1.1" 200 3070 "https://farhan.socialdigiinnovator.com/fix/wp-admin/admin.php?page=elementor-app" "Mozilla/5.0 (Windows NT 10.0; Win64; x64) AppleWebKit/537.36 (KHTML, like Gecko) Chrome/131.0.0.0 Safari/537.36"
36.255.40.37 - - [01/Jan/2025:13:36:51 -0500] "GET /fix/wp-includes/css/dashicons.min.css?ver=6.7.1 HTTP/1.1" 200 35110 "https://farhan.socialdigiinnovator.com/fix/wp-admin/admin.php?page=elementor-app" "Mozilla/5.0 (Windows NT 10.0; Win64; x64) AppleWebKit/537.36 (KHTML, like Gecko) Chrome/131.0.0.0 Safari/537.36"
36.255.40.37 - - [01/Jan/2025:13:36:51 -0500] "GET /fix/wp-content/plugins/elementor/assets/lib/dialog/dialog.min.js?ver=4.9.0 HTTP/1.1" 200 3487 "https://farhan.socialdigiinnovator.com/fix/wp-admin/admin.php?page=elementor-app" "Mozilla/5.0 (Windows NT 10.0; Win64; x64) AppleWebKit/537.36 (KHTML, like Gecko) Chrome/131.0.0.0 Safari/537.36"
36.255.40.37 - - [01/Jan/2025:13:36:51 -0500] "GET /fix/wp-content/plugins/elementor/assets/css/theme-light.min.css?ver=3.26.3 HTTP/1.1" 200 672 "https://farhan.socialdigiinnovator.com/fix/wp-admin/admin.php?page=elementor-app" "Mozilla/5.0 (Windows NT 10.0; Win64; x64) AppleWebKit/537.36 (KHTML, like Gecko) Chrome/131.0.0.0 Safari/537.36"
36.255.40.37 - - [01/Jan/2025:13:36:51 -0500] "GET /fix/wp-includes/js/dist/vendor/react-dom.min.js?ver=18.3.1 HTTP/1.1" 200 40237 "https://farhan.socialdigiinnovator.com/fix/wp-admin/admin.php?page=elementor-app" "Mozilla/5.0 (Windows NT 10.0; Win64; x64) AppleWebKit/537.36 (KHTML, like Gecko) Chrome/131.0.0.0 Safari/537.36"
36.255.40.37 - - [01/Jan/2025:13:36:51 -0500] "GET /fix/wp-includes/js/jquery/ui/draggable.min.js?ver=1.13.3 HTTP/1.1" 200 4691 "https://farhan.socialdigiinnovator.com/fix/wp-admin/admin.php?page=elementor-app" "Mozilla/5.0 (Windows NT 10.0; Win64; x64) AppleWebKit/537.36 (KHTML, like Gecko) Chrome/131.0.0.0 Safari/537.36"
36.255.40.37 - - [01/Jan/2025:13:36:51 -0500] "GET /fix/wp-content/plugins/elementor/assets/css/app.min.css?ver=3.26.3 HTTP/1.1" 200 12739 "https://farhan.socialdigiinnovator.com/fix/wp-admin/admin.php?page=elementor-app" "Mozilla/5.0 (Windows NT 10.0; Win64; x64) AppleWebKit/537.36 (KHTML, like Gecko) Chrome/131.0.0.0 Safari/537.36"
36.255.40.37 - - [01/Jan/2025:13:36:51 -0500] "GET /fix/wp-content/plugins/elementor/assets/js/web-cli.min.js?ver=3.26.3 HTTP/1.1" 200 37894 "https://farhan.socialdigiinnovator.com/fix/wp-admin/admin.php?page=elementor-app" "Mozilla/5.0 (Windows NT 10.0; Win64; x64) AppleWebKit/537.36 (KHTML, like Gecko) Chrome/131.0.0.0 Safari/537.36"
36.255.40.37 - - [01/Jan/2025:13:36:51 -0500] "GET /fix/wp-content/plugins/elementor/assets/js/common-modules.min.js?ver=3.26.3 HTTP/1.1" 200 25661 "https://farhan.socialdigiinnovator.com/fix/wp-admin/admin.php?page=elementor-app" "Mozilla/5.0 (Windows NT 10.0; Win64; x64) AppleWebKit/537.36 (KHTML, like Gecko) Chrome/131.0.0.0 Safari/537.36"
36.255.40.37 - - [01/Jan/2025:13:36:51 -0500] "GET /fix/wp-content/plugins/elementor/assets/js/app.min.js?ver=3.26.3 HTTP/1.1" 200 62407 "https://farhan.socialdigiinnovator.com/fix/wp-admin/admin.php?page=elementor-app" "Mozilla/5.0 (Windows NT 10.0; Win64; x64) AppleWebKit/537.36 (KHTML, like Gecko) Chrome/131.0.0.0 Safari/537.36"
36.255.40.37 - - [01/Jan/2025:13:36:51 -0500] "GET /fix/wp-content/plugins/elementor/assets/lib/e-select2/js/e-select2.full.min.js?ver=4.0.6-rc.1 HTTP/1.1" 200 19828 "https://farhan.socialdigiinnovator.com/fix/wp-admin/admin.php?page=elementor-app" "Mozilla/5.0 (Windows NT 10.0; Win64; x64) AppleWebKit/537.36 (KHTML, like Gecko) Chrome/131.0.0.0 Safari/537.36"
36.255.40.37 - - [01/Jan/2025:13:36:51 -0500] "GET /fix/wp-content/plugins/elementor/assets/js/app-packages.min.js?ver=3.26.3 HTTP/1.1" 200 27606 "https://farhan.socialdigiinnovator.com/fix/wp-admin/admin.php?page=elementor-app" "Mozilla/5.0 (Windows NT 10.0; Win64; x64) AppleWebKit/537.36 (KHTML, like Gecko) Chrome/131.0.0.0 Safari/537.36"
36.255.40.37 - - [01/Jan/2025:13:36:52 -0500] "GET /fix/wp-content/plugins/elementor/assets/js/onboarding.cb1850dab52d5cd9ce5b.bundle.min.js HTTP/1.1" 200 11113 "https://farhan.socialdigiinnovator.com/fix/wp-admin/admin.php?page=elementor-app" "Mozilla/5.0 (Windows NT 10.0; Win64; x64) AppleWebKit/537.36 (KHTML, like Gecko) Chrome/131.0.0.0 Safari/537.36"
36.255.40.37 - - [01/Jan/2025:13:36:51 -0500] "GET /fix/wp-includes/css/buttons.min.css?ver=6.7.1 HTTP/1.1" 200 1275 "https://farhan.socialdigiinnovator.com/fix/wp-admin/admin.php?page=elementor-app" "Mozilla/5.0 (Windows NT 10.0; Win64; x64) AppleWebKit/537.36 (KHTML, like Gecko) Chrome/131.0.0.0 Safari/537.36"
36.255.40.37 - - [01/Jan/2025:13:36:51 -0500] "GET /fix/wp-content/plugins/elementor/assets/lib/eicons/css/elementor-icons.min.css?ver=5.34.0 HTTP/1.1" 200 3790 "https://farhan.socialdigiinnovator.com/fix/wp-admin/admin.php?page=elementor-app" "Mozilla/5.0 (Windows NT 10.0; Win64; x64) AppleWebKit/537.36 (KHTML, like Gecko) Chrome/131.0.0.0 Safari/537.36"
36.255.40.37 - - [01/Jan/2025:13:36:51 -0500] "GET /fix/wp-content/plugins/elementor/assets/lib/backbone/backbone.radio.min.js?ver=1.0.4 HTTP/1.1" 200 1494 "https://farhan.socialdigiinnovator.com/fix/wp-admin/admin.php?page=elementor-app" "Mozilla/5.0 (Windows NT 10.0; Win64; x64) AppleWebKit/537.36 (KHTML, like Gecko) Chrome/131.0.0.0 Safari/537.36"
36.255.40.37 - - [01/Jan/2025:13:36:51 -0500] "GET /fix/wp-content/plugins/elementor/assets/js/dev-tools.min.js?ver=3.26.3 HTTP/1.1" 200 2375 "https://farhan.socialdigiinnovator.com/fix/wp-admin/admin.php?page=elementor-app" "Mozilla/5.0 (Windows NT 10.0; Win64; x64) AppleWebKit/537.36 (KHTML, like Gecko) Chrome/131.0.0.0 Safari/537.36"
36.255.40.37 - - [01/Jan/2025:13:36:51 -0500] "GET /fix/wp-includes/js/dist/vendor/react.min.js?ver=18.3.1 HTTP/1.1" 200 4006 "https://farhan.socialdigiinnovator.com/fix/wp-admin/admin.php?page=elementor-app" "Mozilla/5.0 (Windows NT 10.0; Win64; x64) AppleWebKit/537.36 (KHTML, like Gecko) Chrome/131.0.0.0 Safari/537.36"
36.255.40.37 - - [01/Jan/2025:13:36:51 -0500] "GET /fix/wp-content/plugins/elementor/assets/lib/backbone/backbone.marionette.min.js?ver=2.4.5.e1 HTTP/1.1" 200 11272 "https://farhan.socialdigiinnovator.com/fix/wp-admin/admin.php?page=elementor-app" "Mozilla/5.0 (Windows NT 10.0; Win64; x64) AppleWebKit/537.36 (KHTML, like Gecko) Chrome/131.0.0.0 Safari/537.36"
36.255.40.37 - - [01/Jan/2025:13:36:51 -0500] "GET /fix/wp-content/plugins/elementor/assets/js/common.min.js?ver=3.26.3 HTTP/1.1" 200 35484 "https://farhan.socialdigiinnovator.com/fix/wp-admin/admin.php?page=elementor-app" "Mozilla/5.0 (Windows NT 10.0; Win64; x64) AppleWebKit/537.36 (KHTML, like Gecko) Chrome/131.0.0.0 Safari/537.36"
36.255.40.37 - - [01/Jan/2025:13:36:53 -0500] "POST /fix/wp-admin/admin-ajax.php HTTP/1.1" 200 39 "https://farhan.socialdigiinnovator.com/fix/wp-admin/admin.php?page=elementor-app" "Mozilla/5.0 (Windows NT 10.0; Win64; x64) AppleWebKit/537.36 (KHTML, like Gecko) Chrome/131.0.0.0 Safari/537.36"
36.255.40.37 - - [01/Jan/2025:13:36:53 -0500] "GET /fix/wp-content/plugins/elementor/assets/images/app/onboarding/Illustration_Account.svg HTTP/1.1" 200 6316 "https://farhan.socialdigiinnovator.com/fix/wp-admin/admin.php?page=elementor-app" "Mozilla/5.0 (Windows NT 10.0; Win64; x64) AppleWebKit/537.36 (KHTML, like Gecko) Chrome/131.0.0.0 Safari/537.36"
36.255.40.37 - - [01/Jan/2025:13:36:55 -0500] "POST /fix/wp-json/elementor/v1/send-event HTTP/1.1" 200 4 "https://farhan.socialdigiinnovator.com/fix/wp-admin/admin.php?page=elementor-app" "Mozilla/5.0 (Windows NT 10.0; Win64; x64) AppleWebKit/537.36 (KHTML, like Gecko) Chrome/131.0.0.0 Safari/537.36"
36.255.40.37 - - [01/Jan/2025:13:36:58 -0500] "GET /fix/wp-admin/ HTTP/1.1" 200 27151 "https://farhan.socialdigiinnovator.com/fix/wp-admin/admin.php?page=elementor-app" "Mozilla/5.0 (Windows NT 10.0; Win64; x64) AppleWebKit/537.36 (KHTML, like Gecko) Chrome/131.0.0.0 Safari/537.36"
36.255.40.37 - - [01/Jan/2025:13:37:01 -0500] "GET /fix/wp-content/plugins/elementor/assets/js/import-export-admin.min.js?ver=3.26.3 HTTP/1.1" 200 2005 "https://farhan.socialdigiinnovator.com/fix/wp-admin/" "Mozilla/5.0 (Windows NT 10.0; Win64; x64) AppleWebKit/537.36 (KHTML, like Gecko) Chrome/131.0.0.0 Safari/537.36"
36.255.40.37 - - [01/Jan/2025:13:36:52 -0500] "GET /fix/wp-content/plugins/elementor/assets/images/logo-platform.svg HTTP/1.1" 200 1211 "https://farhan.socialdigiinnovator.com/fix/wp-admin/admin.php?page=elementor-app" "Mozilla/5.0 (Windows NT 10.0; Win64; x64) AppleWebKit/537.36 (KHTML, like Gecko) Chrome/131.0.0.0 Safari/537.36"
36.255.40.37 - - [01/Jan/2025:13:36:53 -0500] "POST /fix/wp-json/elementor/v1/send-event HTTP/1.1" 200 4 "https://farhan.socialdigiinnovator.com/fix/wp-admin/admin.php?page=elementor-app" "Mozilla/5.0 (Windows NT 10.0; Win64; x64) AppleWebKit/537.36 (KHTML, like Gecko) Chrome/131.0.0.0 Safari/537.36"
36.255.40.37 - - [01/Jan/2025:13:36:53 -0500] "GET /fix/wp-content/plugins/elementor/assets/lib/eicons/fonts/eicons.woff2?5.34.0 HTTP/1.1" 200 98308 "https://farhan.socialdigiinnovator.com/fix/wp-content/plugins/elementor/assets/lib/eicons/css/elementor-icons.min.css?ver=5.34.0" "Mozilla/5.0 (Windows NT 10.0; Win64; x64) AppleWebKit/537.36 (KHTML, like Gecko) Chrome/131.0.0.0 Safari/537.36"
36.255.40.37 - - [01/Jan/2025:13:36:55 -0500] "POST /fix/wp-json/elementor/v1/send-event HTTP/1.1" 200 4 "https://farhan.socialdigiinnovator.com/fix/wp-admin/admin.php?page=elementor-app" "Mozilla/5.0 (Windows NT 10.0; Win64; x64) AppleWebKit/537.36 (KHTML, like Gecko) Chrome/131.0.0.0 Safari/537.36"
36.255.40.37 - - [01/Jan/2025:13:36:55 -0500] "GET /fix/wp-content/plugins/elementor/assets/images/app/onboarding/Illustration_Hello.svg HTTP/1.1" 200 6239 "https://farhan.socialdigiinnovator.com/fix/wp-admin/admin.php?page=elementor-app" "Mozilla/5.0 (Windows NT 10.0; Win64; x64) AppleWebKit/537.36 (KHTML, like Gecko) Chrome/131.0.0.0 Safari/537.36"
36.255.40.37 - - [01/Jan/2025:13:36:58 -0500] "POST /fix/wp-json/elementor/v1/send-event HTTP/1.1" 200 4 "https://farhan.socialdigiinnovator.com/fix/wp-admin/admin.php?page=elementor-app" "Mozilla/5.0 (Windows NT 10.0; Win64; x64) AppleWebKit/537.36 (KHTML, like Gecko) Chrome/131.0.0.0 Safari/537.36"
36.255.40.37 - - [01/Jan/2025:13:37:01 -0500] "GET /fix/wp-content/plugins/elementor/assets/css/admin.min.css?ver=3.26.3 HTTP/1.1" 200 11033 "https://farhan.socialdigiinnovator.com/fix/wp-admin/" "Mozilla/5.0 (Windows NT 10.0; Win64; x64) AppleWebKit/537.36 (KHTML, like Gecko) Chrome/131.0.0.0 Safari/537.36"
36.255.40.37 - - [01/Jan/2025:13:37:01 -0500] "GET /fix/wp-admin/load-styles.php?c=1&dir=ltr&load%5Bchunk_0%5D=dashicons,admin-bar,site-health,common,forms,admin-menu,dashboard,list-tables,edit,revisions,media,themes,about,nav-menus,wp-poi&load%5Bchunk_1%5D=nter,widgets,site-icon,l10n,buttons,wp-auth-check,code-editor&ver=6.7.1 HTTP/1.1" 200 105093 "https://farhan.socialdigiinnovator.com/fix/wp-admin/" "Mozilla/5.0 (Windows NT 10.0; Win64; x64) AppleWebKit/537.36 (KHTML, like Gecko) Chrome/131.0.0.0 Safari/537.36"
36.255.40.37 - - [01/Jan/2025:13:37:01 -0500] "GET /fix/wp-content/plugins/duplicate-post/duplicate_post_yoast_icon-125x125.png HTTP/1.1" 200 18795 "https://farhan.socialdigiinnovator.com/fix/wp-admin/" "Mozilla/5.0 (Windows NT 10.0; Win64; x64) AppleWebKit/537.36 (KHTML, like Gecko) Chrome/131.0.0.0 Safari/537.36"
36.255.40.37 - - [01/Jan/2025:13:37:02 -0500] "GET /fix/wp-content/plugins/elementor/assets/js/admin-modules.min.js?ver=3.26.3 HTTP/1.1" 200 5122 "https://farhan.socialdigiinnovator.com/fix/wp-admin/" "Mozilla/5.0 (Windows NT 10.0; Win64; x64) AppleWebKit/537.36 (KHTML, like Gecko) Chrome/131.0.0.0 Safari/537.36"
36.255.40.37 - - [01/Jan/2025:13:37:02 -0500] "GET /fix/wp-content/plugins/elementor/assets/js/media-hints.min.js?ver=3.26.3 HTTP/1.1" 200 2238 "https://farhan.socialdigiinnovator.com/fix/wp-admin/" "Mozilla/5.0 (Windows NT 10.0; Win64; x64) AppleWebKit/537.36 (KHTML, like Gecko) Chrome/131.0.0.0 Safari/537.36"
36.255.40.37 - - [01/Jan/2025:13:37:02 -0500] "GET /fix/wp-content/themes/betheme/muffin-options/svg/survey-25.svg HTTP/1.1" 200 2052 "https://farhan.socialdigiinnovator.com/fix/wp-content/themes/betheme/muffin-options/css/options.css?ver=27.6.1" "Mozilla/5.0 (Windows NT 10.0; Win64; x64) AppleWebKit/537.36 (KHTML, like Gecko) Chrome/131.0.0.0 Safari/537.36"
198.54.114.35 - - [01/Jan/2025:13:37:26 -0500] "POST /fix/wp-cron.php?doing_wp_cron=1735756645.9555430412292480468750 HTTP/1.1" 200 0 "-" "WordPress/6.7.1; https://farhan.socialdigiinnovator.com/fix"
36.255.40.37 - - [01/Jan/2025:13:37:24 -0500] "POST /fix/wp-admin/admin-ajax.php HTTP/1.1" 200 5 "https://farhan.socialdigiinnovator.com/fix/wp-admin/" "Mozilla/5.0 (Windows NT 10.0; Win64; x64) AppleWebKit/537.36 (KHTML, like Gecko) Chrome/131.0.0.0 Safari/537.36"
198.54.114.35 - - [01/Jan/2025:13:37:26 -0500] "POST /fix/wp-admin/admin-ajax.php?action=async_litespeed&nonce=NxfTVWTtgjh4141tgMUfgadgl1pi1yYT&litespeed_type=imgoptm HTTP/1.1" 200 5 "-" "WordPress/6.7.1; https://farhan.socialdigiinnovator.com/fix"
36.255.40.37 - - [01/Jan/2025:13:37:29 -0500] "GET /fix/wp-admin/themes.php HTTP/1.1" 200 19940 "https://farhan.socialdigiinnovator.com/fix/wp-admin/" "Mozilla/5.0 (Windows NT 10.0; Win64; x64) AppleWebKit/537.36 (KHTML, like Gecko) Chrome/131.0.0.0 Safari/537.36"
36.255.40.37 - - [01/Jan/2025:13:37:30 -0500] "GET /fix/wp-content/plugins/litespeed-cache/assets/js/litespeed-cache-admin.js?ver=6.5.4 HTTP/1.1" 200 4734 "https://farhan.socialdigiinnovator.com/fix/wp-admin/themes.php" "Mozilla/5.0 (Windows NT 10.0; Win64; x64) AppleWebKit/537.36 (KHTML, like Gecko) Chrome/131.0.0.0 Safari/537.36"
36.255.40.37 - - [01/Jan/2025:13:37:31 -0500] "GET /fix/wp-content/plugins/litespeed-cache/assets/css/fonts/litespeedfont.ttf?rs8ttq HTTP/1.1" 200 1840 "https://farhan.socialdigiinnovator.com/fix/wp-content/plugins/litespeed-cache/assets/css/litespeed.css?ver=6.5.4" "Mozilla/5.0 (Windows NT 10.0; Win64; x64) AppleWebKit/537.36 (KHTML, like Gecko) Chrome/131.0.0.0 Safari/537.36"
36.255.40.37 - - [01/Jan/2025:13:37:52 -0500] "POST /fix/wp-admin/admin-ajax.php HTTP/1.1" 200 277 "https://farhan.socialdigiinnovator.com/fix/wp-admin/import.php" "Mozilla/5.0 (Windows NT 10.0; Win64; x64) AppleWebKit/537.36 (KHTML, like Gecko) Chrome/131.0.0.0 Safari/537.36"
36.255.40.37 - - [01/Jan/2025:13:37:57 -0500] "GET /fix/wp-admin/plugins.php?_wpnonce=2b0410e9bb&action=activate&plugin=wordpress-importer/wordpress-importer.php&from=import HTTP/1.1" 302 0 "https://farhan.socialdigiinnovator.com/fix/wp-admin/import.php" "Mozilla/5.0 (Windows NT 10.0; Win64; x64) AppleWebKit/537.36 (KHTML, like Gecko) Chrome/131.0.0.0 Safari/537.36"
198.54.114.35 - - [01/Jan/2025:13:38:50 -0500] "POST /fix/wp-cron.php?doing_wp_cron=1735756730.3487238883972167968750 HTTP/1.1" 200 0 "-" "WordPress/6.7.1; https://farhan.socialdigiinnovator.com/fix"
36.255.40.37 - - [01/Jan/2025:13:38:21 -0500] "POST /fix/wp-admin/admin.php?import=wordpress&step=1&_wpnonce=976220e29d HTTP/1.1" 200 14248 "https://farhan.socialdigiinnovator.com/fix/wp-admin/import.php?import=wordpress" "Mozilla/5.0 (Windows NT 10.0; Win64; x64) AppleWebKit/537.36 (KHTML, like Gecko) Chrome/131.0.0.0 Safari/537.36"
198.54.114.35 - - [01/Jan/2025:13:38:50 -0500] "POST /fix/wp-admin/admin-ajax.php?action=async_litespeed&nonce=kTCPChdjLQ2bALb0D1EG6LC7Jm1xaNcI&litespeed_type=imgoptm HTTP/1.1" 200 5 "-" "WordPress/6.7.1; https://farhan.socialdigiinnovator.com/fix"
36.255.40.37 - - [01/Jan/2025:13:39:52 -0500] "POST /fix/wp-admin/admin-ajax.php HTTP/1.1" 200 47 "https://farhan.socialdigiinnovator.com/fix/wp-admin/admin.php?import=wordpress&step=1&_wpnonce=976220e29d" "Mozilla/5.0 (Windows NT 10.0; Win64; x64) AppleWebKit/537.36 (KHTML, like Gecko) Chrome/131.0.0.0 Safari/537.36"
198.54.114.35 - - [01/Jan/2025:13:39:52 -0500] "POST /fix/wp-admin/admin-ajax.php?action=async_litespeed&nonce=tFhwUJgDmHrAV13F5UdPTkIOAfuQbDt1&litespeed_type=imgoptm HTTP/1.1" 200 5 "-" "WordPress/6.7.1; https://farhan.socialdigiinnovator.com/fix"
36.255.40.37 - - [01/Jan/2025:13:37:02 -0500] "GET /fix/wp-content/plugins/elementor/assets/js/app-loader.min.js?ver=3.26.3 HTTP/1.1" 200 23539 "https://farhan.socialdigiinnovator.com/fix/wp-admin/" "Mozilla/5.0 (Windows NT 10.0; Win64; x64) AppleWebKit/537.36 (KHTML, like Gecko) Chrome/131.0.0.0 Safari/537.36"
36.255.40.37 - - [01/Jan/2025:13:37:02 -0500] "GET /fix/wp-content/plugins/elementor/assets/js/admin.min.js?ver=3.26.3 HTTP/1.1" 200 13645 "https://farhan.socialdigiinnovator.com/fix/wp-admin/" "Mozilla/5.0 (Windows NT 10.0; Win64; x64) AppleWebKit/537.36 (KHTML, like Gecko) Chrome/131.0.0.0 Safari/537.36"
36.255.40.37 - - [01/Jan/2025:13:37:30 -0500] "GET /fix/wp-content/plugins/litespeed-cache/assets/css/litespeed.css?ver=6.5.4 HTTP/1.1" 200 13186 "https://farhan.socialdigiinnovator.com/fix/wp-admin/themes.php" "Mozilla/5.0 (Windows NT 10.0; Win64; x64) AppleWebKit/537.36 (KHTML, like Gecko) Chrome/131.0.0.0 Safari/537.36"
36.255.40.37 - - [01/Jan/2025:13:37:30 -0500] "GET /fix/wp-content/themes/betheme-child/screenshot.png?ver=2.0.2 HTTP/1.1" 200 723207 "https://farhan.socialdigiinnovator.com/fix/wp-admin/themes.php" "Mozilla/5.0 (Windows NT 10.0; Win64; x64) AppleWebKit/537.36 (KHTML, like Gecko) Chrome/131.0.0.0 Safari/537.36"
36.255.40.37 - - [01/Jan/2025:13:37:49 -0500] "GET /fix/wp-admin/import.php HTTP/1.1" 200 15352 "https://farhan.socialdigiinnovator.com/fix/wp-admin/themes.php" "Mozilla/5.0 (Windows NT 10.0; Win64; x64) AppleWebKit/537.36 (KHTML, like Gecko) Chrome/131.0.0.0 Safari/537.36"
36.255.40.37 - - [01/Jan/2025:13:37:59 -0500] "GET /fix/wp-admin/import.php?import=wordpress HTTP/1.1" 200 13999 "https://farhan.socialdigiinnovator.com/fix/wp-admin/import.php" "Mozilla/5.0 (Windows NT 10.0; Win64; x64) AppleWebKit/537.36 (KHTML, like Gecko) Chrome/131.0.0.0 Safari/537.36"
36.255.40.37 - - [01/Jan/2025:13:38:00 -0500] "GET /fix/wp-content/plugins/litespeed-cache/assets/img/lscwp_grayscale_font-icon_22px.svg HTTP/1.1" 200 864 "https://farhan.socialdigiinnovator.com/fix/wp-content/plugins/litespeed-cache/assets/css/litespeed.css?ver=6.5.4" "Mozilla/5.0 (Windows NT 10.0; Win64; x64) AppleWebKit/537.36 (KHTML, like Gecko) Chrome/131.0.0.0 Safari/537.36"
198.54.114.35 - - [01/Jan/2025:13:39:52 -0500] "POST /fix/wp-cron.php?doing_wp_cron=1735756792.5897870063781738281250 HTTP/1.1" 200 0 "-" "WordPress/6.7.1; https://farhan.socialdigiinnovator.com/fix"
36.255.40.37 - - [01/Jan/2025:13:39:11 -0500] "POST /fix/wp-admin/admin.php?import=wordpress&step=2 HTTP/1.1" 200 0 "https://farhan.socialdigiinnovator.com/fix/wp-admin/admin.php?import=wordpress&step=1&_wpnonce=976220e29d" "Mozilla/5.0 (Windows NT 10.0; Win64; x64) AppleWebKit/537.36 (KHTML, like Gecko) Chrome/131.0.0.0 Safari/537.36"
36.255.40.37 - - [01/Jan/2025:13:40:57 -0500] "GET /fix/wp-admin/ HTTP/1.1" 200 26732 "-" "Mozilla/5.0 (Windows NT 10.0; Win64; x64) AppleWebKit/537.36 (KHTML, like Gecko) Chrome/131.0.0.0 Safari/537.36"
198.54.114.35 - - [01/Jan/2025:13:40:58 -0500] "POST /fix/wp-admin/admin-ajax.php?action=async_litespeed&nonce=hiHuhFwLZGkMvVgsgtpbsgW2m0yhSoWH&litespeed_type=imgoptm HTTP/1.1" 200 5 "-" "WordPress/6.7.1; https://farhan.socialdigiinnovator.com/fix"
36.255.40.37 - - [01/Jan/2025:13:41:01 -0500] "GET /fix/wp-admin/edit.php?post_type=page HTTP/1.1" 200 27465 "https://farhan.socialdigiinnovator.com/fix/wp-admin/" "Mozilla/5.0 (Windows NT 10.0; Win64; x64) AppleWebKit/537.36 (KHTML, like Gecko) Chrome/131.0.0.0 Safari/537.36"
36.255.40.37 - - [01/Jan/2025:13:41:02 -0500] "GET /fix/wp-admin/js/tags-suggest.min.js?ver=6.7.1 HTTP/1.1" 200 975 "https://farhan.socialdigiinnovator.com/fix/wp-admin/edit.php?post_type=page" "Mozilla/5.0 (Windows NT 10.0; Win64; x64) AppleWebKit/537.36 (KHTML, like Gecko) Chrome/131.0.0.0 Safari/537.36"
36.255.40.37 - - [01/Jan/2025:13:41:02 -0500] "GET /fix/wp-admin/js/inline-edit-post.min.js?ver=6.7.1 HTTP/1.1" 200 3129 "https://farhan.socialdigiinnovator.com/fix/wp-admin/edit.php?post_type=page" "Mozilla/5.0 (Windows NT 10.0; Win64; x64) AppleWebKit/537.36 (KHTML, like Gecko) Chrome/131.0.0.0 Safari/537.36"
36.255.40.37 - - [01/Jan/2025:13:41:03 -0500] "POST /fix/wp-admin/admin-ajax.php HTTP/1.1" 200 47 "https://farhan.socialdigiinnovator.com/fix/wp-admin/edit.php?post_type=page" "Mozilla/5.0 (Windows NT 10.0; Win64; x64) AppleWebKit/537.36 (KHTML, like Gecko) Chrome/131.0.0.0 Safari/537.36"
