198.54.114.35 - - [01/Jan/2025:13:41:26 -0500] "POST /fix/wp-cron.php?doing_wp_cron=1735756886.4457750320434570312500 HTTP/1.1" 200 0 "-" "WordPress/6.7.1; https://farhan.socialdigiinnovator.com/fix"
36.255.40.37 - - [01/Jan/2025:13:41:27 -0500] "GET /fix/wp-admin/options-reading.php?settings-updated=true HTTP/1.1" 200 18669 "https://farhan.socialdigiinnovator.com/fix/wp-admin/options-reading.php" "Mozilla/5.0 (Windows NT 10.0; Win64; x64) AppleWebKit/537.36 (KHTML, like Gecko) Chrome/131.0.0.0 Safari/537.36"
36.255.40.37 - - [01/Jan/2025:13:41:38 -0500] "GET /fix/ HTTP/1.1" 200 27000 "-" "Mozilla/5.0 (Windows NT 10.0; Win64; x64) AppleWebKit/537.36 (KHTML, like Gecko) Chrome/131.0.0.0 Safari/537.36 Edg/131.0.0.0"
36.255.40.37 - - [01/Jan/2025:13:41:40 -0500] "GET /fix/wp-content/plugins/elementor/assets/css/frontend.min.css?ver=3.26.3 HTTP/1.1" 200 6458 "https://farhan.socialdigiinnovator.com/fix/" "Mozilla/5.0 (Windows NT 10.0; Win64; x64) AppleWebKit/537.36 (KHTML, like Gecko) Chrome/131.0.0.0 Safari/537.36 Edg/131.0.0.0"
36.255.40.37 - - [01/Jan/2025:13:41:40 -0500] "GET /fix/wp-content/themes/betheme/css/be.css?ver=27.6.1 HTTP/1.1" 200 78178 "https://farhan.socialdigiinnovator.com/fix/" "Mozilla/5.0 (Windows NT 10.0; Win64; x64) AppleWebKit/537.36 (KHTML, like Gecko) Chrome/131.0.0.0 Safari/537.36 Edg/131.0.0.0"
36.255.40.37 - - [01/Jan/2025:13:41:40 -0500] "GET /fix/wp-content/themes/betheme/fonts/fontawesome/fontawesome.css?ver=27.6.1 HTTP/1.1" 200 12408 "https://farhan.socialdigiinnovator.com/fix/" "Mozilla/5.0 (Windows NT 10.0; Win64; x64) AppleWebKit/537.36 (KHTML, like Gecko) Chrome/131.0.0.0 Safari/537.36 Edg/131.0.0.0"
36.255.40.37 - - [01/Jan/2025:13:41:40 -0500] "GET /fix/wp-content/uploads/elementor/css/post-9.css?ver=1735756898 HTTP/1.1" 200 323 "https://farhan.socialdigiinnovator.com/fix/" "Mozilla/5.0 (Windows NT 10.0; Win64; x64) AppleWebKit/537.36 (KHTML, like Gecko) Chrome/131.0.0.0 Safari/537.36 Edg/131.0.0.0"
36.255.40.37 - - [01/Jan/2025:13:41:40 -0500] "GET /fix/wp-includes/js/jquery/jquery.min.js?ver=3.7.1 HTTP/1.1" 200 29744 "https://farhan.socialdigiinnovator.com/fix/" "Mozilla/5.0 (Windows NT 10.0; Win64; x64) AppleWebKit/537.36 (KHTML, like Gecko) Chrome/131.0.0.0 Safari/537.36 Edg/131.0.0.0"
36.255.40.37 - - [01/Jan/2025:13:41:40 -0500] "GET /fix/wp-content/themes/betheme/css/responsive.css?ver=27.6.1 HTTP/1.1" 200 11300 "https://farhan.socialdigiinnovator.com/fix/" "Mozilla/5.0 (Windows NT 10.0; Win64; x64) AppleWebKit/537.36 (KHTML, like Gecko) Chrome/131.0.0.0 Safari/537.36 Edg/131.0.0.0"
36.255.40.37 - - [01/Jan/2025:13:41:41 -0500] "GET /fix/wp-content/themes/betheme/images/logo/logo.png HTTP/1.1" 200 1568 "https://farhan.socialdigiinnovator.com/fix/" "Mozilla/5.0 (Windows NT 10.0; Win64; x64) AppleWebKit/537.36 (KHTML, like Gecko) Chrome/131.0.0.0 Safari/537.36 Edg/131.0.0.0"
36.255.40.37 - - [01/Jan/2025:13:41:41 -0500] "GET /fix/wp-includes/js/jquery/ui/core.min.js?ver=1.13.3 HTTP/1.1" 200 6811 "https://farhan.socialdigiinnovator.com/fix/" "Mozilla/5.0 (Windows NT 10.0; Win64; x64) AppleWebKit/537.36 (KHTML, like Gecko) Chrome/131.0.0.0 Safari/537.36 Edg/131.0.0.0"
36.255.40.37 - - [01/Jan/2025:13:41:41 -0500] "GET /fix/wp-content/themes/betheme/assets/animations/animations.min.js?ver=27.6.1 HTTP/1.1" 200 551 "https://farhan.socialdigiinnovator.com/fix/" "Mozilla/5.0 (Windows NT 10.0; Win64; x64) AppleWebKit/537.36 (KHTML, like Gecko) Chrome/131.0.0.0 Safari/537.36 Edg/131.0.0.0"
36.255.40.37 - - [01/Jan/2025:13:40:57 -0500] "GET /fix/wp-admin HTTP/1.1" 301 795 "-" "Mozilla/5.0 (Windows NT 10.0; Win64; x64) AppleWebKit/537.36 (KHTML, like Gecko) Chrome/131.0.0.0 Safari/537.36"
198.54.114.35 - - [01/Jan/2025:13:40:58 -0500] "POST /fix/wp-cron.php?doing_wp_cron=1735756858.1042220592498779296875 HTTP/1.1" 200 0 "-" "WordPress/6.7.1; https://farhan.socialdigiinnovator.com/fix"
36.255.40.37 - - [01/Jan/2025:13:41:11 -0500] "GET /fix/wp-admin/options-reading.php HTTP/1.1" 200 18568 "https://farhan.socialdigiinnovator.com/fix/wp-admin/edit.php?post_type=page" "Mozilla/5.0 (Windows NT 10.0; Win64; x64) AppleWebKit/537.36 (KHTML, like Gecko) Chrome/131.0.0.0 Safari/537.36"
36.255.40.37 - - [01/Jan/2025:13:41:25 -0500] "POST /fix/wp-admin/options.php HTTP/1.1" 302 0 "https://farhan.socialdigiinnovator.com/fix/wp-admin/options-reading.php" "Mozilla/5.0 (Windows NT 10.0; Win64; x64) AppleWebKit/537.36 (KHTML, like Gecko) Chrome/131.0.0.0 Safari/537.36"
198.54.114.35 - - [01/Jan/2025:13:41:27 -0500] "POST /fix/wp-admin/admin-ajax.php?action=async_litespeed&nonce=V7iq0iT0Pegd5zNHbQ6H19zI5pLWdf86&litespeed_type=imgoptm HTTP/1.1" 200 5 "-" "WordPress/6.7.1; https://farhan.socialdigiinnovator.com/fix"
36.255.40.37 - - [01/Jan/2025:13:41:32 -0500] "POST /fix/wp-admin/options.php HTTP/1.1" 302 0 "https://farhan.socialdigiinnovator.com/fix/wp-admin/options-reading.php" "Mozilla/5.0 (Windows NT 10.0; Win64; x64) AppleWebKit/537.36 (KHTML, like Gecko) Chrome/131.0.0.0 Safari/537.36"
36.255.40.37 - - [01/Jan/2025:13:41:33 -0500] "GET /fix/wp-admin/options-reading.php?settings-updated=true HTTP/1.1" 200 18669 "https://farhan.socialdigiinnovator.com/fix/wp-admin/options-reading.php" "Mozilla/5.0 (Windows NT 10.0; Win64; x64) AppleWebKit/537.36 (KHTML, like Gecko) Chrome/131.0.0.0 Safari/537.36"
36.255.40.37 - - [01/Jan/2025:13:41:40 -0500] "GET /fix/wp-content/themes/betheme/assets/animations/animations.min.css?ver=27.6.1 HTTP/1.1" 200 4610 "https://farhan.socialdigiinnovator.com/fix/" "Mozilla/5.0 (Windows NT 10.0; Win64; x64) AppleWebKit/537.36 (KHTML, like Gecko) Chrome/131.0.0.0 Safari/537.36 Edg/131.0.0.0"
36.255.40.37 - - [01/Jan/2025:13:41:40 -0500] "GET /fix/wp-content/themes/betheme-child/style.css?ver=6.7.1 HTTP/1.1" 200 209 "https://farhan.socialdigiinnovator.com/fix/" "Mozilla/5.0 (Windows NT 10.0; Win64; x64) AppleWebKit/537.36 (KHTML, like Gecko) Chrome/131.0.0.0 Safari/537.36 Edg/131.0.0.0"
36.255.40.37 - - [01/Jan/2025:13:41:40 -0500] "GET /fix/wp-includes/js/jquery/jquery-migrate.min.js?ver=3.4.1 HTTP/1.1" 200 4678 "https://farhan.socialdigiinnovator.com/fix/" "Mozilla/5.0 (Windows NT 10.0; Win64; x64) AppleWebKit/537.36 (KHTML, like Gecko) Chrome/131.0.0.0 Safari/537.36 Edg/131.0.0.0"
36.255.40.37 - - [01/Jan/2025:13:41:40 -0500] "GET /fix/wp-content/themes/betheme/assets/jplayer/css/jplayer.blue.monday.min.css?ver=27.6.1 HTTP/1.1" 200 1878 "https://farhan.socialdigiinnovator.com/fix/" "Mozilla/5.0 (Windows NT 10.0; Win64; x64) AppleWebKit/537.36 (KHTML, like Gecko) Chrome/131.0.0.0 Safari/537.36 Edg/131.0.0.0"
36.255.40.37 - - [01/Jan/2025:13:41:41 -0500] "GET /fix/wp-content/themes/betheme/js/plugins/visible.min.js?ver=27.6.1 HTTP/1.1" 200 334 "https://farhan.socialdigiinnovator.com/fix/" "Mozilla/5.0 (Windows NT 10.0; Win64; x64) AppleWebKit/537.36 (KHTML, like Gecko) Chrome/131.0.0.0 Safari/537.36 Edg/131.0.0.0"
36.255.40.37 - - [01/Jan/2025:13:41:41 -0500] "GET /fix/wp-content/themes/betheme/js/plugins/debouncedresize.min.js?ver=27.6.1 HTTP/1.1" 200 258 "https://farhan.socialdigiinnovator.com/fix/" "Mozilla/5.0 (Windows NT 10.0; Win64; x64) AppleWebKit/537.36 (KHTML, like Gecko) Chrome/131.0.0.0 Safari/537.36 Edg/131.0.0.0"
36.255.40.37 - - [01/Jan/2025:13:41:41 -0500] "GET /fix/wp-includes/js/jquery/ui/tabs.min.js?ver=1.13.3 HTTP/1.1" 200 3794 "https://farhan.socialdigiinnovator.com/fix/" "Mozilla/5.0 (Windows NT 10.0; Win64; x64) AppleWebKit/537.36 (KHTML, like Gecko) Chrome/131.0.0.0 Safari/537.36 Edg/131.0.0.0"
36.255.40.37 - - [01/Jan/2025:13:41:41 -0500] "GET /fix/wp-content/themes/betheme/js/menu.js?ver=27.6.1 HTTP/1.1" 200 897 "https://farhan.socialdigiinnovator.com/fix/" "Mozilla/5.0 (Windows NT 10.0; Win64; x64) AppleWebKit/537.36 (KHTML, like Gecko) Chrome/131.0.0.0 Safari/537.36 Edg/131.0.0.0"
36.255.40.37 - - [01/Jan/2025:13:41:41 -0500] "GET /fix/wp-content/themes/betheme/js/plugins/magnificpopup.min.js?ver=27.6.1 HTTP/1.1" 200 7034 "https://farhan.socialdigiinnovator.com/fix/" "Mozilla/5.0 (Windows NT 10.0; Win64; x64) AppleWebKit/537.36 (KHTML, like Gecko) Chrome/131.0.0.0 Safari/537.36 Edg/131.0.0.0"
36.255.40.37 - - [01/Jan/2025:13:41:42 -0500] "GET /fix/wp-content/themes/betheme/assets/jplayer/jplayer.min.js?ver=27.6.1 HTTP/1.1" 200 12378 "https://farhan.socialdigiinnovator.com/fix/" "Mozilla/5.0 (Windows NT 10.0; Win64; x64) AppleWebKit/537.36 (KHTML, like Gecko) Chrome/131.0.0.0 Safari/537.36 Edg/131.0.0.0"
36.255.40.37 - - [01/Jan/2025:13:41:46 -0500] "GET /fix/wp-content/themes/betheme/images/favicon.ico HTTP/1.1" 200 5430 "https://farhan.socialdigiinnovator.com/fix/" "Mozilla/5.0 (Windows NT 10.0; Win64; x64) AppleWebKit/537.36 (KHTML, like Gecko) Chrome/131.0.0.0 Safari/537.36 Edg/131.0.0.0"
36.255.40.37 - - [01/Jan/2025:13:42:17 -0500] "GET /fix/wp-admin/theme-editor.php HTTP/1.1" 200 16364 "https://farhan.socialdigiinnovator.com/fix/wp-admin/options-reading.php" "Mozilla/5.0 (Windows NT 10.0; Win64; x64) AppleWebKit/537.36 (KHTML, like Gecko) Chrome/131.0.0.0 Safari/537.36"
36.255.40.37 - - [01/Jan/2025:13:42:18 -0500] "GET /fix/wp-admin/load-styles.php?c=1&dir=ltr&load%5Bchunk_0%5D=dashicons,admin-bar,code-editor,common,forms,admin-menu,dashboard,list-tables,edit,revisions,media,themes,about,nav-menus,wp-poi&load%5Bchunk_1%5D=nter,widgets,site-icon,l10n,buttons,wp-auth-check&ver=6.7.1 HTTP/1.1" 200 104006 "https://farhan.socialdigiinnovator.com/fix/wp-admin/theme-editor.php" "Mozilla/5.0 (Windows NT 10.0; Win64; x64) AppleWebKit/537.36 (KHTML, like Gecko) Chrome/131.0.0.0 Safari/537.36"
198.54.114.35 - - [01/Jan/2025:13:42:30 -0500] "POST /fix/wp-admin/admin-ajax.php?action=async_litespeed&nonce=89nE6aXtHIUHqJGg95PPL4NlrelFfesR&litespeed_type=imgoptm HTTP/1.1" 200 5 "-" "WordPress/6.7.1; https://farhan.socialdigiinnovator.com/fix"
36.255.40.37 - - [01/Jan/2025:13:42:33 -0500] "GET /fix/wp-admin/theme-editor.php HTTP/1.1" 200 16387 "https://farhan.socialdigiinnovator.com/fix/wp-admin/theme-editor.php" "Mozilla/5.0 (Windows NT 10.0; Win64; x64) AppleWebKit/537.36 (KHTML, like Gecko) Chrome/131.0.0.0 Safari/537.36"
36.255.40.37 - - [01/Jan/2025:13:42:38 -0500] "GET /fix/ HTTP/1.1" 200 27000 "-" "Mozilla/5.0 (Windows NT 10.0; Win64; x64) AppleWebKit/537.36 (KHTML, like Gecko) Chrome/131.0.0.0 Safari/537.36 Edg/131.0.0.0"
36.255.40.37 - - [01/Jan/2025:13:43:29 -0500] "GET /fix/wp-admin/upload.php HTTP/1.1" 200 30323 "https://farhan.socialdigiinnovator.com/fix/wp-admin/theme-editor.php" "Mozilla/5.0 (Windows NT 10.0; Win64; x64) AppleWebKit/537.36 (KHTML, like Gecko) Chrome/131.0.0.0 Safari/537.36"
198.54.114.35 - - [01/Jan/2025:13:43:31 -0500] "POST /fix/wp-admin/admin-ajax.php?action=async_litespeed&nonce=h7OeLB3tWMBS8F5faxgJTeV98Eoz40aH&litespeed_type=imgoptm HTTP/1.1" 200 5 "-" "WordPress/6.7.1; https://farhan.socialdigiinnovator.com/fix"
36.255.40.37 - - [01/Jan/2025:13:43:32 -0500] "GET /fix/wp-content/plugins/elementor/assets/js/packages/ui/ui.min.js?ver=3.26.3 HTTP/1.1" 200 222603 "https://farhan.socialdigiinnovator.com/fix/wp-admin/upload.php" "Mozilla/5.0 (Windows NT 10.0; Win64; x64) AppleWebKit/537.36 (KHTML, like Gecko) Chrome/131.0.0.0 Safari/537.36"
36.255.40.37 - - [01/Jan/2025:13:41:41 -0500] "GET /fix/wp-content/themes/betheme/fonts/fontawesome/fa-solid-900.woff2 HTTP/1.1" 200 80300 "https://farhan.socialdigiinnovator.com/fix/wp-content/themes/betheme/fonts/fontawesome/fontawesome.css?ver=27.6.1" "Mozilla/5.0 (Windows NT 10.0; Win64; x64) AppleWebKit/537.36 (KHTML, like Gecko) Chrome/131.0.0.0 Safari/537.36 Edg/131.0.0.0"
36.255.40.37 - - [01/Jan/2025:13:41:41 -0500] "GET /fix/wp-content/themes/betheme/fonts/mfn/icons.woff2?11083851 HTTP/1.1" 200 72136 "https://farhan.socialdigiinnovator.com/fix/wp-content/themes/betheme/css/be.css?ver=27.6.1" "Mozilla/5.0 (Windows NT 10.0; Win64; x64) AppleWebKit/537.36 (KHTML, like Gecko) Chrome/131.0.0.0 Safari/537.36 Edg/131.0.0.0"
36.255.40.37 - - [01/Jan/2025:13:41:42 -0500] "GET /fix/wp-content/themes/betheme/js/plugins/enllax.min.js?ver=27.6.1 HTTP/1.1" 200 476 "https://farhan.socialdigiinnovator.com/fix/" "Mozilla/5.0 (Windows NT 10.0; Win64; x64) AppleWebKit/537.36 (KHTML, like Gecko) Chrome/131.0.0.0 Safari/537.36 Edg/131.0.0.0"
36.255.40.37 - - [01/Jan/2025:13:41:43 -0500] "GET /fix/wp-content/themes/betheme/js/scripts.js?ver=27.6.1 HTTP/1.1" 200 31269 "https://farhan.socialdigiinnovator.com/fix/" "Mozilla/5.0 (Windows NT 10.0; Win64; x64) AppleWebKit/537.36 (KHTML, like Gecko) Chrome/131.0.0.0 Safari/537.36 Edg/131.0.0.0"
36.255.40.37 - - [01/Jan/2025:13:42:18 -0500] "GET /fix/wp-admin/js/theme-plugin-editor.min.js?ver=6.7.1 HTTP/1.1" 200 3483 "https://farhan.socialdigiinnovator.com/fix/wp-admin/theme-editor.php" "Mozilla/5.0 (Windows NT 10.0; Win64; x64) AppleWebKit/537.36 (KHTML, like Gecko) Chrome/131.0.0.0 Safari/537.36"
36.255.40.37 - - [01/Jan/2025:13:42:21 -0500] "POST /fix/wp-admin/admin-ajax.php HTTP/1.1" 200 5 "https://farhan.socialdigiinnovator.com/fix/wp-admin/theme-editor.php" "Mozilla/5.0 (Windows NT 10.0; Win64; x64) AppleWebKit/537.36 (KHTML, like Gecko) Chrome/131.0.0.0 Safari/537.36"
198.54.114.35 - - [01/Jan/2025:13:42:30 -0500] "POST /fix/wp-cron.php?doing_wp_cron=1735756950.2969560623168945312500 HTTP/1.1" 200 0 "-" "WordPress/6.7.1; https://farhan.socialdigiinnovator.com/fix"
36.255.40.37 - - [01/Jan/2025:13:42:30 -0500] "POST /fix/wp-admin/admin-ajax.php HTTP/1.1" 200 63 "https://farhan.socialdigiinnovator.com/fix/wp-admin/theme-editor.php" "Mozilla/5.0 (Windows NT 10.0; Win64; x64) AppleWebKit/537.36 (KHTML, like Gecko) Chrome/131.0.0.0 Safari/537.36"
36.255.40.37 - - [01/Jan/2025:13:42:32 -0500] "GET /fix/wp-admin/theme-editor.php?LSCWP_CTRL=purge&LSCWP_NONCE=b7f707acf5&litespeed_type=purge_all_lscache HTTP/1.1" 302 0 "https://farhan.socialdigiinnovator.com/fix/wp-admin/theme-editor.php" "Mozilla/5.0 (Windows NT 10.0; Win64; x64) AppleWebKit/537.36 (KHTML, like Gecko) Chrome/131.0.0.0 Safari/537.36"
198.54.114.35 - - [01/Jan/2025:13:43:30 -0500] "POST /fix/wp-cron.php?doing_wp_cron=1735757010.6299750804901123046875 HTTP/1.1" 200 0 "-" "WordPress/6.7.1; https://farhan.socialdigiinnovator.com/fix"
36.255.40.37 - - [01/Jan/2025:13:43:32 -0500] "GET /fix/wp-admin/load-styles.php?c=1&dir=ltr&load%5Bchunk_0%5D=dashicons,admin-bar,buttons,media-views,common,forms,admin-menu,dashboard,list-tables,edit,revisions,media,themes,about,nav-menu&load%5Bchunk_1%5D=s,wp-pointer,widgets,site-icon,l10n,wp-auth-check,code-editor&ver=6.7.1 HTTP/1.1" 200 112312 "https://farhan.socialdigiinnovator.com/fix/wp-admin/upload.php" "Mozilla/5.0 (Windows NT 10.0; Win64; x64) AppleWebKit/537.36 (KHTML, like Gecko) Chrome/131.0.0.0 Safari/537.36"
36.255.40.37 - - [01/Jan/2025:13:43:32 -0500] "GET /fix/wp-admin/load-scripts.php?c=1&load%5Bchunk_0%5D=jquery-core,jquery-migrate,utils,underscore,moxiejs,plupload,wp-codemirror&ver=6.7.1 HTTP/1.1" 200 262227 "https://farhan.socialdigiinnovator.com/fix/wp-admin/upload.php" "Mozilla/5.0 (Windows NT 10.0; Win64; x64) AppleWebKit/537.36 (KHTML, like Gecko) Chrome/131.0.0.0 Safari/537.36"
36.255.40.37 - - [01/Jan/2025:13:43:35 -0500] "GET /fix/wp-admin/js/media.min.js?ver=6.7.1 HTTP/1.1" 200 937 "https://farhan.socialdigiinnovator.com/fix/wp-admin/upload.php" "Mozilla/5.0 (Windows NT 10.0; Win64; x64) AppleWebKit/537.36 (KHTML, like Gecko) Chrome/131.0.0.0 Safari/537.36"
36.255.40.37 - - [01/Jan/2025:13:43:35 -0500] "GET /fix/wp-content/plugins/elementor/assets/js/ai-media-library.min.js?ver=3.26.3 HTTP/1.1" 200 151976 "https://farhan.socialdigiinnovator.com/fix/wp-admin/upload.php" "Mozilla/5.0 (Windows NT 10.0; Win64; x64) AppleWebKit/537.36 (KHTML, like Gecko) Chrome/131.0.0.0 Safari/537.36"
36.255.40.37 - - [01/Jan/2025:13:43:38 -0500] "GET /fix/wp-includes/images/spinner.gif HTTP/1.1" 200 3656 "https://farhan.socialdigiinnovator.com/fix/wp-admin/load-styles.php?c=1&dir=ltr&load%5Bchunk_0%5D=dashicons,admin-bar,buttons,media-views,common,forms,admin-menu,dashboard,list-tables,edit,revisions,media,themes,about,nav-menu&load%5Bchunk_1%5D=s,wp-pointer,widgets,site-icon,l10n,wp-auth-check,code-editor&ver=6.7.1" "Mozilla/5.0 (Windows NT 10.0; Win64; x64) AppleWebKit/537.36 (KHTML, like Gecko) Chrome/131.0.0.0 Safari/537.36"
36.255.40.37 - - [01/Jan/2025:13:43:37 -0500] "POST /fix/wp-admin/admin-ajax.php HTTP/1.1" 200 40569 "https://farhan.socialdigiinnovator.com/fix/wp-admin/upload.php" "Mozilla/5.0 (Windows NT 10.0; Win64; x64) AppleWebKit/537.36 (KHTML, like Gecko) Chrome/131.0.0.0 Safari/537.36"
36.255.40.37 - - [01/Jan/2025:13:43:39 -0500] "GET /fix/wp-content/uploads/2020/06/mobile-priority-service-300x169.jpg HTTP/1.1" 200 19384 "https://farhan.socialdigiinnovator.com/fix/wp-admin/upload.php" "Mozilla/5.0 (Windows NT 10.0; Win64; x64) AppleWebKit/537.36 (KHTML, like Gecko) Chrome/131.0.0.0 Safari/537.36"
36.255.40.37 - - [01/Jan/2025:13:43:39 -0500] "GET /fix/wp-content/uploads/2020/05/contact-us-300x199.jpg HTTP/1.1" 200 17095 "https://farhan.socialdigiinnovator.com/fix/wp-admin/upload.php" "Mozilla/5.0 (Windows NT 10.0; Win64; x64) AppleWebKit/537.36 (KHTML, like Gecko) Chrome/131.0.0.0 Safari/537.36"
36.255.40.37 - - [01/Jan/2025:13:43:39 -0500] "GET /fix/wp-content/uploads/2022/05/May21683-SME-Greater-London-Enterprise-Awards-2020-Winners-Logo-176x300.png HTTP/1.1" 200 30980 "https://farhan.socialdigiinnovator.com/fix/wp-admin/upload.php" "Mozilla/5.0 (Windows NT 10.0; Win64; x64) AppleWebKit/537.36 (KHTML, like Gecko) Chrome/131.0.0.0 Safari/537.36"
36.255.40.37 - - [01/Jan/2025:13:43:39 -0500] "GET /fix/wp-content/uploads/2022/05/Mar21084-SME-NEWS-Legal-Awards-2021-Winners-Logo-176x300.png HTTP/1.1" 200 30875 "https://farhan.socialdigiinnovator.com/fix/wp-admin/upload.php" "Mozilla/5.0 (Windows NT 10.0; Win64; x64) AppleWebKit/537.36 (KHTML, like Gecko) Chrome/131.0.0.0 Safari/537.36"
36.255.40.37 - - [01/Jan/2025:13:43:39 -0500] "GET /fix/wp-content/uploads/2020/06/banner-priority-300x118.jpg HTTP/1.1" 200 6115 "https://farhan.socialdigiinnovator.com/fix/wp-admin/upload.php" "Mozilla/5.0 (Windows NT 10.0; Win64; x64) AppleWebKit/537.36 (KHTML, like Gecko) Chrome/131.0.0.0 Safari/537.36"
36.255.40.37 - - [01/Jan/2025:13:43:39 -0500] "GET /fix/wp-content/uploads/2022/05/award-sme-212x300.png HTTP/1.1" 200 27385 "https://farhan.socialdigiinnovator.com/fix/wp-admin/upload.php" "Mozilla/5.0 (Windows NT 10.0; Win64; x64) AppleWebKit/537.36 (KHTML, like Gecko) Chrome/131.0.0.0 Safari/537.36"
36.255.40.37 - - [01/Jan/2025:13:43:39 -0500] "GET /fix/wp-content/uploads/2020/05/banner-locations-300x93.jpg HTTP/1.1" 200 5749 "https://farhan.socialdigiinnovator.com/fix/wp-admin/upload.php" "Mozilla/5.0 (Windows NT 10.0; Win64; x64) AppleWebKit/537.36 (KHTML, like Gecko) Chrome/131.0.0.0 Safari/537.36"
36.255.40.37 - - [01/Jan/2025:13:43:39 -0500] "GET /fix/wp-content/uploads/2020/05/banner-prices-300x93.jpg HTTP/1.1" 200 7125 "https://farhan.socialdigiinnovator.com/fix/wp-admin/upload.php" "Mozilla/5.0 (Windows NT 10.0; Win64; x64) AppleWebKit/537.36 (KHTML, like Gecko) Chrome/131.0.0.0 Safari/537.36"
36.255.40.37 - - [01/Jan/2025:13:43:33 -0500] "GET /fix/wp-content/plugins/elementor/assets/js/packages/icons/icons.min.js?ver=3.26.3 HTTP/1.1" 200 38877 "https://farhan.socialdigiinnovator.com/fix/wp-admin/upload.php" "Mozilla/5.0 (Windows NT 10.0; Win64; x64) AppleWebKit/537.36 (KHTML, like Gecko) Chrome/131.0.0.0 Safari/537.36"
36.255.40.37 - - [01/Jan/2025:13:43:35 -0500] "GET /fix/wp-includes/js/media-grid.min.js?ver=6.7.1 HTTP/1.1" 200 3660 "https://farhan.socialdigiinnovator.com/fix/wp-admin/upload.php" "Mozilla/5.0 (Windows NT 10.0; Win64; x64) AppleWebKit/537.36 (KHTML, like Gecko) Chrome/131.0.0.0 Safari/537.36"
36.255.40.37 - - [01/Jan/2025:13:43:39 -0500] "GET /fix/wp-includes/images/media/text.svg HTTP/1.1" 200 281 "https://farhan.socialdigiinnovator.com/fix/wp-admin/upload.php" "Mozilla/5.0 (Windows NT 10.0; Win64; x64) AppleWebKit/537.36 (KHTML, like Gecko) Chrome/131.0.0.0 Safari/537.36"
36.255.40.37 - - [01/Jan/2025:13:43:39 -0500] "GET /fix/wp-content/uploads/2023/10/Untitled-design-6-150x150.jpg HTTP/1.1" 200 7723 "https://farhan.socialdigiinnovator.com/fix/wp-admin/upload.php" "Mozilla/5.0 (Windows NT 10.0; Win64; x64) AppleWebKit/537.36 (KHTML, like Gecko) Chrome/131.0.0.0 Safari/537.36"
36.255.40.37 - - [01/Jan/2025:13:43:39 -0500] "GET /fix/wp-content/uploads/2022/05/Mar21084-SME-NEWS-Legal-Awards-2021-Winners-Logo-1-176x300.png HTTP/1.1" 200 30875 "https://farhan.socialdigiinnovator.com/fix/wp-admin/upload.php" "Mozilla/5.0 (Windows NT 10.0; Win64; x64) AppleWebKit/537.36 (KHTML, like Gecko) Chrome/131.0.0.0 Safari/537.36"
36.255.40.37 - - [01/Jan/2025:13:43:39 -0500] "GET /fix/wp-content/uploads/2020/06/banner-priority-service-300x94.jpg HTTP/1.1" 200 6932 "https://farhan.socialdigiinnovator.com/fix/wp-admin/upload.php" "Mozilla/5.0 (Windows NT 10.0; Win64; x64) AppleWebKit/537.36 (KHTML, like Gecko) Chrome/131.0.0.0 Safari/537.36"
36.255.40.37 - - [01/Jan/2025:13:43:39 -0500] "GET /fix/wp-content/uploads/2020/05/locations-300x200.jpg HTTP/1.1" 200 11724 "https://farhan.socialdigiinnovator.com/fix/wp-admin/upload.php" "Mozilla/5.0 (Windows NT 10.0; Win64; x64) AppleWebKit/537.36 (KHTML, like Gecko) Chrome/131.0.0.0 Safari/537.36"
36.255.40.37 - - [01/Jan/2025:13:43:39 -0500] "GET /fix/wp-content/uploads/2020/05/prices-300x200.jpg HTTP/1.1" 200 12265 "https://farhan.socialdigiinnovator.com/fix/wp-admin/upload.php" "Mozilla/5.0 (Windows NT 10.0; Win64; x64) AppleWebKit/537.36 (KHTML, like Gecko) Chrome/131.0.0.0 Safari/537.36"
36.255.40.37 - - [01/Jan/2025:13:43:39 -0500] "GET /fix/wp-content/uploads/2020/01/bannernew2-300x118.jpg HTTP/1.1" 200 7975 "https://farhan.socialdigiinnovator.com/fix/wp-admin/upload.php" "Mozilla/5.0 (Windows NT 10.0; Win64; x64) AppleWebKit/537.36 (KHTML, like Gecko) Chrome/131.0.0.0 Safari/537.36"
36.255.40.37 - - [01/Jan/2025:13:43:39 -0500] "GET /fix/wp-content/uploads/2020/06/mobile-priority-240x300.jpg HTTP/1.1" 200 13462 "https://farhan.socialdigiinnovator.com/fix/wp-admin/upload.php" "Mozilla/5.0 (Windows NT 10.0; Win64; x64) AppleWebKit/537.36 (KHTML, like Gecko) Chrome/131.0.0.0 Safari/537.36"
36.255.40.37 - - [01/Jan/2025:13:43:39 -0500] "GET /fix/wp-content/uploads/2020/01/bannernew-300x139.jpg HTTP/1.1" 200 8611 "https://farhan.socialdigiinnovator.com/fix/wp-admin/upload.php" "Mozilla/5.0 (Windows NT 10.0; Win64; x64) AppleWebKit/537.36 (KHTML, like Gecko) Chrome/131.0.0.0 Safari/537.36"
36.255.40.37 - - [01/Jan/2025:13:43:39 -0500] "GET /fix/wp-content/uploads/2020/05/banner-review-300x93.jpg HTTP/1.1" 200 6864 "https://farhan.socialdigiinnovator.com/fix/wp-admin/upload.php" "Mozilla/5.0 (Windows NT 10.0; Win64; x64) AppleWebKit/537.36 (KHTML, like Gecko) Chrome/131.0.0.0 Safari/537.36"
36.255.40.37 - - [01/Jan/2025:13:43:39 -0500] "GET /fix/wp-content/uploads/2020/05/reviews-scaled-1-300x200.jpg HTTP/1.1" 200 12360 "https://farhan.socialdigiinnovator.com/fix/wp-admin/upload.php" "Mozilla/5.0 (Windows NT 10.0; Win64; x64) AppleWebKit/537.36 (KHTML, like Gecko) Chrome/131.0.0.0 Safari/537.36"
36.255.40.37 - - [01/Jan/2025:13:43:39 -0500] "GET /fix/wp-content/uploads/2022/05/awards-213x300.jpg HTTP/1.1" 200 15161 "https://farhan.socialdigiinnovator.com/fix/wp-admin/upload.php" "Mozilla/5.0 (Windows NT 10.0; Win64; x64) AppleWebKit/537.36 (KHTML, like Gecko) Chrome/131.0.0.0 Safari/537.36"
36.255.40.37 - - [01/Jan/2025:13:43:39 -0500] "GET /fix/wp-content/uploads/2020/05/banner-contact-300x93.jpg HTTP/1.1" 200 8210 "https://farhan.socialdigiinnovator.com/fix/wp-admin/upload.php" "Mozilla/5.0 (Windows NT 10.0; Win64; x64) AppleWebKit/537.36 (KHTML, like Gecko) Chrome/131.0.0.0 Safari/537.36"
36.255.40.37 - - [01/Jan/2025:13:44:12 -0500] "GET /fix/wp-admin/edit.php?post_status=publish&post_type=page&paged=2 HTTP/1.1" 200 27285 "https://farhan.socialdigiinnovator.com/fix/wp-admin/edit.php?post_status=publish&post_type=page" "Mozilla/5.0 (Windows NT 10.0; Win64; x64) AppleWebKit/537.36 (KHTML, like Gecko) Chrome/131.0.0.0 Safari/537.36"
36.255.40.37 - - [01/Jan/2025:13:44:20 -0500] "GET /fix/wp-admin/edit.php?post_status=publish&post_type=page&paged=3 HTTP/1.1" 200 27592 "https://farhan.socialdigiinnovator.com/fix/wp-admin/edit.php?post_status=publish&post_type=page&paged=2" "Mozilla/5.0 (Windows NT 10.0; Win64; x64) AppleWebKit/537.36 (KHTML, like Gecko) Chrome/131.0.0.0 Safari/537.36"
198.54.114.35 - - [01/Jan/2025:13:44:33 -0500] "POST /fix/wp-cron.php?doing_wp_cron=1735757073.7794680595397949218750 HTTP/1.1" 200 0 "-" "WordPress/6.7.1; https://farhan.socialdigiinnovator.com/fix"
36.255.40.37 - - [01/Jan/2025:13:44:33 -0500] "POST /fix/wp-admin/admin-ajax.php HTTP/1.1" 200 47 "https://farhan.socialdigiinnovator.com/fix/wp-admin/edit.php?post_status=publish&post_type=page&paged=3" "Mozilla/5.0 (Windows NT 10.0; Win64; x64) AppleWebKit/537.36 (KHTML, like Gecko) Chrome/131.0.0.0 Safari/537.36"
198.54.114.35 - - [01/Jan/2025:13:44:34 -0500] "POST /fix/wp-admin/admin-ajax.php?action=async_litespeed&nonce=wc6u8G27clUbYY9tUlR1qA7iekdFKUOC&litespeed_type=imgoptm HTTP/1.1" 200 0 "-" "WordPress/6.7.1; https://farhan.socialdigiinnovator.com/fix"
36.255.40.37 - - [01/Jan/2025:13:44:34 -0500] "GET /fix/wp-admin/post.php?post=447&action=mfn-live-builder HTTP/1.1" 200 128942 "https://farhan.socialdigiinnovator.com/fix/wp-admin/edit.php?post_status=publish&post_type=page&paged=3" "Mozilla/5.0 (Windows NT 10.0; Win64; x64) AppleWebKit/537.36 (KHTML, like Gecko) Chrome/131.0.0.0 Safari/537.36"
36.255.40.37 - - [01/Jan/2025:13:44:38 -0500] "GET /fix/wp-content/themes/betheme/visual-builder/assets/css/style.css?ver=1735757074 HTTP/1.1" 200 31347 "https://farhan.socialdigiinnovator.com/fix/wp-admin/post.php?post=447&action=mfn-live-builder" "Mozilla/5.0 (Windows NT 10.0; Win64; x64) AppleWebKit/537.36 (KHTML, like Gecko) Chrome/131.0.0.0 Safari/537.36"
36.255.40.37 - - [01/Jan/2025:13:44:38 -0500] "GET /fix/wp-content/themes/betheme/fonts/fontawesome/fontawesome.css?ver=1735757074 HTTP/1.1" 200 12408 "https://farhan.socialdigiinnovator.com/fix/wp-admin/post.php?post=447&action=mfn-live-builder" "Mozilla/5.0 (Windows NT 10.0; Win64; x64) AppleWebKit/537.36 (KHTML, like Gecko) Chrome/131.0.0.0 Safari/537.36"
36.255.40.37 - - [01/Jan/2025:13:44:38 -0500] "GET /fix/wp-content/themes/betheme/fonts/mfn/icons.css?ver=1735757074 HTTP/1.1" 200 3477 "https://farhan.socialdigiinnovator.com/fix/wp-admin/post.php?post=447&action=mfn-live-builder" "Mozilla/5.0 (Windows NT 10.0; Win64; x64) AppleWebKit/537.36 (KHTML, like Gecko) Chrome/131.0.0.0 Safari/537.36"
36.255.40.37 - - [01/Jan/2025:13:44:38 -0500] "GET /fix/wp-content/themes/betheme/visual-builder/assets/css/codemirror-dark.css?ver=27.6.1 HTTP/1.1" 200 562 "https://farhan.socialdigiinnovator.com/fix/wp-admin/post.php?post=447&action=mfn-live-builder" "Mozilla/5.0 (Windows NT 10.0; Win64; x64) AppleWebKit/537.36 (KHTML, like Gecko) Chrome/131.0.0.0 Safari/537.36"
36.255.40.37 - - [01/Jan/2025:13:44:41 -0500] "GET /fix/wp-content/themes/betheme/visual-builder/assets/css/_icons.css HTTP/1.1" 200 6719 "https://farhan.socialdigiinnovator.com/fix/wp-content/themes/betheme/visual-builder/assets/css/style.css?ver=1735757074" "Mozilla/5.0 (Windows NT 10.0; Win64; x64) AppleWebKit/537.36 (KHTML, like Gecko) Chrome/131.0.0.0 Safari/537.36"
36.255.40.37 - - [01/Jan/2025:13:44:49 -0500] "GET /fix/wp-content/themes/betheme/visual-builder/assets/svg/options/arrow-down.svg HTTP/1.1" 200 273 "https://farhan.socialdigiinnovator.com/fix/wp-content/themes/betheme/visual-builder/assets/css/_icons.css" "Mozilla/5.0 (Windows NT 10.0; Win64; x64) AppleWebKit/537.36 (KHTML, like Gecko) Chrome/131.0.0.0 Safari/537.36"
36.255.40.37 - - [01/Jan/2025:13:43:58 -0500] "GET /fix/wp-admin/edit.php?post_type=page HTTP/1.1" 200 27496 "https://farhan.socialdigiinnovator.com/fix/wp-admin/upload.php" "Mozilla/5.0 (Windows NT 10.0; Win64; x64) AppleWebKit/537.36 (KHTML, like Gecko) Chrome/131.0.0.0 Safari/537.36"
36.255.40.37 - - [01/Jan/2025:13:44:00 -0500] "POST /fix/wp-admin/admin-ajax.php HTTP/1.1" 200 47 "https://farhan.socialdigiinnovator.com/fix/wp-admin/edit.php?post_type=page" "Mozilla/5.0 (Windows NT 10.0; Win64; x64) AppleWebKit/537.36 (KHTML, like Gecko) Chrome/131.0.0.0 Safari/537.36"
36.255.40.37 - - [01/Jan/2025:13:44:08 -0500] "GET /fix/wp-admin/edit.php?post_status=publish&post_type=page HTTP/1.1" 200 27605 "https://farhan.socialdigiinnovator.com/fix/wp-admin/edit.php?post_type=page" "Mozilla/5.0 (Windows NT 10.0; Win64; x64) AppleWebKit/537.36 (KHTML, like Gecko) Chrome/131.0.0.0 Safari/537.36"
36.255.40.37 - - [01/Jan/2025:13:44:10 -0500] "POST /fix/wp-admin/admin-ajax.php HTTP/1.1" 200 47 "https://farhan.socialdigiinnovator.com/fix/wp-admin/edit.php?post_status=publish&post_type=page" "Mozilla/5.0 (Windows NT 10.0; Win64; x64) AppleWebKit/537.36 (KHTML, like Gecko) Chrome/131.0.0.0 Safari/537.36"
36.255.40.37 - - [01/Jan/2025:13:44:15 -0500] "POST /fix/wp-admin/admin-ajax.php HTTP/1.1" 200 47 "https://farhan.socialdigiinnovator.com/fix/wp-admin/edit.php?post_status=publish&post_type=page&paged=2" "Mozilla/5.0 (Windows NT 10.0; Win64; x64) AppleWebKit/537.36 (KHTML, like Gecko) Chrome/131.0.0.0 Safari/537.36"
36.255.40.37 - - [01/Jan/2025:13:44:23 -0500] "POST /fix/wp-admin/admin-ajax.php HTTP/1.1" 200 47 "https://farhan.socialdigiinnovator.com/fix/wp-admin/edit.php?post_status=publish&post_type=page&paged=3" "Mozilla/5.0 (Windows NT 10.0; Win64; x64) AppleWebKit/537.36 (KHTML, like Gecko) Chrome/131.0.0.0 Safari/537.36"
36.255.40.37 - - [01/Jan/2025:13:44:38 -0500] "GET /fix/wp-content/themes/betheme/visual-builder/assets/css/nano.min.css?ver=1735757074 HTTP/1.1" 200 1840 "https://farhan.socialdigiinnovator.com/fix/wp-admin/post.php?post=447&action=mfn-live-builder" "Mozilla/5.0 (Windows NT 10.0; Win64; x64) AppleWebKit/537.36 (KHTML, like Gecko) Chrome/131.0.0.0 Safari/537.36"
36.255.40.37 - - [01/Jan/2025:13:44:38 -0500] "GET /fix/wp-content/themes/betheme/visual-builder/assets/css/reset.css?ver=27.6.1 HTTP/1.1" 200 527 "https://farhan.socialdigiinnovator.com/fix/wp-admin/post.php?post=447&action=mfn-live-builder" "Mozilla/5.0 (Windows NT 10.0; Win64; x64) AppleWebKit/537.36 (KHTML, like Gecko) Chrome/131.0.0.0 Safari/537.36"
36.255.40.37 - - [01/Jan/2025:13:44:49 -0500] "GET /fix/wp-content/themes/betheme/visual-builder/assets/svg/items/call-to-action.svg HTTP/1.1" 200 225 "https://farhan.socialdigiinnovator.com/fix/wp-content/themes/betheme/visual-builder/assets/css/_icons.css" "Mozilla/5.0 (Windows NT 10.0; Win64; x64) AppleWebKit/537.36 (KHTML, like Gecko) Chrome/131.0.0.0 Safari/537.36"
36.255.40.37 - - [01/Jan/2025:13:44:49 -0500] "GET /fix/wp-content/themes/betheme/visual-builder/assets/svg/items/lottie.svg HTTP/1.1" 200 472 "https://farhan.socialdigiinnovator.com/fix/wp-content/themes/betheme/visual-builder/assets/css/_icons.css" "Mozilla/5.0 (Windows NT 10.0; Win64; x64) AppleWebKit/537.36 (KHTML, like Gecko) Chrome/131.0.0.0 Safari/537.36"
36.255.40.37 - - [01/Jan/2025:13:44:49 -0500] "GET /fix/wp-content/themes/betheme/visual-builder/assets/svg/menu/navigator.svg HTTP/1.1" 200 219 "https://farhan.socialdigiinnovator.com/fix/wp-content/themes/betheme/visual-builder/assets/css/style.css?ver=1735757074" "Mozilla/5.0 (Windows NT 10.0; Win64; x64) AppleWebKit/537.36 (KHTML, like Gecko) Chrome/131.0.0.0 Safari/537.36"
36.255.40.37 - - [01/Jan/2025:13:44:49 -0500] "GET /fix/wp-content/themes/betheme/visual-builder/assets/svg/editor/navigator.svg HTTP/1.1" 200 219 "https://farhan.socialdigiinnovator.com/fix/wp-content/themes/betheme/visual-builder/assets/css/_icons.css" "Mozilla/5.0 (Windows NT 10.0; Win64; x64) AppleWebKit/537.36 (KHTML, like Gecko) Chrome/131.0.0.0 Safari/537.36"
36.255.40.37 - - [01/Jan/2025:13:44:49 -0500] "GET /fix/wp-content/themes/betheme/visual-builder/assets/svg/items/blockquote.svg HTTP/1.1" 200 212 "https://farhan.socialdigiinnovator.com/fix/wp-content/themes/betheme/visual-builder/assets/css/_icons.css" "Mozilla/5.0 (Windows NT 10.0; Win64; x64) AppleWebKit/537.36 (KHTML, like Gecko) Chrome/131.0.0.0 Safari/537.36"
36.255.40.37 - - [01/Jan/2025:13:44:49 -0500] "GET /fix/wp-content/themes/betheme/visual-builder/assets/svg/options/arrow-left.svg HTTP/1.1" 200 270 "https://farhan.socialdigiinnovator.com/fix/wp-content/themes/betheme/visual-builder/assets/css/style.css?ver=1735757074" "Mozilla/5.0 (Windows NT 10.0; Win64; x64) AppleWebKit/537.36 (KHTML, like Gecko) Chrome/131.0.0.0 Safari/537.36"
36.255.40.37 - - [01/Jan/2025:13:44:49 -0500] "GET /fix/wp-content/themes/betheme/visual-builder/assets/svg/be.svg HTTP/1.1" 200 1054 "https://farhan.socialdigiinnovator.com/fix/wp-content/themes/betheme/visual-builder/assets/css/style.css?ver=1735757074" "Mozilla/5.0 (Windows NT 10.0; Win64; x64) AppleWebKit/537.36 (KHTML, like Gecko) Chrome/131.0.0.0 Safari/537.36"
36.255.40.37 - - [01/Jan/2025:13:44:49 -0500] "GET /fix/wp-content/themes/betheme/visual-builder/assets/svg/items/portfolio-slider.svg HTTP/1.1" 200 270 "https://farhan.socialdigiinnovator.com/fix/wp-content/themes/betheme/visual-builder/assets/css/_icons.css" "Mozilla/5.0 (Windows NT 10.0; Win64; x64) AppleWebKit/537.36 (KHTML, like Gecko) Chrome/131.0.0.0 Safari/537.36"
36.255.40.37 - - [01/Jan/2025:13:44:49 -0500] "GET /fix/wp-content/themes/betheme/visual-builder/assets/svg/menu/import-export.svg HTTP/1.1" 200 218 "https://farhan.socialdigiinnovator.com/fix/wp-content/themes/betheme/visual-builder/assets/css/style.css?ver=1735757074" "Mozilla/5.0 (Windows NT 10.0; Win64; x64) AppleWebKit/537.36 (KHTML, like Gecko) Chrome/131.0.0.0 Safari/537.36"
36.255.40.37 - - [01/Jan/2025:13:44:49 -0500] "GET /fix/wp-content/themes/betheme/visual-builder/assets/svg/menu/items.svg HTTP/1.1" 200 219 "https://farhan.socialdigiinnovator.com/fix/wp-content/themes/betheme/visual-builder/assets/css/style.css?ver=1735757074" "Mozilla/5.0 (Windows NT 10.0; Win64; x64) AppleWebKit/537.36 (KHTML, like Gecko) Chrome/131.0.0.0 Safari/537.36"
36.255.40.37 - - [01/Jan/2025:13:44:49 -0500] "GET /fix/wp-content/themes/betheme/visual-builder/assets/svg/menu/prebuilt-sections.svg HTTP/1.1" 200 241 "https://farhan.socialdigiinnovator.com/fix/wp-content/themes/betheme/visual-builder/assets/css/style.css?ver=1735757074" "Mozilla/5.0 (Windows NT 10.0; Win64; x64) AppleWebKit/537.36 (KHTML, like Gecko) Chrome/131.0.0.0 Safari/537.36"
36.255.40.37 - - [01/Jan/2025:13:44:49 -0500] "GET /fix/wp-content/themes/betheme/visual-builder/assets/svg/menu/import-page.svg HTTP/1.1" 200 242 "https://farhan.socialdigiinnovator.com/fix/wp-content/themes/betheme/visual-builder/assets/css/style.css?ver=1735757074" "Mozilla/5.0 (Windows NT 10.0; Win64; x64) AppleWebKit/537.36 (KHTML, like Gecko) Chrome/131.0.0.0 Safari/537.36"
36.255.40.37 - - [01/Jan/2025:13:44:49 -0500] "GET /fix/wp-content/themes/betheme/visual-builder/assets/svg/items/testimonials.svg HTTP/1.1" 200 277 "https://farhan.socialdigiinnovator.com/fix/wp-content/themes/betheme/visual-builder/assets/css/_icons.css" "Mozilla/5.0 (Windows NT 10.0; Win64; x64) AppleWebKit/537.36 (KHTML, like Gecko) Chrome/131.0.0.0 Safari/537.36"
36.255.40.37 - - [01/Jan/2025:13:44:50 -0500] "GET /fix/wp-content/themes/betheme/visual-builder/assets/svg/items/column.svg HTTP/1.1" 200 200 "https://farhan.socialdigiinnovator.com/fix/wp-content/themes/betheme/visual-builder/assets/css/_icons.css" "Mozilla/5.0 (Windows NT 10.0; Win64; x64) AppleWebKit/537.36 (KHTML, like Gecko) Chrome/131.0.0.0 Safari/537.36"
36.255.40.37 - - [01/Jan/2025:13:44:49 -0500] "GET /fix/wp-content/themes/betheme/visual-builder/assets/svg/menu/revision.svg HTTP/1.1" 200 260 "https://farhan.socialdigiinnovator.com/fix/wp-content/themes/betheme/visual-builder/assets/css/style.css?ver=1735757074" "Mozilla/5.0 (Windows NT 10.0; Win64; x64) AppleWebKit/537.36 (KHTML, like Gecko) Chrome/131.0.0.0 Safari/537.36"
36.255.40.37 - - [01/Jan/2025:13:44:49 -0500] "GET /fix/wp-content/themes/betheme/visual-builder/assets/svg/menu/settings.svg HTTP/1.1" 200 572 "https://farhan.socialdigiinnovator.com/fix/wp-content/themes/betheme/visual-builder/assets/css/style.css?ver=1735757074" "Mozilla/5.0 (Windows NT 10.0; Win64; x64) AppleWebKit/537.36 (KHTML, like Gecko) Chrome/131.0.0.0 Safari/537.36"
36.255.40.37 - - [01/Jan/2025:13:44:49 -0500] "GET /fix/wp-content/themes/betheme/visual-builder/assets/svg/menu/arrow-back-wordpress.svg HTTP/1.1" 200 140 "https://farhan.socialdigiinnovator.com/fix/wp-content/themes/betheme/visual-builder/assets/css/style.css?ver=1735757074" "Mozilla/5.0 (Windows NT 10.0; Win64; x64) AppleWebKit/537.36 (KHTML, like Gecko) Chrome/131.0.0.0 Safari/537.36"
36.255.40.37 - - [01/Jan/2025:13:44:50 -0500] "GET /fix/wp-content/themes/betheme/visual-builder/assets/svg/items/accordion.svg HTTP/1.1" 200 204 "https://farhan.socialdigiinnovator.com/fix/wp-content/themes/betheme/visual-builder/assets/css/_icons.css" "Mozilla/5.0 (Windows NT 10.0; Win64; x64) AppleWebKit/537.36 (KHTML, like Gecko) Chrome/131.0.0.0 Safari/537.36"
36.255.40.37 - - [01/Jan/2025:13:44:50 -0500] "GET /fix/wp-content/themes/betheme/visual-builder/assets/svg/items/before-after.svg HTTP/1.1" 200 264 "https://farhan.socialdigiinnovator.com/fix/wp-content/themes/betheme/visual-builder/assets/css/_icons.css" "Mozilla/5.0 (Windows NT 10.0; Win64; x64) AppleWebKit/537.36 (KHTML, like Gecko) Chrome/131.0.0.0 Safari/537.36"
36.255.40.37 - - [01/Jan/2025:13:44:50 -0500] "GET /fix/wp-content/themes/betheme/visual-builder/assets/svg/items/blog-news.svg HTTP/1.1" 200 266 "https://farhan.socialdigiinnovator.com/fix/wp-content/themes/betheme/visual-builder/assets/css/_icons.css" "Mozilla/5.0 (Windows NT 10.0; Win64; x64) AppleWebKit/537.36 (KHTML, like Gecko) Chrome/131.0.0.0 Safari/537.36"
36.255.40.37 - - [01/Jan/2025:13:44:50 -0500] "GET /fix/wp-content/themes/betheme/visual-builder/assets/svg/items/blog-teaser.svg HTTP/1.1" 200 202 "https://farhan.socialdigiinnovator.com/fix/wp-content/themes/betheme/visual-builder/assets/css/_icons.css" "Mozilla/5.0 (Windows NT 10.0; Win64; x64) AppleWebKit/537.36 (KHTML, like Gecko) Chrome/131.0.0.0 Safari/537.36"
36.255.40.37 - - [01/Jan/2025:13:44:50 -0500] "GET /fix/wp-content/themes/betheme/visual-builder/assets/svg/items/cf7.svg HTTP/1.1" 200 1520 "https://farhan.socialdigiinnovator.com/fix/wp-content/themes/betheme/visual-builder/assets/css/_icons.css" "Mozilla/5.0 (Windows NT 10.0; Win64; x64) AppleWebKit/537.36 (KHTML, like Gecko) Chrome/131.0.0.0 Safari/537.36"
36.255.40.37 - - [01/Jan/2025:13:44:50 -0500] "GET /fix/wp-content/themes/betheme/visual-builder/assets/svg/items/list_2.svg HTTP/1.1" 200 230 "https://farhan.socialdigiinnovator.com/fix/wp-content/themes/betheme/visual-builder/assets/css/_icons.css" "Mozilla/5.0 (Windows NT 10.0; Win64; x64) AppleWebKit/537.36 (KHTML, like Gecko) Chrome/131.0.0.0 Safari/537.36"
36.255.40.37 - - [01/Jan/2025:13:44:50 -0500] "GET /fix/wp-content/themes/betheme/visual-builder/assets/svg/items/info-box.svg HTTP/1.1" 200 252 "https://farhan.socialdigiinnovator.com/fix/wp-content/themes/betheme/visual-builder/assets/css/_icons.css" "Mozilla/5.0 (Windows NT 10.0; Win64; x64) AppleWebKit/537.36 (KHTML, like Gecko) Chrome/131.0.0.0 Safari/537.36"
36.255.40.37 - - [01/Jan/2025:13:44:50 -0500] "GET /fix/wp-content/themes/betheme/visual-builder/assets/svg/items/content.svg HTTP/1.1" 200 427 "https://farhan.socialdigiinnovator.com/fix/wp-content/themes/betheme/visual-builder/assets/css/_icons.css" "Mozilla/5.0 (Windows NT 10.0; Win64; x64) AppleWebKit/537.36 (KHTML, like Gecko) Chrome/131.0.0.0 Safari/537.36"
36.255.40.37 - - [01/Jan/2025:13:44:50 -0500] "GET /fix/wp-content/themes/betheme/visual-builder/assets/svg/items/image.svg HTTP/1.1" 200 254 "https://farhan.socialdigiinnovator.com/fix/wp-content/themes/betheme/visual-builder/assets/css/_icons.css" "Mozilla/5.0 (Windows NT 10.0; Win64; x64) AppleWebKit/537.36 (KHTML, like Gecko) Chrome/131.0.0.0 Safari/537.36"
36.255.40.37 - - [01/Jan/2025:13:44:50 -0500] "GET /fix/wp-content/themes/betheme/visual-builder/assets/svg/menu/options.svg HTTP/1.1" 200 587 "https://farhan.socialdigiinnovator.com/fix/wp-content/themes/betheme/visual-builder/assets/css/style.css?ver=1735757074" "Mozilla/5.0 (Windows NT 10.0; Win64; x64) AppleWebKit/537.36 (KHTML, like Gecko) Chrome/131.0.0.0 Safari/537.36"
36.255.40.37 - - [01/Jan/2025:13:44:50 -0500] "GET /fix/wp-content/themes/betheme/visual-builder/assets/svg/others/add-big.svg HTTP/1.1" 200 190 "https://farhan.socialdigiinnovator.com/fix/wp-content/themes/betheme/visual-builder/assets/css/_icons.css" "Mozilla/5.0 (Windows NT 10.0; Win64; x64) AppleWebKit/537.36 (KHTML, like Gecko) Chrome/131.0.0.0 Safari/537.36"
36.255.40.37 - - [01/Jan/2025:13:44:50 -0500] "GET /fix/wp-content/themes/betheme/visual-builder/assets/svg/items/how-it-works.svg HTTP/1.1" 200 224 "https://farhan.socialdigiinnovator.com/fix/wp-content/themes/betheme/visual-builder/assets/css/_icons.css" "Mozilla/5.0 (Windows NT 10.0; Win64; x64) AppleWebKit/537.36 (KHTML, like Gecko) Chrome/131.0.0.0 Safari/537.36"
36.255.40.37 - - [01/Jan/2025:13:44:50 -0500] "GET /fix/wp-content/themes/betheme/visual-builder/assets/svg/items/fancy-divider.svg HTTP/1.1" 200 272 "https://farhan.socialdigiinnovator.com/fix/wp-content/themes/betheme/visual-builder/assets/css/_icons.css" "Mozilla/5.0 (Windows NT 10.0; Win64; x64) AppleWebKit/537.36 (KHTML, like Gecko) Chrome/131.0.0.0 Safari/537.36"
36.255.40.37 - - [01/Jan/2025:13:44:50 -0500] "GET /fix/wp-content/themes/betheme/visual-builder/assets/svg/items/image-gallery.svg HTTP/1.1" 200 210 "https://farhan.socialdigiinnovator.com/fix/wp-content/themes/betheme/visual-builder/assets/css/_icons.css" "Mozilla/5.0 (Windows NT 10.0; Win64; x64) AppleWebKit/537.36 (KHTML, like Gecko) Chrome/131.0.0.0 Safari/537.36"
36.255.40.37 - - [01/Jan/2025:13:44:50 -0500] "GET /fix/wp-content/themes/betheme/visual-builder/assets/svg/items/countdown.svg HTTP/1.1" 200 349 "https://farhan.socialdigiinnovator.com/fix/wp-content/themes/betheme/visual-builder/assets/css/_icons.css" "Mozilla/5.0 (Windows NT 10.0; Win64; x64) AppleWebKit/537.36 (KHTML, like Gecko) Chrome/131.0.0.0 Safari/537.36"
36.255.40.37 - - [01/Jan/2025:13:44:50 -0500] "GET /fix/wp-content/themes/betheme/visual-builder/assets/svg/items/chart.svg HTTP/1.1" 200 245 "https://farhan.socialdigiinnovator.com/fix/wp-content/themes/betheme/visual-builder/assets/css/_icons.css" "Mozilla/5.0 (Windows NT 10.0; Win64; x64) AppleWebKit/537.36 (KHTML, like Gecko) Chrome/131.0.0.0 Safari/537.36"
36.255.40.37 - - [01/Jan/2025:13:44:50 -0500] "GET /fix/wp-content/themes/betheme/visual-builder/assets/svg/items/clients-slider.svg HTTP/1.1" 200 235 "https://farhan.socialdigiinnovator.com/fix/wp-content/themes/betheme/visual-builder/assets/css/_icons.css" "Mozilla/5.0 (Windows NT 10.0; Win64; x64) AppleWebKit/537.36 (KHTML, like Gecko) Chrome/131.0.0.0 Safari/537.36"
36.255.40.37 - - [01/Jan/2025:13:44:50 -0500] "GET /fix/wp-content/themes/betheme/visual-builder/assets/svg/items/hotspot.svg HTTP/1.1" 200 421 "https://farhan.socialdigiinnovator.com/fix/wp-content/themes/betheme/visual-builder/assets/css/_icons.css" "Mozilla/5.0 (Windows NT 10.0; Win64; x64) AppleWebKit/537.36 (KHTML, like Gecko) Chrome/131.0.0.0 Safari/537.36"
36.255.40.37 - - [01/Jan/2025:13:44:50 -0500] "GET /fix/wp-content/themes/betheme/visual-builder/assets/svg/items/our-team.svg HTTP/1.1" 200 205 "https://farhan.socialdigiinnovator.com/fix/wp-content/themes/betheme/visual-builder/assets/css/_icons.css" "Mozilla/5.0 (Windows NT 10.0; Win64; x64) AppleWebKit/537.36 (KHTML, like Gecko) Chrome/131.0.0.0 Safari/537.36"
36.255.40.37 - - [01/Jan/2025:13:44:50 -0500] "GET /fix/wp-content/themes/betheme/visual-builder/assets/svg/items/pricing-item.svg HTTP/1.1" 200 224 "https://farhan.socialdigiinnovator.com/fix/wp-content/themes/betheme/visual-builder/assets/css/_icons.css" "Mozilla/5.0 (Windows NT 10.0; Win64; x64) AppleWebKit/537.36 (KHTML, like Gecko) Chrome/131.0.0.0 Safari/537.36"
36.255.40.37 - - [01/Jan/2025:13:44:50 -0500] "GET /fix/wp-content/themes/betheme/visual-builder/assets/svg/items/opening-hours.svg HTTP/1.1" 200 190 "https://farhan.socialdigiinnovator.com/fix/wp-content/themes/betheme/visual-builder/assets/css/_icons.css" "Mozilla/5.0 (Windows NT 10.0; Win64; x64) AppleWebKit/537.36 (KHTML, like Gecko) Chrome/131.0.0.0 Safari/537.36"
36.255.40.37 - - [01/Jan/2025:13:44:50 -0500] "GET /fix/wp-content/themes/betheme/visual-builder/assets/svg/items/progress-bars.svg HTTP/1.1" 200 291 "https://farhan.socialdigiinnovator.com/fix/wp-content/themes/betheme/visual-builder/assets/css/_icons.css" "Mozilla/5.0 (Windows NT 10.0; Win64; x64) AppleWebKit/537.36 (KHTML, like Gecko) Chrome/131.0.0.0 Safari/537.36"
36.255.40.37 - - [01/Jan/2025:13:44:50 -0500] "GET /fix/wp-content/themes/betheme/visual-builder/assets/svg/items/contact-box.svg HTTP/1.1" 200 334 "https://farhan.socialdigiinnovator.com/fix/wp-content/themes/betheme/visual-builder/assets/css/_icons.css" "Mozilla/5.0 (Windows NT 10.0; Win64; x64) AppleWebKit/537.36 (KHTML, like Gecko) Chrome/131.0.0.0 Safari/537.36"
36.255.40.37 - - [01/Jan/2025:13:44:50 -0500] "GET /fix/wp-content/themes/betheme/visual-builder/assets/svg/items/photo-box.svg HTTP/1.1" 200 291 "https://farhan.socialdigiinnovator.com/fix/wp-content/themes/betheme/visual-builder/assets/css/_icons.css" "Mozilla/5.0 (Windows NT 10.0; Win64; x64) AppleWebKit/537.36 (KHTML, like Gecko) Chrome/131.0.0.0 Safari/537.36"
36.255.40.37 - - [01/Jan/2025:13:44:50 -0500] "GET /fix/wp-content/themes/betheme/visual-builder/assets/svg/items/shop-slider.svg HTTP/1.1" 200 242 "https://farhan.socialdigiinnovator.com/fix/wp-content/themes/betheme/visual-builder/assets/css/_icons.css" "Mozilla/5.0 (Windows NT 10.0; Win64; x64) AppleWebKit/537.36 (KHTML, like Gecko) Chrome/131.0.0.0 Safari/537.36"
36.255.40.37 - - [01/Jan/2025:13:44:50 -0500] "GET /fix/wp-content/themes/betheme/visual-builder/assets/svg/items/slider-plugin.svg HTTP/1.1" 200 359 "https://farhan.socialdigiinnovator.com/fix/wp-content/themes/betheme/visual-builder/assets/css/_icons.css" "Mozilla/5.0 (Windows NT 10.0; Win64; x64) AppleWebKit/537.36 (KHTML, like Gecko) Chrome/131.0.0.0 Safari/537.36"
36.255.40.37 - - [01/Jan/2025:13:44:50 -0500] "GET /fix/wp-content/themes/betheme/visual-builder/assets/svg/items/slider.svg HTTP/1.1" 200 211 "https://farhan.socialdigiinnovator.com/fix/wp-content/themes/betheme/visual-builder/assets/css/_icons.css" "Mozilla/5.0 (Windows NT 10.0; Win64; x64) AppleWebKit/537.36 (KHTML, like Gecko) Chrome/131.0.0.0 Safari/537.36"
36.255.40.37 - - [01/Jan/2025:13:44:50 -0500] "GET /fix/wp-content/themes/betheme/visual-builder/assets/svg/items/tag-cloud.svg HTTP/1.1" 200 342 "https://farhan.socialdigiinnovator.com/fix/wp-content/themes/betheme/visual-builder/assets/css/_icons.css" "Mozilla/5.0 (Windows NT 10.0; Win64; x64) AppleWebKit/537.36 (KHTML, like Gecko) Chrome/131.0.0.0 Safari/537.36"
36.255.40.37 - - [01/Jan/2025:13:44:50 -0500] "GET /fix/wp-content/themes/betheme/visual-builder/assets/svg/menu/theme-options.svg HTTP/1.1" 200 936 "https://farhan.socialdigiinnovator.com/fix/wp-content/themes/betheme/visual-builder/assets/css/style.css?ver=1735757074" "Mozilla/5.0 (Windows NT 10.0; Win64; x64) AppleWebKit/537.36 (KHTML, like Gecko) Chrome/131.0.0.0 Safari/537.36"
36.255.40.37 - - [01/Jan/2025:13:44:50 -0500] "GET /fix/wp-content/themes/betheme/visual-builder/assets/svg/items/divider_2.svg HTTP/1.1" 200 385 "https://farhan.socialdigiinnovator.com/fix/wp-content/themes/betheme/visual-builder/assets/css/_icons.css" "Mozilla/5.0 (Windows NT 10.0; Win64; x64) AppleWebKit/537.36 (KHTML, like Gecko) Chrome/131.0.0.0 Safari/537.36"
36.255.40.37 - - [01/Jan/2025:13:44:50 -0500] "GET /fix/wp-content/themes/betheme/visual-builder/assets/svg/items/flat-box.svg HTTP/1.1" 200 210 "https://farhan.socialdigiinnovator.com/fix/wp-content/themes/betheme/visual-builder/assets/css/_icons.css" "Mozilla/5.0 (Windows NT 10.0; Win64; x64) AppleWebKit/537.36 (KHTML, like Gecko) Chrome/131.0.0.0 Safari/537.36"
36.255.40.37 - - [01/Jan/2025:13:44:50 -0500] "GET /fix/wp-content/themes/betheme/visual-builder/assets/svg/items/map.svg HTTP/1.1" 200 291 "https://farhan.socialdigiinnovator.com/fix/wp-content/themes/betheme/visual-builder/assets/css/_icons.css" "Mozilla/5.0 (Windows NT 10.0; Win64; x64) AppleWebKit/537.36 (KHTML, like Gecko) Chrome/131.0.0.0 Safari/537.36"
36.255.40.37 - - [01/Jan/2025:13:44:50 -0500] "GET /fix/wp-content/themes/betheme/visual-builder/assets/svg/items/helper.svg HTTP/1.1" 200 314 "https://farhan.socialdigiinnovator.com/fix/wp-content/themes/betheme/visual-builder/assets/css/_icons.css" "Mozilla/5.0 (Windows NT 10.0; Win64; x64) AppleWebKit/537.36 (KHTML, like Gecko) Chrome/131.0.0.0 Safari/537.36"
36.255.40.37 - - [01/Jan/2025:13:44:50 -0500] "GET /fix/wp-content/themes/betheme/visual-builder/assets/svg/items/icon-box-2.svg HTTP/1.1" 200 253 "https://farhan.socialdigiinnovator.com/fix/wp-content/themes/betheme/visual-builder/assets/css/_icons.css" "Mozilla/5.0 (Windows NT 10.0; Win64; x64) AppleWebKit/537.36 (KHTML, like Gecko) Chrome/131.0.0.0 Safari/537.36"
36.255.40.37 - - [01/Jan/2025:13:44:50 -0500] "GET /fix/wp-content/themes/betheme/visual-builder/assets/svg/items/livesearch.svg HTTP/1.1" 200 206 "https://farhan.socialdigiinnovator.com/fix/wp-content/themes/betheme/visual-builder/assets/css/_icons.css" "Mozilla/5.0 (Windows NT 10.0; Win64; x64) AppleWebKit/537.36 (KHTML, like Gecko) Chrome/131.0.0.0 Safari/537.36"
36.255.40.37 - - [01/Jan/2025:13:44:50 -0500] "GET /fix/wp-content/themes/betheme/visual-builder/assets/svg/items/portfolio-grid.svg HTTP/1.1" 200 219 "https://farhan.socialdigiinnovator.com/fix/wp-content/themes/betheme/visual-builder/assets/css/_icons.css" "Mozilla/5.0 (Windows NT 10.0; Win64; x64) AppleWebKit/537.36 (KHTML, like Gecko) Chrome/131.0.0.0 Safari/537.36"
