66.249.74.72 - - [31/May/2025:20:27:34 -0400] "GET /?_gl=1*rgknbr*_ga*MzY3MjE1MDcwLjE3MzcwOTUyMjA.*_ga_0VKVKKN4NV*MTczNzEwMjM4NC4yLjEuMTczNzEwMjQ1My42MC4wLjA.&_bd_prev_page=https://sdipmtools.com/detail.php?shopdetail/21975508 HTTP/1.1" 200 4430 "-" "Mozilla/5.0 (Linux; Android 6.0.1; Nexus 5X Build/MMB29P) AppleWebKit/537.36 (KHTML, like Gecko) Chrome/136.0.7103.113 Mobile Safari/537.36 (compatible; Googlebot/2.1; +http://www.google.com/bot.html)"
66.249.65.193 - - [31/May/2025:20:27:39 -0400] "GET /?_gl=1*rgknbr*_ga*MzY3MjE1MDcwLjE3MzcwOTUyMjA.*_ga_0VKVKKN4NV*MTczNzEwMjM4NC4yLjEuMTczNzEwMjQ1My42MC4wLjA.&_bd_prev_page=https://www.sdipmtools.com/detail.php?shopdetail/3360086 HTTP/1.1" 200 4434 "-" "Mozilla/5.0 (Linux; Android 6.0.1; Nexus 5X Build/MMB29P) AppleWebKit/537.36 (KHTML, like Gecko) Chrome/136.0.7103.113 Mobile Safari/537.36 (compatible; Googlebot/2.1; +http://www.google.com/bot.html)"
141.98.11.222 - - [31/May/2025:20:27:41 -0400] "GET /?_gl=1rgknbr_gaMzY3MjE1MDcwLjE3MzcwOTUyMjA._ga_0VKVKKN4NVMTczNzEwMjM4NC4yLjEuMTczNzEwMjQ1My42MC4wLjA.&_bd_prev_page=https://sdipmtools.com/detail.php?shopdetail/18691608 HTTP/1.1" 200 5279 "https://sdipmtools.com/?_gl=1rgknbr_gaMzY3MjE1MDcwLjE3MzcwOTUyMjA._ga_0VKVKKN4NVMTczNzEwMjM4NC4yLjEuMTczNzEwMjQ1My42MC4wLjA.&_bd_prev_page=https://sdipmtools.com/detail.php?shopdetail/18691608" "Opera/9.20 (X11; Linux i686; U; en)"
141.98.11.222 - - [31/May/2025:20:27:44 -0400] "GET /?_gl=1rgknbr_gaMzY3MjE1MDcwLjE3MzcwOTUyMjA._ga_0VKVKKN4NVMTczNzEwMjM4NC4yLjEuMTczNzEwMjQ1My42MC4wLjA.&_bd_prev_page=https://sdipmtools.com/detail.php?shopdetail/18691608 HTTP/1.1" 200 5279 "https://sdipmtools.com/?_gl=1rgknbr_gaMzY3MjE1MDcwLjE3MzcwOTUyMjA._ga_0VKVKKN4NVMTczNzEwMjM4NC4yLjEuMTczNzEwMjQ1My42MC4wLjA.&_bd_prev_page=https://sdipmtools.com/detail.php?shopdetail/18691608" "Opera/9.20 (X11; Linux i686; U; en)"
66.249.74.73 - - [31/May/2025:20:22:55 -0400] "GET /?_gl=1*rgknbr*_ga*MzY3MjE1MDcwLjE3MzcwOTUyMjA.*_ga_0VKVKKN4NV*MTczNzEwMjM4NC4yLjEuMTczNzEwMjQ1My42MC4wLjA.&_bd_prev_page=https://sdipmtools.com/detail.php?shopdetail/27592986 HTTP/1.1" 200 4430 "-" "Mozilla/5.0 (Linux; Android 6.0.1; Nexus 5X Build/MMB29P) AppleWebKit/537.36 (KHTML, like Gecko) Chrome/136.0.7103.113 Mobile Safari/537.36 (compatible; Googlebot/2.1; +http://www.google.com/bot.html)"
66.249.65.193 - - [31/May/2025:20:23:25 -0400] "GET /js/main.js HTTP/1.1" 200 1033573 "https://sdipmtools.com/login" "Mozilla/5.0 (Linux; Android 6.0.1; Nexus 5X Build/MMB29P) AppleWebKit/537.36 (KHTML, like Gecko) Chrome/136.0.7103.92 Mobile Safari/537.36 (compatible; Googlebot/2.1; +http://www.google.com/bot.html)"
66.249.65.195 - - [31/May/2025:20:24:11 -0400] "GET /?_gl=1*rgknbr*_ga*MzY3MjE1MDcwLjE3MzcwOTUyMjA.*_ga_0VKVKKN4NV*MTczNzEwMjM4NC4yLjEuMTczNzEwMjQ1My42MC4wLjA.&_bd_prev_page=https://www.sdipmtools.com/detail.php?shopdetail/4424864 HTTP/1.1" 200 4434 "-" "Mozilla/5.0 (Linux; Android 6.0.1; Nexus 5X Build/MMB29P) AppleWebKit/537.36 (KHTML, like Gecko) Chrome/136.0.7103.113 Mobile Safari/537.36 (compatible; Googlebot/2.1; +http://www.google.com/bot.html)"
44.223.84.52 - - [31/May/2025:20:25:14 -0400] "GET / HTTP/1.1" 200 4430 "-" "Mozilla/5.0 (Windows NT 10.0; Win64; x64) AppleWebKit/537.36 (KHTML, like Gecko) Chrome/104.0.0.0 Safari/537.36"
66.249.65.193 - - [31/May/2025:20:26:09 -0400] "GET /?_gl=1*rgknbr*_ga*MzY3MjE1MDcwLjE3MzcwOTUyMjA.*_ga_0VKVKKN4NV*MTczNzEwMjM4NC4yLjEuMTczNzEwMjQ1My42MC4wLjA.&_bd_prev_page=https://www.sdipmtools.com/detail.php?shopdetail/12825920 HTTP/1.1" 200 4434 "-" "Mozilla/5.0 (Linux; Android 6.0.1; Nexus 5X Build/MMB29P) AppleWebKit/537.36 (KHTML, like Gecko) Chrome/136.0.7103.113 Mobile Safari/537.36 (compatible; Googlebot/2.1; +http://www.google.com/bot.html)"
66.249.65.194 - - [31/May/2025:20:27:21 -0400] "GET /js/main.js HTTP/1.1" 200 1033573 "https://www.sdipmtools.com/login" "Mozilla/5.0 (Linux; Android 6.0.1; Nexus 5X Build/MMB29P) AppleWebKit/537.36 (KHTML, like Gecko) Chrome/136.0.7103.92 Mobile Safari/537.36 (compatible; Googlebot/2.1; +http://www.google.com/bot.html)"
66.249.65.194 - - [31/May/2025:20:27:24 -0400] "GET /?_gl=1*rgknbr*_ga*MzY3MjE1MDcwLjE3MzcwOTUyMjA.*_ga_0VKVKKN4NV*MTczNzEwMjM4NC4yLjEuMTczNzEwMjQ1My42MC4wLjA.&_bd_prev_page=https://www.sdipmtools.com/detail.php?shopdetail/24880008 HTTP/1.1" 200 4434 "-" "Mozilla/5.0 (Linux; Android 6.0.1; Nexus 5X Build/MMB29P) AppleWebKit/537.36 (KHTML, like Gecko) Chrome/136.0.7103.113 Mobile Safari/537.36 (compatible; Googlebot/2.1; +http://www.google.com/bot.html)"
141.98.11.222 - - [31/May/2025:20:27:41 -0400] "GET /login HTTP/1.1" 200 7574 "https://sdipmtools.com/?_gl=1rgknbr_gaMzY3MjE1MDcwLjE3MzcwOTUyMjA._ga_0VKVKKN4NVMTczNzEwMjM4NC4yLjEuMTczNzEwMjQ1My42MC4wLjA.&_bd_prev_page=https://sdipmtools.com/detail.php?shopdetail/18691608" "Opera/9.20 (X11; Linux i686; U; en)"
141.98.11.222 - - [31/May/2025:20:27:44 -0400] "GET /?_gl=1rgknbr_gaMzY3MjE1MDcwLjE3MzcwOTUyMjA._ga_0VKVKKN4NVMTczNzEwMjM4NC4yLjEuMTczNzEwMjQ1My42MC4wLjA.&_bd_prev_page=https://sdipmtools.com/detail.php?shopdetail/18691608&nJdH=8156%20AND%201%3D1%20UNION%20ALL%20SELECT%201%2CNULL%2C%27%3Cscript%3Ealert%28%22XSS%22%29%3C%2Fscript%3E%27%2Ctable_name%20FROM%20information_schema.tables%20WHERE%202%3E1--%2F%2A%2A%2F%3B%20EXEC%20xp_cmdshell%28%27cat%20..%2F..%2F..%2Fetc%2Fpasswd%27%29%23 HTTP/1.1" 403 1242 "https://sdipmtools.com/?_gl=1rgknbr_gaMzY3MjE1MDcwLjE3MzcwOTUyMjA._ga_0VKVKKN4NVMTczNzEwMjM4NC4yLjEuMTczNzEwMjQ1My42MC4wLjA.&_bd_prev_page=https://sdipmtools.com/detail.php?shopdetail/18691608" "Opera/9.20 (X11; Linux i686; U; en)"
141.98.11.222 - - [31/May/2025:20:27:45 -0400] "GET /login HTTP/1.1" 200 7574 "https://sdipmtools.com/?_gl=1rgknbr_gaMzY3MjE1MDcwLjE3MzcwOTUyMjA._ga_0VKVKKN4NVMTczNzEwMjM4NC4yLjEuMTczNzEwMjQ1My42MC4wLjA.&_bd_prev_page=https://sdipmtools.com/detail.php?shopdetail/18691608" "Opera/9.20 (X11; Linux i686; U; en)"
141.98.11.222 - - [31/May/2025:20:27:47 -0400] "GET /?_gl=1rgknbr_gaMzY3MjE1MDcwLjE3MzcwOTUyMjA._ga_0VKVKKN4NVMTczNzEwMjM4NC4yLjEuMTczNzEwMjQ1My42MC4wLjA.&_bd_prev_page=https://sdipmtools.com/detail.php?shopdetail/18691608 HTTP/1.1" 200 5279 "https://sdipmtools.com/?_gl=1rgknbr_gaMzY3MjE1MDcwLjE3MzcwOTUyMjA._ga_0VKVKKN4NVMTczNzEwMjM4NC4yLjEuMTczNzEwMjQ1My42MC4wLjA.&_bd_prev_page=https://sdipmtools.com/detail.php?shopdetail/18691608" "Opera/9.20 (X11; Linux i686; U; en)"
141.98.11.222 - - [31/May/2025:20:27:47 -0400] "GET /login HTTP/1.1" 200 7576 "https://sdipmtools.com/?_gl=1rgknbr_gaMzY3MjE1MDcwLjE3MzcwOTUyMjA._ga_0VKVKKN4NVMTczNzEwMjM4NC4yLjEuMTczNzEwMjQ1My42MC4wLjA.&_bd_prev_page=https://sdipmtools.com/detail.php?shopdetail/18691608" "Opera/9.20 (X11; Linux i686; U; en)"
141.98.11.222 - - [31/May/2025:20:27:51 -0400] "GET /login HTTP/1.1" 200 7575 "https://sdipmtools.com/?_gl=1rgknbr_gaMzY3MjE1MDcwLjE3MzcwOTUyMjA._ga_0VKVKKN4NVMTczNzEwMjM4NC4yLjEuMTczNzEwMjQ1My42MC4wLjA.&_bd_prev_page=https://sdipmtools.com/detail.php?shopdetail/18691608" "Opera/9.20 (X11; Linux i686; U; en)"
141.98.11.222 - - [31/May/2025:20:27:53 -0400] "GET /?_gl=1%27LSePgC%3C%27%22%3EgTRtPErgknbr_gaMzY3MjE1MDcwLjE3MzcwOTUyMjA._ga_0VKVKKN4NVMTczNzEwMjM4NC4yLjEuMTczNzEwMjQ1My42MC4wLjA.&_bd_prev_page=https://sdipmtools.com/detail.php?shopdetail/18691608 HTTP/1.1" 200 5279 "https://sdipmtools.com/?_gl=1rgknbr_gaMzY3MjE1MDcwLjE3MzcwOTUyMjA._ga_0VKVKKN4NVMTczNzEwMjM4NC4yLjEuMTczNzEwMjQ1My42MC4wLjA.&_bd_prev_page=https://sdipmtools.com/detail.php?shopdetail/18691608" "Opera/9.20 (X11; Linux i686; U; en)"
141.98.11.222 - - [31/May/2025:20:27:53 -0400] "GET /login HTTP/1.1" 200 7568 "https://sdipmtools.com/?_gl=1rgknbr_gaMzY3MjE1MDcwLjE3MzcwOTUyMjA._ga_0VKVKKN4NVMTczNzEwMjM4NC4yLjEuMTczNzEwMjQ1My42MC4wLjA.&_bd_prev_page=https://sdipmtools.com/detail.php?shopdetail/18691608" "Opera/9.20 (X11; Linux i686; U; en)"
141.98.11.222 - - [31/May/2025:20:27:56 -0400] "GET /login HTTP/1.1" 200 7573 "https://sdipmtools.com/?_gl=1rgknbr_gaMzY3MjE1MDcwLjE3MzcwOTUyMjA._ga_0VKVKKN4NVMTczNzEwMjM4NC4yLjEuMTczNzEwMjQ1My42MC4wLjA.&_bd_prev_page=https://sdipmtools.com/detail.php?shopdetail/18691608" "Opera/9.20 (X11; Linux i686; U; en)"
141.98.11.222 - - [31/May/2025:20:27:58 -0400] "GET /?_gl=1rgknbr%2C%28%2C%29%29%22%2C.%29%27_gaMzY3MjE1MDcwLjE3MzcwOTUyMjA._ga_0VKVKKN4NVMTczNzEwMjM4NC4yLjEuMTczNzEwMjQ1My42MC4wLjA.&_bd_prev_page=https://sdipmtools.com/detail.php?shopdetail/18691608 HTTP/1.1" 200 5279 "https://sdipmtools.com/?_gl=1rgknbr_gaMzY3MjE1MDcwLjE3MzcwOTUyMjA._ga_0VKVKKN4NVMTczNzEwMjM4NC4yLjEuMTczNzEwMjQ1My42MC4wLjA.&_bd_prev_page=https://sdipmtools.com/detail.php?shopdetail/18691608" "Opera/9.20 (X11; Linux i686; U; en)"
141.98.11.222 - - [31/May/2025:20:28:00 -0400] "GET /?_gl=1rgknbr%27UEjgXw%3C%27%22%3Eiikewi_gaMzY3MjE1MDcwLjE3MzcwOTUyMjA._ga_0VKVKKN4NVMTczNzEwMjM4NC4yLjEuMTczNzEwMjQ1My42MC4wLjA.&_bd_prev_page=https://sdipmtools.com/detail.php?shopdetail/18691608 HTTP/1.1" 200 5279 "https://sdipmtools.com/?_gl=1rgknbr_gaMzY3MjE1MDcwLjE3MzcwOTUyMjA._ga_0VKVKKN4NVMTczNzEwMjM4NC4yLjEuMTczNzEwMjQ1My42MC4wLjA.&_bd_prev_page=https://sdipmtools.com/detail.php?shopdetail/18691608" "Opera/9.20 (X11; Linux i686; U; en)"
141.98.11.222 - - [31/May/2025:20:28:00 -0400] "GET /login HTTP/1.1" 200 7573 "https://sdipmtools.com/?_gl=1rgknbr_gaMzY3MjE1MDcwLjE3MzcwOTUyMjA._ga_0VKVKKN4NVMTczNzEwMjM4NC4yLjEuMTczNzEwMjQ1My42MC4wLjA.&_bd_prev_page=https://sdipmtools.com/detail.php?shopdetail/18691608" "Opera/9.20 (X11; Linux i686; U; en)"
141.98.11.222 - - [31/May/2025:20:28:01 -0400] "GET /?_gl=3578MzY3MjE1MDcwLjE3MzcwOTUyMjA._ga_0VKVKKN4NVMTczNzEwMjM4NC4yLjEuMTczNzEwMjQ1My42MC4wLjA.&_bd_prev_page=https://sdipmtools.com/detail.php?shopdetail/18691608 HTTP/1.1" 200 5279 "https://sdipmtools.com/?_gl=1rgknbr_gaMzY3MjE1MDcwLjE3MzcwOTUyMjA._ga_0VKVKKN4NVMTczNzEwMjM4NC4yLjEuMTczNzEwMjQ1My42MC4wLjA.&_bd_prev_page=https://sdipmtools.com/detail.php?shopdetail/18691608" "Opera/9.20 (X11; Linux i686; U; en)"
141.98.11.222 - - [31/May/2025:20:27:49 -0400] "GET /?_gl=9759rgknbr_gaMzY3MjE1MDcwLjE3MzcwOTUyMjA._ga_0VKVKKN4NVMTczNzEwMjM4NC4yLjEuMTczNzEwMjQ1My42MC4wLjA.&_bd_prev_page=https://sdipmtools.com/detail.php?shopdetail/18691608 HTTP/1.1" 200 5279 "https://sdipmtools.com/?_gl=1rgknbr_gaMzY3MjE1MDcwLjE3MzcwOTUyMjA._ga_0VKVKKN4NVMTczNzEwMjM4NC4yLjEuMTczNzEwMjQ1My42MC4wLjA.&_bd_prev_page=https://sdipmtools.com/detail.php?shopdetail/18691608" "Opera/9.20 (X11; Linux i686; U; en)"
141.98.11.222 - - [31/May/2025:20:27:50 -0400] "GET /login HTTP/1.1" 200 7572 "https://sdipmtools.com/?_gl=1rgknbr_gaMzY3MjE1MDcwLjE3MzcwOTUyMjA._ga_0VKVKKN4NVMTczNzEwMjM4NC4yLjEuMTczNzEwMjQ1My42MC4wLjA.&_bd_prev_page=https://sdipmtools.com/detail.php?shopdetail/18691608" "Opera/9.20 (X11; Linux i686; U; en)"
141.98.11.222 - - [31/May/2025:20:27:51 -0400] "GET /?_gl=1%2C%28%2C%29%27.%28%28%22.rgknbr_gaMzY3MjE1MDcwLjE3MzcwOTUyMjA._ga_0VKVKKN4NVMTczNzEwMjM4NC4yLjEuMTczNzEwMjQ1My42MC4wLjA.&_bd_prev_page=https://sdipmtools.com/detail.php?shopdetail/18691608 HTTP/1.1" 200 5279 "https://sdipmtools.com/?_gl=1rgknbr_gaMzY3MjE1MDcwLjE3MzcwOTUyMjA._ga_0VKVKKN4NVMTczNzEwMjM4NC4yLjEuMTczNzEwMjQ1My42MC4wLjA.&_bd_prev_page=https://sdipmtools.com/detail.php?shopdetail/18691608" "Opera/9.20 (X11; Linux i686; U; en)"
66.249.65.193 - - [31/May/2025:20:27:51 -0400] "GET /js/main.js HTTP/1.1" 200 1033573 "https://sdipmtools.com/login" "Mozilla/5.0 (Linux; Android 6.0.1; Nexus 5X Build/MMB29P) AppleWebKit/537.36 (KHTML, like Gecko) Chrome/136.0.7103.92 Mobile Safari/537.36 (compatible; Googlebot/2.1; +http://www.google.com/bot.html)"
141.98.11.222 - - [31/May/2025:20:27:55 -0400] "GET /?_gl=9225_gaMzY3MjE1MDcwLjE3MzcwOTUyMjA._ga_0VKVKKN4NVMTczNzEwMjM4NC4yLjEuMTczNzEwMjQ1My42MC4wLjA.&_bd_prev_page=https://sdipmtools.com/detail.php?shopdetail/18691608 HTTP/1.1" 200 5279 "https://sdipmtools.com/?_gl=1rgknbr_gaMzY3MjE1MDcwLjE3MzcwOTUyMjA._ga_0VKVKKN4NVMTczNzEwMjM4NC4yLjEuMTczNzEwMjQ1My42MC4wLjA.&_bd_prev_page=https://sdipmtools.com/detail.php?shopdetail/18691608" "Opera/9.20 (X11; Linux i686; U; en)"
141.98.11.222 - - [31/May/2025:20:27:58 -0400] "GET /login HTTP/1.1" 200 7572 "https://sdipmtools.com/?_gl=1rgknbr_gaMzY3MjE1MDcwLjE3MzcwOTUyMjA._ga_0VKVKKN4NVMTczNzEwMjM4NC4yLjEuMTczNzEwMjQ1My42MC4wLjA.&_bd_prev_page=https://sdipmtools.com/detail.php?shopdetail/18691608" "Opera/9.20 (X11; Linux i686; U; en)"
141.98.11.222 - - [31/May/2025:20:28:05 -0400] "GET /login HTTP/1.1" 200 7571 "https://sdipmtools.com/?_gl=1rgknbr_gaMzY3MjE1MDcwLjE3MzcwOTUyMjA._ga_0VKVKKN4NVMTczNzEwMjM4NC4yLjEuMTczNzEwMjQ1My42MC4wLjA.&_bd_prev_page=https://sdipmtools.com/detail.php?shopdetail/18691608" "Opera/9.20 (X11; Linux i686; U; en)"
141.98.11.222 - - [31/May/2025:20:28:06 -0400] "GET /?_gl=2312_ga_0VKVKKN4NVMTczNzEwMjM4NC4yLjEuMTczNzEwMjQ1My42MC4wLjA.&_bd_prev_page=https://sdipmtools.com/detail.php?shopdetail/18691608 HTTP/1.1" 200 5279 "https://sdipmtools.com/?_gl=1rgknbr_gaMzY3MjE1MDcwLjE3MzcwOTUyMjA._ga_0VKVKKN4NVMTczNzEwMjM4NC4yLjEuMTczNzEwMjQ1My42MC4wLjA.&_bd_prev_page=https://sdipmtools.com/detail.php?shopdetail/18691608" "Opera/9.20 (X11; Linux i686; U; en)"
141.98.11.222 - - [31/May/2025:20:28:08 -0400] "GET /?_gl=1rgknbr_gaMzY3MjE1MDcwLjE3MzcwOTUyMjA.%2C.%22.%28%27%29%2C.%2C_ga_0VKVKKN4NVMTczNzEwMjM4NC4yLjEuMTczNzEwMjQ1My42MC4wLjA.&_bd_prev_page=https://sdipmtools.com/detail.php?shopdetail/18691608 HTTP/1.1" 200 5279 "https://sdipmtools.com/?_gl=1rgknbr_gaMzY3MjE1MDcwLjE3MzcwOTUyMjA._ga_0VKVKKN4NVMTczNzEwMjM4NC4yLjEuMTczNzEwMjQ1My42MC4wLjA.&_bd_prev_page=https://sdipmtools.com/detail.php?shopdetail/18691608" "Opera/9.20 (X11; Linux i686; U; en)"
141.98.11.222 - - [31/May/2025:20:28:08 -0400] "GET /login HTTP/1.1" 200 7574 "https://sdipmtools.com/?_gl=1rgknbr_gaMzY3MjE1MDcwLjE3MzcwOTUyMjA._ga_0VKVKKN4NVMTczNzEwMjM4NC4yLjEuMTczNzEwMjQ1My42MC4wLjA.&_bd_prev_page=https://sdipmtools.com/detail.php?shopdetail/18691608" "Opera/9.20 (X11; Linux i686; U; en)"
141.98.11.222 - - [31/May/2025:20:28:02 -0400] "GET /login HTTP/1.1" 200 7575 "https://sdipmtools.com/?_gl=1rgknbr_gaMzY3MjE1MDcwLjE3MzcwOTUyMjA._ga_0VKVKKN4NVMTczNzEwMjM4NC4yLjEuMTczNzEwMjQ1My42MC4wLjA.&_bd_prev_page=https://sdipmtools.com/detail.php?shopdetail/18691608" "Opera/9.20 (X11; Linux i686; U; en)"
141.98.11.222 - - [31/May/2025:20:28:03 -0400] "GET /?_gl=1rgknbr_ga.%2C%2C%29..%22..%27MzY3MjE1MDcwLjE3MzcwOTUyMjA._ga_0VKVKKN4NVMTczNzEwMjM4NC4yLjEuMTczNzEwMjQ1My42MC4wLjA.&_bd_prev_page=https://sdipmtools.com/detail.php?shopdetail/18691608 HTTP/1.1" 200 5279 "https://sdipmtools.com/?_gl=1rgknbr_gaMzY3MjE1MDcwLjE3MzcwOTUyMjA._ga_0VKVKKN4NVMTczNzEwMjM4NC4yLjEuMTczNzEwMjQ1My42MC4wLjA.&_bd_prev_page=https://sdipmtools.com/detail.php?shopdetail/18691608" "Opera/9.20 (X11; Linux i686; U; en)"
141.98.11.222 - - [31/May/2025:20:28:04 -0400] "GET /login HTTP/1.1" 200 7575 "https://sdipmtools.com/?_gl=1rgknbr_gaMzY3MjE1MDcwLjE3MzcwOTUyMjA._ga_0VKVKKN4NVMTczNzEwMjM4NC4yLjEuMTczNzEwMjQ1My42MC4wLjA.&_bd_prev_page=https://sdipmtools.com/detail.php?shopdetail/18691608" "Opera/9.20 (X11; Linux i686; U; en)"
141.98.11.222 - - [31/May/2025:20:28:04 -0400] "GET /?_gl=1rgknbr_ga%27TdmuvH%3C%27%22%3EoLzYUQMzY3MjE1MDcwLjE3MzcwOTUyMjA._ga_0VKVKKN4NVMTczNzEwMjM4NC4yLjEuMTczNzEwMjQ1My42MC4wLjA.&_bd_prev_page=https://sdipmtools.com/detail.php?shopdetail/18691608 HTTP/1.1" 200 5279 "https://sdipmtools.com/?_gl=1rgknbr_gaMzY3MjE1MDcwLjE3MzcwOTUyMjA._ga_0VKVKKN4NVMTczNzEwMjM4NC4yLjEuMTczNzEwMjQ1My42MC4wLjA.&_bd_prev_page=https://sdipmtools.com/detail.php?shopdetail/18691608" "Opera/9.20 (X11; Linux i686; U; en)"
141.98.11.222 - - [31/May/2025:20:28:07 -0400] "GET /login HTTP/1.1" 200 7576 "https://sdipmtools.com/?_gl=1rgknbr_gaMzY3MjE1MDcwLjE3MzcwOTUyMjA._ga_0VKVKKN4NVMTczNzEwMjM4NC4yLjEuMTczNzEwMjQ1My42MC4wLjA.&_bd_prev_page=https://sdipmtools.com/detail.php?shopdetail/18691608" "Opera/9.20 (X11; Linux i686; U; en)"
141.98.11.222 - - [31/May/2025:20:28:10 -0400] "GET /login HTTP/1.1" 200 7574 "https://sdipmtools.com/?_gl=1rgknbr_gaMzY3MjE1MDcwLjE3MzcwOTUyMjA._ga_0VKVKKN4NVMTczNzEwMjM4NC4yLjEuMTczNzEwMjQ1My42MC4wLjA.&_bd_prev_page=https://sdipmtools.com/detail.php?shopdetail/18691608" "Opera/9.20 (X11; Linux i686; U; en)"
141.98.11.222 - - [31/May/2025:20:28:12 -0400] "GET /login HTTP/1.1" 200 7574 "https://sdipmtools.com/?_gl=1rgknbr_gaMzY3MjE1MDcwLjE3MzcwOTUyMjA._ga_0VKVKKN4NVMTczNzEwMjM4NC4yLjEuMTczNzEwMjQ1My42MC4wLjA.&_bd_prev_page=https://sdipmtools.com/detail.php?shopdetail/18691608" "Opera/9.20 (X11; Linux i686; U; en)"
141.98.11.222 - - [31/May/2025:20:28:15 -0400] "GET /login HTTP/1.1" 200 7572 "https://sdipmtools.com/?_gl=1rgknbr_gaMzY3MjE1MDcwLjE3MzcwOTUyMjA._ga_0VKVKKN4NVMTczNzEwMjM4NC4yLjEuMTczNzEwMjQ1My42MC4wLjA.&_bd_prev_page=https://sdipmtools.com/detail.php?shopdetail/18691608" "Opera/9.20 (X11; Linux i686; U; en)"
141.98.11.222 - - [31/May/2025:20:28:18 -0400] "GET /login HTTP/1.1" 200 7573 "https://sdipmtools.com/?_gl=1rgknbr_gaMzY3MjE1MDcwLjE3MzcwOTUyMjA._ga_0VKVKKN4NVMTczNzEwMjM4NC4yLjEuMTczNzEwMjQ1My42MC4wLjA.&_bd_prev_page=https://sdipmtools.com/detail.php?shopdetail/18691608" "Mozilla/5.0 (Macintosh; U; PPC Mac OS X; fr-fr) AppleWebKit/312.5.1 (KHTML, like Gecko) Safari/312.3.1"
141.98.11.222 - - [31/May/2025:20:28:20 -0400] "GET /?_gl=1rgknbr_gaMzY3MjE1MDcwLjE3MzcwOTUyMjA._ga_0VKVKKN4NVMTczNzEwMjM4NC4yLjEuMTczNzEwMjQ1My42MC4wLjA.&_bd_prev_page=https://sdipmtools.com/detail.php?shopdetail/18691608 HTTP/1.1" 200 5279 "https://sdipmtools.com/?_gl=1rgknbr_gaMzY3MjE1MDcwLjE3MzcwOTUyMjA._ga_0VKVKKN4NVMTczNzEwMjM4NC4yLjEuMTczNzEwMjQ1My42MC4wLjA.&_bd_prev_page=https://sdipmtools.com/detail.php?shopdetail/18691608" "Mozilla/5.0 (Macintosh; U; PPC Mac OS X; fr-fr) AppleWebKit/312.5.1 (KHTML, like Gecko) Safari/312.3.1"
141.98.11.222 - - [31/May/2025:20:28:09 -0400] "GET /?_gl=1rgknbr_gaMzY3MjE1MDcwLjE3MzcwOTUyMjA.%27MfqSKl%3C%27%22%3EIiASlV_ga_0VKVKKN4NVMTczNzEwMjM4NC4yLjEuMTczNzEwMjQ1My42MC4wLjA.&_bd_prev_page=https://sdipmtools.com/detail.php?shopdetail/18691608 HTTP/1.1" 200 5279 "https://sdipmtools.com/?_gl=1rgknbr_gaMzY3MjE1MDcwLjE3MzcwOTUyMjA._ga_0VKVKKN4NVMTczNzEwMjM4NC4yLjEuMTczNzEwMjQ1My42MC4wLjA.&_bd_prev_page=https://sdipmtools.com/detail.php?shopdetail/18691608" "Opera/9.20 (X11; Linux i686; U; en)"
141.98.11.222 - - [31/May/2025:20:28:11 -0400] "GET /?_gl=8075MTczNzEwMjM4NC4yLjEuMTczNzEwMjQ1My42MC4wLjA.&_bd_prev_page=https://sdipmtools.com/detail.php?shopdetail/18691608 HTTP/1.1" 200 5279 "https://sdipmtools.com/?_gl=1rgknbr_gaMzY3MjE1MDcwLjE3MzcwOTUyMjA._ga_0VKVKKN4NVMTczNzEwMjM4NC4yLjEuMTczNzEwMjQ1My42MC4wLjA.&_bd_prev_page=https://sdipmtools.com/detail.php?shopdetail/18691608" "Opera/9.20 (X11; Linux i686; U; en)"
141.98.11.222 - - [31/May/2025:20:28:12 -0400] "GET /?_gl=1rgknbr_gaMzY3MjE1MDcwLjE3MzcwOTUyMjA._ga_0VKVKKN4NV%2C%29.%2C%29%29%2C%29%22%27MTczNzEwMjM4NC4yLjEuMTczNzEwMjQ1My42MC4wLjA.&_bd_prev_page=https://sdipmtools.com/detail.php?shopdetail/18691608 HTTP/1.1" 200 5279 "https://sdipmtools.com/?_gl=1rgknbr_gaMzY3MjE1MDcwLjE3MzcwOTUyMjA._ga_0VKVKKN4NVMTczNzEwMjM4NC4yLjEuMTczNzEwMjQ1My42MC4wLjA.&_bd_prev_page=https://sdipmtools.com/detail.php?shopdetail/18691608" "Opera/9.20 (X11; Linux i686; U; en)"
141.98.11.222 - - [31/May/2025:20:28:13 -0400] "GET /login HTTP/1.1" 200 7574 "https://sdipmtools.com/?_gl=1rgknbr_gaMzY3MjE1MDcwLjE3MzcwOTUyMjA._ga_0VKVKKN4NVMTczNzEwMjM4NC4yLjEuMTczNzEwMjQ1My42MC4wLjA.&_bd_prev_page=https://sdipmtools.com/detail.php?shopdetail/18691608" "Opera/9.20 (X11; Linux i686; U; en)"
141.98.11.222 - - [31/May/2025:20:28:14 -0400] "GET /?_gl=1rgknbr_gaMzY3MjE1MDcwLjE3MzcwOTUyMjA._ga_0VKVKKN4NV%27NdBjua%3C%27%22%3EqPXRePMTczNzEwMjM4NC4yLjEuMTczNzEwMjQ1My42MC4wLjA.&_bd_prev_page=https://sdipmtools.com/detail.php?shopdetail/18691608 HTTP/1.1" 200 5279 "https://sdipmtools.com/?_gl=1rgknbr_gaMzY3MjE1MDcwLjE3MzcwOTUyMjA._ga_0VKVKKN4NVMTczNzEwMjM4NC4yLjEuMTczNzEwMjQ1My42MC4wLjA.&_bd_prev_page=https://sdipmtools.com/detail.php?shopdetail/18691608" "Opera/9.20 (X11; Linux i686; U; en)"
141.98.11.222 - - [31/May/2025:20:28:17 -0400] "GET /?_gl=1rgknbr_gaMzY3MjE1MDcwLjE3MzcwOTUyMjA._ga_0VKVKKN4NVMTczNzEwMjM4NC4yLjEuMTczNzEwMjQ1My42MC4wLjA.&_bd_prev_page=https://sdipmtools.com/detail.php?shopdetail/18691608 HTTP/1.1" 200 5279 "https://sdipmtools.com/?_gl=1rgknbr_gaMzY3MjE1MDcwLjE3MzcwOTUyMjA._ga_0VKVKKN4NVMTczNzEwMjM4NC4yLjEuMTczNzEwMjQ1My42MC4wLjA.&_bd_prev_page=https://sdipmtools.com/detail.php?shopdetail/18691608" "Mozilla/5.0 (Macintosh; U; PPC Mac OS X; fr-fr) AppleWebKit/312.5.1 (KHTML, like Gecko) Safari/312.3.1"
141.98.11.222 - - [31/May/2025:20:28:20 -0400] "GET /login HTTP/1.1" 200 7576 "https://sdipmtools.com/?_gl=1rgknbr_gaMzY3MjE1MDcwLjE3MzcwOTUyMjA._ga_0VKVKKN4NVMTczNzEwMjM4NC4yLjEuMTczNzEwMjQ1My42MC4wLjA.&_bd_prev_page=https://sdipmtools.com/detail.php?shopdetail/18691608" "Mozilla/5.0 (Macintosh; U; PPC Mac OS X; fr-fr) AppleWebKit/312.5.1 (KHTML, like Gecko) Safari/312.3.1"
141.98.11.222 - - [31/May/2025:20:28:23 -0400] "GET /login HTTP/1.1" 200 7571 "https://sdipmtools.com/?_gl=1rgknbr_gaMzY3MjE1MDcwLjE3MzcwOTUyMjA._ga_0VKVKKN4NVMTczNzEwMjM4NC4yLjEuMTczNzEwMjQ1My42MC4wLjA.&_bd_prev_page=https://sdipmtools.com/detail.php?shopdetail/18691608" "Mozilla/5.0 (Macintosh; U; PPC Mac OS X; fr-fr) AppleWebKit/312.5.1 (KHTML, like Gecko) Safari/312.3.1"
141.98.11.222 - - [31/May/2025:20:28:25 -0400] "GET /?_gl=1901rgknbr_gaMzY3MjE1MDcwLjE3MzcwOTUyMjA._ga_0VKVKKN4NVMTczNzEwMjM4NC4yLjEuMTczNzEwMjQ1My42MC4wLjA.&_bd_prev_page=https://sdipmtools.com/detail.php?shopdetail/18691608 HTTP/1.1" 200 5279 "https://sdipmtools.com/?_gl=1rgknbr_gaMzY3MjE1MDcwLjE3MzcwOTUyMjA._ga_0VKVKKN4NVMTczNzEwMjM4NC4yLjEuMTczNzEwMjQ1My42MC4wLjA.&_bd_prev_page=https://sdipmtools.com/detail.php?shopdetail/18691608" "Mozilla/5.0 (Macintosh; U; PPC Mac OS X; fr-fr) AppleWebKit/312.5.1 (KHTML, like Gecko) Safari/312.3.1"
141.98.11.222 - - [31/May/2025:20:28:26 -0400] "GET /login HTTP/1.1" 200 7573 "https://sdipmtools.com/?_gl=1rgknbr_gaMzY3MjE1MDcwLjE3MzcwOTUyMjA._ga_0VKVKKN4NVMTczNzEwMjM4NC4yLjEuMTczNzEwMjQ1My42MC4wLjA.&_bd_prev_page=https://sdipmtools.com/detail.php?shopdetail/18691608" "Mozilla/5.0 (Macintosh; U; PPC Mac OS X; fr-fr) AppleWebKit/312.5.1 (KHTML, like Gecko) Safari/312.3.1"
141.98.11.222 - - [31/May/2025:20:28:27 -0400] "GET /?_gl=1%28%2C%27%2C%28%28%28%22%28%2Crgknbr_gaMzY3MjE1MDcwLjE3MzcwOTUyMjA._ga_0VKVKKN4NVMTczNzEwMjM4NC4yLjEuMTczNzEwMjQ1My42MC4wLjA.&_bd_prev_page=https://sdipmtools.com/detail.php?shopdetail/18691608 HTTP/1.1" 200 5279 "https://sdipmtools.com/?_gl=1rgknbr_gaMzY3MjE1MDcwLjE3MzcwOTUyMjA._ga_0VKVKKN4NVMTczNzEwMjM4NC4yLjEuMTczNzEwMjQ1My42MC4wLjA.&_bd_prev_page=https://sdipmtools.com/detail.php?shopdetail/18691608" "Mozilla/5.0 (Macintosh; U; PPC Mac OS X; fr-fr) AppleWebKit/312.5.1 (KHTML, like Gecko) Safari/312.3.1"
141.98.11.222 - - [31/May/2025:20:28:28 -0400] "GET /login HTTP/1.1" 200 7577 "https://sdipmtools.com/?_gl=1rgknbr_gaMzY3MjE1MDcwLjE3MzcwOTUyMjA._ga_0VKVKKN4NVMTczNzEwMjM4NC4yLjEuMTczNzEwMjQ1My42MC4wLjA.&_bd_prev_page=https://sdipmtools.com/detail.php?shopdetail/18691608" "Mozilla/5.0 (Macintosh; U; PPC Mac OS X; fr-fr) AppleWebKit/312.5.1 (KHTML, like Gecko) Safari/312.3.1"
141.98.11.222 - - [31/May/2025:20:28:29 -0400] "GET /?_gl=1%27BwGpfi%3C%27%22%3EwzesMgrgknbr_gaMzY3MjE1MDcwLjE3MzcwOTUyMjA._ga_0VKVKKN4NVMTczNzEwMjM4NC4yLjEuMTczNzEwMjQ1My42MC4wLjA.&_bd_prev_page=https://sdipmtools.com/detail.php?shopdetail/18691608 HTTP/1.1" 200 5279 "https://sdipmtools.com/?_gl=1rgknbr_gaMzY3MjE1MDcwLjE3MzcwOTUyMjA._ga_0VKVKKN4NVMTczNzEwMjM4NC4yLjEuMTczNzEwMjQ1My42MC4wLjA.&_bd_prev_page=https://sdipmtools.com/detail.php?shopdetail/18691608" "Mozilla/5.0 (Macintosh; U; PPC Mac OS X; fr-fr) AppleWebKit/312.5.1 (KHTML, like Gecko) Safari/312.3.1"
141.98.11.222 - - [31/May/2025:20:28:30 -0400] "GET /login HTTP/1.1" 200 7571 "https://sdipmtools.com/?_gl=1rgknbr_gaMzY3MjE1MDcwLjE3MzcwOTUyMjA._ga_0VKVKKN4NVMTczNzEwMjM4NC4yLjEuMTczNzEwMjQ1My42MC4wLjA.&_bd_prev_page=https://sdipmtools.com/detail.php?shopdetail/18691608" "Mozilla/5.0 (Macintosh; U; PPC Mac OS X; fr-fr) AppleWebKit/312.5.1 (KHTML, like Gecko) Safari/312.3.1"
141.98.11.222 - - [31/May/2025:20:28:33 -0400] "GET /login HTTP/1.1" 200 7574 "https://sdipmtools.com/?_gl=1rgknbr_gaMzY3MjE1MDcwLjE3MzcwOTUyMjA._ga_0VKVKKN4NVMTczNzEwMjM4NC4yLjEuMTczNzEwMjQ1My42MC4wLjA.&_bd_prev_page=https://sdipmtools.com/detail.php?shopdetail/18691608" "Mozilla/5.0 (Macintosh; U; PPC Mac OS X; fr-fr) AppleWebKit/312.5.1 (KHTML, like Gecko) Safari/312.3.1"
141.98.11.222 - - [31/May/2025:20:28:34 -0400] "GET /?_gl=1rgknbr%27%29%2C.%22.%2C%29%2C%2C_gaMzY3MjE1MDcwLjE3MzcwOTUyMjA._ga_0VKVKKN4NVMTczNzEwMjM4NC4yLjEuMTczNzEwMjQ1My42MC4wLjA.&_bd_prev_page=https://sdipmtools.com/detail.php?shopdetail/18691608 HTTP/1.1" 200 5279 "https://sdipmtools.com/?_gl=1rgknbr_gaMzY3MjE1MDcwLjE3MzcwOTUyMjA._ga_0VKVKKN4NVMTczNzEwMjM4NC4yLjEuMTczNzEwMjQ1My42MC4wLjA.&_bd_prev_page=https://sdipmtools.com/detail.php?shopdetail/18691608" "Mozilla/5.0 (Macintosh; U; PPC Mac OS X; fr-fr) AppleWebKit/312.5.1 (KHTML, like Gecko) Safari/312.3.1"
66.249.74.73 - - [31/May/2025:20:28:35 -0400] "GET /?_gl=1*rgknbr*_ga*MzY3MjE1MDcwLjE3MzcwOTUyMjA.*_ga_0VKVKKN4NV*MTczNzEwMjM4NC4yLjEuMTczNzEwMjQ1My42MC4wLjA.&_bd_prev_page=https://sdipmtools.com/detail.php?shopdetail/26448675 HTTP/1.1" 200 4430 "-" "Mozilla/5.0 (Linux; Android 6.0.1; Nexus 5X Build/MMB29P) AppleWebKit/537.36 (KHTML, like Gecko) Chrome/136.0.7103.113 Mobile Safari/537.36 (compatible; Googlebot/2.1; +http://www.google.com/bot.html)"
141.98.11.222 - - [31/May/2025:20:28:41 -0400] "GET /login HTTP/1.1" 200 7573 "https://sdipmtools.com/?_gl=1rgknbr_gaMzY3MjE1MDcwLjE3MzcwOTUyMjA._ga_0VKVKKN4NVMTczNzEwMjM4NC4yLjEuMTczNzEwMjQ1My42MC4wLjA.&_bd_prev_page=https://sdipmtools.com/detail.php?shopdetail/18691608" "Mozilla/5.0 (Macintosh; U; PPC Mac OS X; fr-fr) AppleWebKit/312.5.1 (KHTML, like Gecko) Safari/312.3.1"
141.98.11.222 - - [31/May/2025:20:28:23 -0400] "GET /?_gl=1rgknbr_gaMzY3MjE1MDcwLjE3MzcwOTUyMjA._ga_0VKVKKN4NVMTczNzEwMjM4NC4yLjEuMTczNzEwMjQ1My42MC4wLjA.&_bd_prev_page=https://sdipmtools.com/detail.php?shopdetail/18691608 HTTP/1.1" 200 5279 "https://sdipmtools.com/?_gl=1rgknbr_gaMzY3MjE1MDcwLjE3MzcwOTUyMjA._ga_0VKVKKN4NVMTczNzEwMjM4NC4yLjEuMTczNzEwMjQ1My42MC4wLjA.&_bd_prev_page=https://sdipmtools.com/detail.php?shopdetail/18691608" "Mozilla/5.0 (Macintosh; U; PPC Mac OS X; fr-fr) AppleWebKit/312.5.1 (KHTML, like Gecko) Safari/312.3.1"
141.98.11.222 - - [31/May/2025:20:28:32 -0400] "GET /?_gl=7041_gaMzY3MjE1MDcwLjE3MzcwOTUyMjA._ga_0VKVKKN4NVMTczNzEwMjM4NC4yLjEuMTczNzEwMjQ1My42MC4wLjA.&_bd_prev_page=https://sdipmtools.com/detail.php?shopdetail/18691608 HTTP/1.1" 200 5279 "https://sdipmtools.com/?_gl=1rgknbr_gaMzY3MjE1MDcwLjE3MzcwOTUyMjA._ga_0VKVKKN4NVMTczNzEwMjM4NC4yLjEuMTczNzEwMjQ1My42MC4wLjA.&_bd_prev_page=https://sdipmtools.com/detail.php?shopdetail/18691608" "Mozilla/5.0 (Macintosh; U; PPC Mac OS X; fr-fr) AppleWebKit/312.5.1 (KHTML, like Gecko) Safari/312.3.1"
141.98.11.222 - - [31/May/2025:20:28:35 -0400] "GET /login HTTP/1.1" 200 7572 "https://sdipmtools.com/?_gl=1rgknbr_gaMzY3MjE1MDcwLjE3MzcwOTUyMjA._ga_0VKVKKN4NVMTczNzEwMjM4NC4yLjEuMTczNzEwMjQ1My42MC4wLjA.&_bd_prev_page=https://sdipmtools.com/detail.php?shopdetail/18691608" "Mozilla/5.0 (Macintosh; U; PPC Mac OS X; fr-fr) AppleWebKit/312.5.1 (KHTML, like Gecko) Safari/312.3.1"
141.98.11.222 - - [31/May/2025:20:28:36 -0400] "GET /?_gl=1rgknbr%27YfPImq%3C%27%22%3EmDjzAG_gaMzY3MjE1MDcwLjE3MzcwOTUyMjA._ga_0VKVKKN4NVMTczNzEwMjM4NC4yLjEuMTczNzEwMjQ1My42MC4wLjA.&_bd_prev_page=https://sdipmtools.com/detail.php?shopdetail/18691608 HTTP/1.1" 200 5279 "https://sdipmtools.com/?_gl=1rgknbr_gaMzY3MjE1MDcwLjE3MzcwOTUyMjA._ga_0VKVKKN4NVMTczNzEwMjM4NC4yLjEuMTczNzEwMjQ1My42MC4wLjA.&_bd_prev_page=https://sdipmtools.com/detail.php?shopdetail/18691608" "Mozilla/5.0 (Macintosh; U; PPC Mac OS X; fr-fr) AppleWebKit/312.5.1 (KHTML, like Gecko) Safari/312.3.1"
141.98.11.222 - - [31/May/2025:20:28:37 -0400] "GET /login HTTP/1.1" 200 7573 "https://sdipmtools.com/?_gl=1rgknbr_gaMzY3MjE1MDcwLjE3MzcwOTUyMjA._ga_0VKVKKN4NVMTczNzEwMjM4NC4yLjEuMTczNzEwMjQ1My42MC4wLjA.&_bd_prev_page=https://sdipmtools.com/detail.php?shopdetail/18691608" "Mozilla/5.0 (Macintosh; U; PPC Mac OS X; fr-fr) AppleWebKit/312.5.1 (KHTML, like Gecko) Safari/312.3.1"
141.98.11.222 - - [31/May/2025:20:28:38 -0400] "GET /?_gl=1972MzY3MjE1MDcwLjE3MzcwOTUyMjA._ga_0VKVKKN4NVMTczNzEwMjM4NC4yLjEuMTczNzEwMjQ1My42MC4wLjA.&_bd_prev_page=https://sdipmtools.com/detail.php?shopdetail/18691608 HTTP/1.1" 200 5279 "https://sdipmtools.com/?_gl=1rgknbr_gaMzY3MjE1MDcwLjE3MzcwOTUyMjA._ga_0VKVKKN4NVMTczNzEwMjM4NC4yLjEuMTczNzEwMjQ1My42MC4wLjA.&_bd_prev_page=https://sdipmtools.com/detail.php?shopdetail/18691608" "Mozilla/5.0 (Macintosh; U; PPC Mac OS X; fr-fr) AppleWebKit/312.5.1 (KHTML, like Gecko) Safari/312.3.1"
141.98.11.222 - - [31/May/2025:20:28:39 -0400] "GET /login HTTP/1.1" 200 7577 "https://sdipmtools.com/?_gl=1rgknbr_gaMzY3MjE1MDcwLjE3MzcwOTUyMjA._ga_0VKVKKN4NVMTczNzEwMjM4NC4yLjEuMTczNzEwMjQ1My42MC4wLjA.&_bd_prev_page=https://sdipmtools.com/detail.php?shopdetail/18691608" "Mozilla/5.0 (Macintosh; U; PPC Mac OS X; fr-fr) AppleWebKit/312.5.1 (KHTML, like Gecko) Safari/312.3.1"
141.98.11.222 - - [31/May/2025:20:28:40 -0400] "GET /?_gl=1rgknbr_ga%28%29%22.%28%2C%2C%27%2C%2CMzY3MjE1MDcwLjE3MzcwOTUyMjA._ga_0VKVKKN4NVMTczNzEwMjM4NC4yLjEuMTczNzEwMjQ1My42MC4wLjA.&_bd_prev_page=https://sdipmtools.com/detail.php?shopdetail/18691608 HTTP/1.1" 200 5279 "https://sdipmtools.com/?_gl=1rgknbr_gaMzY3MjE1MDcwLjE3MzcwOTUyMjA._ga_0VKVKKN4NVMTczNzEwMjM4NC4yLjEuMTczNzEwMjQ1My42MC4wLjA.&_bd_prev_page=https://sdipmtools.com/detail.php?shopdetail/18691608" "Mozilla/5.0 (Macintosh; U; PPC Mac OS X; fr-fr) AppleWebKit/312.5.1 (KHTML, like Gecko) Safari/312.3.1"
141.98.11.222 - - [31/May/2025:20:28:42 -0400] "GET /login HTTP/1.1" 200 7574 "https://sdipmtools.com/?_gl=1rgknbr_gaMzY3MjE1MDcwLjE3MzcwOTUyMjA._ga_0VKVKKN4NVMTczNzEwMjM4NC4yLjEuMTczNzEwMjQ1My42MC4wLjA.&_bd_prev_page=https://sdipmtools.com/detail.php?shopdetail/18691608" "Mozilla/5.0 (Macintosh; U; PPC Mac OS X; fr-fr) AppleWebKit/312.5.1 (KHTML, like Gecko) Safari/312.3.1"
141.98.11.222 - - [31/May/2025:20:28:44 -0400] "GET /login HTTP/1.1" 200 7574 "https://sdipmtools.com/?_gl=1rgknbr_gaMzY3MjE1MDcwLjE3MzcwOTUyMjA._ga_0VKVKKN4NVMTczNzEwMjM4NC4yLjEuMTczNzEwMjQ1My42MC4wLjA.&_bd_prev_page=https://sdipmtools.com/detail.php?shopdetail/18691608" "Mozilla/5.0 (Macintosh; U; PPC Mac OS X; fr-fr) AppleWebKit/312.5.1 (KHTML, like Gecko) Safari/312.3.1"
66.249.65.194 - - [31/May/2025:20:28:45 -0400] "GET /js/main.js HTTP/1.1" 200 1033573 "https://sdipmtools.com/login" "Mozilla/5.0 (Linux; Android 6.0.1; Nexus 5X Build/MMB29P) AppleWebKit/537.36 (KHTML, like Gecko) Chrome/136.0.7103.92 Mobile Safari/537.36 (compatible; Googlebot/2.1; +http://www.google.com/bot.html)"
141.98.11.222 - - [31/May/2025:20:28:46 -0400] "GET /login HTTP/1.1" 200 7572 "https://sdipmtools.com/?_gl=1rgknbr_gaMzY3MjE1MDcwLjE3MzcwOTUyMjA._ga_0VKVKKN4NVMTczNzEwMjM4NC4yLjEuMTczNzEwMjQ1My42MC4wLjA.&_bd_prev_page=https://sdipmtools.com/detail.php?shopdetail/18691608" "Mozilla/5.0 (Macintosh; U; PPC Mac OS X; fr-fr) AppleWebKit/312.5.1 (KHTML, like Gecko) Safari/312.3.1"
141.98.11.222 - - [31/May/2025:20:28:47 -0400] "GET /?_gl=1rgknbr_gaMzY3MjE1MDcwLjE3MzcwOTUyMjA.%27FlHwqK%3C%27%22%3EPawTXR_ga_0VKVKKN4NVMTczNzEwMjM4NC4yLjEuMTczNzEwMjQ1My42MC4wLjA.&_bd_prev_page=https://sdipmtools.com/detail.php?shopdetail/18691608 HTTP/1.1" 200 5279 "https://sdipmtools.com/?_gl=1rgknbr_gaMzY3MjE1MDcwLjE3MzcwOTUyMjA._ga_0VKVKKN4NVMTczNzEwMjM4NC4yLjEuMTczNzEwMjQ1My42MC4wLjA.&_bd_prev_page=https://sdipmtools.com/detail.php?shopdetail/18691608" "Mozilla/5.0 (Macintosh; U; PPC Mac OS X; fr-fr) AppleWebKit/312.5.1 (KHTML, like Gecko) Safari/312.3.1"
141.98.11.222 - - [31/May/2025:20:28:48 -0400] "GET /?_gl=1627MTczNzEwMjM4NC4yLjEuMTczNzEwMjQ1My42MC4wLjA.&_bd_prev_page=https://sdipmtools.com/detail.php?shopdetail/18691608 HTTP/1.1" 200 5279 "https://sdipmtools.com/?_gl=1rgknbr_gaMzY3MjE1MDcwLjE3MzcwOTUyMjA._ga_0VKVKKN4NVMTczNzEwMjM4NC4yLjEuMTczNzEwMjQ1My42MC4wLjA.&_bd_prev_page=https://sdipmtools.com/detail.php?shopdetail/18691608" "Mozilla/5.0 (Macintosh; U; PPC Mac OS X; fr-fr) AppleWebKit/312.5.1 (KHTML, like Gecko) Safari/312.3.1"
141.98.11.222 - - [31/May/2025:20:28:49 -0400] "GET /login HTTP/1.1" 200 7573 "https://sdipmtools.com/?_gl=1rgknbr_gaMzY3MjE1MDcwLjE3MzcwOTUyMjA._ga_0VKVKKN4NVMTczNzEwMjM4NC4yLjEuMTczNzEwMjQ1My42MC4wLjA.&_bd_prev_page=https://sdipmtools.com/detail.php?shopdetail/18691608" "Mozilla/5.0 (Macintosh; U; PPC Mac OS X; fr-fr) AppleWebKit/312.5.1 (KHTML, like Gecko) Safari/312.3.1"
141.98.11.222 - - [31/May/2025:20:28:50 -0400] "GET /?_gl=1rgknbr_gaMzY3MjE1MDcwLjE3MzcwOTUyMjA._ga_0VKVKKN4NV%29%27%29..%22%28%2C%29.MTczNzEwMjM4NC4yLjEuMTczNzEwMjQ1My42MC4wLjA.&_bd_prev_page=https://sdipmtools.com/detail.php?shopdetail/18691608 HTTP/1.1" 200 5279 "https://sdipmtools.com/?_gl=1rgknbr_gaMzY3MjE1MDcwLjE3MzcwOTUyMjA._ga_0VKVKKN4NVMTczNzEwMjM4NC4yLjEuMTczNzEwMjQ1My42MC4wLjA.&_bd_prev_page=https://sdipmtools.com/detail.php?shopdetail/18691608" "Mozilla/5.0 (Macintosh; U; PPC Mac OS X; fr-fr) AppleWebKit/312.5.1 (KHTML, like Gecko) Safari/312.3.1"
141.98.11.222 - - [31/May/2025:20:28:52 -0400] "GET /login HTTP/1.1" 200 7574 "https://sdipmtools.com/?_gl=1rgknbr_gaMzY3MjE1MDcwLjE3MzcwOTUyMjA._ga_0VKVKKN4NVMTczNzEwMjM4NC4yLjEuMTczNzEwMjQ1My42MC4wLjA.&_bd_prev_page=https://sdipmtools.com/detail.php?shopdetail/18691608" "Mozilla/5.0 (Macintosh; U; PPC Mac OS X; fr-fr) AppleWebKit/312.5.1 (KHTML, like Gecko) Safari/312.3.1"
141.98.11.222 - - [31/May/2025:20:28:42 -0400] "GET /?_gl=1rgknbr_ga%27dDtnWu%3C%27%22%3EGTdGuOMzY3MjE1MDcwLjE3MzcwOTUyMjA._ga_0VKVKKN4NVMTczNzEwMjM4NC4yLjEuMTczNzEwMjQ1My42MC4wLjA.&_bd_prev_page=https://sdipmtools.com/detail.php?shopdetail/18691608 HTTP/1.1" 200 5279 "https://sdipmtools.com/?_gl=1rgknbr_gaMzY3MjE1MDcwLjE3MzcwOTUyMjA._ga_0VKVKKN4NVMTczNzEwMjM4NC4yLjEuMTczNzEwMjQ1My42MC4wLjA.&_bd_prev_page=https://sdipmtools.com/detail.php?shopdetail/18691608" "Mozilla/5.0 (Macintosh; U; PPC Mac OS X; fr-fr) AppleWebKit/312.5.1 (KHTML, like Gecko) Safari/312.3.1"
141.98.11.222 - - [31/May/2025:20:28:43 -0400] "GET /?_gl=3249_ga_0VKVKKN4NVMTczNzEwMjM4NC4yLjEuMTczNzEwMjQ1My42MC4wLjA.&_bd_prev_page=https://sdipmtools.com/detail.php?shopdetail/18691608 HTTP/1.1" 200 5279 "https://sdipmtools.com/?_gl=1rgknbr_gaMzY3MjE1MDcwLjE3MzcwOTUyMjA._ga_0VKVKKN4NVMTczNzEwMjM4NC4yLjEuMTczNzEwMjQ1My42MC4wLjA.&_bd_prev_page=https://sdipmtools.com/detail.php?shopdetail/18691608" "Mozilla/5.0 (Macintosh; U; PPC Mac OS X; fr-fr) AppleWebKit/312.5.1 (KHTML, like Gecko) Safari/312.3.1"
141.98.11.222 - - [31/May/2025:20:28:45 -0400] "GET /?_gl=1rgknbr_gaMzY3MjE1MDcwLjE3MzcwOTUyMjA..%2C%28%28%2C%27%2C%29%22%28_ga_0VKVKKN4NVMTczNzEwMjM4NC4yLjEuMTczNzEwMjQ1My42MC4wLjA.&_bd_prev_page=https://sdipmtools.com/detail.php?shopdetail/18691608 HTTP/1.1" 200 5279 "https://sdipmtools.com/?_gl=1rgknbr_gaMzY3MjE1MDcwLjE3MzcwOTUyMjA._ga_0VKVKKN4NVMTczNzEwMjM4NC4yLjEuMTczNzEwMjQ1My42MC4wLjA.&_bd_prev_page=https://sdipmtools.com/detail.php?shopdetail/18691608" "Mozilla/5.0 (Macintosh; U; PPC Mac OS X; fr-fr) AppleWebKit/312.5.1 (KHTML, like Gecko) Safari/312.3.1"
141.98.11.222 - - [31/May/2025:20:28:47 -0400] "GET /login HTTP/1.1" 200 7572 "https://sdipmtools.com/?_gl=1rgknbr_gaMzY3MjE1MDcwLjE3MzcwOTUyMjA._ga_0VKVKKN4NVMTczNzEwMjM4NC4yLjEuMTczNzEwMjQ1My42MC4wLjA.&_bd_prev_page=https://sdipmtools.com/detail.php?shopdetail/18691608" "Mozilla/5.0 (Macintosh; U; PPC Mac OS X; fr-fr) AppleWebKit/312.5.1 (KHTML, like Gecko) Safari/312.3.1"
141.98.11.222 - - [31/May/2025:20:28:51 -0400] "GET /login HTTP/1.1" 200 7570 "https://sdipmtools.com/?_gl=1rgknbr_gaMzY3MjE1MDcwLjE3MzcwOTUyMjA._ga_0VKVKKN4NVMTczNzEwMjM4NC4yLjEuMTczNzEwMjQ1My42MC4wLjA.&_bd_prev_page=https://sdipmtools.com/detail.php?shopdetail/18691608" "Mozilla/5.0 (Macintosh; U; PPC Mac OS X; fr-fr) AppleWebKit/312.5.1 (KHTML, like Gecko) Safari/312.3.1"
141.98.11.222 - - [31/May/2025:20:28:51 -0400] "GET /?_gl=1rgknbr_gaMzY3MjE1MDcwLjE3MzcwOTUyMjA._ga_0VKVKKN4NV%27XgJxTb%3C%27%22%3EdGOfiZMTczNzEwMjM4NC4yLjEuMTczNzEwMjQ1My42MC4wLjA.&_bd_prev_page=https://sdipmtools.com/detail.php?shopdetail/18691608 HTTP/1.1" 200 5279 "https://sdipmtools.com/?_gl=1rgknbr_gaMzY3MjE1MDcwLjE3MzcwOTUyMjA._ga_0VKVKKN4NVMTczNzEwMjM4NC4yLjEuMTczNzEwMjQ1My42MC4wLjA.&_bd_prev_page=https://sdipmtools.com/detail.php?shopdetail/18691608" "Mozilla/5.0 (Macintosh; U; PPC Mac OS X; fr-fr) AppleWebKit/312.5.1 (KHTML, like Gecko) Safari/312.3.1"
66.249.65.195 - - [31/May/2025:20:29:31 -0400] "GET /?_gl=1*rgknbr*_ga*MzY3MjE1MDcwLjE3MzcwOTUyMjA.*_ga_0VKVKKN4NV*MTczNzEwMjM4NC4yLjEuMTczNzEwMjQ1My42MC4wLjA.&_bd_prev_page=https://www.sdipmtools.com/detail.php?shopdetail/917297 HTTP/1.1" 200 4434 "-" "Mozilla/5.0 (Linux; Android 6.0.1; Nexus 5X Build/MMB29P) AppleWebKit/537.36 (KHTML, like Gecko) Chrome/136.0.7103.113 Mobile Safari/537.36 (compatible; Googlebot/2.1; +http://www.google.com/bot.html)"
66.249.65.194 - - [31/May/2025:20:31:58 -0400] "GET /js/main.js HTTP/1.1" 200 1033573 "https://sdipmtools.com/login" "Mozilla/5.0 (Linux; Android 6.0.1; Nexus 5X Build/MMB29P) AppleWebKit/537.36 (KHTML, like Gecko) Chrome/136.0.7103.92 Mobile Safari/537.36 (compatible; Googlebot/2.1; +http://www.google.com/bot.html)"
66.249.65.195 - - [31/May/2025:20:32:20 -0400] "GET /?_gl=1*rgknbr*_ga*MzY3MjE1MDcwLjE3MzcwOTUyMjA.*_ga_0VKVKKN4NV*MTczNzEwMjM4NC4yLjEuMTczNzEwMjQ1My42MC4wLjA.&_bd_prev_page=https://www.sdipmtools.com/detail.php?shopdetail/17316797 HTTP/1.1" 200 4434 "-" "Mozilla/5.0 (Linux; Android 6.0.1; Nexus 5X Build/MMB29P) AppleWebKit/537.36 (KHTML, like Gecko) Chrome/136.0.7103.113 Mobile Safari/537.36 (compatible; Googlebot/2.1; +http://www.google.com/bot.html)"
66.249.65.193 - - [31/May/2025:20:32:22 -0400] "GET /js/main.js HTTP/1.1" 200 1033573 "https://www.sdipmtools.com/login" "Mozilla/5.0 (Linux; Android 6.0.1; Nexus 5X Build/MMB29P) AppleWebKit/537.36 (KHTML, like Gecko) Chrome/136.0.7103.92 Mobile Safari/537.36 (compatible; Googlebot/2.1; +http://www.google.com/bot.html)"
66.249.65.193 - - [31/May/2025:20:34:30 -0400] "GET /?_gl=1*rgknbr*_ga*MzY3MjE1MDcwLjE3MzcwOTUyMjA.*_ga_0VKVKKN4NV*MTczNzEwMjM4NC4yLjEuMTczNzEwMjQ1My42MC4wLjA.&_bd_prev_page=https://www.sdipmtools.com/detail.php?shopdetail/7469408 HTTP/1.1" 200 4434 "-" "Mozilla/5.0 (Linux; Android 6.0.1; Nexus 5X Build/MMB29P) AppleWebKit/537.36 (KHTML, like Gecko) Chrome/136.0.7103.113 Mobile Safari/537.36 (compatible; Googlebot/2.1; +http://www.google.com/bot.html)"
66.249.65.195 - - [31/May/2025:20:34:33 -0400] "GET /js/main.js HTTP/1.1" 200 1033573 "https://www.sdipmtools.com/login" "Mozilla/5.0 (Linux; Android 6.0.1; Nexus 5X Build/MMB29P) AppleWebKit/537.36 (KHTML, like Gecko) Chrome/136.0.7103.92 Mobile Safari/537.36 (compatible; Googlebot/2.1; +http://www.google.com/bot.html)"
66.249.65.193 - - [31/May/2025:20:34:40 -0400] "GET /js/main.js HTTP/1.1" 200 1033573 "https://www.sdipmtools.com/login" "Mozilla/5.0 (Linux; Android 6.0.1; Nexus 5X Build/MMB29P) AppleWebKit/537.36 (KHTML, like Gecko) Chrome/136.0.7103.92 Mobile Safari/537.36 (compatible; Googlebot/2.1; +http://www.google.com/bot.html)"
66.249.74.72 - - [31/May/2025:20:36:15 -0400] "GET /?_gl=1*rgknbr*_ga*MzY3MjE1MDcwLjE3MzcwOTUyMjA.*_ga_0VKVKKN4NV*MTczNzEwMjM4NC4yLjEuMTczNzEwMjQ1My42MC4wLjA.&_bd_prev_page=https://sdipmtools.com/detail.php?shopdetail/18733719 HTTP/1.1" 200 4430 "-" "Mozilla/5.0 (Linux; Android 6.0.1; Nexus 5X Build/MMB29P) AppleWebKit/537.36 (KHTML, like Gecko) Chrome/136.0.7103.113 Mobile Safari/537.36 (compatible; Googlebot/2.1; +http://www.google.com/bot.html)"
66.249.65.193 - - [31/May/2025:20:36:16 -0400] "GET /js/main.js HTTP/1.1" 200 1033573 "https://sdipmtools.com/login" "Mozilla/5.0 (Linux; Android 6.0.1; Nexus 5X Build/MMB29P) AppleWebKit/537.36 (KHTML, like Gecko) Chrome/136.0.7103.92 Mobile Safari/537.36 (compatible; Googlebot/2.1; +http://www.google.com/bot.html)"
104.210.140.136 - - [31/May/2025:20:30:43 -0400] "GET /robots.txt HTTP/1.1" 200 134 "-" "Mozilla/5.0 (Macintosh; Intel Mac OS X 10_15_7) AppleWebKit/537.36 (KHTML, like Gecko) Chrome/131.0.0.0 Safari/537.36; compatible; OAI-SearchBot/1.0; +https://openai.com/searchbot"
66.249.74.71 - - [31/May/2025:20:31:18 -0400] "GET /?_gl=1*rgknbr*_ga*MzY3MjE1MDcwLjE3MzcwOTUyMjA.*_ga_0VKVKKN4NV*MTczNzEwMjM4NC4yLjEuMTczNzEwMjQ1My42MC4wLjA.&_bd_prev_page=https://sdipmtools.com/detail.php?shopdetail/16385375 HTTP/1.1" 200 4430 "-" "Mozilla/5.0 (Linux; Android 6.0.1; Nexus 5X Build/MMB29P) AppleWebKit/537.36 (KHTML, like Gecko) Chrome/136.0.7103.113 Mobile Safari/537.36 (compatible; Googlebot/2.1; +http://www.google.com/bot.html)"
66.249.74.71 - - [31/May/2025:20:31:49 -0400] "GET /?_gl=1*rgknbr*_ga*MzY3MjE1MDcwLjE3MzcwOTUyMjA.*_ga_0VKVKKN4NV*MTczNzEwMjM4NC4yLjEuMTczNzEwMjQ1My42MC4wLjA.&_bd_prev_page=https://sdipmtools.com/detail.php?shopdetail/15397342 HTTP/1.1" 200 4430 "-" "Mozilla/5.0 (Linux; Android 6.0.1; Nexus 5X Build/MMB29P) AppleWebKit/537.36 (KHTML, like Gecko) Chrome/136.0.7103.113 Mobile Safari/537.36 (compatible; Googlebot/2.1; +http://www.google.com/bot.html)"
66.249.65.193 - - [31/May/2025:20:32:39 -0400] "GET /js/main.js HTTP/1.1" 200 1033573 "https://sdipmtools.com/login" "Mozilla/5.0 (Linux; Android 6.0.1; Nexus 5X Build/MMB29P) AppleWebKit/537.36 (KHTML, like Gecko) Chrome/136.0.7103.92 Mobile Safari/537.36 (compatible; Googlebot/2.1; +http://www.google.com/bot.html)"
66.249.65.194 - - [31/May/2025:20:34:30 -0400] "GET /?_gl=1*rgknbr*_ga*MzY3MjE1MDcwLjE3MzcwOTUyMjA.*_ga_0VKVKKN4NV*MTczNzEwMjM4NC4yLjEuMTczNzEwMjQ1My42MC4wLjA.&_bd_prev_page=https://www.sdipmtools.com/detail.php?shopdetail/6392808 HTTP/1.1" 200 4434 "-" "Mozilla/5.0 (Linux; Android 6.0.1; Nexus 5X Build/MMB29P) AppleWebKit/537.36 (KHTML, like Gecko) Chrome/136.0.7103.113 Mobile Safari/537.36 (compatible; Googlebot/2.1; +http://www.google.com/bot.html)"
66.249.74.71 - - [31/May/2025:20:36:05 -0400] "GET /?_gl=1*rgknbr*_ga*MzY3MjE1MDcwLjE3MzcwOTUyMjA.*_ga_0VKVKKN4NV*MTczNzEwMjM4NC4yLjEuMTczNzEwMjQ1My42MC4wLjA.&_bd_prev_page=https://sdipmtools.com/detail.php?shopdetail/1988486 HTTP/1.1" 200 4430 "-" "Mozilla/5.0 (Linux; Android 6.0.1; Nexus 5X Build/MMB29P) AppleWebKit/537.36 (KHTML, like Gecko) Chrome/136.0.7103.113 Mobile Safari/537.36 (compatible; Googlebot/2.1; +http://www.google.com/bot.html)"
66.249.65.194 - - [31/May/2025:20:36:24 -0400] "GET /?_gl=1*rgknbr*_ga*MzY3MjE1MDcwLjE3MzcwOTUyMjA.*_ga_0VKVKKN4NV*MTczNzEwMjM4NC4yLjEuMTczNzEwMjQ1My42MC4wLjA.&_bd_prev_page=https://www.sdipmtools.com/detail.php?shopdetail/12641831 HTTP/1.1" 200 4434 "-" "Mozilla/5.0 (Linux; Android 6.0.1; Nexus 5X Build/MMB29P) AppleWebKit/537.36 (KHTML, like Gecko) Chrome/136.0.7103.113 Mobile Safari/537.36 (compatible; Googlebot/2.1; +http://www.google.com/bot.html)"
66.249.65.194 - - [31/May/2025:20:36:26 -0400] "GET /js/main.js HTTP/1.1" 200 1033573 "https://www.sdipmtools.com/login" "Mozilla/5.0 (Linux; Android 6.0.1; Nexus 5X Build/MMB29P) AppleWebKit/537.36 (KHTML, like Gecko) Chrome/136.0.7103.92 Mobile Safari/537.36 (compatible; Googlebot/2.1; +http://www.google.com/bot.html)"
66.249.74.72 - - [31/May/2025:20:37:24 -0400] "GET /shopdetail/18562164 HTTP/1.1" 200 6362 "-" "Mozilla/5.0 (Linux; Android 6.0.1; Nexus 5X Build/MMB29P) AppleWebKit/537.36 (KHTML, like Gecko) Chrome/136.0.7103.113 Mobile Safari/537.36 (compatible; Googlebot/2.1; +http://www.google.com/bot.html)"
66.249.65.193 - - [31/May/2025:20:38:05 -0400] "GET /?_gl=1*rgknbr*_ga*MzY3MjE1MDcwLjE3MzcwOTUyMjA.*_ga_0VKVKKN4NV*MTczNzEwMjM4NC4yLjEuMTczNzEwMjQ1My42MC4wLjA.&_bd_prev_page=https://www.sdipmtools.com/detail.php?shopdetail/14249475 HTTP/1.1" 200 4434 "-" "Mozilla/5.0 (Linux; Android 6.0.1; Nexus 5X Build/MMB29P) AppleWebKit/537.36 (KHTML, like Gecko) Chrome/136.0.7103.113 Mobile Safari/537.36 (compatible; Googlebot/2.1; +http://www.google.com/bot.html)"
66.249.65.194 - - [31/May/2025:20:38:09 -0400] "GET /js/main.js HTTP/1.1" 200 1033573 "https://www.sdipmtools.com/login" "Mozilla/5.0 (Linux; Android 6.0.1; Nexus 5X Build/MMB29P) AppleWebKit/537.36 (KHTML, like Gecko) Chrome/136.0.7103.92 Mobile Safari/537.36 (compatible; Googlebot/2.1; +http://www.google.com/bot.html)"
66.249.65.193 - - [31/May/2025:20:39:15 -0400] "GET /shopdetail/17124164 HTTP/1.1" 200 6365 "-" "Mozilla/5.0 (Linux; Android 6.0.1; Nexus 5X Build/MMB29P) AppleWebKit/537.36 (KHTML, like Gecko) Chrome/136.0.7103.113 Mobile Safari/537.36 (compatible; Googlebot/2.1; +http://www.google.com/bot.html)"
66.249.65.194 - - [31/May/2025:20:39:16 -0400] "GET /?_gl=1*rgknbr*_ga*MzY3MjE1MDcwLjE3MzcwOTUyMjA.*_ga_0VKVKKN4NV*MTczNzEwMjM4NC4yLjEuMTczNzEwMjQ1My42MC4wLjA.&_bd_prev_page=https://www.sdipmtools.com/detail.php?shopdetail/3830720 HTTP/1.1" 200 4434 "-" "Mozilla/5.0 (Linux; Android 6.0.1; Nexus 5X Build/MMB29P) AppleWebKit/537.36 (KHTML, like Gecko) Chrome/136.0.7103.113 Mobile Safari/537.36 (compatible; Googlebot/2.1; +http://www.google.com/bot.html)"
66.249.65.195 - - [31/May/2025:20:39:18 -0400] "GET /js/main.js HTTP/1.1" 200 1033573 "https://www.sdipmtools.com/login" "Mozilla/5.0 (Linux; Android 6.0.1; Nexus 5X Build/MMB29P) AppleWebKit/537.36 (KHTML, like Gecko) Chrome/136.0.7103.92 Mobile Safari/537.36 (compatible; Googlebot/2.1; +http://www.google.com/bot.html)"
66.249.65.195 - - [31/May/2025:20:40:31 -0400] "GET /?_gl=1*rgknbr*_ga*MzY3MjE1MDcwLjE3MzcwOTUyMjA.*_ga_0VKVKKN4NV*MTczNzEwMjM4NC4yLjEuMTczNzEwMjQ1My42MC4wLjA.&_bd_prev_page=https://www.sdipmtools.com/detail.php?shopdetail/20496408 HTTP/1.1" 200 4434 "-" "Mozilla/5.0 (Linux; Android 6.0.1; Nexus 5X Build/MMB29P) AppleWebKit/537.36 (KHTML, like Gecko) Chrome/136.0.7103.113 Mobile Safari/537.36 (compatible; Googlebot/2.1; +http://www.google.com/bot.html)"
66.249.74.71 - - [31/May/2025:20:42:44 -0400] "GET /?_gl=1*rgknbr*_ga*MzY3MjE1MDcwLjE3MzcwOTUyMjA.*_ga_0VKVKKN4NV*MTczNzEwMjM4NC4yLjEuMTczNzEwMjQ1My42MC4wLjA.&_bd_prev_page=https://sdipmtools.com/detail.php?shopdetail/5644253 HTTP/1.1" 200 4430 "-" "Mozilla/5.0 (Linux; Android 6.0.1; Nexus 5X Build/MMB29P) AppleWebKit/537.36 (KHTML, like Gecko) Chrome/136.0.7103.113 Mobile Safari/537.36 (compatible; Googlebot/2.1; +http://www.google.com/bot.html)"
66.249.74.72 - - [31/May/2025:20:44:22 -0400] "GET /?_gl=1*rgknbr*_ga*MzY3MjE1MDcwLjE3MzcwOTUyMjA.*_ga_0VKVKKN4NV*MTczNzEwMjM4NC4yLjEuMTczNzEwMjQ1My42MC4wLjA.&_bd_prev_page=https://sdipmtools.com/detail.php?shopdetail/24766686 HTTP/1.1" 200 4430 "-" "Mozilla/5.0 (Linux; Android 6.0.1; Nexus 5X Build/MMB29P) AppleWebKit/537.36 (KHTML, like Gecko) Chrome/136.0.7103.113 Mobile Safari/537.36 (compatible; Googlebot/2.1; +http://www.google.com/bot.html)"
66.249.65.193 - - [31/May/2025:20:45:27 -0400] "GET /robots.txt HTTP/1.1" 200 134 "-" "Mozilla/5.0 (compatible; Googlebot/2.1; +http://www.google.com/bot.html)"
66.249.65.194 - - [31/May/2025:20:45:27 -0400] "GET /?_gl=1*rgknbr*_ga*MzY3MjE1MDcwLjE3MzcwOTUyMjA.*_ga_0VKVKKN4NV*MTczNzEwMjM4NC4yLjEuMTczNzEwMjQ1My42MC4wLjA.&_bd_prev_page=https://www.sdipmtools.com/detail.php?shopdetail/28153386 HTTP/1.1" 200 4434 "-" "Mozilla/5.0 (Linux; Android 6.0.1; Nexus 5X Build/MMB29P) AppleWebKit/537.36 (KHTML, like Gecko) Chrome/136.0.7103.113 Mobile Safari/537.36 (compatible; Googlebot/2.1; +http://www.google.com/bot.html)"
66.249.65.194 - - [31/May/2025:20:48:39 -0400] "GET /?_gl=1*rgknbr*_ga*MzY3MjE1MDcwLjE3MzcwOTUyMjA.*_ga_0VKVKKN4NV*MTczNzEwMjM4NC4yLjEuMTczNzEwMjQ1My42MC4wLjA.&_bd_prev_page=https://www.sdipmtools.com/detail.php?shopdetail/12418420 HTTP/1.1" 200 4434 "-" "Mozilla/5.0 (Linux; Android 6.0.1; Nexus 5X Build/MMB29P) AppleWebKit/537.36 (KHTML, like Gecko) Chrome/136.0.7103.113 Mobile Safari/537.36 (compatible; Googlebot/2.1; +http://www.google.com/bot.html)"
66.249.65.194 - - [31/May/2025:20:48:46 -0400] "GET /js/main.js HTTP/1.1" 200 1033573 "https://www.sdipmtools.com/login" "Mozilla/5.0 (Linux; Android 6.0.1; Nexus 5X Build/MMB29P) AppleWebKit/537.36 (KHTML, like Gecko) Chrome/136.0.7103.92 Mobile Safari/537.36 (compatible; Googlebot/2.1; +http://www.google.com/bot.html)"
66.249.65.194 - - [31/May/2025:20:39:25 -0400] "GET /?_gl=1*rgknbr*_ga*MzY3MjE1MDcwLjE3MzcwOTUyMjA.*_ga_0VKVKKN4NV*MTczNzEwMjM4NC4yLjEuMTczNzEwMjQ1My42MC4wLjA.&_bd_prev_page=https://www.sdipmtools.com/detail.php?shopdetail/6399786 HTTP/1.1" 200 4434 "-" "Mozilla/5.0 (Linux; Android 6.0.1; Nexus 5X Build/MMB29P) AppleWebKit/537.36 (KHTML, like Gecko) Chrome/136.0.7103.113 Mobile Safari/537.36 (compatible; Googlebot/2.1; +http://www.google.com/bot.html)"
66.249.74.72 - - [31/May/2025:20:40:49 -0400] "GET /?_gl=1*rgknbr*_ga*MzY3MjE1MDcwLjE3MzcwOTUyMjA.*_ga_0VKVKKN4NV*MTczNzEwMjM4NC4yLjEuMTczNzEwMjQ1My42MC4wLjA.&_bd_prev_page=https://sdipmtools.com/detail.php?shopdetail/27102864 HTTP/1.1" 200 4430 "-" "Mozilla/5.0 (Linux; Android 6.0.1; Nexus 5X Build/MMB29P) AppleWebKit/537.36 (KHTML, like Gecko) Chrome/136.0.7103.113 Mobile Safari/537.36 (compatible; Googlebot/2.1; +http://www.google.com/bot.html)"
66.249.65.194 - - [31/May/2025:20:46:53 -0400] "GET /robots.txt HTTP/1.1" 200 134 "-" "Mozilla/5.0 (compatible; Googlebot/2.1; +http://www.google.com/bot.html)"
66.249.65.195 - - [31/May/2025:20:46:53 -0400] "GET /?_gl=1*rgknbr*_ga*MzY3MjE1MDcwLjE3MzcwOTUyMjA.*_ga_0VKVKKN4NV*MTczNzEwMjM4NC4yLjEuMTczNzEwMjQ1My42MC4wLjA.&_bd_prev_page=https://www.sdipmtools.com/detail.php?shopdetail/19365008 HTTP/1.1" 200 4434 "-" "Mozilla/5.0 (Linux; Android 6.0.1; Nexus 5X Build/MMB29P) AppleWebKit/537.36 (KHTML, like Gecko) Chrome/136.0.7103.113 Mobile Safari/537.36 (compatible; Googlebot/2.1; +http://www.google.com/bot.html)"
66.249.65.194 - - [31/May/2025:20:46:58 -0400] "GET /js/main.js HTTP/1.1" 200 1033573 "https://www.sdipmtools.com/login" "Mozilla/5.0 (Linux; Android 6.0.1; Nexus 5X Build/MMB29P) AppleWebKit/537.36 (KHTML, like Gecko) Chrome/136.0.7103.92 Mobile Safari/537.36 (compatible; Googlebot/2.1; +http://www.google.com/bot.html)"
