66.249.74.71 - - [31/May/2025:23:56:18 -0400] "GET /shopdetail/30318486 HTTP/1.1" 200 6362 "-" "Mozilla/5.0 (Linux; Android 6.0.1; Nexus 5X Build/MMB29P) AppleWebKit/537.36 (KHTML, like Gecko) Chrome/136.0.7103.113 Mobile Safari/537.36 (compatible; Googlebot/2.1; +http://www.google.com/bot.html)"
66.249.65.195 - - [31/May/2025:23:56:27 -0400] "GET /robots.txt HTTP/1.1" 200 134 "-" "Mozilla/5.0 (compatible; Googlebot/2.1; +http://www.google.com/bot.html)"
66.249.74.71 - - [31/May/2025:23:56:26 -0400] "GET /shopdetail/12636475 HTTP/1.1" 200 6362 "-" "Mozilla/5.0 (Linux; Android 6.0.1; Nexus 5X Build/MMB29P) AppleWebKit/537.36 (KHTML, like Gecko) Chrome/136.0.7103.113 Mobile Safari/537.36 (compatible; Googlebot/2.1; +http://www.google.com/bot.html)"
66.249.65.194 - - [31/May/2025:23:56:48 -0400] "GET /shopdetail/6550008 HTTP/1.1" 200 6365 "-" "Mozilla/5.0 (Linux; Android 6.0.1; Nexus 5X Build/MMB29P) AppleWebKit/537.36 (KHTML, like Gecko) Chrome/136.0.7103.113 Mobile Safari/537.36 (compatible; Googlebot/2.1; +http://www.google.com/bot.html)"
66.249.74.71 - - [31/May/2025:23:56:55 -0400] "GET /shopdetail/15783397 HTTP/1.1" 200 6362 "-" "Mozilla/5.0 (Linux; Android 6.0.1; Nexus 5X Build/MMB29P) AppleWebKit/537.36 (KHTML, like Gecko) Chrome/136.0.7103.113 Mobile Safari/537.36 (compatible; Googlebot/2.1; +http://www.google.com/bot.html)"
66.249.74.71 - - [31/May/2025:23:56:22 -0400] "GET /shopdetail/14075597 HTTP/1.1" 200 6362 "-" "Mozilla/5.0 (Linux; Android 6.0.1; Nexus 5X Build/MMB29P) AppleWebKit/537.36 (KHTML, like Gecko) Chrome/136.0.7103.113 Mobile Safari/537.36 (compatible; Googlebot/2.1; +http://www.google.com/bot.html)"
66.249.74.71 - - [31/May/2025:23:56:24 -0400] "GET /?_gl=1*rgknbr*_ga*MzY3MjE1MDcwLjE3MzcwOTUyMjA.*_ga_0VKVKKN4NV*MTczNzEwMjM4NC4yLjEuMTczNzEwMjQ1My42MC4wLjA.&_bd_prev_page=https://sdipmtools.com/detail.php?shopdetail/8317464 HTTP/1.1" 200 4430 "-" "Mozilla/5.0 (Linux; Android 6.0.1; Nexus 5X Build/MMB29P) AppleWebKit/537.36 (KHTML, like Gecko) Chrome/136.0.7103.113 Mobile Safari/537.36 (compatible; Googlebot/2.1; +http://www.google.com/bot.html)"
66.249.65.193 - - [31/May/2025:23:56:27 -0400] "GET /js/main.js HTTP/1.1" 200 1033573 "https://sdipmtools.com/login" "Mozilla/5.0 (Linux; Android 6.0.1; Nexus 5X Build/MMB29P) AppleWebKit/537.36 (KHTML, like Gecko) Chrome/136.0.7103.92 Mobile Safari/537.36 (compatible; Googlebot/2.1; +http://www.google.com/bot.html)"
66.249.74.71 - - [31/May/2025:23:56:28 -0400] "GET /shopdetail/7695531 HTTP/1.1" 200 6362 "-" "Mozilla/5.0 (Linux; Android 6.0.1; Nexus 5X Build/MMB29P) AppleWebKit/537.36 (KHTML, like Gecko) Chrome/136.0.7103.113 Mobile Safari/537.36 (compatible; Googlebot/2.1; +http://www.google.com/bot.html)"
66.249.74.71 - - [31/May/2025:23:56:38 -0400] "GET /shopdetail/7300753 HTTP/1.1" 200 6362 "-" "Mozilla/5.0 (Linux; Android 6.0.1; Nexus 5X Build/MMB29P) AppleWebKit/537.36 (KHTML, like Gecko) Chrome/136.0.7103.113 Mobile Safari/537.36 (compatible; Googlebot/2.1; +http://www.google.com/bot.html)"
66.249.74.71 - - [31/May/2025:23:56:41 -0400] "GET /shopdetail/6395431 HTTP/1.1" 200 6362 "-" "Mozilla/5.0 (Linux; Android 6.0.1; Nexus 5X Build/MMB29P) AppleWebKit/537.36 (KHTML, like Gecko) Chrome/136.0.7103.113 Mobile Safari/537.36 (compatible; Googlebot/2.1; +http://www.google.com/bot.html)"
66.249.74.71 - - [31/May/2025:23:56:45 -0400] "GET /shopdetail/15340408 HTTP/1.1" 200 6362 "-" "Mozilla/5.0 (Linux; Android 6.0.1; Nexus 5X Build/MMB29P) AppleWebKit/537.36 (KHTML, like Gecko) Chrome/136.0.7103.113 Mobile Safari/537.36 (compatible; Googlebot/2.1; +http://www.google.com/bot.html)"
66.249.74.71 - - [31/May/2025:23:56:51 -0400] "GET /shopdetail/7158786 HTTP/1.1" 200 6362 "-" "Mozilla/5.0 (Linux; Android 6.0.1; Nexus 5X Build/MMB29P) AppleWebKit/537.36 (KHTML, like Gecko) Chrome/136.0.7103.113 Mobile Safari/537.36 (compatible; Googlebot/2.1; +http://www.google.com/bot.html)"
66.249.74.71 - - [31/May/2025:23:56:53 -0400] "GET /shopdetail/27865186 HTTP/1.1" 200 6362 "-" "Mozilla/5.0 (Linux; Android 6.0.1; Nexus 5X Build/MMB29P) AppleWebKit/537.36 (KHTML, like Gecko) Chrome/136.0.7103.113 Mobile Safari/537.36 (compatible; Googlebot/2.1; +http://www.google.com/bot.html)"
66.249.74.71 - - [31/May/2025:23:56:59 -0400] "GET /shopdetail/6188953 HTTP/1.1" 200 6362 "-" "Mozilla/5.0 (Linux; Android 6.0.1; Nexus 5X Build/MMB29P) AppleWebKit/537.36 (KHTML, like Gecko) Chrome/136.0.7103.113 Mobile Safari/537.36 (compatible; Googlebot/2.1; +http://www.google.com/bot.html)"
66.249.74.71 - - [31/May/2025:23:57:06 -0400] "GET /shopdetail/1095953 HTTP/1.1" 200 6362 "-" "Mozilla/5.0 (Linux; Android 6.0.1; Nexus 5X Build/MMB29P) AppleWebKit/537.36 (KHTML, like Gecko) Chrome/136.0.7103.113 Mobile Safari/537.36 (compatible; Googlebot/2.1; +http://www.google.com/bot.html)"
66.249.74.71 - - [31/May/2025:23:57:16 -0400] "GET /?_gl=1*rgknbr*_ga*MzY3MjE1MDcwLjE3MzcwOTUyMjA.*_ga_0VKVKKN4NV*MTczNzEwMjM4NC4yLjEuMTczNzEwMjQ1My42MC4wLjA.&_bd_prev_page=https://sdipmtools.com/detail.php?shopdetail/11247020 HTTP/1.1" 200 4430 "-" "Mozilla/5.0 (Linux; Android 6.0.1; Nexus 5X Build/MMB29P) AppleWebKit/537.36 (KHTML, like Gecko) Chrome/136.0.7103.113 Mobile Safari/537.36 (compatible; Googlebot/2.1; +http://www.google.com/bot.html)"
66.249.74.71 - - [31/May/2025:23:56:59 -0400] "GET /shopdetail/17958653 HTTP/1.1" 200 6362 "-" "Mozilla/5.0 (Linux; Android 6.0.1; Nexus 5X Build/MMB29P) AppleWebKit/537.36 (KHTML, like Gecko) Chrome/136.0.7103.113 Mobile Safari/537.36 (compatible; Googlebot/2.1; +http://www.google.com/bot.html)"
66.249.74.71 - - [31/May/2025:23:57:01 -0400] "GET /shopdetail/4260497 HTTP/1.1" 200 6362 "-" "Mozilla/5.0 (Linux; Android 6.0.1; Nexus 5X Build/MMB29P) AppleWebKit/537.36 (KHTML, like Gecko) Chrome/136.0.7103.113 Mobile Safari/537.36 (compatible; Googlebot/2.1; +http://www.google.com/bot.html)"
66.249.74.71 - - [31/May/2025:23:57:08 -0400] "GET /shopdetail/6922131 HTTP/1.1" 200 6362 "-" "Mozilla/5.0 (Linux; Android 6.0.1; Nexus 5X Build/MMB29P) AppleWebKit/537.36 (KHTML, like Gecko) Chrome/136.0.7103.113 Mobile Safari/537.36 (compatible; Googlebot/2.1; +http://www.google.com/bot.html)"
66.249.74.71 - - [31/May/2025:23:57:13 -0400] "GET /shopdetail/10554697 HTTP/1.1" 200 6362 "-" "Mozilla/5.0 (Linux; Android 6.0.1; Nexus 5X Build/MMB29P) AppleWebKit/537.36 (KHTML, like Gecko) Chrome/136.0.7103.113 Mobile Safari/537.36 (compatible; Googlebot/2.1; +http://www.google.com/bot.html)"
66.249.74.71 - - [31/May/2025:23:57:15 -0400] "GET /shopdetail/4621942 HTTP/1.1" 200 6362 "-" "Mozilla/5.0 (Linux; Android 6.0.1; Nexus 5X Build/MMB29P) AppleWebKit/537.36 (KHTML, like Gecko) Chrome/136.0.7103.113 Mobile Safari/537.36 (compatible; Googlebot/2.1; +http://www.google.com/bot.html)"
66.249.74.71 - - [31/May/2025:23:57:32 -0400] "GET /shopdetail/4683097 HTTP/1.1" 200 6362 "-" "Mozilla/5.0 (Linux; Android 6.0.1; Nexus 5X Build/MMB29P) AppleWebKit/537.36 (KHTML, like Gecko) Chrome/136.0.7103.113 Mobile Safari/537.36 (compatible; Googlebot/2.1; +http://www.google.com/bot.html)"
66.249.74.71 - - [31/May/2025:23:57:44 -0400] "GET /shopdetail/19025564 HTTP/1.1" 200 6362 "-" "Mozilla/5.0 (Linux; Android 6.0.1; Nexus 5X Build/MMB29P) AppleWebKit/537.36 (KHTML, like Gecko) Chrome/136.0.7103.113 Mobile Safari/537.36 (compatible; Googlebot/2.1; +http://www.google.com/bot.html)"
66.249.74.71 - - [31/May/2025:23:57:52 -0400] "GET /shopdetail/3578275 HTTP/1.1" 200 6362 "-" "Mozilla/5.0 (Linux; Android 6.0.1; Nexus 5X Build/MMB29P) AppleWebKit/537.36 (KHTML, like Gecko) Chrome/136.0.7103.113 Mobile Safari/537.36 (compatible; Googlebot/2.1; +http://www.google.com/bot.html)"
66.249.74.71 - - [31/May/2025:23:57:53 -0400] "GET /shopdetail/3276075 HTTP/1.1" 200 6362 "-" "Mozilla/5.0 (Linux; Android 6.0.1; Nexus 5X Build/MMB29P) AppleWebKit/537.36 (KHTML, like Gecko) Chrome/136.0.7103.113 Mobile Safari/537.36 (compatible; Googlebot/2.1; +http://www.google.com/bot.html)"
66.249.74.71 - - [31/May/2025:23:57:59 -0400] "GET /shopdetail/4255720 HTTP/1.1" 200 6362 "-" "Mozilla/5.0 (Linux; Android 6.0.1; Nexus 5X Build/MMB29P) AppleWebKit/537.36 (KHTML, like Gecko) Chrome/136.0.7103.113 Mobile Safari/537.36 (compatible; Googlebot/2.1; +http://www.google.com/bot.html)"
66.249.74.71 - - [31/May/2025:23:58:07 -0400] "GET /shopdetail/1744408 HTTP/1.1" 200 6362 "-" "Mozilla/5.0 (Linux; Android 6.0.1; Nexus 5X Build/MMB29P) AppleWebKit/537.36 (KHTML, like Gecko) Chrome/136.0.7103.113 Mobile Safari/537.36 (compatible; Googlebot/2.1; +http://www.google.com/bot.html)"
66.249.74.71 - - [31/May/2025:23:58:13 -0400] "GET /shopdetail/6997219 HTTP/1.1" 200 6362 "-" "Mozilla/5.0 (Linux; Android 6.0.1; Nexus 5X Build/MMB29P) AppleWebKit/537.36 (KHTML, like Gecko) Chrome/136.0.7103.113 Mobile Safari/537.36 (compatible; Googlebot/2.1; +http://www.google.com/bot.html)"
66.249.74.71 - - [31/May/2025:23:58:21 -0400] "GET /shopdetail/12580597 HTTP/1.1" 200 6362 "-" "Mozilla/5.0 (Linux; Android 6.0.1; Nexus 5X Build/MMB29P) AppleWebKit/537.36 (KHTML, like Gecko) Chrome/136.0.7103.113 Mobile Safari/537.36 (compatible; Googlebot/2.1; +http://www.google.com/bot.html)"
66.249.74.71 - - [31/May/2025:23:57:25 -0400] "GET /shopdetail/4016975 HTTP/1.1" 200 6362 "-" "Mozilla/5.0 (Linux; Android 6.0.1; Nexus 5X Build/MMB29P) AppleWebKit/537.36 (KHTML, like Gecko) Chrome/136.0.7103.113 Mobile Safari/537.36 (compatible; Googlebot/2.1; +http://www.google.com/bot.html)"
66.249.74.71 - - [31/May/2025:23:57:34 -0400] "GET /shopdetail/21815619 HTTP/1.1" 200 6362 "-" "Mozilla/5.0 (Linux; Android 6.0.1; Nexus 5X Build/MMB29P) AppleWebKit/537.36 (KHTML, like Gecko) Chrome/136.0.7103.113 Mobile Safari/537.36 (compatible; Googlebot/2.1; +http://www.google.com/bot.html)"
66.249.74.71 - - [31/May/2025:23:57:39 -0400] "GET /shopdetail/1383642 HTTP/1.1" 200 6362 "-" "Mozilla/5.0 (Linux; Android 6.0.1; Nexus 5X Build/MMB29P) AppleWebKit/537.36 (KHTML, like Gecko) Chrome/136.0.7103.113 Mobile Safari/537.36 (compatible; Googlebot/2.1; +http://www.google.com/bot.html)"
66.249.74.71 - - [31/May/2025:23:57:42 -0400] "GET /?_gl=1*rgknbr*_ga*MzY3MjE1MDcwLjE3MzcwOTUyMjA.*_ga_0VKVKKN4NV*MTczNzEwMjM4NC4yLjEuMTczNzEwMjQ1My42MC4wLjA.&_bd_prev_page=https://sdipmtools.com/detail.php?product/edit/40307507 HTTP/1.1" 200 4430 "-" "Mozilla/5.0 (Linux; Android 6.0.1; Nexus 5X Build/MMB29P) AppleWebKit/537.36 (KHTML, like Gecko) Chrome/136.0.7103.113 Mobile Safari/537.36 (compatible; Googlebot/2.1; +http://www.google.com/bot.html)"
66.249.74.71 - - [31/May/2025:23:57:56 -0400] "GET /shopdetail/25918242 HTTP/1.1" 200 6362 "-" "Mozilla/5.0 (Linux; Android 6.0.1; Nexus 5X Build/MMB29P) AppleWebKit/537.36 (KHTML, like Gecko) Chrome/136.0.7103.113 Mobile Safari/537.36 (compatible; Googlebot/2.1; +http://www.google.com/bot.html)"
66.249.74.71 - - [31/May/2025:23:58:15 -0400] "GET /shopdetail/17793942 HTTP/1.1" 200 6362 "-" "Mozilla/5.0 (Linux; Android 6.0.1; Nexus 5X Build/MMB29P) AppleWebKit/537.36 (KHTML, like Gecko) Chrome/136.0.7103.113 Mobile Safari/537.36 (compatible; Googlebot/2.1; +http://www.google.com/bot.html)"
66.249.74.71 - - [31/May/2025:23:58:16 -0400] "GET /shopdetail/29959486 HTTP/1.1" 200 6362 "-" "Mozilla/5.0 (Linux; Android 6.0.1; Nexus 5X Build/MMB29P) AppleWebKit/537.36 (KHTML, like Gecko) Chrome/136.0.7103.113 Mobile Safari/537.36 (compatible; Googlebot/2.1; +http://www.google.com/bot.html)"
66.249.74.71 - - [31/May/2025:23:58:32 -0400] "GET /shopdetail/16710064 HTTP/1.1" 200 6362 "-" "Mozilla/5.0 (Linux; Android 6.0.1; Nexus 5X Build/MMB29P) AppleWebKit/537.36 (KHTML, like Gecko) Chrome/136.0.7103.113 Mobile Safari/537.36 (compatible; Googlebot/2.1; +http://www.google.com/bot.html)"
66.249.74.71 - - [31/May/2025:23:58:33 -0400] "GET /shopdetail/23670320 HTTP/1.1" 200 6362 "-" "Mozilla/5.0 (Linux; Android 6.0.1; Nexus 5X Build/MMB29P) AppleWebKit/537.36 (KHTML, like Gecko) Chrome/136.0.7103.113 Mobile Safari/537.36 (compatible; Googlebot/2.1; +http://www.google.com/bot.html)"
66.249.74.71 - - [31/May/2025:23:58:44 -0400] "GET /shopdetail/11515820 HTTP/1.1" 200 6362 "-" "Mozilla/5.0 (Linux; Android 6.0.1; Nexus 5X Build/MMB29P) AppleWebKit/537.36 (KHTML, like Gecko) Chrome/136.0.7103.113 Mobile Safari/537.36 (compatible; Googlebot/2.1; +http://www.google.com/bot.html)"
66.249.74.71 - - [31/May/2025:23:58:54 -0400] "GET /shopdetail/17488331 HTTP/1.1" 200 6362 "-" "Mozilla/5.0 (Linux; Android 6.0.1; Nexus 5X Build/MMB29P) AppleWebKit/537.36 (KHTML, like Gecko) Chrome/136.0.7103.113 Mobile Safari/537.36 (compatible; Googlebot/2.1; +http://www.google.com/bot.html)"
66.249.74.71 - - [31/May/2025:23:58:54 -0400] "GET /shopdetail/10445864 HTTP/1.1" 200 6362 "-" "Mozilla/5.0 (Linux; Android 6.0.1; Nexus 5X Build/MMB29P) AppleWebKit/537.36 (KHTML, like Gecko) Chrome/136.0.7103.113 Mobile Safari/537.36 (compatible; Googlebot/2.1; +http://www.google.com/bot.html)"
66.249.74.71 - - [31/May/2025:23:58:56 -0400] "GET /?_gl=1*rgknbr*_ga*MzY3MjE1MDcwLjE3MzcwOTUyMjA.*_ga_0VKVKKN4NV*MTczNzEwMjM4NC4yLjEuMTczNzEwMjQ1My42MC4wLjA.&_bd_prev_page=https://sdipmtools.com/detail.php?shopdetail/6176964 HTTP/1.1" 200 4430 "-" "Mozilla/5.0 (Linux; Android 6.0.1; Nexus 5X Build/MMB29P) AppleWebKit/537.36 (KHTML, like Gecko) Chrome/136.0.7103.113 Mobile Safari/537.36 (compatible; Googlebot/2.1; +http://www.google.com/bot.html)"
66.249.74.72 - - [31/May/2025:23:59:02 -0400] "GET /shopdetail/2201920 HTTP/1.1" 200 6362 "-" "Mozilla/5.0 (Linux; Android 6.0.1; Nexus 5X Build/MMB29P) AppleWebKit/537.36 (KHTML, like Gecko) Chrome/136.0.7103.113 Mobile Safari/537.36 (compatible; Googlebot/2.1; +http://www.google.com/bot.html)"
66.249.74.71 - - [31/May/2025:23:59:08 -0400] "GET /shopdetail/9466920 HTTP/1.1" 200 6362 "-" "Mozilla/5.0 (Linux; Android 6.0.1; Nexus 5X Build/MMB29P) AppleWebKit/537.36 (KHTML, like Gecko) Chrome/136.0.7103.113 Mobile Safari/537.36 (compatible; Googlebot/2.1; +http://www.google.com/bot.html)"
66.249.74.71 - - [31/May/2025:23:59:10 -0400] "GET /shopdetail/2878242 HTTP/1.1" 200 6362 "-" "Mozilla/5.0 (Linux; Android 6.0.1; Nexus 5X Build/MMB29P) AppleWebKit/537.36 (KHTML, like Gecko) Chrome/136.0.7103.113 Mobile Safari/537.36 (compatible; Googlebot/2.1; +http://www.google.com/bot.html)"
66.249.74.71 - - [31/May/2025:23:59:11 -0400] "GET /?_gl=1*rgknbr*_ga*MzY3MjE1MDcwLjE3MzcwOTUyMjA.*_ga_0VKVKKN4NV*MTczNzEwMjM4NC4yLjEuMTczNzEwMjQ1My42MC4wLjA.&_bd_prev_page=https://sdipmtools.com/detail.php?product/edit/70374705 HTTP/1.1" 200 4430 "-" "Mozilla/5.0 (Linux; Android 6.0.1; Nexus 5X Build/MMB29P) AppleWebKit/537.36 (KHTML, like Gecko) Chrome/136.0.7103.113 Mobile Safari/537.36 (compatible; Googlebot/2.1; +http://www.google.com/bot.html)"
66.249.74.71 - - [31/May/2025:23:59:21 -0400] "GET /shopdetail/13068131 HTTP/1.1" 200 6362 "-" "Mozilla/5.0 (Linux; Android 6.0.1; Nexus 5X Build/MMB29P) AppleWebKit/537.36 (KHTML, like Gecko) Chrome/136.0.7103.113 Mobile Safari/537.36 (compatible; Googlebot/2.1; +http://www.google.com/bot.html)"
66.249.74.71 - - [31/May/2025:23:59:24 -0400] "GET /shopdetail/24283686 HTTP/1.1" 200 6362 "-" "Mozilla/5.0 (Linux; Android 6.0.1; Nexus 5X Build/MMB29P) AppleWebKit/537.36 (KHTML, like Gecko) Chrome/136.0.7103.113 Mobile Safari/537.36 (compatible; Googlebot/2.1; +http://www.google.com/bot.html)"
66.249.65.193 - - [31/May/2025:23:59:29 -0400] "GET /robots.txt HTTP/1.1" 200 134 "-" "Mozilla/5.0 (compatible; Googlebot/2.1; +http://www.google.com/bot.html)"
66.249.74.71 - - [31/May/2025:23:59:28 -0400] "GET /shopdetail/9371531 HTTP/1.1" 200 6362 "-" "Mozilla/5.0 (Linux; Android 6.0.1; Nexus 5X Build/MMB29P) AppleWebKit/537.36 (KHTML, like Gecko) Chrome/136.0.7103.113 Mobile Safari/537.36 (compatible; Googlebot/2.1; +http://www.google.com/bot.html)"
66.249.74.71 - - [31/May/2025:23:58:25 -0400] "GET /shopdetail/17242153 HTTP/1.1" 200 6362 "-" "Mozilla/5.0 (Linux; Android 6.0.1; Nexus 5X Build/MMB29P) AppleWebKit/537.36 (KHTML, like Gecko) Chrome/136.0.7103.113 Mobile Safari/537.36 (compatible; Googlebot/2.1; +http://www.google.com/bot.html)"
66.249.74.71 - - [31/May/2025:23:58:30 -0400] "GET /shopdetail/4995831 HTTP/1.1" 200 6362 "-" "Mozilla/5.0 (Linux; Android 6.0.1; Nexus 5X Build/MMB29P) AppleWebKit/537.36 (KHTML, like Gecko) Chrome/136.0.7103.113 Mobile Safari/537.36 (compatible; Googlebot/2.1; +http://www.google.com/bot.html)"
66.249.74.71 - - [31/May/2025:23:58:41 -0400] "GET /shopdetail/4283864 HTTP/1.1" 200 6362 "-" "Mozilla/5.0 (Linux; Android 6.0.1; Nexus 5X Build/MMB29P) AppleWebKit/537.36 (KHTML, like Gecko) Chrome/136.0.7103.113 Mobile Safari/537.36 (compatible; Googlebot/2.1; +http://www.google.com/bot.html)"
66.249.74.71 - - [31/May/2025:23:58:46 -0400] "GET /shopdetail/7514575 HTTP/1.1" 200 6362 "-" "Mozilla/5.0 (Linux; Android 6.0.1; Nexus 5X Build/MMB29P) AppleWebKit/537.36 (KHTML, like Gecko) Chrome/136.0.7103.113 Mobile Safari/537.36 (compatible; Googlebot/2.1; +http://www.google.com/bot.html)"
66.249.74.71 - - [31/May/2025:23:59:00 -0400] "GET /shopdetail/3719831 HTTP/1.1" 200 6362 "-" "Mozilla/5.0 (Linux; Android 6.0.1; Nexus 5X Build/MMB29P) AppleWebKit/537.36 (KHTML, like Gecko) Chrome/136.0.7103.113 Mobile Safari/537.36 (compatible; Googlebot/2.1; +http://www.google.com/bot.html)"
66.249.74.71 - - [31/May/2025:23:59:14 -0400] "GET /?_gl=1*rgknbr*_ga*MzY3MjE1MDcwLjE3MzcwOTUyMjA.*_ga_0VKVKKN4NV*MTczNzEwMjM4NC4yLjEuMTczNzEwMjQ1My42MC4wLjA.&_bd_prev_page=https://sdipmtools.com/detail.php?shopdetail/23926353 HTTP/1.1" 200 4430 "-" "Mozilla/5.0 (Linux; Android 6.0.1; Nexus 5X Build/MMB29P) AppleWebKit/537.36 (KHTML, like Gecko) Chrome/136.0.7103.113 Mobile Safari/537.36 (compatible; Googlebot/2.1; +http://www.google.com/bot.html)"
66.249.74.71 - - [31/May/2025:23:59:26 -0400] "GET /?_gl=1*rgknbr*_ga*MzY3MjE1MDcwLjE3MzcwOTUyMjA.*_ga_0VKVKKN4NV*MTczNzEwMjM4NC4yLjEuMTczNzEwMjQ1My42MC4wLjA.&_bd_prev_page=https://sdipmtools.com/detail.php?shopdetail/20527353 HTTP/1.1" 200 4430 "-" "Mozilla/5.0 (Linux; Android 6.0.1; Nexus 5X Build/MMB29P) AppleWebKit/537.36 (KHTML, like Gecko) Chrome/136.0.7103.113 Mobile Safari/537.36 (compatible; Googlebot/2.1; +http://www.google.com/bot.html)"
66.249.65.194 - - [31/May/2025:23:59:33 -0400] "GET /js/main.js HTTP/1.1" 200 1033573 "https://sdipmtools.com/login" "Mozilla/5.0 (Linux; Android 6.0.1; Nexus 5X Build/MMB29P) AppleWebKit/537.36 (KHTML, like Gecko) Chrome/136.0.7103.92 Mobile Safari/537.36 (compatible; Googlebot/2.1; +http://www.google.com/bot.html)"
66.249.74.71 - - [31/May/2025:23:59:34 -0400] "GET /shopdetail/13104064 HTTP/1.1" 200 6362 "-" "Mozilla/5.0 (Linux; Android 6.0.1; Nexus 5X Build/MMB29P) AppleWebKit/537.36 (KHTML, like Gecko) Chrome/136.0.7103.113 Mobile Safari/537.36 (compatible; Googlebot/2.1; +http://www.google.com/bot.html)"
66.249.65.193 - - [31/May/2025:23:59:39 -0400] "GET /js/main.js HTTP/1.1" 200 1033573 "https://sdipmtools.com/login" "Mozilla/5.0 (Linux; Android 6.0.1; Nexus 5X Build/MMB29P) AppleWebKit/537.36 (KHTML, like Gecko) Chrome/136.0.7103.92 Mobile Safari/537.36 (compatible; Googlebot/2.1; +http://www.google.com/bot.html)"
66.249.74.71 - - [31/May/2025:23:59:52 -0400] "GET /shopdetail/4186642 HTTP/1.1" 200 6362 "-" "Mozilla/5.0 (Linux; Android 6.0.1; Nexus 5X Build/MMB29P) AppleWebKit/537.36 (KHTML, like Gecko) Chrome/136.0.7103.113 Mobile Safari/537.36 (compatible; Googlebot/2.1; +http://www.google.com/bot.html)"
66.249.74.72 - - [01/Jun/2025:00:00:29 -0400] "GET /?_gl=1*rgknbr*_ga*MzY3MjE1MDcwLjE3MzcwOTUyMjA.*_ga_0VKVKKN4NV*MTczNzEwMjM4NC4yLjEuMTczNzEwMjQ1My42MC4wLjA.&_bd_prev_page=https://sdipmtools.com/detail.php?shopdetail/11715153 HTTP/1.1" 200 4430 "-" "Mozilla/5.0 (Linux; Android 6.0.1; Nexus 5X Build/MMB29P) AppleWebKit/537.36 (KHTML, like Gecko) Chrome/136.0.7103.113 Mobile Safari/537.36 (compatible; Googlebot/2.1; +http://www.google.com/bot.html)"
66.249.65.193 - - [01/Jun/2025:00:00:33 -0400] "GET /js/main.js HTTP/1.1" 200 1033573 "https://sdipmtools.com/login" "Mozilla/5.0 (Linux; Android 6.0.1; Nexus 5X Build/MMB29P) AppleWebKit/537.36 (KHTML, like Gecko) Chrome/136.0.7103.92 Mobile Safari/537.36 (compatible; Googlebot/2.1; +http://www.google.com/bot.html)"
66.249.74.73 - - [01/Jun/2025:00:01:13 -0400] "GET /shopdetail/21472375 HTTP/1.1" 200 6362 "-" "Mozilla/5.0 (Linux; Android 6.0.1; Nexus 5X Build/MMB29P) AppleWebKit/537.36 (KHTML, like Gecko) Chrome/136.0.7103.113 Mobile Safari/537.36 (compatible; Googlebot/2.1; +http://www.google.com/bot.html)"
66.249.74.71 - - [01/Jun/2025:00:01:26 -0400] "GET /?_gl=1*rgknbr*_ga*MzY3MjE1MDcwLjE3MzcwOTUyMjA.*_ga_0VKVKKN4NV*MTczNzEwMjM4NC4yLjEuMTczNzEwMjQ1My42MC4wLjA.&_bd_prev_page=https://sdipmtools.com/detail.php?shopdetail/9240153 HTTP/1.1" 200 4430 "-" "Mozilla/5.0 (Linux; Android 6.0.1; Nexus 5X Build/MMB29P) AppleWebKit/537.36 (KHTML, like Gecko) Chrome/136.0.7103.113 Mobile Safari/537.36 (compatible; Googlebot/2.1; +http://www.google.com/bot.html)"
66.249.74.71 - - [31/May/2025:23:59:38 -0400] "GET /shopdetail/31246631 HTTP/1.1" 200 6362 "-" "Mozilla/5.0 (Linux; Android 6.0.1; Nexus 5X Build/MMB29P) AppleWebKit/537.36 (KHTML, like Gecko) Chrome/136.0.7103.113 Mobile Safari/537.36 (compatible; Googlebot/2.1; +http://www.google.com/bot.html)"
66.249.65.195 - - [01/Jun/2025:00:00:32 -0400] "GET /robots.txt HTTP/1.1" 200 134 "-" "Mozilla/5.0 (compatible; Googlebot/2.1; +http://www.google.com/bot.html)"
66.249.65.194 - - [01/Jun/2025:00:01:25 -0400] "GET /?_gl=1*rgknbr*_ga*MzY3MjE1MDcwLjE3MzcwOTUyMjA.*_ga_0VKVKKN4NV*MTczNzEwMjM4NC4yLjEuMTczNzEwMjQ1My42MC4wLjA.&_bd_prev_page=https://www.sdipmtools.com/detail.php?shopdetail/12909764 HTTP/1.1" 200 4434 "-" "Mozilla/5.0 (Linux; Android 6.0.1; Nexus 5X Build/MMB29P) AppleWebKit/537.36 (KHTML, like Gecko) Chrome/136.0.7103.113 Mobile Safari/537.36 (compatible; Googlebot/2.1; +http://www.google.com/bot.html)"
66.249.65.193 - - [01/Jun/2025:00:01:30 -0400] "GET /js/main.js HTTP/1.1" 200 1033573 "https://www.sdipmtools.com/login" "Mozilla/5.0 (Linux; Android 6.0.1; Nexus 5X Build/MMB29P) AppleWebKit/537.36 (KHTML, like Gecko) Chrome/136.0.7103.92 Mobile Safari/537.36 (compatible; Googlebot/2.1; +http://www.google.com/bot.html)"
66.249.74.71 - - [01/Jun/2025:00:01:34 -0400] "GET /shopdetail/5995786 HTTP/1.1" 200 6362 "-" "Mozilla/5.0 (Linux; Android 6.0.1; Nexus 5X Build/MMB29P) AppleWebKit/537.36 (KHTML, like Gecko) Chrome/136.0.7103.113 Mobile Safari/537.36 (compatible; Googlebot/2.1; +http://www.google.com/bot.html)"
66.249.74.71 - - [01/Jun/2025:00:01:36 -0400] "GET /?_gl=1*rgknbr*_ga*MzY3MjE1MDcwLjE3MzcwOTUyMjA.*_ga_0VKVKKN4NV*MTczNzEwMjM4NC4yLjEuMTczNzEwMjQ1My42MC4wLjA.&_bd_prev_page=https://sdipmtools.com/detail.php?shopdetail/18863419 HTTP/1.1" 200 4430 "-" "Mozilla/5.0 (Linux; Android 6.0.1; Nexus 5X Build/MMB29P) AppleWebKit/537.36 (KHTML, like Gecko) Chrome/136.0.7103.113 Mobile Safari/537.36 (compatible; Googlebot/2.1; +http://www.google.com/bot.html)"
66.249.74.71 - - [01/Jun/2025:00:01:39 -0400] "GET /shopdetail/21629842 HTTP/1.1" 200 6362 "-" "Mozilla/5.0 (Linux; Android 6.0.1; Nexus 5X Build/MMB29P) AppleWebKit/537.36 (KHTML, like Gecko) Chrome/136.0.7103.113 Mobile Safari/537.36 (compatible; Googlebot/2.1; +http://www.google.com/bot.html)"
66.249.74.71 - - [01/Jun/2025:00:02:00 -0400] "GET /safe_search/config?return_url=%2Fproduct%2Fdetail%2F28927187 HTTP/1.1" 200 6362 "-" "Mozilla/5.0 (Linux; Android 6.0.1; Nexus 5X Build/MMB29P) AppleWebKit/537.36 (KHTML, like Gecko) Chrome/136.0.7103.113 Mobile Safari/537.36 (compatible; Googlebot/2.1; +http://www.google.com/bot.html)"
66.249.74.72 - - [01/Jun/2025:00:02:21 -0400] "GET /shopdetail/5537942 HTTP/1.1" 200 6362 "-" "Mozilla/5.0 (Linux; Android 6.0.1; Nexus 5X Build/MMB29P) AppleWebKit/537.36 (KHTML, like Gecko) Chrome/136.0.7103.113 Mobile Safari/537.36 (compatible; Googlebot/2.1; +http://www.google.com/bot.html)"
66.249.74.71 - - [01/Jun/2025:00:03:30 -0400] "GET /shopdetail/23547697 HTTP/1.1" 200 6362 "-" "Mozilla/5.0 (Linux; Android 6.0.1; Nexus 5X Build/MMB29P) AppleWebKit/537.36 (KHTML, like Gecko) Chrome/136.0.7103.113 Mobile Safari/537.36 (compatible; Googlebot/2.1; +http://www.google.com/bot.html)"
66.249.65.194 - - [01/Jun/2025:00:03:47 -0400] "GET /robots.txt HTTP/1.1" 200 134 "-" "Mozilla/5.0 (compatible; Googlebot/2.1; +http://www.google.com/bot.html)"
66.249.74.72 - - [01/Jun/2025:00:03:47 -0400] "GET /shopdetail/28132075 HTTP/1.1" 200 6362 "-" "Mozilla/5.0 (Linux; Android 6.0.1; Nexus 5X Build/MMB29P) AppleWebKit/537.36 (KHTML, like Gecko) Chrome/136.0.7103.113 Mobile Safari/537.36 (compatible; Googlebot/2.1; +http://www.google.com/bot.html)"
66.249.65.195 - - [01/Jun/2025:00:03:47 -0400] "GET /js/main.js HTTP/1.1" 200 1033573 "https://sdipmtools.com/login" "Mozilla/5.0 (Linux; Android 6.0.1; Nexus 5X Build/MMB29P) AppleWebKit/537.36 (KHTML, like Gecko) Chrome/136.0.7103.92 Mobile Safari/537.36 (compatible; Googlebot/2.1; +http://www.google.com/bot.html)"
66.249.74.71 - - [01/Jun/2025:00:03:58 -0400] "GET /shopdetail/27801264 HTTP/1.1" 200 6362 "-" "Mozilla/5.0 (Linux; Android 6.0.1; Nexus 5X Build/MMB29P) AppleWebKit/537.36 (KHTML, like Gecko) Chrome/136.0.7103.113 Mobile Safari/537.36 (compatible; Googlebot/2.1; +http://www.google.com/bot.html)"
66.249.74.71 - - [01/Jun/2025:00:04:02 -0400] "GET /?_gl=1*rgknbr*_ga*MzY3MjE1MDcwLjE3MzcwOTUyMjA.*_ga_0VKVKKN4NV*MTczNzEwMjM4NC4yLjEuMTczNzEwMjQ1My42MC4wLjA.&_bd_prev_page=https://sdipmtools.com/detail.php?shopdetail/14783486 HTTP/1.1" 200 4430 "-" "Mozilla/5.0 (Linux; Android 6.0.1; Nexus 5X Build/MMB29P) AppleWebKit/537.36 (KHTML, like Gecko) Chrome/136.0.7103.113 Mobile Safari/537.36 (compatible; Googlebot/2.1; +http://www.google.com/bot.html)"
66.249.74.71 - - [01/Jun/2025:00:05:08 -0400] "GET /shopdetail/8725786 HTTP/1.1" 200 6362 "-" "Mozilla/5.0 (Linux; Android 6.0.1; Nexus 5X Build/MMB29P) AppleWebKit/537.36 (KHTML, like Gecko) Chrome/136.0.7103.113 Mobile Safari/537.36 (compatible; Googlebot/2.1; +http://www.google.com/bot.html)"
66.249.74.71 - - [01/Jun/2025:00:05:16 -0400] "GET /?_gl=1*rgknbr*_ga*MzY3MjE1MDcwLjE3MzcwOTUyMjA.*_ga_0VKVKKN4NV*MTczNzEwMjM4NC4yLjEuMTczNzEwMjQ1My42MC4wLjA.&_bd_prev_page=https://sdipmtools.com/detail.php?shopdetail/1239453 HTTP/1.1" 200 4430 "-" "Mozilla/5.0 (Linux; Android 6.0.1; Nexus 5X Build/MMB29P) AppleWebKit/537.36 (KHTML, like Gecko) Chrome/136.0.7103.113 Mobile Safari/537.36 (compatible; Googlebot/2.1; +http://www.google.com/bot.html)"
66.249.74.71 - - [01/Jun/2025:00:05:17 -0400] "GET /shopdetail/28929353 HTTP/1.1" 200 6362 "-" "Mozilla/5.0 (Linux; Android 6.0.1; Nexus 5X Build/MMB29P) AppleWebKit/537.36 (KHTML, like Gecko) Chrome/136.0.7103.113 Mobile Safari/537.36 (compatible; Googlebot/2.1; +http://www.google.com/bot.html)"
66.249.74.71 - - [01/Jun/2025:00:05:22 -0400] "GET /shopdetail/6812653 HTTP/1.1" 200 6362 "-" "Mozilla/5.0 (Linux; Android 6.0.1; Nexus 5X Build/MMB29P) AppleWebKit/537.36 (KHTML, like Gecko) Chrome/136.0.7103.113 Mobile Safari/537.36 (compatible; Googlebot/2.1; +http://www.google.com/bot.html)"
66.249.74.71 - - [01/Jun/2025:00:05:26 -0400] "GET /shopdetail/5909631 HTTP/1.1" 200 6362 "-" "Mozilla/5.0 (Linux; Android 6.0.1; Nexus 5X Build/MMB29P) AppleWebKit/537.36 (KHTML, like Gecko) Chrome/136.0.7103.113 Mobile Safari/537.36 (compatible; Googlebot/2.1; +http://www.google.com/bot.html)"
66.249.74.71 - - [01/Jun/2025:00:05:28 -0400] "GET /shopdetail/5158608 HTTP/1.1" 200 6362 "-" "Mozilla/5.0 (Linux; Android 6.0.1; Nexus 5X Build/MMB29P) AppleWebKit/537.36 (KHTML, like Gecko) Chrome/136.0.7103.113 Mobile Safari/537.36 (compatible; Googlebot/2.1; +http://www.google.com/bot.html)"
66.249.74.71 - - [01/Jun/2025:00:05:44 -0400] "GET /shopdetail/12050720 HTTP/1.1" 200 6362 "-" "Mozilla/5.0 (Linux; Android 6.0.1; Nexus 5X Build/MMB29P) AppleWebKit/537.36 (KHTML, like Gecko) Chrome/136.0.7103.113 Mobile Safari/537.36 (compatible; Googlebot/2.1; +http://www.google.com/bot.html)"
66.249.74.71 - - [01/Jun/2025:00:02:41 -0400] "GET /shopdetail/5937775 HTTP/1.1" 200 6362 "-" "Mozilla/5.0 (Linux; Android 6.0.1; Nexus 5X Build/MMB29P) AppleWebKit/537.36 (KHTML, like Gecko) Chrome/136.0.7103.113 Mobile Safari/537.36 (compatible; Googlebot/2.1; +http://www.google.com/bot.html)"
66.249.74.71 - - [01/Jun/2025:00:02:58 -0400] "GET /shopdetail/25323842 HTTP/1.1" 200 6362 "-" "Mozilla/5.0 (Linux; Android 6.0.1; Nexus 5X Build/MMB29P) AppleWebKit/537.36 (KHTML, like Gecko) Chrome/136.0.7103.113 Mobile Safari/537.36 (compatible; Googlebot/2.1; +http://www.google.com/bot.html)"
66.249.74.72 - - [01/Jun/2025:00:03:31 -0400] "GET /pcmypage?callback=/product%2Fdetail%2F37507379 HTTP/1.1" 200 6362 "-" "Mozilla/5.0 (Linux; Android 6.0.1; Nexus 5X Build/MMB29P) AppleWebKit/537.36 (KHTML, like Gecko) Chrome/136.0.7103.113 Mobile Safari/537.36 (compatible; Googlebot/2.1; +http://www.google.com/bot.html)"
66.249.74.71 - - [01/Jun/2025:00:03:44 -0400] "GET /?_gl=1*rgknbr*_ga*MzY3MjE1MDcwLjE3MzcwOTUyMjA.*_ga_0VKVKKN4NV*MTczNzEwMjM4NC4yLjEuMTczNzEwMjQ1My42MC4wLjA.&_bd_prev_page=https://sdipmtools.com/detail.php?shopdetail/15980319 HTTP/1.1" 200 4430 "-" "Mozilla/5.0 (Linux; Android 6.0.1; Nexus 5X Build/MMB29P) AppleWebKit/537.36 (KHTML, like Gecko) Chrome/136.0.7103.113 Mobile Safari/537.36 (compatible; Googlebot/2.1; +http://www.google.com/bot.html)"
66.249.74.71 - - [01/Jun/2025:00:03:47 -0400] "GET /shopdetail/8333819 HTTP/1.1" 200 6362 "-" "Mozilla/5.0 (Linux; Android 6.0.1; Nexus 5X Build/MMB29P) AppleWebKit/537.36 (KHTML, like Gecko) Chrome/136.0.7103.113 Mobile Safari/537.36 (compatible; Googlebot/2.1; +http://www.google.com/bot.html)"
66.249.74.71 - - [01/Jun/2025:00:03:49 -0400] "GET /shopdetail/21271642 HTTP/1.1" 200 6362 "-" "Mozilla/5.0 (Linux; Android 6.0.1; Nexus 5X Build/MMB29P) AppleWebKit/537.36 (KHTML, like Gecko) Chrome/136.0.7103.113 Mobile Safari/537.36 (compatible; Googlebot/2.1; +http://www.google.com/bot.html)"
66.249.74.71 - - [01/Jun/2025:00:04:14 -0400] "GET /shopdetail/3289431 HTTP/1.1" 200 6362 "-" "Mozilla/5.0 (Linux; Android 6.0.1; Nexus 5X Build/MMB29P) AppleWebKit/537.36 (KHTML, like Gecko) Chrome/136.0.7103.113 Mobile Safari/537.36 (compatible; Googlebot/2.1; +http://www.google.com/bot.html)"
66.249.74.72 - - [01/Jun/2025:00:05:02 -0400] "GET /shopdetail/30342197 HTTP/1.1" 200 6362 "-" "Mozilla/5.0 (Linux; Android 6.0.1; Nexus 5X Build/MMB29P) AppleWebKit/537.36 (KHTML, like Gecko) Chrome/136.0.7103.113 Mobile Safari/537.36 (compatible; Googlebot/2.1; +http://www.google.com/bot.html)"
66.249.74.71 - - [01/Jun/2025:00:05:22 -0400] "GET /shopdetail/25250931 HTTP/1.1" 200 6362 "-" "Mozilla/5.0 (Linux; Android 6.0.1; Nexus 5X Build/MMB29P) AppleWebKit/537.36 (KHTML, like Gecko) Chrome/136.0.7103.113 Mobile Safari/537.36 (compatible; Googlebot/2.1; +http://www.google.com/bot.html)"
66.249.74.71 - - [01/Jun/2025:00:05:33 -0400] "GET /shopdetail/16457653 HTTP/1.1" 200 6362 "-" "Mozilla/5.0 (Linux; Android 6.0.1; Nexus 5X Build/MMB29P) AppleWebKit/537.36 (KHTML, like Gecko) Chrome/136.0.7103.113 Mobile Safari/537.36 (compatible; Googlebot/2.1; +http://www.google.com/bot.html)"
66.249.74.71 - - [01/Jun/2025:00:05:36 -0400] "GET /shopdetail/25928131 HTTP/1.1" 200 6362 "-" "Mozilla/5.0 (Linux; Android 6.0.1; Nexus 5X Build/MMB29P) AppleWebKit/537.36 (KHTML, like Gecko) Chrome/136.0.7103.113 Mobile Safari/537.36 (compatible; Googlebot/2.1; +http://www.google.com/bot.html)"
66.249.74.71 - - [01/Jun/2025:00:05:41 -0400] "GET /shopdetail/20920308 HTTP/1.1" 200 6362 "-" "Mozilla/5.0 (Linux; Android 6.0.1; Nexus 5X Build/MMB29P) AppleWebKit/537.36 (KHTML, like Gecko) Chrome/136.0.7103.113 Mobile Safari/537.36 (compatible; Googlebot/2.1; +http://www.google.com/bot.html)"
66.249.74.71 - - [01/Jun/2025:00:05:46 -0400] "GET /pcmypage?callback=/product%2Fdetail%2F37297454 HTTP/1.1" 200 6362 "-" "Mozilla/5.0 (Linux; Android 6.0.1; Nexus 5X Build/MMB29P) AppleWebKit/537.36 (KHTML, like Gecko) Chrome/136.0.7103.113 Mobile Safari/537.36 (compatible; Googlebot/2.1; +http://www.google.com/bot.html)"
66.249.74.71 - - [01/Jun/2025:00:05:49 -0400] "GET /shopdetail/12591208 HTTP/1.1" 200 6362 "-" "Mozilla/5.0 (Linux; Android 6.0.1; Nexus 5X Build/MMB29P) AppleWebKit/537.36 (KHTML, like Gecko) Chrome/136.0.7103.113 Mobile Safari/537.36 (compatible; Googlebot/2.1; +http://www.google.com/bot.html)"
66.249.65.194 - - [01/Jun/2025:00:05:57 -0400] "GET /robots.txt HTTP/1.1" 200 134 "-" "Mozilla/5.0 (compatible; Googlebot/2.1; +http://www.google.com/bot.html)"
66.249.74.71 - - [01/Jun/2025:00:05:57 -0400] "GET /shopdetail/14302331 HTTP/1.1" 200 6362 "-" "Mozilla/5.0 (Linux; Android 6.0.1; Nexus 5X Build/MMB29P) AppleWebKit/537.36 (KHTML, like Gecko) Chrome/136.0.7103.113 Mobile Safari/537.36 (compatible; Googlebot/2.1; +http://www.google.com/bot.html)"
66.249.65.195 - - [01/Jun/2025:00:05:58 -0400] "GET /js/main.js HTTP/1.1" 200 1033573 "https://sdipmtools.com/login" "Mozilla/5.0 (Linux; Android 6.0.1; Nexus 5X Build/MMB29P) AppleWebKit/537.36 (KHTML, like Gecko) Chrome/136.0.7103.92 Mobile Safari/537.36 (compatible; Googlebot/2.1; +http://www.google.com/bot.html)"
66.249.74.71 - - [01/Jun/2025:00:06:27 -0400] "GET /?_gl=1*rgknbr*_ga*MzY3MjE1MDcwLjE3MzcwOTUyMjA.*_ga_0VKVKKN4NV*MTczNzEwMjM4NC4yLjEuMTczNzEwMjQ1My42MC4wLjA.&_bd_prev_page=https://sdipmtools.com/detail.php?shopdetail/12174686 HTTP/1.1" 200 4430 "-" "Mozilla/5.0 (Linux; Android 6.0.1; Nexus 5X Build/MMB29P) AppleWebKit/537.36 (KHTML, like Gecko) Chrome/136.0.7103.113 Mobile Safari/537.36 (compatible; Googlebot/2.1; +http://www.google.com/bot.html)"
66.249.74.71 - - [01/Jun/2025:00:06:29 -0400] "GET /?_gl=1*rgknbr*_ga*MzY3MjE1MDcwLjE3MzcwOTUyMjA.*_ga_0VKVKKN4NV*MTczNzEwMjM4NC4yLjEuMTczNzEwMjQ1My42MC4wLjA.&_bd_prev_page=https://sdipmtools.com/detail.php?shopdetail/26934186 HTTP/1.1" 200 4430 "-" "Mozilla/5.0 (Linux; Android 6.0.1; Nexus 5X Build/MMB29P) AppleWebKit/537.36 (KHTML, like Gecko) Chrome/136.0.7103.113 Mobile Safari/537.36 (compatible; Googlebot/2.1; +http://www.google.com/bot.html)"
66.249.65.195 - - [01/Jun/2025:00:06:29 -0400] "GET /?_gl=1*rgknbr*_ga*MzY3MjE1MDcwLjE3MzcwOTUyMjA.*_ga_0VKVKKN4NV*MTczNzEwMjM4NC4yLjEuMTczNzEwMjQ1My42MC4wLjA.&_bd_prev_page=https://www.sdipmtools.com/detail.php?shopdetail/9085764 HTTP/1.1" 200 4434 "-" "Mozilla/5.0 (Linux; Android 6.0.1; Nexus 5X Build/MMB29P) AppleWebKit/537.36 (KHTML, like Gecko) Chrome/136.0.7103.113 Mobile Safari/537.36 (compatible; Googlebot/2.1; +http://www.google.com/bot.html)"
66.249.74.71 - - [01/Jun/2025:00:06:30 -0400] "GET /?_gl=1*rgknbr*_ga*MzY3MjE1MDcwLjE3MzcwOTUyMjA.*_ga_0VKVKKN4NV*MTczNzEwMjM4NC4yLjEuMTczNzEwMjQ1My42MC4wLjA.&_bd_prev_page=https://sdipmtools.com/detail.php?shopdetail/23124464 HTTP/1.1" 200 4430 "-" "Mozilla/5.0 (Linux; Android 6.0.1; Nexus 5X Build/MMB29P) AppleWebKit/537.36 (KHTML, like Gecko) Chrome/136.0.7103.113 Mobile Safari/537.36 (compatible; Googlebot/2.1; +http://www.google.com/bot.html)"
66.249.74.71 - - [01/Jun/2025:00:06:33 -0400] "GET /?_gl=1*rgknbr*_ga*MzY3MjE1MDcwLjE3MzcwOTUyMjA.*_ga_0VKVKKN4NV*MTczNzEwMjM4NC4yLjEuMTczNzEwMjQ1My42MC4wLjA.&_bd_prev_page=https://sdipmtools.com/detail.php?shopdetail/30514220 HTTP/1.1" 200 4430 "-" "Mozilla/5.0 (Linux; Android 6.0.1; Nexus 5X Build/MMB29P) AppleWebKit/537.36 (KHTML, like Gecko) Chrome/136.0.7103.113 Mobile Safari/537.36 (compatible; Googlebot/2.1; +http://www.google.com/bot.html)"
66.249.74.71 - - [01/Jun/2025:00:06:34 -0400] "GET /shopdetail/25156453 HTTP/1.1" 200 6362 "-" "Mozilla/5.0 (Linux; Android 6.0.1; Nexus 5X Build/MMB29P) AppleWebKit/537.36 (KHTML, like Gecko) Chrome/136.0.7103.113 Mobile Safari/537.36 (compatible; Googlebot/2.1; +http://www.google.com/bot.html)"
66.249.74.71 - - [01/Jun/2025:00:05:53 -0400] "GET /?_gl=1*rgknbr*_ga*MzY3MjE1MDcwLjE3MzcwOTUyMjA.*_ga_0VKVKKN4NV*MTczNzEwMjM4NC4yLjEuMTczNzEwMjQ1My42MC4wLjA.&_bd_prev_page=https://sdipmtools.com/detail.php?shopdetail/7838119 HTTP/1.1" 200 4430 "-" "Mozilla/5.0 (Linux; Android 6.0.1; Nexus 5X Build/MMB29P) AppleWebKit/537.36 (KHTML, like Gecko) Chrome/136.0.7103.113 Mobile Safari/537.36 (compatible; Googlebot/2.1; +http://www.google.com/bot.html)"
66.249.74.73 - - [01/Jun/2025:00:06:05 -0400] "GET /shopdetail/17221197 HTTP/1.1" 200 6362 "-" "Mozilla/5.0 (Linux; Android 6.0.1; Nexus 5X Build/MMB29P) AppleWebKit/537.36 (KHTML, like Gecko) Chrome/136.0.7103.113 Mobile Safari/537.36 (compatible; Googlebot/2.1; +http://www.google.com/bot.html)"
66.249.74.71 - - [01/Jun/2025:00:06:31 -0400] "GET /?_gl=1*rgknbr*_ga*MzY3MjE1MDcwLjE3MzcwOTUyMjA.*_ga_0VKVKKN4NV*MTczNzEwMjM4NC4yLjEuMTczNzEwMjQ1My42MC4wLjA.&_bd_prev_page=https://sdipmtools.com/detail.php?shopdetail/12304019 HTTP/1.1" 200 4430 "-" "Mozilla/5.0 (Linux; Android 6.0.1; Nexus 5X Build/MMB29P) AppleWebKit/537.36 (KHTML, like Gecko) Chrome/136.0.7103.113 Mobile Safari/537.36 (compatible; Googlebot/2.1; +http://www.google.com/bot.html)"
66.249.65.194 - - [01/Jun/2025:00:06:33 -0400] "GET /js/main.js HTTP/1.1" 200 1033573 "https://sdipmtools.com/login" "Mozilla/5.0 (Linux; Android 6.0.1; Nexus 5X Build/MMB29P) AppleWebKit/537.36 (KHTML, like Gecko) Chrome/136.0.7103.92 Mobile Safari/537.36 (compatible; Googlebot/2.1; +http://www.google.com/bot.html)"
66.249.65.193 - - [01/Jun/2025:00:06:37 -0400] "GET /js/main.js HTTP/1.1" 200 1033573 "https://sdipmtools.com/login" "Mozilla/5.0 (Linux; Android 6.0.1; Nexus 5X Build/MMB29P) AppleWebKit/537.36 (KHTML, like Gecko) Chrome/136.0.7103.92 Mobile Safari/537.36 (compatible; Googlebot/2.1; +http://www.google.com/bot.html)"
66.249.74.71 - - [01/Jun/2025:00:06:38 -0400] "GET /?_gl=1*rgknbr*_ga*MzY3MjE1MDcwLjE3MzcwOTUyMjA.*_ga_0VKVKKN4NV*MTczNzEwMjM4NC4yLjEuMTczNzEwMjQ1My42MC4wLjA.&_bd_prev_page=https://sdipmtools.com/detail.php?shopdetail/11875908 HTTP/1.1" 200 4430 "-" "Mozilla/5.0 (Linux; Android 6.0.1; Nexus 5X Build/MMB29P) AppleWebKit/537.36 (KHTML, like Gecko) Chrome/136.0.7103.113 Mobile Safari/537.36 (compatible; Googlebot/2.1; +http://www.google.com/bot.html)"
66.249.74.71 - - [01/Jun/2025:00:06:40 -0400] "GET /shopdetail/8364464 HTTP/1.1" 200 6362 "-" "Mozilla/5.0 (Linux; Android 6.0.1; Nexus 5X Build/MMB29P) AppleWebKit/537.36 (KHTML, like Gecko) Chrome/136.0.7103.113 Mobile Safari/537.36 (compatible; Googlebot/2.1; +http://www.google.com/bot.html)"
66.249.68.128 - - [01/Jun/2025:00:06:42 -0400] "GET /js/main.js HTTP/1.1" 200 1033573 "https://sdipmtools.com/login" "Mozilla/5.0 (Linux; Android 6.0.1; Nexus 5X Build/MMB29P) AppleWebKit/537.36 (KHTML, like Gecko) Chrome/136.0.7103.92 Mobile Safari/537.36 (compatible; Googlebot/2.1; +http://www.google.com/bot.html)"
66.249.74.71 - - [01/Jun/2025:00:06:43 -0400] "GET /?_gl=1*rgknbr*_ga*MzY3MjE1MDcwLjE3MzcwOTUyMjA.*_ga_0VKVKKN4NV*MTczNzEwMjM4NC4yLjEuMTczNzEwMjQ1My42MC4wLjA.&_bd_prev_page=https://sdipmtools.com/detail.php?shopdetail/14802086 HTTP/1.1" 200 4430 "-" "Mozilla/5.0 (Linux; Android 6.0.1; Nexus 5X Build/MMB29P) AppleWebKit/537.36 (KHTML, like Gecko) Chrome/136.0.7103.113 Mobile Safari/537.36 (compatible; Googlebot/2.1; +http://www.google.com/bot.html)"
66.249.65.193 - - [01/Jun/2025:00:06:45 -0400] "GET /js/main.js HTTP/1.1" 200 1033573 "https://sdipmtools.com/login" "Mozilla/5.0 (Linux; Android 6.0.1; Nexus 5X Build/MMB29P) AppleWebKit/537.36 (KHTML, like Gecko) Chrome/136.0.7103.92 Mobile Safari/537.36 (compatible; Googlebot/2.1; +http://www.google.com/bot.html)"
66.249.74.71 - - [01/Jun/2025:00:06:36 -0400] "GET /?_gl=1*rgknbr*_ga*MzY3MjE1MDcwLjE3MzcwOTUyMjA.*_ga_0VKVKKN4NV*MTczNzEwMjM4NC4yLjEuMTczNzEwMjQ1My42MC4wLjA.&_bd_prev_page=https://sdipmtools.com/detail.php?shopdetail/12192897 HTTP/1.1" 200 4430 "-" "Mozilla/5.0 (Linux; Android 6.0.1; Nexus 5X Build/MMB29P) AppleWebKit/537.36 (KHTML, like Gecko) Chrome/136.0.7103.113 Mobile Safari/537.36 (compatible; Googlebot/2.1; +http://www.google.com/bot.html)"
66.249.65.194 - - [01/Jun/2025:00:06:38 -0400] "GET /?_gl=1*rgknbr*_ga*MzY3MjE1MDcwLjE3MzcwOTUyMjA.*_ga_0VKVKKN4NV*MTczNzEwMjM4NC4yLjEuMTczNzEwMjQ1My42MC4wLjA.&_bd_prev_page=https://www.sdipmtools.com/detail.php?shopdetail/16796564 HTTP/1.1" 200 4434 "-" "Mozilla/5.0 (Linux; Android 6.0.1; Nexus 5X Build/MMB29P) AppleWebKit/537.36 (KHTML, like Gecko) Chrome/136.0.7103.113 Mobile Safari/537.36 (compatible; Googlebot/2.1; +http://www.google.com/bot.html)"
66.249.74.71 - - [01/Jun/2025:00:06:40 -0400] "GET /js/main.js HTTP/1.1" 200 1033573 "https://sdipmtools.com/login" "Mozilla/5.0 (Linux; Android 6.0.1; Nexus 5X Build/MMB29P) AppleWebKit/537.36 (KHTML, like Gecko) Chrome/136.0.7103.92 Mobile Safari/537.36 (compatible; Googlebot/2.1; +http://www.google.com/bot.html)"
66.249.74.71 - - [01/Jun/2025:00:06:41 -0400] "GET /?_gl=1*rgknbr*_ga*MzY3MjE1MDcwLjE3MzcwOTUyMjA.*_ga_0VKVKKN4NV*MTczNzEwMjM4NC4yLjEuMTczNzEwMjQ1My42MC4wLjA.&_bd_prev_page=https://sdipmtools.com/detail.php?shopdetail/14910275 HTTP/1.1" 200 4430 "-" "Mozilla/5.0 (Linux; Android 6.0.1; Nexus 5X Build/MMB29P) AppleWebKit/537.36 (KHTML, like Gecko) Chrome/136.0.7103.113 Mobile Safari/537.36 (compatible; Googlebot/2.1; +http://www.google.com/bot.html)"
66.249.65.194 - - [01/Jun/2025:00:06:47 -0400] "GET /js/main.js HTTP/1.1" 200 1033573 "https://sdipmtools.com/login" "Mozilla/5.0 (Linux; Android 6.0.1; Nexus 5X Build/MMB29P) AppleWebKit/537.36 (KHTML, like Gecko) Chrome/136.0.7103.92 Mobile Safari/537.36 (compatible; Googlebot/2.1; +http://www.google.com/bot.html)"
66.249.74.71 - - [01/Jun/2025:00:06:48 -0400] "GET /js/main.js HTTP/1.1" 200 1033573 "https://sdipmtools.com/login" "Mozilla/5.0 (Linux; Android 6.0.1; Nexus 5X Build/MMB29P) AppleWebKit/537.36 (KHTML, like Gecko) Chrome/136.0.7103.92 Mobile Safari/537.36 (compatible; Googlebot/2.1; +http://www.google.com/bot.html)"
66.249.74.71 - - [01/Jun/2025:00:06:48 -0400] "GET /?_gl=1*rgknbr*_ga*MzY3MjE1MDcwLjE3MzcwOTUyMjA.*_ga_0VKVKKN4NV*MTczNzEwMjM4NC4yLjEuMTczNzEwMjQ1My42MC4wLjA.&_bd_prev_page=https://sdipmtools.com/detail.php?shopdetail/15871597 HTTP/1.1" 200 4430 "-" "Mozilla/5.0 (Linux; Android 6.0.1; Nexus 5X Build/MMB29P) AppleWebKit/537.36 (KHTML, like Gecko) Chrome/136.0.7103.113 Mobile Safari/537.36 (compatible; Googlebot/2.1; +http://www.google.com/bot.html)"
66.249.74.71 - - [01/Jun/2025:00:06:49 -0400] "GET /shopdetail/30391742 HTTP/1.1" 200 6362 "-" "Mozilla/5.0 (Linux; Android 6.0.1; Nexus 5X Build/MMB29P) AppleWebKit/537.36 (KHTML, like Gecko) Chrome/136.0.7103.113 Mobile Safari/537.36 (compatible; Googlebot/2.1; +http://www.google.com/bot.html)"
66.249.65.195 - - [01/Jun/2025:00:06:53 -0400] "GET /js/main.js HTTP/1.1" 200 1033573 "https://sdipmtools.com/login" "Mozilla/5.0 (Linux; Android 6.0.1; Nexus 5X Build/MMB29P) AppleWebKit/537.36 (KHTML, like Gecko) Chrome/136.0.7103.92 Mobile Safari/537.36 (compatible; Googlebot/2.1; +http://www.google.com/bot.html)"
66.249.74.71 - - [01/Jun/2025:00:06:55 -0400] "GET /?_gl=1*rgknbr*_ga*MzY3MjE1MDcwLjE3MzcwOTUyMjA.*_ga_0VKVKKN4NV*MTczNzEwMjM4NC4yLjEuMTczNzEwMjQ1My42MC4wLjA.&_bd_prev_page=https://sdipmtools.com/detail.php?shopdetail/9966497 HTTP/1.1" 200 4430 "-" "Mozilla/5.0 (Linux; Android 6.0.1; Nexus 5X Build/MMB29P) AppleWebKit/537.36 (KHTML, like Gecko) Chrome/136.0.7103.113 Mobile Safari/537.36 (compatible; Googlebot/2.1; +http://www.google.com/bot.html)"
66.249.74.71 - - [01/Jun/2025:00:06:45 -0400] "GET /?_gl=1*rgknbr*_ga*MzY3MjE1MDcwLjE3MzcwOTUyMjA.*_ga_0VKVKKN4NV*MTczNzEwMjM4NC4yLjEuMTczNzEwMjQ1My42MC4wLjA.&_bd_prev_page=https://sdipmtools.com/detail.php?shopdetail/18488975 HTTP/1.1" 200 4430 "-" "Mozilla/5.0 (Linux; Android 6.0.1; Nexus 5X Build/MMB29P) AppleWebKit/537.36 (KHTML, like Gecko) Chrome/136.0.7103.113 Mobile Safari/537.36 (compatible; Googlebot/2.1; +http://www.google.com/bot.html)"
66.249.65.193 - - [01/Jun/2025:00:06:50 -0400] "GET /js/main.js HTTP/1.1" 200 1033573 "https://sdipmtools.com/login" "Mozilla/5.0 (Linux; Android 6.0.1; Nexus 5X Build/MMB29P) AppleWebKit/537.36 (KHTML, like Gecko) Chrome/136.0.7103.92 Mobile Safari/537.36 (compatible; Googlebot/2.1; +http://www.google.com/bot.html)"
66.249.74.71 - - [01/Jun/2025:00:06:50 -0400] "GET /?_gl=1*rgknbr*_ga*MzY3MjE1MDcwLjE3MzcwOTUyMjA.*_ga_0VKVKKN4NV*MTczNzEwMjM4NC4yLjEuMTczNzEwMjQ1My42MC4wLjA.&_bd_prev_page=https://sdipmtools.com/detail.php?shopdetail/14522575 HTTP/1.1" 200 4430 "-" "Mozilla/5.0 (Linux; Android 6.0.1; Nexus 5X Build/MMB29P) AppleWebKit/537.36 (KHTML, like Gecko) Chrome/136.0.7103.113 Mobile Safari/537.36 (compatible; Googlebot/2.1; +http://www.google.com/bot.html)"
66.249.74.72 - - [01/Jun/2025:00:06:52 -0400] "GET /?_gl=1*rgknbr*_ga*MzY3MjE1MDcwLjE3MzcwOTUyMjA.*_ga_0VKVKKN4NV*MTczNzEwMjM4NC4yLjEuMTczNzEwMjQ1My42MC4wLjA.&_bd_prev_page=https://sdipmtools.com/detail.php?shopdetail/29556120 HTTP/1.1" 200 4430 "-" "Mozilla/5.0 (Linux; Android 6.0.1; Nexus 5X Build/MMB29P) AppleWebKit/537.36 (KHTML, like Gecko) Chrome/136.0.7103.113 Mobile Safari/537.36 (compatible; Googlebot/2.1; +http://www.google.com/bot.html)"
66.249.65.194 - - [01/Jun/2025:00:06:54 -0400] "GET /js/main.js HTTP/1.1" 200 1033573 "https://sdipmtools.com/login" "Mozilla/5.0 (Linux; Android 6.0.1; Nexus 5X Build/MMB29P) AppleWebKit/537.36 (KHTML, like Gecko) Chrome/136.0.7103.92 Mobile Safari/537.36 (compatible; Googlebot/2.1; +http://www.google.com/bot.html)"
66.249.74.71 - - [01/Jun/2025:00:06:56 -0400] "GET /?_gl=1*rgknbr*_ga*MzY3MjE1MDcwLjE3MzcwOTUyMjA.*_ga_0VKVKKN4NV*MTczNzEwMjM4NC4yLjEuMTczNzEwMjQ1My42MC4wLjA.&_bd_prev_page=https://sdipmtools.com/detail.php?shopdetail/5682864 HTTP/1.1" 200 4430 "-" "Mozilla/5.0 (Linux; Android 6.0.1; Nexus 5X Build/MMB29P) AppleWebKit/537.36 (KHTML, like Gecko) Chrome/136.0.7103.113 Mobile Safari/537.36 (compatible; Googlebot/2.1; +http://www.google.com/bot.html)"
66.249.65.195 - - [01/Jun/2025:00:06:55 -0400] "GET /login HTTP/1.1" 200 6373 "-" "Mozilla/5.0 (Linux; Android 6.0.1; Nexus 5X Build/MMB29P) AppleWebKit/537.36 (KHTML, like Gecko) Chrome/136.0.7103.113 Mobile Safari/537.36 (compatible; Googlebot/2.1; +http://www.google.com/bot.html)"
66.249.74.72 - - [01/Jun/2025:00:06:57 -0400] "GET /?_gl=1*rgknbr*_ga*MzY3MjE1MDcwLjE3MzcwOTUyMjA.*_ga_0VKVKKN4NV*MTczNzEwMjM4NC4yLjEuMTczNzEwMjQ1My42MC4wLjA.&_bd_prev_page=https://sdipmtools.com/detail.php?shopdetail/4809197 HTTP/1.1" 200 4430 "-" "Mozilla/5.0 (Linux; Android 6.0.1; Nexus 5X Build/MMB29P) AppleWebKit/537.36 (KHTML, like Gecko) Chrome/136.0.7103.113 Mobile Safari/537.36 (compatible; Googlebot/2.1; +http://www.google.com/bot.html)"
66.249.65.193 - - [01/Jun/2025:00:06:59 -0400] "GET /js/main.js HTTP/1.1" 200 1033573 "https://sdipmtools.com/login" "Mozilla/5.0 (Linux; Android 6.0.1; Nexus 5X Build/MMB29P) AppleWebKit/537.36 (KHTML, like Gecko) Chrome/136.0.7103.92 Mobile Safari/537.36 (compatible; Googlebot/2.1; +http://www.google.com/bot.html)"
66.249.74.71 - - [01/Jun/2025:00:07:00 -0400] "GET /?_gl=1*rgknbr*_ga*MzY3MjE1MDcwLjE3MzcwOTUyMjA.*_ga_0VKVKKN4NV*MTczNzEwMjM4NC4yLjEuMTczNzEwMjQ1My42MC4wLjA.&_bd_prev_page=https://sdipmtools.com/detail.php?shopdetail/14884897 HTTP/1.1" 200 4430 "-" "Mozilla/5.0 (Linux; Android 6.0.1; Nexus 5X Build/MMB29P) AppleWebKit/537.36 (KHTML, like Gecko) Chrome/136.0.7103.113 Mobile Safari/537.36 (compatible; Googlebot/2.1; +http://www.google.com/bot.html)"
66.249.74.72 - - [01/Jun/2025:00:07:01 -0400] "GET /?_gl=1*rgknbr*_ga*MzY3MjE1MDcwLjE3MzcwOTUyMjA.*_ga_0VKVKKN4NV*MTczNzEwMjM4NC4yLjEuMTczNzEwMjQ1My42MC4wLjA.&_bd_prev_page=https://sdipmtools.com/detail.php?shopdetail/11731420 HTTP/1.1" 200 4430 "-" "Mozilla/5.0 (Linux; Android 6.0.1; Nexus 5X Build/MMB29P) AppleWebKit/537.36 (KHTML, like Gecko) Chrome/136.0.7103.113 Mobile Safari/537.36 (compatible; Googlebot/2.1; +http://www.google.com/bot.html)"
66.249.65.193 - - [01/Jun/2025:00:07:02 -0400] "GET /js/main.js HTTP/1.1" 200 1033573 "https://sdipmtools.com/login" "Mozilla/5.0 (Linux; Android 6.0.1; Nexus 5X Build/MMB29P) AppleWebKit/537.36 (KHTML, like Gecko) Chrome/136.0.7103.92 Mobile Safari/537.36 (compatible; Googlebot/2.1; +http://www.google.com/bot.html)"
66.249.74.71 - - [01/Jun/2025:00:07:03 -0400] "GET /?_gl=1*rgknbr*_ga*MzY3MjE1MDcwLjE3MzcwOTUyMjA.*_ga_0VKVKKN4NV*MTczNzEwMjM4NC4yLjEuMTczNzEwMjQ1My42MC4wLjA.&_bd_prev_page=https://sdipmtools.com/detail.php?shopdetail/6947119 HTTP/1.1" 200 4430 "-" "Mozilla/5.0 (Linux; Android 6.0.1; Nexus 5X Build/MMB29P) AppleWebKit/537.36 (KHTML, like Gecko) Chrome/136.0.7103.113 Mobile Safari/537.36 (compatible; Googlebot/2.1; +http://www.google.com/bot.html)"
66.249.74.71 - - [01/Jun/2025:00:07:04 -0400] "GET /?_gl=1*rgknbr*_ga*MzY3MjE1MDcwLjE3MzcwOTUyMjA.*_ga_0VKVKKN4NV*MTczNzEwMjM4NC4yLjEuMTczNzEwMjQ1My42MC4wLjA.&_bd_prev_page=https://sdipmtools.com/detail.php?shopdetail/9557731 HTTP/1.1" 200 4430 "-" "Mozilla/5.0 (Linux; Android 6.0.1; Nexus 5X Build/MMB29P) AppleWebKit/537.36 (KHTML, like Gecko) Chrome/136.0.7103.113 Mobile Safari/537.36 (compatible; Googlebot/2.1; +http://www.google.com/bot.html)"
66.249.65.193 - - [01/Jun/2025:00:07:05 -0400] "GET /login HTTP/1.1" 200 6374 "-" "Mozilla/5.0 (Linux; Android 6.0.1; Nexus 5X Build/MMB29P) AppleWebKit/537.36 (KHTML, like Gecko) Chrome/136.0.7103.113 Mobile Safari/537.36 (compatible; Googlebot/2.1; +http://www.google.com/bot.html)"
66.249.65.194 - - [01/Jun/2025:00:07:06 -0400] "GET /js/main.js HTTP/1.1" 200 1033573 "https://sdipmtools.com/login" "Mozilla/5.0 (Linux; Android 6.0.1; Nexus 5X Build/MMB29P) AppleWebKit/537.36 (KHTML, like Gecko) Chrome/136.0.7103.92 Mobile Safari/537.36 (compatible; Googlebot/2.1; +http://www.google.com/bot.html)"
66.249.74.71 - - [01/Jun/2025:00:07:06 -0400] "GET /shopdetail/16340119 HTTP/1.1" 200 6362 "-" "Mozilla/5.0 (Linux; Android 6.0.1; Nexus 5X Build/MMB29P) AppleWebKit/537.36 (KHTML, like Gecko) Chrome/136.0.7103.113 Mobile Safari/537.36 (compatible; Googlebot/2.1; +http://www.google.com/bot.html)"
66.249.65.194 - - [01/Jun/2025:00:07:07 -0400] "GET /js/main.js HTTP/1.1" 200 1033573 "https://sdipmtools.com/login" "Mozilla/5.0 (Linux; Android 6.0.1; Nexus 5X Build/MMB29P) AppleWebKit/537.36 (KHTML, like Gecko) Chrome/136.0.7103.92 Mobile Safari/537.36 (compatible; Googlebot/2.1; +http://www.google.com/bot.html)"
