34.212.29.164 - - [22/May/2025:18:18:11 -0400] "GET /wp-content/plugins/ultimate-member/assets/css/um-modal.min.css?ver=2.10.4 HTTP/1.1" 304 0 "https://jobs.socialdigiinnovator.com/" "Mozilla/5.0 (iPhone; CPU iPhone OS 14_4 like Mac OS X) AppleWebKit/605.1.15 (KHTML, like Gecko) Version/15.4 Mobile/15E148 Safari/604.1"
34.212.29.164 - - [22/May/2025:18:18:11 -0400] "GET /wp-content/plugins/ultimate-member/assets/css/um-profile.min.css?ver=2.10.4 HTTP/1.1" 304 0 "https://jobs.socialdigiinnovator.com/" "Mozilla/5.0 (iPhone; CPU iPhone OS 14_4 like Mac OS X) AppleWebKit/605.1.15 (KHTML, like Gecko) Version/15.4 Mobile/15E148 Safari/604.1"
34.212.29.164 - - [22/May/2025:18:18:11 -0400] "GET /wp-content/plugins/ultimate-member/assets/css/um-misc.min.css?ver=2.10.4 HTTP/1.1" 304 0 "https://jobs.socialdigiinnovator.com/" "Mozilla/5.0 (iPhone; CPU iPhone OS 14_4 like Mac OS X) AppleWebKit/605.1.15 (KHTML, like Gecko) Version/15.4 Mobile/15E148 Safari/604.1"
34.212.29.164 - - [22/May/2025:18:18:11 -0400] "GET /wp-content/plugins/ultimate-member/assets/libs/um-confirm/um-confirm.min.css?ver=1.0 HTTP/1.1" 304 0 "https://jobs.socialdigiinnovator.com/" "Mozilla/5.0 (iPhone; CPU iPhone OS 14_4 like Mac OS X) AppleWebKit/605.1.15 (KHTML, like Gecko) Version/15.4 Mobile/15E148 Safari/604.1"
34.212.29.164 - - [22/May/2025:18:18:11 -0400] "GET /wp-content/plugins/ultimate-member/assets/css/common.min.css?ver=2.10.4 HTTP/1.1" 304 0 "https://jobs.socialdigiinnovator.com/" "Mozilla/5.0 (iPhone; CPU iPhone OS 14_4 like Mac OS X) AppleWebKit/605.1.15 (KHTML, like Gecko) Version/15.4 Mobile/15E148 Safari/604.1"
34.212.29.164 - - [22/May/2025:18:18:11 -0400] "GET /wp-includes/js/jquery/jquery-migrate.min.js?ver=3.4.1 HTTP/1.1" 304 0 "https://jobs.socialdigiinnovator.com/" "Mozilla/5.0 (iPhone; CPU iPhone OS 14_4 like Mac OS X) AppleWebKit/605.1.15 (KHTML, like Gecko) Version/15.4 Mobile/15E148 Safari/604.1"
198.54.114.35 - - [22/May/2025:18:05:54 -0400] "POST /wp-cron.php?doing_wp_cron=1747951554.1890349388122558593750 HTTP/1.1" 200 0 "-" "WordPress/6.8.1; https://jobs.socialdigiinnovator.com"
2a03:2880:3ff:74:: - - [22/May/2025:18:05:50 -0400] "GET /robots.txt HTTP/1.1" 200 106 "-" "facebookexternalhit/1.1 (+http://www.facebook.com/externalhit_uatext.php)"
196.16.109.156 - - [22/May/2025:18:10:46 -0400] "GET /wp-login.php HTTP/1.1" 302 0 "-" "Mozilla/5.0 (Windows NT 10.0; Win64; x64) AppleWebKit/537.36 (KHTML, like Gecko) Chrome/115.0.0.0 Safari/537.36 Edg/115.0.1901.203"
196.16.111.201 - - [22/May/2025:18:10:50 -0400] "GET /404 HTTP/1.1" 404 10797 "-" "Mozilla/5.0 (Windows NT 10.0; Win64; x64) AppleWebKit/537.36 (KHTML, like Gecko) Chrome/115.0.0.0 Safari/537.36 Edg/115.0.1901.203"
196.16.109.156 - - [22/May/2025:18:10:50 -0400] "GET /404 HTTP/1.1" 404 10797 "-" "Mozilla/5.0 (Windows NT 10.0; Win64; x64) AppleWebKit/537.36 (KHTML, like Gecko) Chrome/115.0.0.0 Safari/537.36 Edg/115.0.1901.203"
198.54.114.35 - - [22/May/2025:18:18:07 -0400] "POST /wp-cron.php?doing_wp_cron=1747952287.1925570964813232421875 HTTP/1.1" 200 0 "-" "WordPress/6.8.1; https://jobs.socialdigiinnovator.com"
34.212.29.164 - - [22/May/2025:18:18:00 -0400] "GET / HTTP/1.1" 200 12948 "-" "Mozilla/5.0 (iPhone; CPU iPhone OS 14_4 like Mac OS X) AppleWebKit/605.1.15 (KHTML, like Gecko) Version/15.4 Mobile/15E148 Safari/604.1"
34.212.29.164 - - [22/May/2025:18:18:11 -0400] "GET /wp-content/uploads/elementor/google-fonts/css/roboto.css?ver=1742261594 HTTP/1.1" 304 0 "https://jobs.socialdigiinnovator.com/" "Mozilla/5.0 (iPhone; CPU iPhone OS 14_4 like Mac OS X) AppleWebKit/605.1.15 (KHTML, like Gecko) Version/15.4 Mobile/15E148 Safari/604.1"
34.212.29.164 - - [22/May/2025:18:18:11 -0400] "GET /wp-content/plugins/ultimate-member/assets/css/um-old-default.min.css?ver=2.10.4 HTTP/1.1" 304 0 "https://jobs.socialdigiinnovator.com/" "Mozilla/5.0 (iPhone; CPU iPhone OS 14_4 like Mac OS X) AppleWebKit/605.1.15 (KHTML, like Gecko) Version/15.4 Mobile/15E148 Safari/604.1"
34.212.29.164 - - [22/May/2025:18:18:11 -0400] "GET /wp-content/plugins/ultimate-member/assets/libs/jquery-ui/jquery-ui.min.css?ver=1.13.2 HTTP/1.1" 304 0 "https://jobs.socialdigiinnovator.com/" "Mozilla/5.0 (iPhone; CPU iPhone OS 14_4 like Mac OS X) AppleWebKit/605.1.15 (KHTML, like Gecko) Version/15.4 Mobile/15E148 Safari/604.1"
34.212.29.164 - - [22/May/2025:18:18:11 -0400] "GET /wp-content/plugins/ultimate-member/assets/css/um-styles.min.css?ver=2.10.4 HTTP/1.1" 304 0 "https://jobs.socialdigiinnovator.com/" "Mozilla/5.0 (iPhone; CPU iPhone OS 14_4 like Mac OS X) AppleWebKit/605.1.15 (KHTML, like Gecko) Version/15.4 Mobile/15E148 Safari/604.1"
34.212.29.164 - - [22/May/2025:18:18:11 -0400] "GET /wp-content/plugins/material-design-icons-for-elementor/assets/material-icons/css/material-icons-regular.css?ver=1.5.1 HTTP/1.1" 304 0 "https://jobs.socialdigiinnovator.com/" "Mozilla/5.0 (iPhone; CPU iPhone OS 14_4 like Mac OS X) AppleWebKit/605.1.15 (KHTML, like Gecko) Version/15.4 Mobile/15E148 Safari/604.1"
34.212.29.164 - - [22/May/2025:18:18:11 -0400] "GET /wp-content/plugins/ultimate-member/assets/libs/legacy/fonticons/fonticons-fa.min.css?ver=2.10.4 HTTP/1.1" 304 0 "https://jobs.socialdigiinnovator.com/" "Mozilla/5.0 (iPhone; CPU iPhone OS 14_4 like Mac OS X) AppleWebKit/605.1.15 (KHTML, like Gecko) Version/15.4 Mobile/15E148 Safari/604.1"
34.212.29.164 - - [22/May/2025:18:18:11 -0400] "GET /wp-content/plugins/ultimate-member/assets/libs/pickadate/default.date.min.css?ver=3.6.2 HTTP/1.1" 304 0 "https://jobs.socialdigiinnovator.com/" "Mozilla/5.0 (iPhone; CPU iPhone OS 14_4 like Mac OS X) AppleWebKit/605.1.15 (KHTML, like Gecko) Version/15.4 Mobile/15E148 Safari/604.1"
34.212.29.164 - - [22/May/2025:18:18:11 -0400] "GET /wp-content/plugins/elementor/assets/css/widget-image.min.css?ver=3.29.0 HTTP/1.1" 200 254 "https://jobs.socialdigiinnovator.com/" "Mozilla/5.0 (iPhone; CPU iPhone OS 14_4 like Mac OS X) AppleWebKit/605.1.15 (KHTML, like Gecko) Version/15.4 Mobile/15E148 Safari/604.1"
34.212.29.164 - - [22/May/2025:18:18:11 -0400] "GET /wp-content/plugins/ultimate-member/assets/js/um-gdpr.min.js?ver=2.10.4 HTTP/1.1" 304 0 "https://jobs.socialdigiinnovator.com/" "Mozilla/5.0 (iPhone; CPU iPhone OS 14_4 like Mac OS X) AppleWebKit/605.1.15 (KHTML, like Gecko) Version/15.4 Mobile/15E148 Safari/604.1"
34.212.29.164 - - [22/May/2025:18:18:11 -0400] "GET /wp-content/plugins/elementor/assets/lib/font-awesome/css/regular.min.css?ver=5.15.3 HTTP/1.1" 304 0 "https://jobs.socialdigiinnovator.com/" "Mozilla/5.0 (iPhone; CPU iPhone OS 14_4 like Mac OS X) AppleWebKit/605.1.15 (KHTML, like Gecko) Version/15.4 Mobile/15E148 Safari/604.1"
34.212.29.164 - - [22/May/2025:18:18:11 -0400] "GET /wp-content/uploads/2023/05/haseeb.jpg HTTP/1.1" 304 0 "https://jobs.socialdigiinnovator.com/" "Mozilla/5.0 (iPhone; CPU iPhone OS 14_4 like Mac OS X) AppleWebKit/605.1.15 (KHTML, like Gecko) Version/15.4 Mobile/15E148 Safari/604.1"
34.212.29.164 - - [22/May/2025:18:18:12 -0400] "GET /wp-content/themes/jobify/js/vendor/validatejs/jquery.validate.min.js?ver=4.0.9 HTTP/1.1" 304 0 "https://jobs.socialdigiinnovator.com/" "Mozilla/5.0 (iPhone; CPU iPhone OS 14_4 like Mac OS X) AppleWebKit/605.1.15 (KHTML, like Gecko) Version/15.4 Mobile/15E148 Safari/604.1"
34.212.29.164 - - [22/May/2025:18:18:12 -0400] "GET /wp-content/plugins/ultimate-member/assets/libs/select2/i18n/en.js?ver=4.0.13 HTTP/1.1" 304 0 "https://jobs.socialdigiinnovator.com/" "Mozilla/5.0 (iPhone; CPU iPhone OS 14_4 like Mac OS X) AppleWebKit/605.1.15 (KHTML, like Gecko) Version/15.4 Mobile/15E148 Safari/604.1"
34.212.29.164 - - [22/May/2025:18:18:12 -0400] "GET /wp-content/plugins/elementor-pro/assets/js/frontend.min.js?ver=3.23.3 HTTP/1.1" 304 0 "https://jobs.socialdigiinnovator.com/" "Mozilla/5.0 (iPhone; CPU iPhone OS 14_4 like Mac OS X) AppleWebKit/605.1.15 (KHTML, like Gecko) Version/15.4 Mobile/15E148 Safari/604.1"
34.212.29.164 - - [22/May/2025:18:18:12 -0400] "GET /wp-content/plugins/ultimate-member/assets/libs/tipsy/tipsy.min.js?ver=1.0.0a HTTP/1.1" 304 0 "https://jobs.socialdigiinnovator.com/" "Mozilla/5.0 (iPhone; CPU iPhone OS 14_4 like Mac OS X) AppleWebKit/605.1.15 (KHTML, like Gecko) Version/15.4 Mobile/15E148 Safari/604.1"
34.212.29.164 - - [22/May/2025:18:18:12 -0400] "GET /wp-content/plugins/ultimate-member/assets/libs/select2/select2.full.min.js?ver=4.0.13 HTTP/1.1" 304 0 "https://jobs.socialdigiinnovator.com/" "Mozilla/5.0 (iPhone; CPU iPhone OS 14_4 like Mac OS X) AppleWebKit/605.1.15 (KHTML, like Gecko) Version/15.4 Mobile/15E148 Safari/604.1"
34.212.29.164 - - [22/May/2025:18:18:12 -0400] "GET /wp-content/plugins/elementor-pro/assets/js/elements-handlers.min.js?ver=3.23.3 HTTP/1.1" 304 0 "https://jobs.socialdigiinnovator.com/" "Mozilla/5.0 (iPhone; CPU iPhone OS 14_4 like Mac OS X) AppleWebKit/605.1.15 (KHTML, like Gecko) Version/15.4 Mobile/15E148 Safari/604.1"
34.212.29.164 - - [22/May/2025:18:18:12 -0400] "GET /wp-content/plugins/ultimate-member/assets/libs/raty/um-raty.min.js?ver=2.6.0 HTTP/1.1" 304 0 "https://jobs.socialdigiinnovator.com/" "Mozilla/5.0 (iPhone; CPU iPhone OS 14_4 like Mac OS X) AppleWebKit/605.1.15 (KHTML, like Gecko) Version/15.4 Mobile/15E148 Safari/604.1"
34.212.29.164 - - [22/May/2025:18:18:12 -0400] "GET /wp-content/plugins/ultimate-member/assets/js/um-account.min.js?ver=2.10.4 HTTP/1.1" 304 0 "https://jobs.socialdigiinnovator.com/" "Mozilla/5.0 (iPhone; CPU iPhone OS 14_4 like Mac OS X) AppleWebKit/605.1.15 (KHTML, like Gecko) Version/15.4 Mobile/15E148 Safari/604.1"
34.212.29.164 - - [22/May/2025:18:18:12 -0400] "GET /wp-content/plugins/ultimate-member/assets/libs/cropper/cropper.min.js?ver=1.6.1 HTTP/1.1" 304 0 "https://jobs.socialdigiinnovator.com/" "Mozilla/5.0 (iPhone; CPU iPhone OS 14_4 like Mac OS X) AppleWebKit/605.1.15 (KHTML, like Gecko) Version/15.4 Mobile/15E148 Safari/604.1"
34.212.29.164 - - [22/May/2025:18:18:11 -0400] "GET /wp-content/plugins/ultimate-member/assets/libs/cropper/cropper.min.css?ver=1.6.1 HTTP/1.1" 200 1140 "https://jobs.socialdigiinnovator.com/" "Mozilla/5.0 (iPhone; CPU iPhone OS 14_4 like Mac OS X) AppleWebKit/605.1.15 (KHTML, like Gecko) Version/15.4 Mobile/15E148 Safari/604.1"
34.212.29.164 - - [22/May/2025:18:18:11 -0400] "GET /wp-content/plugins/ultimate-member/assets/css/um-account.min.css?ver=2.10.4 HTTP/1.1" 304 0 "https://jobs.socialdigiinnovator.com/" "Mozilla/5.0 (iPhone; CPU iPhone OS 14_4 like Mac OS X) AppleWebKit/605.1.15 (KHTML, like Gecko) Version/15.4 Mobile/15E148 Safari/604.1"
34.212.29.164 - - [22/May/2025:18:18:11 -0400] "GET /wp-content/uploads/elementor/google-fonts/css/poppins.css?ver=1742261621 HTTP/1.1" 304 0 "https://jobs.socialdigiinnovator.com/" "Mozilla/5.0 (iPhone; CPU iPhone OS 14_4 like Mac OS X) AppleWebKit/605.1.15 (KHTML, like Gecko) Version/15.4 Mobile/15E148 Safari/604.1"
34.212.29.164 - - [22/May/2025:18:18:11 -0400] "GET /wp-content/plugins/ultimate-member/assets/libs/select2/select2.min.css?ver=4.0.13 HTTP/1.1" 304 0 "https://jobs.socialdigiinnovator.com/" "Mozilla/5.0 (iPhone; CPU iPhone OS 14_4 like Mac OS X) AppleWebKit/605.1.15 (KHTML, like Gecko) Version/15.4 Mobile/15E148 Safari/604.1"
34.212.29.164 - - [22/May/2025:18:18:11 -0400] "GET /wp-content/uploads/elementor/css/post-141.css?ver=1727860477 HTTP/1.1" 304 0 "https://jobs.socialdigiinnovator.com/" "Mozilla/5.0 (iPhone; CPU iPhone OS 14_4 like Mac OS X) AppleWebKit/605.1.15 (KHTML, like Gecko) Version/15.4 Mobile/15E148 Safari/604.1"
34.212.29.164 - - [22/May/2025:18:18:11 -0400] "GET /wp-content/uploads/elementor/google-fonts/css/robotoslab.css?ver=1742261612 HTTP/1.1" 304 0 "https://jobs.socialdigiinnovator.com/" "Mozilla/5.0 (iPhone; CPU iPhone OS 14_4 like Mac OS X) AppleWebKit/605.1.15 (KHTML, like Gecko) Version/15.4 Mobile/15E148 Safari/604.1"
34.212.29.164 - - [22/May/2025:18:18:11 -0400] "GET /wp-content/plugins/ultimate-member/assets/libs/pickadate/default.min.css?ver=3.6.2 HTTP/1.1" 304 0 "https://jobs.socialdigiinnovator.com/" "Mozilla/5.0 (iPhone; CPU iPhone OS 14_4 like Mac OS X) AppleWebKit/605.1.15 (KHTML, like Gecko) Version/15.4 Mobile/15E148 Safari/604.1"
34.212.29.164 - - [22/May/2025:18:18:11 -0400] "GET /wp-content/plugins/ultimate-member/assets/css/um-responsive.min.css?ver=2.10.4 HTTP/1.1" 304 0 "https://jobs.socialdigiinnovator.com/" "Mozilla/5.0 (iPhone; CPU iPhone OS 14_4 like Mac OS X) AppleWebKit/605.1.15 (KHTML, like Gecko) Version/15.4 Mobile/15E148 Safari/604.1"
34.212.29.164 - - [22/May/2025:18:18:11 -0400] "GET /wp-content/plugins/ultimate-member/assets/libs/legacy/fonticons/fonticons-ii.min.css?ver=2.10.4 HTTP/1.1" 304 0 "https://jobs.socialdigiinnovator.com/" "Mozilla/5.0 (iPhone; CPU iPhone OS 14_4 like Mac OS X) AppleWebKit/605.1.15 (KHTML, like Gecko) Version/15.4 Mobile/15E148 Safari/604.1"
34.212.29.164 - - [22/May/2025:18:18:11 -0400] "GET /wp-content/plugins/ultimate-member/assets/css/um-fontawesome.min.css?ver=6.5.2 HTTP/1.1" 200 37154 "https://jobs.socialdigiinnovator.com/" "Mozilla/5.0 (iPhone; CPU iPhone OS 14_4 like Mac OS X) AppleWebKit/605.1.15 (KHTML, like Gecko) Version/15.4 Mobile/15E148 Safari/604.1"
34.212.29.164 - - [22/May/2025:18:18:12 -0400] "GET /wp-content/themes/jobify/js/select2.full.min.js?ver=4.0.9 HTTP/1.1" 304 0 "https://jobs.socialdigiinnovator.com/" "Mozilla/5.0 (iPhone; CPU iPhone OS 14_4 like Mac OS X) AppleWebKit/605.1.15 (KHTML, like Gecko) Version/15.4 Mobile/15E148 Safari/604.1"
34.212.29.164 - - [22/May/2025:18:18:12 -0400] "GET /wp-content/plugins/ultimate-member/assets/js/common-frontend.min.js?ver=2.10.4 HTTP/1.1" 304 0 "https://jobs.socialdigiinnovator.com/" "Mozilla/5.0 (iPhone; CPU iPhone OS 14_4 like Mac OS X) AppleWebKit/605.1.15 (KHTML, like Gecko) Version/15.4 Mobile/15E148 Safari/604.1"
34.212.29.164 - - [22/May/2025:18:18:12 -0400] "GET /wp-content/plugins/ultimate-member/assets/libs/jquery-form/jquery-form.min.js?ver=2.10.4 HTTP/1.1" 304 0 "https://jobs.socialdigiinnovator.com/" "Mozilla/5.0 (iPhone; CPU iPhone OS 14_4 like Mac OS X) AppleWebKit/605.1.15 (KHTML, like Gecko) Version/15.4 Mobile/15E148 Safari/604.1"
34.212.29.164 - - [22/May/2025:18:18:12 -0400] "GET /wp-content/plugins/ultimate-member/assets/js/um-scripts.min.js?ver=2.10.4 HTTP/1.1" 304 0 "https://jobs.socialdigiinnovator.com/" "Mozilla/5.0 (iPhone; CPU iPhone OS 14_4 like Mac OS X) AppleWebKit/605.1.15 (KHTML, like Gecko) Version/15.4 Mobile/15E148 Safari/604.1"
34.212.29.164 - - [22/May/2025:18:18:12 -0400] "GET /wp-content/plugins/ultimate-member/assets/js/um-responsive.min.js?ver=2.10.4 HTTP/1.1" 304 0 "https://jobs.socialdigiinnovator.com/" "Mozilla/5.0 (iPhone; CPU iPhone OS 14_4 like Mac OS X) AppleWebKit/605.1.15 (KHTML, like Gecko) Version/15.4 Mobile/15E148 Safari/604.1"
34.212.29.164 - - [22/May/2025:18:18:12 -0400] "GET /wp-content/plugins/ultimate-member/assets/js/um-profile.min.js?ver=2.10.4 HTTP/1.1" 200 1039 "https://jobs.socialdigiinnovator.com/" "Mozilla/5.0 (iPhone; CPU iPhone OS 14_4 like Mac OS X) AppleWebKit/605.1.15 (KHTML, like Gecko) Version/15.4 Mobile/15E148 Safari/604.1"
34.212.29.164 - - [22/May/2025:18:18:12 -0400] "GET /wp-content/plugins/ultimate-member/assets/libs/um-confirm/um-confirm.min.js?ver=1.0 HTTP/1.1" 304 0 "https://jobs.socialdigiinnovator.com/" "Mozilla/5.0 (iPhone; CPU iPhone OS 14_4 like Mac OS X) AppleWebKit/605.1.15 (KHTML, like Gecko) Version/15.4 Mobile/15E148 Safari/604.1"
34.212.29.164 - - [22/May/2025:18:18:12 -0400] "GET /wp-includes/js/dist/hooks.min.js?ver=4d63a3d491d11ffd8ac6 HTTP/1.1" 304 0 "https://jobs.socialdigiinnovator.com/" "Mozilla/5.0 (iPhone; CPU iPhone OS 14_4 like Mac OS X) AppleWebKit/605.1.15 (KHTML, like Gecko) Version/15.4 Mobile/15E148 Safari/604.1"
34.212.29.164 - - [22/May/2025:18:18:12 -0400] "GET /wp-includes/js/dist/i18n.min.js?ver=5e580eb46a90c2b997e6 HTTP/1.1" 304 0 "https://jobs.socialdigiinnovator.com/" "Mozilla/5.0 (iPhone; CPU iPhone OS 14_4 like Mac OS X) AppleWebKit/605.1.15 (KHTML, like Gecko) Version/15.4 Mobile/15E148 Safari/604.1"
34.212.29.164 - - [22/May/2025:18:18:12 -0400] "GET /wp-content/plugins/elementor-pro/assets/js/webpack-pro.runtime.min.js?ver=3.23.3 HTTP/1.1" 200 2548 "https://jobs.socialdigiinnovator.com/" "Mozilla/5.0 (iPhone; CPU iPhone OS 14_4 like Mac OS X) AppleWebKit/605.1.15 (KHTML, like Gecko) Version/15.4 Mobile/15E148 Safari/604.1"
34.212.29.164 - - [22/May/2025:18:18:12 -0400] "GET /wp-includes/js/wp-util.min.js?ver=6.8.1 HTTP/1.1" 304 0 "https://jobs.socialdigiinnovator.com/" "Mozilla/5.0 (iPhone; CPU iPhone OS 14_4 like Mac OS X) AppleWebKit/605.1.15 (KHTML, like Gecko) Version/15.4 Mobile/15E148 Safari/604.1"
34.212.29.164 - - [22/May/2025:18:18:12 -0400] "GET /wp-content/plugins/elementor/assets/js/frontend-modules.min.js?ver=3.29.0 HTTP/1.1" 304 0 "https://jobs.socialdigiinnovator.com/" "Mozilla/5.0 (iPhone; CPU iPhone OS 14_4 like Mac OS X) AppleWebKit/605.1.15 (KHTML, like Gecko) Version/15.4 Mobile/15E148 Safari/604.1"
34.212.29.164 - - [22/May/2025:18:18:12 -0400] "GET /wp-content/plugins/ultimate-member/assets/js/um-modal.min.js?ver=2.10.4 HTTP/1.1" 304 0 "https://jobs.socialdigiinnovator.com/" "Mozilla/5.0 (iPhone; CPU iPhone OS 14_4 like Mac OS X) AppleWebKit/605.1.15 (KHTML, like Gecko) Version/15.4 Mobile/15E148 Safari/604.1"
34.212.29.164 - - [22/May/2025:18:18:12 -0400] "GET /wp-content/plugins/ultimate-member/assets/js/um-conditional.min.js?ver=2.10.4 HTTP/1.1" 304 0 "https://jobs.socialdigiinnovator.com/" "Mozilla/5.0 (iPhone; CPU iPhone OS 14_4 like Mac OS X) AppleWebKit/605.1.15 (KHTML, like Gecko) Version/15.4 Mobile/15E148 Safari/604.1"
34.212.29.164 - - [22/May/2025:18:18:12 -0400] "GET /wp-content/plugins/ultimate-member/assets/libs/fileupload/fileupload.js?ver=2.10.4 HTTP/1.1" 304 0 "https://jobs.socialdigiinnovator.com/" "Mozilla/5.0 (iPhone; CPU iPhone OS 14_4 like Mac OS X) AppleWebKit/605.1.15 (KHTML, like Gecko) Version/15.4 Mobile/15E148 Safari/604.1"
34.212.29.164 - - [22/May/2025:18:18:12 -0400] "GET /wp-content/plugins/elementor/assets/js/webpack.runtime.min.js?ver=3.29.0 HTTP/1.1" 304 0 "https://jobs.socialdigiinnovator.com/" "Mozilla/5.0 (iPhone; CPU iPhone OS 14_4 like Mac OS X) AppleWebKit/605.1.15 (KHTML, like Gecko) Version/15.4 Mobile/15E148 Safari/604.1"
34.212.29.164 - - [22/May/2025:18:18:12 -0400] "GET /wp-content/plugins/ultimate-member/assets/libs/pickadate/picker.time.min.js?ver=3.6.2 HTTP/1.1" 304 0 "https://jobs.socialdigiinnovator.com/" "Mozilla/5.0 (iPhone; CPU iPhone OS 14_4 like Mac OS X) AppleWebKit/605.1.15 (KHTML, like Gecko) Version/15.4 Mobile/15E148 Safari/604.1"
34.212.29.164 - - [22/May/2025:18:18:12 -0400] "GET /wp-content/plugins/ultimate-member/assets/libs/pickadate/picker.min.js?ver=3.6.2 HTTP/1.1" 304 0 "https://jobs.socialdigiinnovator.com/" "Mozilla/5.0 (iPhone; CPU iPhone OS 14_4 like Mac OS X) AppleWebKit/605.1.15 (KHTML, like Gecko) Version/15.4 Mobile/15E148 Safari/604.1"
34.212.29.164 - - [22/May/2025:18:18:12 -0400] "GET /wp-includes/js/jquery/ui/core.min.js?ver=1.13.3 HTTP/1.1" 304 0 "https://jobs.socialdigiinnovator.com/" "Mozilla/5.0 (iPhone; CPU iPhone OS 14_4 like Mac OS X) AppleWebKit/605.1.15 (KHTML, like Gecko) Version/15.4 Mobile/15E148 Safari/604.1"
34.212.29.164 - - [22/May/2025:18:18:12 -0400] "GET /wp-content/themes/jobify/js/vendor/salvattore/salvattore.min.js?ver=6.8.1 HTTP/1.1" 304 0 "https://jobs.socialdigiinnovator.com/" "Mozilla/5.0 (iPhone; CPU iPhone OS 14_4 like Mac OS X) AppleWebKit/605.1.15 (KHTML, like Gecko) Version/15.4 Mobile/15E148 Safari/604.1"
34.212.29.164 - - [22/May/2025:18:18:12 -0400] "GET /wp-content/plugins/elementor/assets/js/frontend.min.js?ver=3.29.0 HTTP/1.1" 304 0 "https://jobs.socialdigiinnovator.com/" "Mozilla/5.0 (iPhone; CPU iPhone OS 14_4 like Mac OS X) AppleWebKit/605.1.15 (KHTML, like Gecko) Version/15.4 Mobile/15E148 Safari/604.1"
34.212.29.164 - - [22/May/2025:18:18:12 -0400] "GET /wp-includes/js/underscore.min.js?ver=1.13.7 HTTP/1.1" 304 0 "https://jobs.socialdigiinnovator.com/" "Mozilla/5.0 (iPhone; CPU iPhone OS 14_4 like Mac OS X) AppleWebKit/605.1.15 (KHTML, like Gecko) Version/15.4 Mobile/15E148 Safari/604.1"
34.212.29.164 - - [22/May/2025:18:18:12 -0400] "GET /wp-content/plugins/ultimate-member/assets/libs/pickadate/picker.date.min.js?ver=3.6.2 HTTP/1.1" 200 4219 "https://jobs.socialdigiinnovator.com/" "Mozilla/5.0 (iPhone; CPU iPhone OS 14_4 like Mac OS X) AppleWebKit/605.1.15 (KHTML, like Gecko) Version/15.4 Mobile/15E148 Safari/604.1"
34.212.29.164 - - [22/May/2025:18:18:12 -0400] "GET /wp-content/plugins/ultimate-member/assets/js/common.min.js?ver=2.10.4 HTTP/1.1" 200 825 "https://jobs.socialdigiinnovator.com/" "Mozilla/5.0 (iPhone; CPU iPhone OS 14_4 like Mac OS X) AppleWebKit/605.1.15 (KHTML, like Gecko) Version/15.4 Mobile/15E148 Safari/604.1"
34.212.29.164 - - [22/May/2025:18:18:12 -0400] "GET /wp-content/plugins/ultimate-member/assets/js/um-functions.min.js?ver=2.10.4 HTTP/1.1" 304 0 "https://jobs.socialdigiinnovator.com/" "Mozilla/5.0 (iPhone; CPU iPhone OS 14_4 like Mac OS X) AppleWebKit/605.1.15 (KHTML, like Gecko) Version/15.4 Mobile/15E148 Safari/604.1"
34.212.29.164 - - [22/May/2025:18:18:12 -0400] "GET /wp-content/themes/jobify/js/jobify.min.js?ver=4.0.9 HTTP/1.1" 200 26335 "https://jobs.socialdigiinnovator.com/" "Mozilla/5.0 (iPhone; CPU iPhone OS 14_4 like Mac OS X) AppleWebKit/605.1.15 (KHTML, like Gecko) Version/15.4 Mobile/15E148 Safari/604.1"
34.212.29.164 - - [22/May/2025:18:18:13 -0400] "GET /wp-includes/js/wp-emoji-release.min.js?ver=6.8.1 HTTP/1.1" 304 0 "https://jobs.socialdigiinnovator.com/" "Mozilla/5.0 (iPhone; CPU iPhone OS 14_4 like Mac OS X) AppleWebKit/605.1.15 (KHTML, like Gecko) Version/15.4 Mobile/15E148 Safari/604.1"
198.54.114.35 - - [22/May/2025:18:49:45 -0400] "POST /wp-cron.php?doing_wp_cron=1747954184.8654470443725585937500 HTTP/1.1" 200 0 "-" "WordPress/6.8.1; https://jobs.socialdigiinnovator.com"
185.191.171.3 - - [22/May/2025:18:49:42 -0400] "GET /robots.txt HTTP/1.1" 200 106 "-" "Mozilla/5.0 (compatible; SemrushBot/7~bl; +http://www.semrush.com/bot.html)"
185.191.171.10 - - [22/May/2025:18:49:45 -0400] "GET /bcoumara/bfdfa10396871.html HTTP/1.1" 404 10797 "-" "Mozilla/5.0 (compatible; SemrushBot/7~bl; +http://www.semrush.com/bot.html)"
198.54.114.35 - - [22/May/2025:19:57:39 -0400] "POST /wp-cron.php?doing_wp_cron=1747958259.4461209774017333984375 HTTP/1.1" 200 0 "-" "WordPress/6.8.1; https://jobs.socialdigiinnovator.com"
43.157.180.116 - - [22/May/2025:19:57:35 -0400] "GET / HTTP/1.1" 200 12948 "http://jobs.socialdigiinnovator.com" "Mozilla/5.0 (iPhone; CPU iPhone OS 13_2_3 like Mac OS X) AppleWebKit/605.1.15 (KHTML, like Gecko) Version/13.0.3 Mobile/15E148 Safari/604.1"
198.54.114.35 - - [22/May/2025:20:27:56 -0400] "POST /wp-cron.php?doing_wp_cron=1747960076.6389830112457275390625 HTTP/1.1" 200 0 "-" "WordPress/6.8.1; https://jobs.socialdigiinnovator.com"
159.89.207.69 - - [22/May/2025:20:27:53 -0400] "GET //feed/ HTTP/1.1" 301 0 "-" "Mozilla/5.0 (Windows NT 10.0; Win64; x64) AppleWebKit/537.36 (KHTML, like Gecko) Chrome/95.0.4638.69 Safari/537.36"
159.89.207.69 - - [22/May/2025:20:27:57 -0400] "GET //blog/wp-includes/wlwmanifest.xml HTTP/1.1" 301 0 "-" "Mozilla/5.0 (Windows NT 10.0; Win64; x64) AppleWebKit/537.36 (KHTML, like Gecko) Chrome/95.0.4638.69 Safari/537.36"
159.89.207.69 - - [22/May/2025:20:27:57 -0400] "GET //web/wp-includes/wlwmanifest.xml HTTP/1.1" 301 0 "-" "Mozilla/5.0 (Windows NT 10.0; Win64; x64) AppleWebKit/537.36 (KHTML, like Gecko) Chrome/95.0.4638.69 Safari/537.36"
159.89.207.69 - - [22/May/2025:20:27:59 -0400] "GET //2020/wp-includes/wlwmanifest.xml HTTP/1.1" 301 0 "-" "Mozilla/5.0 (Windows NT 10.0; Win64; x64) AppleWebKit/537.36 (KHTML, like Gecko) Chrome/95.0.4638.69 Safari/537.36"
159.89.207.69 - - [22/May/2025:20:27:59 -0400] "GET //2019/wp-includes/wlwmanifest.xml HTTP/1.1" 301 0 "-" "Mozilla/5.0 (Windows NT 10.0; Win64; x64) AppleWebKit/537.36 (KHTML, like Gecko) Chrome/95.0.4638.69 Safari/537.36"
159.89.207.69 - - [22/May/2025:20:27:59 -0400] "GET //2021/wp-includes/wlwmanifest.xml HTTP/1.1" 301 0 "-" "Mozilla/5.0 (Windows NT 10.0; Win64; x64) AppleWebKit/537.36 (KHTML, like Gecko) Chrome/95.0.4638.69 Safari/537.36"
159.89.207.69 - - [22/May/2025:20:28:00 -0400] "GET //wp1/wp-includes/wlwmanifest.xml HTTP/1.1" 301 0 "-" "Mozilla/5.0 (Windows NT 10.0; Win64; x64) AppleWebKit/537.36 (KHTML, like Gecko) Chrome/95.0.4638.69 Safari/537.36"
159.89.207.69 - - [22/May/2025:20:28:01 -0400] "GET //test/wp-includes/wlwmanifest.xml HTTP/1.1" 301 0 "-" "Mozilla/5.0 (Windows NT 10.0; Win64; x64) AppleWebKit/537.36 (KHTML, like Gecko) Chrome/95.0.4638.69 Safari/537.36"
159.89.207.69 - - [22/May/2025:20:28:01 -0400] "GET //site/wp-includes/wlwmanifest.xml HTTP/1.1" 301 0 "-" "Mozilla/5.0 (Windows NT 10.0; Win64; x64) AppleWebKit/537.36 (KHTML, like Gecko) Chrome/95.0.4638.69 Safari/537.36"
159.89.207.69 - - [22/May/2025:20:27:53 -0400] "GET //wp-includes/ID3/license.txt HTTP/1.1" 403 1242 "-" "Mozilla/5.0 (Windows NT 10.0; Win64; x64) AppleWebKit/537.36 (KHTML, like Gecko) Chrome/95.0.4638.69 Safari/537.36"
159.89.207.69 - - [22/May/2025:20:27:58 -0400] "GET //wordpress/wp-includes/wlwmanifest.xml HTTP/1.1" 301 0 "-" "Mozilla/5.0 (Windows NT 10.0; Win64; x64) AppleWebKit/537.36 (KHTML, like Gecko) Chrome/95.0.4638.69 Safari/537.36"
159.89.207.69 - - [22/May/2025:20:27:58 -0400] "GET //wp/wp-includes/wlwmanifest.xml HTTP/1.1" 301 0 "-" "Mozilla/5.0 (Windows NT 10.0; Win64; x64) AppleWebKit/537.36 (KHTML, like Gecko) Chrome/95.0.4638.69 Safari/537.36"
159.89.207.69 - - [22/May/2025:20:28:00 -0400] "GET //shop/wp-includes/wlwmanifest.xml HTTP/1.1" 301 0 "-" "Mozilla/5.0 (Windows NT 10.0; Win64; x64) AppleWebKit/537.36 (KHTML, like Gecko) Chrome/95.0.4638.69 Safari/537.36"
159.89.207.69 - - [22/May/2025:20:28:02 -0400] "GET //cms/wp-includes/wlwmanifest.xml HTTP/1.1" 301 0 "-" "Mozilla/5.0 (Windows NT 10.0; Win64; x64) AppleWebKit/537.36 (KHTML, like Gecko) Chrome/95.0.4638.69 Safari/537.36"
198.54.114.35 - - [22/May/2025:20:47:15 -0400] "POST /wp-cron.php?doing_wp_cron=1747961234.8053200244903564453125 HTTP/1.1" 200 0 "-" "WordPress/6.8.1; https://jobs.socialdigiinnovator.com"
198.54.114.35 - - [22/May/2025:20:47:02 -0400] "GET / HTTP/1.1" 200 12945 "-" "Mozilla/5.0 (Windows NT 10.0; Win64; x64; rv:122.0) Gecko/20100101 Firefox/122.0"
198.54.114.35 - - [22/May/2025:21:54:28 -0400] "POST /wp-cron.php?doing_wp_cron=1747965268.5887620449066162109375 HTTP/1.1" 200 0 "-" "WordPress/6.8.1; https://jobs.socialdigiinnovator.com"
2a03:2880:3ff:7:: - - [22/May/2025:21:54:25 -0400] "GET /robots.txt HTTP/1.1" 200 106 "-" "facebookexternalhit/1.1 (+http://www.facebook.com/externalhit_uatext.php)"
152.42.209.58 - - [22/May/2025:21:56:07 -0400] "GET /wp-login.php HTTP/1.1" 302 0 "-" "Mozilla/5.0 (X11; Linux x86_64; rv:121.0) Gecko/20100101 Firefox/121.0"
152.42.209.58 - - [22/May/2025:21:56:10 -0400] "GET /404 HTTP/1.1" 404 10798 "-" "Mozilla/5.0 (X11; Linux x86_64; rv:121.0) Gecko/20100101 Firefox/121.0"
152.42.209.58 - - [22/May/2025:21:56:13 -0400] "GET /404 HTTP/1.1" 404 10796 "-" "Mozilla/5.0 (Linux; Android 12; Redmi Note 9 Pro Build/SKQ1.211019.001; wv) AppleWebKit/537.36 (KHTML, like Gecko) Version/4.0 Chrome/126.0.6478.71 Mobile Safari/537.36"
152.42.209.58 - - [22/May/2025:21:56:13 -0400] "GET /404 HTTP/1.1" 404 10796 "-" "Mozilla/5.0 (X11; Linux x86_64; rv:121.0) Gecko/20100101 Firefox/121.0"
152.42.209.58 - - [22/May/2025:21:56:13 -0400] "GET /wp-admin/theme-install.php?browse=popular HTTP/1.1" 302 0 "-" "Mozilla/5.0 (X11; Linux x86_64; rv:121.0) Gecko/20100101 Firefox/121.0"
152.42.209.58 - - [22/May/2025:21:56:15 -0400] "GET /404 HTTP/1.1" 404 10796 "-" "Mozilla/5.0 (X11; Linux x86_64; rv:121.0) Gecko/20100101 Firefox/121.0"
152.42.209.58 - - [22/May/2025:21:56:16 -0400] "GET /wp-admin/plugin-install.php HTTP/1.1" 302 0 "-" "Mozilla/5.0 (X11; Linux x86_64; rv:121.0) Gecko/20100101 Firefox/121.0"
152.42.209.58 - - [22/May/2025:21:56:17 -0400] "GET /wp-login.php?redirect_to=https%3A%2F%2Fjobs.socialdigiinnovator.com%2Fwp-admin%2Fplugin-install.php&reauth=1 HTTP/1.1" 302 0 "-" "Mozilla/5.0 (X11; Linux x86_64; rv:121.0) Gecko/20100101 Firefox/121.0"
152.42.209.58 - - [22/May/2025:21:56:17 -0400] "GET /404 HTTP/1.1" 404 10796 "-" "Mozilla/5.0 (X11; Linux x86_64; rv:121.0) Gecko/20100101 Firefox/121.0"
152.42.209.58 - - [22/May/2025:21:56:18 -0400] "GET /wp-admin/plugin-install.php?s=file%2520manager&tab=search&type=term HTTP/1.1" 302 0 "-" "Mozilla/5.0 (X11; Linux x86_64; rv:121.0) Gecko/20100101 Firefox/121.0"
152.42.209.58 - - [22/May/2025:21:56:19 -0400] "GET /404 HTTP/1.1" 404 10798 "-" "Mozilla/5.0 (X11; Linux x86_64; rv:121.0) Gecko/20100101 Firefox/121.0"
198.54.114.35 - - [22/May/2025:21:56:11 -0400] "POST /wp-cron.php?doing_wp_cron=1747965371.0055689811706542968750 HTTP/1.1" 200 0 "-" "WordPress/6.8.1; https://jobs.socialdigiinnovator.com"
152.42.209.58 - - [22/May/2025:21:56:12 -0400] "GET /wp-login.php HTTP/1.1" 302 0 "-" "Mozilla/5.0 (Linux; Android 12; Redmi Note 9 Pro Build/SKQ1.211019.001; wv) AppleWebKit/537.36 (KHTML, like Gecko) Version/4.0 Chrome/126.0.6478.71 Mobile Safari/537.36"
152.42.209.58 - - [22/May/2025:21:56:12 -0400] "POST /wp-login.php HTTP/1.1" 302 0 "-" "Mozilla/5.0 (X11; Linux x86_64; rv:121.0) Gecko/20100101 Firefox/121.0"
152.42.209.58 - - [22/May/2025:21:56:15 -0400] "GET /wp-login.php?redirect_to=https%3A%2F%2Fjobs.socialdigiinnovator.com%2Fwp-admin%2Ftheme-install.php%3Fbrowse%3Dpopular&reauth=1 HTTP/1.1" 302 0 "-" "Mozilla/5.0 (X11; Linux x86_64; rv:121.0) Gecko/20100101 Firefox/121.0"
152.42.209.58 - - [22/May/2025:21:56:19 -0400] "GET /wp-login.php?redirect_to=https%3A%2F%2Fjobs.socialdigiinnovator.com%2Fwp-admin%2Fplugin-install.php%3Fs%3Dfile%252520manager%26tab%3Dsearch%26type%3Dterm&reauth=1 HTTP/1.1" 302 0 "-" "Mozilla/5.0 (X11; Linux x86_64; rv:121.0) Gecko/20100101 Firefox/121.0"
198.54.114.35 - - [22/May/2025:22:18:16 -0400] "POST /wp-cron.php?doing_wp_cron=1747966695.9823620319366455078125 HTTP/1.1" 200 0 "-" "WordPress/6.8.1; https://jobs.socialdigiinnovator.com"
36.72.216.240 - - [22/May/2025:22:25:40 -0400] "GET /wp-login.php HTTP/1.1" 302 0 "-" "Mozilla/5.0 (Windows NT 10.0; Win64; x64; rv:77.0) Gecko/20100101 Firefox/77.0"
36.72.216.240 - - [22/May/2025:22:25:42 -0400] "GET /404 HTTP/1.1" 404 10796 "-" "Mozilla/5.0 (Windows NT 10.0; Win64; x64; rv:77.0) Gecko/20100101 Firefox/77.0"
3.101.29.77 - - [22/May/2025:22:18:13 -0400] "GET / HTTP/1.1" 200 12945 "-" "Mozilla/5.0 (X11; Linux x86_64) AppleWebKit/537.36 (KHTML, like Gecko) Chrome/51.0.2704.103 Safari/537.36"
198.54.114.35 - - [22/May/2025:22:25:44 -0400] "POST /wp-cron.php?doing_wp_cron=1747967143.8743500709533691406250 HTTP/1.1" 200 0 "-" "WordPress/6.8.1; https://jobs.socialdigiinnovator.com"
198.23.221.50 - - [22/May/2025:23:30:10 -0400] "GET /login/ HTTP/1.1" 200 11701 "-" "Mozilla/5.0 (iPod touch; CPU iPhone OS 17_7_1 like Mac OS X) AppleWebKit"
198.23.221.50 - - [22/May/2025:23:30:11 -0400] "GET /register/ HTTP/1.1" 200 11796 "-" "Mozilla/5.0 (iPod touch; CPU iPhone OS 17_7_1 like Mac OS X) AppleWebKit"
198.54.114.35 - - [22/May/2025:23:30:07 -0400] "POST /wp-cron.php?doing_wp_cron=1747971007.3923280239105224609375 HTTP/1.1" 200 0 "-" "WordPress/6.8.1; https://jobs.socialdigiinnovator.com"
198.23.221.50 - - [22/May/2025:23:30:01 -0400] "GET / HTTP/1.1" 200 12945 "-" "Mozilla/5.0 (iPod touch; CPU iPhone OS 17_7_1 like Mac OS X) AppleWebKit"
198.23.221.50 - - [22/May/2025:23:30:13 -0400] "GET / HTTP/1.1" 200 12947 "-" "Mozilla/5.0 (iPod touch; CPU iPhone OS 17_7_1 like Mac OS X) AppleWebKit"
198.23.221.50 - - [22/May/2025:23:30:13 -0400] "GET /tel:+923058400500 HTTP/1.1" 404 10796 "-" "Mozilla/5.0 (iPod touch; CPU iPhone OS 17_7_1 like Mac OS X) AppleWebKit"
196.251.70.5 - - [22/May/2025:23:30:16 -0400] "POST /register/ HTTP/1.1" 200 11925 "https://jobs.socialdigiinnovator.com/register/" "Mozilla/5.0 (iPod touch; CPU iPhone OS 17_7_1 like Mac OS X) AppleWebKit"
198.54.114.35 - - [23/May/2025:00:18:51 -0400] "POST /wp-cron.php?doing_wp_cron=1747973931.6111040115356445312500 HTTP/1.1" 200 0 "-" "WordPress/6.8.1; https://jobs.socialdigiinnovator.com"
2a03:2880:13ff:4:: - - [23/May/2025:00:18:52 -0400] "GET /robots.txt HTTP/1.1" 200 106 "-" "facebookexternalhit/1.1 (+http://www.facebook.com/externalhit_uatext.php)"
2a03:2880:27ff:1:: - - [23/May/2025:00:18:48 -0400] "GET /robots.txt HTTP/1.1" 200 0 "-" "facebookexternalhit/1.1 (+http://www.facebook.com/externalhit_uatext.php)"
2404:8000:1015:3d0:c12:c2c:e0e0:3317 - - [23/May/2025:00:38:28 -0400] "GET /wp-login.php HTTP/1.1" 302 0 "-" "Mozilla/5.0 (Windows NT 10.0; Win64; x64) AppleWebKit/537.36 (KHTML, like Gecko) Chrome/69.0.3497.100 Safari/537.36"
198.54.114.35 - - [23/May/2025:00:38:31 -0400] "POST /wp-cron.php?doing_wp_cron=1747975111.3704049587249755859375 HTTP/1.1" 200 0 "-" "WordPress/6.8.1; https://jobs.socialdigiinnovator.com"
2404:8000:1015:3d0:c12:c2c:e0e0:3317 - - [23/May/2025:00:38:30 -0400] "GET /404 HTTP/1.1" 404 10796 "-" "Mozilla/5.0 (Windows NT 10.0; Win64; x64) AppleWebKit/537.36 (KHTML, like Gecko) Chrome/69.0.3497.100 Safari/537.36"
198.54.114.35 - - [23/May/2025:01:16:27 -0400] "POST /wp-cron.php?doing_wp_cron=1747977386.9908759593963623046875 HTTP/1.1" 200 0 "-" "WordPress/6.8.1; https://jobs.socialdigiinnovator.com"
2001:41d0:a:475f:: - - [23/May/2025:01:16:24 -0400] "GET /robots.txt HTTP/1.1" 200 106 "-" "Mozilla/5.0 (compatible; MJ12bot/v2.0.2; http://mj12bot.com/)"
2001:41d0:a:475f:: - - [23/May/2025:01:16:28 -0400] "GET / HTTP/1.1" 302 771 "-" "Mozilla/5.0 (compatible; MJ12bot/v2.0.2; http://mj12bot.com/)"
2a03:2880:f800:8:: - - [23/May/2025:02:09:43 -0400] "GET /?p=230 HTTP/1.1" 301 0 "-" "meta-externalagent/1.1 (+https://developers.facebook.com/docs/sharing/webmasters/crawler)"
5.188.86.71 - - [23/May/2025:02:14:02 -0400] "GET /xmlrpc.php HTTP/1.1" 403 1242 "http://jobs.socialdigiinnovator.com/xmlrpc.php" "Mozilla/5.0 (Windows NT 10.0; Win64; x64) AppleWebKit/537.36 (KHTML, like Gecko) Chrome/97.0.4692.99 Safari/537.36"
198.54.114.35 - - [23/May/2025:02:09:46 -0400] "POST /wp-cron.php?doing_wp_cron=1747980586.0566329956054687500000 HTTP/1.1" 200 0 "-" "WordPress/6.8.1; https://jobs.socialdigiinnovator.com"
198.54.114.35 - - [23/May/2025:02:50:53 -0400] "POST /wp-cron.php?doing_wp_cron=1747983053.6617879867553710937500 HTTP/1.1" 200 0 "-" "WordPress/6.8.1; https://jobs.socialdigiinnovator.com"
85.208.96.196 - - [23/May/2025:02:50:51 -0400] "GET /robots.txt HTTP/1.1" 200 106 "-" "Mozilla/5.0 (compatible; SemrushBot/7~bl; +http://www.semrush.com/bot.html)"
185.191.171.5 - - [23/May/2025:02:50:54 -0400] "GET /b5vdfg/bbfbde8611844.html HTTP/1.1" 404 10798 "-" "Mozilla/5.0 (compatible; SemrushBot/7~bl; +http://www.semrush.com/bot.html)"
198.54.114.35 - - [23/May/2025:02:52:34 -0400] "POST /wp-cron.php?doing_wp_cron=1747983154.4471049308776855468750 HTTP/1.1" 200 0 "-" "WordPress/6.8.1; https://jobs.socialdigiinnovator.com"
2a03:2880:f800:f:: - - [23/May/2025:02:52:31 -0400] "GET /?p=345 HTTP/1.1" 301 0 "-" "meta-externalagent/1.1 (+https://developers.facebook.com/docs/sharing/webmasters/crawler)"
198.54.114.35 - - [23/May/2025:03:22:29 -0400] "POST /wp-cron.php?doing_wp_cron=1747984949.4139790534973144531250 HTTP/1.1" 200 0 "-" "WordPress/6.8.1; https://jobs.socialdigiinnovator.com"
51.77.108.53 - - [23/May/2025:03:22:25 -0400] "GET / HTTP/1.1" 200 12947 "-" "Go-http-client/2.0"
165.22.98.8 - - [23/May/2025:04:35:41 -0400] "POST /wp-login.php?wc-ajax=1 HTTP/1.1" 302 0 "https://jobs.socialdigiinnovator.com/wp-admin/" "Mozilla/5.0 (Windows NT 10.0; Win64; x64) AppleWebKit/537.36 (KHTML, like Gecko) Chrome/90.0.4430.85 Safari/537.36"
198.54.114.35 - - [23/May/2025:04:35:46 -0400] "POST /wp-cron.php?doing_wp_cron=1747989346.7197968959808349609375 HTTP/1.1" 200 0 "-" "WordPress/6.8.1; https://jobs.socialdigiinnovator.com"
165.22.98.8 - - [23/May/2025:04:35:44 -0400] "GET /404 HTTP/1.1" 404 10798 "https://jobs.socialdigiinnovator.com/wp-admin/" "Mozilla/5.0 (Windows NT 10.0; Win64; x64) AppleWebKit/537.36 (KHTML, like Gecko) Chrome/90.0.4430.85 Safari/537.36"
165.22.98.8 - - [23/May/2025:04:35:48 -0400] "GET /wp-login.php?redirect_to=https%3A%2F%2Fjobs.socialdigiinnovator.com%2Fwp-admin%2F%3Fwc-ajax%3D1&reauth=1 HTTP/1.1" 302 0 "www.google.com" "Mozilla/5.0 (Windows NT 10.0; Win64; x64) AppleWebKit/537.36 (KHTML, like Gecko) Chrome/90.0.4430.85 Safari/537.36"
165.22.98.8 - - [23/May/2025:04:35:49 -0400] "GET /404 HTTP/1.1" 404 10798 "www.google.com" "Mozilla/5.0 (Windows NT 10.0; Win64; x64) AppleWebKit/537.36 (KHTML, like Gecko) Chrome/90.0.4430.85 Safari/537.36"
165.22.98.8 - - [23/May/2025:04:35:48 -0400] "GET /wp-admin/?wc-ajax=1 HTTP/1.1" 302 0 "www.google.com" "Mozilla/5.0 (Windows NT 10.0; Win64; x64) AppleWebKit/537.36 (KHTML, like Gecko) Chrome/90.0.4430.85 Safari/537.36"
51.222.253.13 - - [23/May/2025:04:48:03 -0400] "GET /robots.txt HTTP/1.1" 200 106 "-" "Mozilla/5.0 (compatible; AhrefsBot/7.0; +http://ahrefs.com/robot/)"
198.54.114.35 - - [23/May/2025:04:48:06 -0400] "POST /wp-cron.php?doing_wp_cron=1747990086.6119210720062255859375 HTTP/1.1" 200 0 "-" "WordPress/6.8.1; https://jobs.socialdigiinnovator.com"
54.36.148.135 - - [23/May/2025:04:48:08 -0400] "GET /register/ HTTP/1.1" 200 11796 "-" "Mozilla/5.0 (compatible; AhrefsBot/7.0; +http://ahrefs.com/robot/)"