芝麻web文件管理V1.00
编辑当前文件:/home/sditechnicalteam/access-logs/jobs.socialdigiinnovator.com-ssl_log
198.54.114.35 - - [22/May/2025:09:03:58 -0400] "POST /wp-cron.php?doing_wp_cron=1747919037.8390700817108154296875 HTTP/1.1" 200 0 "-" "WordPress/6.8.1; https://jobs.socialdigiinnovator.com"
52.167.144.170 - - [22/May/2025:09:03:51 -0400] "GET /wp-content/themes/jobify/js/vendor/validatejs/jquery.validate.min.js%3Fver=4.0.9 HTTP/1.1" 404 10797 "-" "Mozilla/5.0 AppleWebKit/537.36 (KHTML, like Gecko; compatible; bingbot/2.0; +http://www.bing.com/bingbot.htm) Chrome/116.0.1938.76 Safari/537.36"
196.251.81.125 - - [22/May/2025:09:38:30 -0400] "GET /wp-content/plugins/fix/up.php HTTP/1.1" 200 0 "http://jobs.socialdigiinnovator.com/wp-content/plugins/fix/up.php" "Mozilla/5.0"
196.251.81.125 - - [22/May/2025:09:38:33 -0400] "GET /wp-content/plugins/fix/up.php HTTP/1.1" 200 0 "-" "Mozilla/5.0"
198.54.114.35 - - [22/May/2025:09:38:37 -0400] "POST /wp-cron.php?doing_wp_cron=1747921117.3733830451965332031250 HTTP/1.1" 200 0 "-" "WordPress/6.8.1; https://jobs.socialdigiinnovator.com"
198.54.114.35 - - [22/May/2025:09:38:37 -0400] "POST /wp-cron.php?doing_wp_cron=1747921117.3733830451965332031250 HTTP/1.1" 200 0 "-" "WordPress/6.8.1; https://jobs.socialdigiinnovator.com"
198.54.114.35 - - [22/May/2025:10:08:25 -0400] "POST /wp-cron.php?doing_wp_cron=1747922905.1419270038604736328125 HTTP/1.1" 200 0 "-" "WordPress/6.8.1; https://jobs.socialdigiinnovator.com"
54.36.148.32 - - [22/May/2025:10:08:21 -0400] "GET /robots.txt HTTP/1.1" 200 106 "-" "Mozilla/5.0 (compatible; AhrefsBot/7.0; +http://ahrefs.com/robot/)"
54.36.149.106 - - [22/May/2025:10:08:26 -0400] "GET /wp-sitemap.xml HTTP/1.1" 200 183 "-" "Mozilla/5.0 (compatible; AhrefsBot/7.0; +http://ahrefs.com/robot/)"
54.36.149.24 - - [22/May/2025:10:09:01 -0400] "GET /wp-sitemap-users-1.xml HTTP/1.1" 200 169 "-" "Mozilla/5.0 (compatible; AhrefsBot/7.0; +http://ahrefs.com/robot/)"
54.36.148.177 - - [22/May/2025:10:08:28 -0400] "GET /wp-sitemap-posts-page-1.xml HTTP/1.1" 200 380 "-" "Mozilla/5.0 (compatible; AhrefsBot/7.0; +http://ahrefs.com/robot/)"
198.54.114.35 - - [22/May/2025:10:45:18 -0400] "POST /wp-cron.php?doing_wp_cron=1747925118.3290050029754638671875 HTTP/1.1" 200 0 "-" "WordPress/6.8.1; https://jobs.socialdigiinnovator.com"
111.90.176.235 - - [22/May/2025:10:45:12 -0400] "GET /vendor/htmlawed/htmlawed/htmLawedTest.php HTTP/1.1" 404 10797 "-" "python-requests/2.32.3"
111.90.176.235 - - [22/May/2025:10:45:20 -0400] "GET /glpi/vendor/htmlawed/htmlawed/htmLawedTest.php HTTP/1.1" 404 10797 "-" "python-requests/2.32.3"
34.141.254.56 - - [22/May/2025:10:48:57 -0400] "GET / HTTP/1.1" 200 0 "-" "Scrapy/2.12.0 (+https://scrapy.org)"
5.188.86.72 - - [22/May/2025:10:49:11 -0400] "GET /xmlrpc.php HTTP/1.1" 403 1242 "http://jobs.socialdigiinnovator.com/xmlrpc.php" "Mozilla/5.0 (Windows NT 6.1; WOW64; rv:92.0) Gecko/20100101 Firefox/92.0"
198.54.114.35 - - [22/May/2025:10:49:17 -0400] "POST /wp-cron.php?doing_wp_cron=1747925356.3723769187927246093750 HTTP/1.1" 200 0 "-" "WordPress/6.8.1; https://jobs.socialdigiinnovator.com"
5.188.86.71 - - [22/May/2025:11:06:10 -0400] "GET /xmlrpc.php HTTP/1.1" 403 1242 "http://jobs.socialdigiinnovator.com/xmlrpc.php" "Mozilla/5.0 (Windows NT 10.0; Win64; x64) AppleWebKit/537.36 (KHTML, like Gecko) Chrome/97.0.4692.99 Safari/537.36"
198.54.114.35 - - [22/May/2025:11:26:12 -0400] "POST /wp-cron.php?doing_wp_cron=1747927572.3288950920104980468750 HTTP/1.1" 200 0 "-" "WordPress/6.8.1; https://jobs.socialdigiinnovator.com"
2a03:2880:31ff:4:: - - [22/May/2025:11:26:06 -0400] "GET /wp-content/uploads/2022/03/phone-95-16.png HTTP/1.1" 404 10799 "-" "facebookexternalhit/1.1 (+http://www.facebook.com/externalhit_uatext.php)"
182.188.66.228 - - [22/May/2025:11:31:07 -0400] "GET / HTTP/1.1" 200 0 "https://l.instagram.com/" "Mozilla/5.0 (Linux; Android 13; M2101K6G Build/TKQ1.221013.002; wv) AppleWebKit/537.36 (KHTML, like Gecko) Version/4.0 Chrome/136.0.7103.60 Mobile Safari/537.36 Instagram 380.0.0.49.84 Android (33/13; 440dpi; 1080x2263; Xiaomi/Redmi; M2101K6G; sweet; qcom; en_US; 733742565; IABMV/1)"
198.54.114.35 - - [22/May/2025:11:31:11 -0400] "POST /wp-cron.php?doing_wp_cron=1747927871.5805690288543701171875 HTTP/1.1" 200 0 "-" "WordPress/6.8.1; https://jobs.socialdigiinnovator.com"
54.36.149.21 - - [22/May/2025:12:12:04 -0400] "GET /find-a-job/ HTTP/1.1" 200 0 "-" "Mozilla/5.0 (compatible; AhrefsBot/7.0; +http://ahrefs.com/robot/)"
185.191.171.19 - - [22/May/2025:12:14:08 -0400] "GET /robots.txt HTTP/1.1" 200 0 "-" "Mozilla/5.0 (compatible; SemrushBot/7~bl; +http://www.semrush.com/bot.html)"
198.54.114.35 - - [22/May/2025:12:14:31 -0400] "POST /wp-cron.php?doing_wp_cron=1747930462.1976659297943115234375 HTTP/1.1" 200 0 "-" "WordPress/6.8.1; https://jobs.socialdigiinnovator.com"
198.54.114.35 - - [22/May/2025:12:12:53 -0400] "POST /wp-cron.php?doing_wp_cron=1747930364.1724669933319091796875 HTTP/1.1" 200 0 "-" "WordPress/6.8.1; https://jobs.socialdigiinnovator.com"
185.191.171.19 - - [22/May/2025:12:14:19 -0400] "GET /robots.txt HTTP/1.1" 200 106 "-" "Mozilla/5.0 (compatible; SemrushBot/7~bl; +http://www.semrush.com/bot.html)"
198.54.114.35 - - [22/May/2025:12:14:29 -0400] "POST /wp-cron.php?doing_wp_cron=1747930463.1015388965606689453125 HTTP/1.1" 200 0 "-" "WordPress/6.8.1; https://jobs.socialdigiinnovator.com"
85.208.96.198 - - [22/May/2025:12:14:32 -0400] "GET /31f917quotability/fb8612015.html HTTP/1.1" 404 10797 "-" "Mozilla/5.0 (compatible; SemrushBot/7~bl; +http://www.semrush.com/bot.html)"
198.54.114.35 - - [22/May/2025:12:39:23 -0400] "POST /wp-cron.php?doing_wp_cron=1747931962.8713018894195556640625 HTTP/1.1" 200 0 "-" "WordPress/6.8.1; https://jobs.socialdigiinnovator.com"
85.208.96.195 - - [22/May/2025:12:39:18 -0400] "GET /ccwell-documented/cce26114.html HTTP/1.1" 404 10799 "-" "Mozilla/5.0 (compatible; SemrushBot/7~bl; +http://www.semrush.com/bot.html)"
198.54.114.35 - - [22/May/2025:12:41:01 -0400] "POST /wp-cron.php?doing_wp_cron=1747932061.0561389923095703125000 HTTP/1.1" 200 0 "-" "WordPress/6.8.1; https://jobs.socialdigiinnovator.com"
2a03:2880:3ff:71:: - - [22/May/2025:12:40:57 -0400] "GET /robots.txt HTTP/1.1" 200 106 "-" "facebookexternalhit/1.1 (+http://www.facebook.com/externalhit_uatext.php)"
198.54.114.35 - - [22/May/2025:12:43:18 -0400] "POST /wp-cron.php?doing_wp_cron=1747932198.6483600139617919921875 HTTP/1.1" 200 0 "-" "WordPress/6.8.1; https://jobs.socialdigiinnovator.com"
54.36.149.18 - - [22/May/2025:12:43:14 -0400] "GET /hiring-form/ HTTP/1.1" 200 17220 "-" "Mozilla/5.0 (compatible; AhrefsBot/7.0; +http://ahrefs.com/robot/)"
198.54.114.35 - - [22/May/2025:13:13:33 -0400] "POST /wp-cron.php?doing_wp_cron=1747934013.3840870857238769531250 HTTP/1.1" 200 0 "-" "WordPress/6.8.1; https://jobs.socialdigiinnovator.com"
85.208.96.195 - - [22/May/2025:13:13:26 -0400] "GET /201flushers/bedcde22090917.html HTTP/1.1" 404 10799 "-" "Mozilla/5.0 (compatible; SemrushBot/7~bl; +http://www.semrush.com/bot.html)"
149.57.191.90 - - [22/May/2025:13:19:58 -0400] "GET /hiring-form HTTP/1.1" 301 0 "-" "Mozilla/5.0 (X11; Linux x86_64) AppleWebKit/537.36 (KHTML, like Gecko) Chrome/134.0.0.0 Safari/537.36"
149.57.191.90 - - [22/May/2025:13:20:05 -0400] "GET /wp-content/plugins/elementor/assets/css/frontend.min.css?ver=3.29.0 HTTP/1.1" 200 6472 "https://jobs.socialdigiinnovator.com/hiring-form/" "Mozilla/5.0 (X11; Linux x86_64) AppleWebKit/537.36 (KHTML, like Gecko) Chrome/134.0.0.0 Safari/537.36"
149.57.191.90 - - [22/May/2025:13:20:05 -0400] "GET /wp-content/plugins/elementor/assets/css/widget-icon-list.min.css?ver=3.29.0 HTTP/1.1" 200 958 "https://jobs.socialdigiinnovator.com/hiring-form/" "Mozilla/5.0 (X11; Linux x86_64) AppleWebKit/537.36 (KHTML, like Gecko) Chrome/134.0.0.0 Safari/537.36"
149.57.191.90 - - [22/May/2025:13:20:05 -0400] "GET /wp-content/plugins/elementor/assets/css/widget-heading.min.css?ver=3.29.0 HTTP/1.1" 200 154 "https://jobs.socialdigiinnovator.com/hiring-form/" "Mozilla/5.0 (X11; Linux x86_64) AppleWebKit/537.36 (KHTML, like Gecko) Chrome/134.0.0.0 Safari/537.36"
149.57.191.90 - - [22/May/2025:13:20:05 -0400] "GET /wp-content/plugins/elementor-pro/assets/css/frontend.min.css?ver=3.23.3 HTTP/1.1" 200 43433 "https://jobs.socialdigiinnovator.com/hiring-form/" "Mozilla/5.0 (X11; Linux x86_64) AppleWebKit/537.36 (KHTML, like Gecko) Chrome/134.0.0.0 Safari/537.36"
149.57.191.90 - - [22/May/2025:13:20:05 -0400] "GET /wp-content/plugins/elementor/assets/css/widget-text-editor.min.css?ver=3.29.0 HTTP/1.1" 200 208 "https://jobs.socialdigiinnovator.com/hiring-form/" "Mozilla/5.0 (X11; Linux x86_64) AppleWebKit/537.36 (KHTML, like Gecko) Chrome/134.0.0.0 Safari/537.36"
149.57.191.90 - - [22/May/2025:13:20:05 -0400] "GET /wp-content/themes/jobify-extended/style.css?ver=6.8.1 HTTP/1.1" 200 365 "https://jobs.socialdigiinnovator.com/hiring-form/" "Mozilla/5.0 (X11; Linux x86_64) AppleWebKit/537.36 (KHTML, like Gecko) Chrome/134.0.0.0 Safari/537.36"
149.57.191.90 - - [22/May/2025:13:20:05 -0400] "GET /wp-content/plugins/ultimate-member/assets/libs/raty/um-raty.min.css?ver=2.6.0 HTTP/1.1" 200 330 "https://jobs.socialdigiinnovator.com/hiring-form/" "Mozilla/5.0 (X11; Linux x86_64) AppleWebKit/537.36 (KHTML, like Gecko) Chrome/134.0.0.0 Safari/537.36"
149.57.191.90 - - [22/May/2025:13:20:05 -0400] "GET /wp-content/plugins/ultimate-member/assets/libs/pickadate/default.date.min.css?ver=3.6.2 HTTP/1.1" 200 765 "https://jobs.socialdigiinnovator.com/hiring-form/" "Mozilla/5.0 (X11; Linux x86_64) AppleWebKit/537.36 (KHTML, like Gecko) Chrome/134.0.0.0 Safari/537.36"
149.57.191.90 - - [22/May/2025:13:20:05 -0400] "GET /wp-content/plugins/ultimate-member/assets/css/um-fileupload.min.css?ver=2.10.4 HTTP/1.1" 200 686 "https://jobs.socialdigiinnovator.com/hiring-form/" "Mozilla/5.0 (X11; Linux x86_64) AppleWebKit/537.36 (KHTML, like Gecko) Chrome/134.0.0.0 Safari/537.36"
149.57.191.90 - - [22/May/2025:13:20:05 -0400] "GET /wp-content/plugins/ultimate-member/assets/css/um-responsive.min.css?ver=2.10.4 HTTP/1.1" 200 1404 "https://jobs.socialdigiinnovator.com/hiring-form/" "Mozilla/5.0 (X11; Linux x86_64) AppleWebKit/537.36 (KHTML, like Gecko) Chrome/134.0.0.0 Safari/537.36"
149.57.191.90 - - [22/May/2025:13:20:05 -0400] "GET /wp-content/uploads/elementor/css/post-430.css?ver=1728573471 HTTP/1.1" 200 1038 "https://jobs.socialdigiinnovator.com/hiring-form/" "Mozilla/5.0 (X11; Linux x86_64) AppleWebKit/537.36 (KHTML, like Gecko) Chrome/134.0.0.0 Safari/537.36"
198.54.114.35 - - [22/May/2025:13:20:01 -0400] "POST /wp-cron.php?doing_wp_cron=1747934401.5594849586486816406250 HTTP/1.1" 200 0 "-" "WordPress/6.8.1; https://jobs.socialdigiinnovator.com"
149.57.191.90 - - [22/May/2025:13:20:02 -0400] "GET /hiring-form/ HTTP/1.1" 200 17221 "-" "Mozilla/5.0 (X11; Linux x86_64) AppleWebKit/537.36 (KHTML, like Gecko) Chrome/134.0.0.0 Safari/537.36"
149.57.191.90 - - [22/May/2025:13:20:05 -0400] "GET /wp-content/uploads/elementor/css/post-141.css?ver=1727860477 HTTP/1.1" 200 336 "https://jobs.socialdigiinnovator.com/hiring-form/" "Mozilla/5.0 (X11; Linux x86_64) AppleWebKit/537.36 (KHTML, like Gecko) Chrome/134.0.0.0 Safari/537.36"
149.57.191.90 - - [22/May/2025:13:20:05 -0400] "GET /wp-content/plugins/elementor/assets/css/widget-image.min.css?ver=3.29.0 HTTP/1.1" 200 254 "https://jobs.socialdigiinnovator.com/hiring-form/" "Mozilla/5.0 (X11; Linux x86_64) AppleWebKit/537.36 (KHTML, like Gecko) Chrome/134.0.0.0 Safari/537.36"
149.57.191.90 - - [22/May/2025:13:20:05 -0400] "GET /wp-content/plugins/elementor/assets/lib/eicons/css/elementor-icons.min.css?ver=5.40.0 HTTP/1.1" 200 3983 "https://jobs.socialdigiinnovator.com/hiring-form/" "Mozilla/5.0 (X11; Linux x86_64) AppleWebKit/537.36 (KHTML, like Gecko) Chrome/134.0.0.0 Safari/537.36"
149.57.191.90 - - [22/May/2025:13:20:05 -0400] "GET /wp-content/plugins/elementor/assets/lib/flatpickr/flatpickr.min.css?ver=4.6.13 HTTP/1.1" 200 2797 "https://jobs.socialdigiinnovator.com/hiring-form/" "Mozilla/5.0 (X11; Linux x86_64) AppleWebKit/537.36 (KHTML, like Gecko) Chrome/134.0.0.0 Safari/537.36"
149.57.191.90 - - [22/May/2025:13:20:05 -0400] "GET /wp-content/plugins/ultimate-member/assets/libs/um-confirm/um-confirm.min.css?ver=1.0 HTTP/1.1" 200 281 "https://jobs.socialdigiinnovator.com/hiring-form/" "Mozilla/5.0 (X11; Linux x86_64) AppleWebKit/537.36 (KHTML, like Gecko) Chrome/134.0.0.0 Safari/537.36"
149.57.191.90 - - [22/May/2025:13:20:05 -0400] "GET /wp-content/plugins/ultimate-member/assets/libs/legacy/fonticons/fonticons-ii.min.css?ver=2.10.4 HTTP/1.1" 200 4994 "https://jobs.socialdigiinnovator.com/hiring-form/" "Mozilla/5.0 (X11; Linux x86_64) AppleWebKit/537.36 (KHTML, like Gecko) Chrome/134.0.0.0 Safari/537.36"
149.57.191.90 - - [22/May/2025:13:20:05 -0400] "GET /wp-content/plugins/ultimate-member/assets/css/um-profile.min.css?ver=2.10.4 HTTP/1.1" 200 1726 "https://jobs.socialdigiinnovator.com/hiring-form/" "Mozilla/5.0 (X11; Linux x86_64) AppleWebKit/537.36 (KHTML, like Gecko) Chrome/134.0.0.0 Safari/537.36"
149.57.191.90 - - [22/May/2025:13:20:05 -0400] "GET /wp-content/plugins/ultimate-member/assets/libs/legacy/fonticons/fonticons-fa.min.css?ver=2.10.4 HTTP/1.1" 200 4321 "https://jobs.socialdigiinnovator.com/hiring-form/" "Mozilla/5.0 (X11; Linux x86_64) AppleWebKit/537.36 (KHTML, like Gecko) Chrome/134.0.0.0 Safari/537.36"
149.57.191.90 - - [22/May/2025:13:20:05 -0400] "GET /wp-content/uploads/elementor/google-fonts/css/roboto.css?ver=1742261594 HTTP/1.1" 200 1872 "https://jobs.socialdigiinnovator.com/hiring-form/" "Mozilla/5.0 (X11; Linux x86_64) AppleWebKit/537.36 (KHTML, like Gecko) Chrome/134.0.0.0 Safari/537.36"
149.57.191.90 - - [22/May/2025:13:20:05 -0400] "GET /wp-content/plugins/ultimate-member/assets/css/um-fontawesome.min.css?ver=6.5.2 HTTP/1.1" 200 37154 "https://jobs.socialdigiinnovator.com/hiring-form/" "Mozilla/5.0 (X11; Linux x86_64) AppleWebKit/537.36 (KHTML, like Gecko) Chrome/134.0.0.0 Safari/537.36"
149.57.191.90 - - [22/May/2025:13:20:05 -0400] "GET /wp-content/plugins/ultimate-member/assets/libs/jquery-ui/jquery-ui.min.css?ver=1.13.2 HTTP/1.1" 200 7087 "https://jobs.socialdigiinnovator.com/hiring-form/" "Mozilla/5.0 (X11; Linux x86_64) AppleWebKit/537.36 (KHTML, like Gecko) Chrome/134.0.0.0 Safari/537.36"
149.57.191.90 - - [22/May/2025:13:20:05 -0400] "GET /wp-content/plugins/elementor/assets/lib/font-awesome/css/regular.min.css?ver=5.15.3 HTTP/1.1" 200 283 "https://jobs.socialdigiinnovator.com/hiring-form/" "Mozilla/5.0 (X11; Linux x86_64) AppleWebKit/537.36 (KHTML, like Gecko) Chrome/134.0.0.0 Safari/537.36"
149.57.191.90 - - [22/May/2025:13:20:05 -0400] "GET /wp-content/plugins/ultimate-member/assets/libs/select2/select2.min.css?ver=4.0.13 HTTP/1.1" 200 1800 "https://jobs.socialdigiinnovator.com/hiring-form/" "Mozilla/5.0 (X11; Linux x86_64) AppleWebKit/537.36 (KHTML, like Gecko) Chrome/134.0.0.0 Safari/537.36"
149.57.191.90 - - [22/May/2025:13:20:05 -0400] "GET /wp-content/plugins/ultimate-member/assets/css/common.min.css?ver=2.10.4 HTTP/1.1" 200 209 "https://jobs.socialdigiinnovator.com/hiring-form/" "Mozilla/5.0 (X11; Linux x86_64) AppleWebKit/537.36 (KHTML, like Gecko) Chrome/134.0.0.0 Safari/537.36"
149.57.191.90 - - [22/May/2025:13:20:05 -0400] "GET /wp-content/plugins/ultimate-member/assets/libs/tipsy/tipsy.min.css?ver=1.0.0a HTTP/1.1" 200 309 "https://jobs.socialdigiinnovator.com/hiring-form/" "Mozilla/5.0 (X11; Linux x86_64) AppleWebKit/537.36 (KHTML, like Gecko) Chrome/134.0.0.0 Safari/537.36"
149.57.191.90 - - [22/May/2025:13:20:05 -0400] "GET /wp-content/plugins/ultimate-member/assets/css/um-styles.min.css?ver=2.10.4 HTTP/1.1" 200 3647 "https://jobs.socialdigiinnovator.com/hiring-form/" "Mozilla/5.0 (X11; Linux x86_64) AppleWebKit/537.36 (KHTML, like Gecko) Chrome/134.0.0.0 Safari/537.36"
149.57.191.90 - - [22/May/2025:13:20:05 -0400] "GET /wp-includes/js/jquery/jquery.min.js?ver=3.7.1 HTTP/1.1" 304 0 "https://jobs.socialdigiinnovator.com/hiring-form/" "Mozilla/5.0 (X11; Linux x86_64) AppleWebKit/537.36 (KHTML, like Gecko) Chrome/134.0.0.0 Safari/537.36"
149.57.191.90 - - [22/May/2025:13:20:05 -0400] "GET /wp-content/plugins/ultimate-member/assets/libs/pickadate/default.time.min.css?ver=3.6.2 HTTP/1.1" 200 393 "https://jobs.socialdigiinnovator.com/hiring-form/" "Mozilla/5.0 (X11; Linux x86_64) AppleWebKit/537.36 (KHTML, like Gecko) Chrome/134.0.0.0 Safari/537.36"
149.57.191.90 - - [22/May/2025:13:20:05 -0400] "GET /wp-content/uploads/elementor/google-fonts/css/robotoslab.css?ver=1742261612 HTTP/1.1" 200 705 "https://jobs.socialdigiinnovator.com/hiring-form/" "Mozilla/5.0 (X11; Linux x86_64) AppleWebKit/537.36 (KHTML, like Gecko) Chrome/134.0.0.0 Safari/537.36"
149.57.191.90 - - [22/May/2025:13:20:05 -0400] "GET /wp-content/plugins/elementor/assets/lib/font-awesome/css/solid.min.css?ver=5.15.3 HTTP/1.1" 200 286 "https://jobs.socialdigiinnovator.com/hiring-form/" "Mozilla/5.0 (X11; Linux x86_64) AppleWebKit/537.36 (KHTML, like Gecko) Chrome/134.0.0.0 Safari/537.36"
149.57.191.90 - - [22/May/2025:13:20:05 -0400] "GET /wp-content/plugins/ultimate-member/assets/css/um-misc.min.css?ver=2.10.4 HTTP/1.1" 200 506 "https://jobs.socialdigiinnovator.com/hiring-form/" "Mozilla/5.0 (X11; Linux x86_64) AppleWebKit/537.36 (KHTML, like Gecko) Chrome/134.0.0.0 Safari/537.36"
149.57.191.90 - - [22/May/2025:13:20:05 -0400] "GET /wp-content/plugins/ultimate-member/assets/css/um-modal.min.css?ver=2.10.4 HTTP/1.1" 200 734 "https://jobs.socialdigiinnovator.com/hiring-form/" "Mozilla/5.0 (X11; Linux x86_64) AppleWebKit/537.36 (KHTML, like Gecko) Chrome/134.0.0.0 Safari/537.36"
149.57.191.90 - - [22/May/2025:13:20:05 -0400] "GET /wp-content/themes/jobify/js/vendor/validatejs/jquery.validate.min.js?ver=4.0.9 HTTP/1.1" 200 7600 "https://jobs.socialdigiinnovator.com/hiring-form/" "Mozilla/5.0 (X11; Linux x86_64) AppleWebKit/537.36 (KHTML, like Gecko) Chrome/134.0.0.0 Safari/537.36"
149.57.191.90 - - [22/May/2025:13:20:06 -0400] "GET /wp-content/themes/jobify/js/select2.full.min.js?ver=4.0.9 HTTP/1.1" 200 19621 "https://jobs.socialdigiinnovator.com/hiring-form/" "Mozilla/5.0 (X11; Linux x86_64) AppleWebKit/537.36 (KHTML, like Gecko) Chrome/134.0.0.0 Safari/537.36"
149.57.191.90 - - [22/May/2025:13:20:06 -0400] "GET /wp-content/themes/jobify/js/vendor/salvattore/salvattore.min.js?ver=6.8.1 HTTP/1.1" 200 2542 "https://jobs.socialdigiinnovator.com/hiring-form/" "Mozilla/5.0 (X11; Linux x86_64) AppleWebKit/537.36 (KHTML, like Gecko) Chrome/134.0.0.0 Safari/537.36"
149.57.191.90 - - [22/May/2025:13:20:05 -0400] "GET /wp-content/plugins/ultimate-member/assets/css/um-account.min.css?ver=2.10.4 HTTP/1.1" 200 921 "https://jobs.socialdigiinnovator.com/hiring-form/" "Mozilla/5.0 (X11; Linux x86_64) AppleWebKit/537.36 (KHTML, like Gecko) Chrome/134.0.0.0 Safari/537.36"
149.57.191.90 - - [22/May/2025:13:20:05 -0400] "GET /wp-content/plugins/ultimate-member/assets/js/um-gdpr.min.js?ver=2.10.4 HTTP/1.1" 200 200 "https://jobs.socialdigiinnovator.com/hiring-form/" "Mozilla/5.0 (X11; Linux x86_64) AppleWebKit/537.36 (KHTML, like Gecko) Chrome/134.0.0.0 Safari/537.36"
149.57.191.90 - - [22/May/2025:13:20:05 -0400] "GET /wp-content/plugins/ultimate-member/assets/libs/cropper/cropper.min.css?ver=1.6.1 HTTP/1.1" 200 1140 "https://jobs.socialdigiinnovator.com/hiring-form/" "Mozilla/5.0 (X11; Linux x86_64) AppleWebKit/537.36 (KHTML, like Gecko) Chrome/134.0.0.0 Safari/537.36"
149.57.191.90 - - [22/May/2025:13:20:05 -0400] "GET /wp-content/plugins/elementor/assets/lib/font-awesome/css/fontawesome.min.css?ver=5.15.3 HTTP/1.1" 200 12164 "https://jobs.socialdigiinnovator.com/hiring-form/" "Mozilla/5.0 (X11; Linux x86_64) AppleWebKit/537.36 (KHTML, like Gecko) Chrome/134.0.0.0 Safari/537.36"
149.57.191.90 - - [22/May/2025:13:20:05 -0400] "GET /wp-content/plugins/ultimate-member/assets/css/um-old-default.min.css?ver=2.10.4 HTTP/1.1" 200 984 "https://jobs.socialdigiinnovator.com/hiring-form/" "Mozilla/5.0 (X11; Linux x86_64) AppleWebKit/537.36 (KHTML, like Gecko) Chrome/134.0.0.0 Safari/537.36"
149.57.191.90 - - [22/May/2025:13:20:05 -0400] "GET /wp-includes/js/jquery/jquery-migrate.min.js?ver=3.4.1 HTTP/1.1" 200 4678 "https://jobs.socialdigiinnovator.com/hiring-form/" "Mozilla/5.0 (X11; Linux x86_64) AppleWebKit/537.36 (KHTML, like Gecko) Chrome/134.0.0.0 Safari/537.36"
149.57.191.90 - - [22/May/2025:13:20:05 -0400] "GET /wp-content/plugins/ultimate-member/assets/libs/pickadate/default.min.css?ver=3.6.2 HTTP/1.1" 200 574 "https://jobs.socialdigiinnovator.com/hiring-form/" "Mozilla/5.0 (X11; Linux x86_64) AppleWebKit/537.36 (KHTML, like Gecko) Chrome/134.0.0.0 Safari/537.36"
149.57.191.90 - - [22/May/2025:13:20:05 -0400] "GET /wp-content/themes/jobify/style.css?ver=4.0.9 HTTP/1.1" 200 118251 "https://jobs.socialdigiinnovator.com/hiring-form/" "Mozilla/5.0 (X11; Linux x86_64) AppleWebKit/537.36 (KHTML, like Gecko) Chrome/134.0.0.0 Safari/537.36"
149.57.191.90 - - [22/May/2025:13:20:06 -0400] "GET /wp-content/themes/jobify/js/jobify.min.js?ver=4.0.9 HTTP/1.1" 200 26335 "https://jobs.socialdigiinnovator.com/hiring-form/" "Mozilla/5.0 (X11; Linux x86_64) AppleWebKit/537.36 (KHTML, like Gecko) Chrome/134.0.0.0 Safari/537.36"
149.57.191.90 - - [22/May/2025:13:20:06 -0400] "GET /wp-includes/js/underscore.min.js?ver=1.13.7 HTTP/1.1" 200 7185 "https://jobs.socialdigiinnovator.com/hiring-form/" "Mozilla/5.0 (X11; Linux x86_64) AppleWebKit/537.36 (KHTML, like Gecko) Chrome/134.0.0.0 Safari/537.36"
149.57.191.90 - - [22/May/2025:13:20:07 -0400] "GET /wp-includes/js/wp-util.min.js?ver=6.8.1 HTTP/1.1" 200 690 "https://jobs.socialdigiinnovator.com/hiring-form/" "Mozilla/5.0 (X11; Linux x86_64) AppleWebKit/537.36 (KHTML, like Gecko) Chrome/134.0.0.0 Safari/537.36"
149.57.191.90 - - [22/May/2025:13:20:07 -0400] "GET /wp-includes/js/dist/i18n.min.js?ver=5e580eb46a90c2b997e6 HTTP/1.1" 200 3542 "https://jobs.socialdigiinnovator.com/hiring-form/" "Mozilla/5.0 (X11; Linux x86_64) AppleWebKit/537.36 (KHTML, like Gecko) Chrome/134.0.0.0 Safari/537.36"
149.57.191.90 - - [22/May/2025:13:20:07 -0400] "GET /wp-content/plugins/ultimate-member/assets/libs/tipsy/tipsy.min.js?ver=1.0.0a HTTP/1.1" 304 0 "https://jobs.socialdigiinnovator.com/hiring-form/" "Mozilla/5.0 (X11; Linux x86_64) AppleWebKit/537.36 (KHTML, like Gecko) Chrome/134.0.0.0 Safari/537.36"
149.57.191.90 - - [22/May/2025:13:20:07 -0400] "GET /wp-includes/js/dist/hooks.min.js?ver=4d63a3d491d11ffd8ac6 HTTP/1.1" 200 1571 "https://jobs.socialdigiinnovator.com/hiring-form/" "Mozilla/5.0 (X11; Linux x86_64) AppleWebKit/537.36 (KHTML, like Gecko) Chrome/134.0.0.0 Safari/537.36"
149.57.191.90 - - [22/May/2025:13:20:07 -0400] "GET /wp-content/plugins/ultimate-member/assets/libs/um-confirm/um-confirm.min.js?ver=1.0 HTTP/1.1" 200 730 "https://jobs.socialdigiinnovator.com/hiring-form/" "Mozilla/5.0 (X11; Linux x86_64) AppleWebKit/537.36 (KHTML, like Gecko) Chrome/134.0.0.0 Safari/537.36"
149.57.191.90 - - [22/May/2025:13:20:08 -0400] "GET /wp-content/plugins/ultimate-member/assets/libs/pickadate/picker.date.min.js?ver=3.6.2 HTTP/1.1" 200 4219 "https://jobs.socialdigiinnovator.com/hiring-form/" "Mozilla/5.0 (X11; Linux x86_64) AppleWebKit/537.36 (KHTML, like Gecko) Chrome/134.0.0.0 Safari/537.36"
149.57.191.90 - - [22/May/2025:13:20:08 -0400] "GET /wp-content/plugins/ultimate-member/assets/libs/jquery-form/jquery-form.min.js?ver=2.10.4 HTTP/1.1" 200 5219 "https://jobs.socialdigiinnovator.com/hiring-form/" "Mozilla/5.0 (X11; Linux x86_64) AppleWebKit/537.36 (KHTML, like Gecko) Chrome/134.0.0.0 Safari/537.36"
149.57.191.90 - - [22/May/2025:13:20:09 -0400] "GET /wp-content/plugins/ultimate-member/assets/js/um-conditional.min.js?ver=2.10.4 HTTP/1.1" 200 2173 "https://jobs.socialdigiinnovator.com/hiring-form/" "Mozilla/5.0 (X11; Linux x86_64) AppleWebKit/537.36 (KHTML, like Gecko) Chrome/134.0.0.0 Safari/537.36"
149.57.191.90 - - [22/May/2025:13:20:09 -0400] "GET /wp-content/plugins/ultimate-member/assets/js/um-responsive.min.js?ver=2.10.4 HTTP/1.1" 200 183 "https://jobs.socialdigiinnovator.com/hiring-form/" "Mozilla/5.0 (X11; Linux x86_64) AppleWebKit/537.36 (KHTML, like Gecko) Chrome/134.0.0.0 Safari/537.36"
149.57.191.90 - - [22/May/2025:13:20:09 -0400] "GET /wp-content/plugins/ultimate-member/assets/libs/select2/select2.full.min.js?ver=4.0.13 HTTP/1.1" 200 20518 "https://jobs.socialdigiinnovator.com/hiring-form/" "Mozilla/5.0 (X11; Linux x86_64) AppleWebKit/537.36 (KHTML, like Gecko) Chrome/134.0.0.0 Safari/537.36"
149.57.191.90 - - [22/May/2025:13:20:10 -0400] "GET /wp-content/plugins/ultimate-member/assets/libs/raty/um-raty.min.js?ver=2.6.0 HTTP/1.1" 200 2907 "https://jobs.socialdigiinnovator.com/hiring-form/" "Mozilla/5.0 (X11; Linux x86_64) AppleWebKit/537.36 (KHTML, like Gecko) Chrome/134.0.0.0 Safari/537.36"
149.57.191.90 - - [22/May/2025:13:20:10 -0400] "GET /wp-content/plugins/ultimate-member/assets/js/um-scripts.min.js?ver=2.10.4 HTTP/1.1" 200 2878 "https://jobs.socialdigiinnovator.com/hiring-form/" "Mozilla/5.0 (X11; Linux x86_64) AppleWebKit/537.36 (KHTML, like Gecko) Chrome/134.0.0.0 Safari/537.36"
149.57.191.90 - - [22/May/2025:13:20:10 -0400] "GET /wp-content/plugins/ultimate-member/assets/js/um-account.min.js?ver=2.10.4 HTTP/1.1" 200 679 "https://jobs.socialdigiinnovator.com/hiring-form/" "Mozilla/5.0 (X11; Linux x86_64) AppleWebKit/537.36 (KHTML, like Gecko) Chrome/134.0.0.0 Safari/537.36"
149.57.191.90 - - [22/May/2025:13:20:10 -0400] "GET /wp-content/plugins/elementor/assets/js/frontend-modules.min.js?ver=3.29.0 HTTP/1.1" 200 14423 "https://jobs.socialdigiinnovator.com/hiring-form/" "Mozilla/5.0 (X11; Linux x86_64) AppleWebKit/537.36 (KHTML, like Gecko) Chrome/134.0.0.0 Safari/537.36"
149.57.191.90 - - [22/May/2025:13:20:11 -0400] "GET /wp-includes/js/jquery/ui/core.min.js?ver=1.13.3 HTTP/1.1" 200 6812 "https://jobs.socialdigiinnovator.com/hiring-form/" "Mozilla/5.0 (X11; Linux x86_64) AppleWebKit/537.36 (KHTML, like Gecko) Chrome/134.0.0.0 Safari/537.36"
149.57.191.90 - - [22/May/2025:13:20:11 -0400] "GET /wp-content/plugins/elementor/assets/js/frontend.min.js?ver=3.29.0 HTTP/1.1" 200 10288 "https://jobs.socialdigiinnovator.com/hiring-form/" "Mozilla/5.0 (X11; Linux x86_64) AppleWebKit/537.36 (KHTML, like Gecko) Chrome/134.0.0.0 Safari/537.36"
149.57.191.90 - - [22/May/2025:13:20:07 -0400] "GET /wp-content/plugins/ultimate-member/assets/libs/pickadate/picker.min.js?ver=3.6.2 HTTP/1.1" 200 3073 "https://jobs.socialdigiinnovator.com/hiring-form/" "Mozilla/5.0 (X11; Linux x86_64) AppleWebKit/537.36 (KHTML, like Gecko) Chrome/134.0.0.0 Safari/537.36"
149.57.191.90 - - [22/May/2025:13:20:08 -0400] "GET /wp-content/plugins/ultimate-member/assets/libs/pickadate/picker.time.min.js?ver=3.6.2 HTTP/1.1" 200 3097 "https://jobs.socialdigiinnovator.com/hiring-form/" "Mozilla/5.0 (X11; Linux x86_64) AppleWebKit/537.36 (KHTML, like Gecko) Chrome/134.0.0.0 Safari/537.36"
149.57.191.90 - - [22/May/2025:13:20:08 -0400] "GET /wp-content/plugins/ultimate-member/assets/js/common.min.js?ver=2.10.4 HTTP/1.1" 200 825 "https://jobs.socialdigiinnovator.com/hiring-form/" "Mozilla/5.0 (X11; Linux x86_64) AppleWebKit/537.36 (KHTML, like Gecko) Chrome/134.0.0.0 Safari/537.36"
149.57.191.90 - - [22/May/2025:13:20:08 -0400] "GET /wp-content/plugins/ultimate-member/assets/libs/cropper/cropper.min.js?ver=1.6.1 HTTP/1.1" 200 11772 "https://jobs.socialdigiinnovator.com/hiring-form/" "Mozilla/5.0 (X11; Linux x86_64) AppleWebKit/537.36 (KHTML, like Gecko) Chrome/134.0.0.0 Safari/537.36"
149.57.191.90 - - [22/May/2025:13:20:08 -0400] "GET /wp-content/plugins/ultimate-member/assets/js/common-frontend.min.js?ver=2.10.4 HTTP/1.1" 200 588 "https://jobs.socialdigiinnovator.com/hiring-form/" "Mozilla/5.0 (X11; Linux x86_64) AppleWebKit/537.36 (KHTML, like Gecko) Chrome/134.0.0.0 Safari/537.36"
149.57.191.90 - - [22/May/2025:13:20:08 -0400] "GET /wp-content/plugins/ultimate-member/assets/js/um-modal.min.js?ver=2.10.4 HTTP/1.1" 200 1208 "https://jobs.socialdigiinnovator.com/hiring-form/" "Mozilla/5.0 (X11; Linux x86_64) AppleWebKit/537.36 (KHTML, like Gecko) Chrome/134.0.0.0 Safari/537.36"
149.57.191.90 - - [22/May/2025:13:20:09 -0400] "GET /wp-content/plugins/ultimate-member/assets/libs/fileupload/fileupload.js?ver=2.10.4 HTTP/1.1" 200 3191 "https://jobs.socialdigiinnovator.com/hiring-form/" "Mozilla/5.0 (X11; Linux x86_64) AppleWebKit/537.36 (KHTML, like Gecko) Chrome/134.0.0.0 Safari/537.36"
149.57.191.90 - - [22/May/2025:13:20:09 -0400] "GET /wp-content/plugins/ultimate-member/assets/js/um-functions.min.js?ver=2.10.4 HTTP/1.1" 200 2948 "https://jobs.socialdigiinnovator.com/hiring-form/" "Mozilla/5.0 (X11; Linux x86_64) AppleWebKit/537.36 (KHTML, like Gecko) Chrome/134.0.0.0 Safari/537.36"
149.57.191.90 - - [22/May/2025:13:20:09 -0400] "GET /wp-content/plugins/ultimate-member/assets/libs/select2/i18n/en.js?ver=4.0.13 HTTP/1.1" 304 0 "https://jobs.socialdigiinnovator.com/hiring-form/" "Mozilla/5.0 (X11; Linux x86_64) AppleWebKit/537.36 (KHTML, like Gecko) Chrome/134.0.0.0 Safari/537.36"
149.57.191.90 - - [22/May/2025:13:20:10 -0400] "GET /wp-content/plugins/ultimate-member/assets/js/um-profile.min.js?ver=2.10.4 HTTP/1.1" 200 1039 "https://jobs.socialdigiinnovator.com/hiring-form/" "Mozilla/5.0 (X11; Linux x86_64) AppleWebKit/537.36 (KHTML, like Gecko) Chrome/134.0.0.0 Safari/537.36"
149.57.191.90 - - [22/May/2025:13:20:10 -0400] "GET /wp-content/plugins/elementor/assets/js/webpack.runtime.min.js?ver=3.29.0 HTTP/1.1" 200 2323 "https://jobs.socialdigiinnovator.com/hiring-form/" "Mozilla/5.0 (X11; Linux x86_64) AppleWebKit/537.36 (KHTML, like Gecko) Chrome/134.0.0.0 Safari/537.36"
149.57.191.90 - - [22/May/2025:13:20:11 -0400] "GET /wp-content/plugins/elementor-pro/assets/js/elements-handlers.min.js?ver=3.23.3 HTTP/1.1" 200 9628 "https://jobs.socialdigiinnovator.com/hiring-form/" "Mozilla/5.0 (X11; Linux x86_64) AppleWebKit/537.36 (KHTML, like Gecko) Chrome/134.0.0.0 Safari/537.36"
149.57.191.90 - - [22/May/2025:13:20:14 -0400] "GET /wp-content/plugins/elementor/assets/lib/font-awesome/webfonts/fa-regular-400.woff2 HTTP/1.1" 200 13276 "https://jobs.socialdigiinnovator.com/wp-content/plugins/elementor/assets/lib/font-awesome/css/regular.min.css?ver=5.15.3" "Mozilla/5.0 (X11; Linux x86_64) AppleWebKit/537.36 (KHTML, like Gecko) Chrome/134.0.0.0 Safari/537.36"
149.57.191.90 - - [22/May/2025:13:20:14 -0400] "GET /wp-content/plugins/ultimate-member/assets/libs/legacy/fonticons/font/ionicons.woff?v=2.0.0 HTTP/1.1" 200 68060 "https://jobs.socialdigiinnovator.com/wp-content/plugins/ultimate-member/assets/libs/legacy/fonticons/fonticons-ii.min.css?ver=2.10.4" "Mozilla/5.0 (X11; Linux x86_64) AppleWebKit/537.36 (KHTML, like Gecko) Chrome/134.0.0.0 Safari/537.36"
149.57.191.90 - - [22/May/2025:13:20:15 -0400] "GET /wp-content/plugins/elementor/assets/js/text-editor.c084ef86600b6f11690d.bundle.min.js HTTP/1.1" 200 621 "https://jobs.socialdigiinnovator.com/hiring-form/" "Mozilla/5.0 (X11; Linux x86_64) AppleWebKit/537.36 (KHTML, like Gecko) Chrome/134.0.0.0 Safari/537.36"
149.57.191.90 - - [22/May/2025:13:20:15 -0400] "GET /wp-content/plugins/elementor-pro/assets/js/form.c4bc7eaa69583834a7d5.bundle.min.js HTTP/1.1" 200 4824 "https://jobs.socialdigiinnovator.com/hiring-form/" "Mozilla/5.0 (X11; Linux x86_64) AppleWebKit/537.36 (KHTML, like Gecko) Chrome/134.0.0.0 Safari/537.36"
149.57.191.90 - - [22/May/2025:13:20:15 -0400] "GET /wp-content/plugins/elementor/assets/js/section-frontend-handlers.d85ab872da118940910d.bundle.min.js HTTP/1.1" 200 254 "https://jobs.socialdigiinnovator.com/hiring-form/" "Mozilla/5.0 (X11; Linux x86_64) AppleWebKit/537.36 (KHTML, like Gecko) Chrome/134.0.0.0 Safari/537.36"
149.57.191.90 - - [22/May/2025:13:20:23 -0400] "GET /wp-content/uploads/2022/03/cropped-Logo_Job-removebg-preview-Custom-2-32x32.png HTTP/1.1" 200 1864 "https://jobs.socialdigiinnovator.com/hiring-form/" "Mozilla/5.0 (X11; Linux x86_64) AppleWebKit/537.36 (KHTML, like Gecko) Chrome/134.0.0.0 Safari/537.36"
149.57.191.90 - - [22/May/2025:13:20:11 -0400] "GET /wp-content/plugins/elementor/assets/lib/flatpickr/flatpickr.min.js?ver=4.6.13 HTTP/1.1" 200 14078 "https://jobs.socialdigiinnovator.com/hiring-form/" "Mozilla/5.0 (X11; Linux x86_64) AppleWebKit/537.36 (KHTML, like Gecko) Chrome/134.0.0.0 Safari/537.36"
149.57.191.90 - - [22/May/2025:13:20:11 -0400] "GET /wp-content/plugins/elementor-pro/assets/js/webpack-pro.runtime.min.js?ver=3.23.3 HTTP/1.1" 200 2548 "https://jobs.socialdigiinnovator.com/hiring-form/" "Mozilla/5.0 (X11; Linux x86_64) AppleWebKit/537.36 (KHTML, like Gecko) Chrome/134.0.0.0 Safari/537.36"
149.57.191.90 - - [22/May/2025:13:20:11 -0400] "GET /wp-content/plugins/elementor-pro/assets/js/frontend.min.js?ver=3.23.3 HTTP/1.1" 200 6464 "https://jobs.socialdigiinnovator.com/hiring-form/" "Mozilla/5.0 (X11; Linux x86_64) AppleWebKit/537.36 (KHTML, like Gecko) Chrome/134.0.0.0 Safari/537.36"
149.57.191.90 - - [22/May/2025:13:20:12 -0400] "GET /wp-includes/js/wp-embed.min.js?ver=6.8.1 HTTP/1.1" 200 616 "https://jobs.socialdigiinnovator.com/hiring-form/" "Mozilla/5.0 (X11; Linux x86_64) AppleWebKit/537.36 (KHTML, like Gecko) Chrome/134.0.0.0 Safari/537.36"
149.57.191.90 - - [22/May/2025:13:20:14 -0400] "GET /wp-content/plugins/elementor/assets/lib/font-awesome/webfonts/fa-solid-900.woff2 HTTP/1.1" 200 78196 "https://jobs.socialdigiinnovator.com/wp-content/plugins/elementor/assets/lib/font-awesome/css/solid.min.css?ver=5.15.3" "Mozilla/5.0 (X11; Linux x86_64) AppleWebKit/537.36 (KHTML, like Gecko) Chrome/134.0.0.0 Safari/537.36"
149.57.191.90 - - [22/May/2025:13:20:14 -0400] "GET /wp-content/plugins/elementor/assets/lib/eicons/fonts/eicons.woff2?5.41.0 HTTP/1.1" 200 103012 "https://jobs.socialdigiinnovator.com/wp-content/plugins/elementor/assets/lib/eicons/css/elementor-icons.min.css?ver=5.40.0" "Mozilla/5.0 (X11; Linux x86_64) AppleWebKit/537.36 (KHTML, like Gecko) Chrome/134.0.0.0 Safari/537.36"
149.57.191.90 - - [22/May/2025:13:20:15 -0400] "GET /wp-includes/js/wp-emoji-release.min.js?ver=6.8.1 HTTP/1.1" 200 4771 "https://jobs.socialdigiinnovator.com/hiring-form/" "Mozilla/5.0 (X11; Linux x86_64) AppleWebKit/537.36 (KHTML, like Gecko) Chrome/134.0.0.0 Safari/537.36"
149.57.191.90 - - [22/May/2025:13:20:15 -0400] "GET /wp-content/plugins/elementor/assets/js/shared-frontend-handlers.30dc2f9c080845a413a6.bundle.min.js HTTP/1.1" 200 2546 "https://jobs.socialdigiinnovator.com/hiring-form/" "Mozilla/5.0 (X11; Linux x86_64) AppleWebKit/537.36 (KHTML, like Gecko) Chrome/134.0.0.0 Safari/537.36"
149.57.191.90 - - [22/May/2025:13:20:15 -0400] "GET /wp-content/plugins/elementor-pro/assets/js/popup.085c1727e36940b18f29.bundle.min.js HTTP/1.1" 200 393 "https://jobs.socialdigiinnovator.com/hiring-form/" "Mozilla/5.0 (X11; Linux x86_64) AppleWebKit/537.36 (KHTML, like Gecko) Chrome/134.0.0.0 Safari/537.36"
198.54.114.35 - - [22/May/2025:13:20:28 -0400] "POST /wp-cron.php?doing_wp_cron=1747934428.8222649097442626953125 HTTP/1.1" 200 0 "-" "WordPress/6.8.1; https://jobs.socialdigiinnovator.com"
149.57.191.90 - - [22/May/2025:13:20:28 -0400] "GET /?s= HTTP/1.1" 200 11762 "https://jobs.socialdigiinnovator.com/hiring-form/" "Mozilla/5.0 (X11; Linux x86_64) AppleWebKit/537.36 (KHTML, like Gecko) Chrome/134.0.0.0 Safari/537.36"
85.208.96.195 - - [22/May/2025:13:24:13 -0400] "GET /c8bsawedoff/cb924657.html HTTP/1.1" 404 10799 "-" "Mozilla/5.0 (compatible; SemrushBot/7~bl; +http://www.semrush.com/bot.html)"
43.135.138.128 - - [22/May/2025:13:26:18 -0400] "GET / HTTP/1.1" 200 12946 "http://jobs.socialdigiinnovator.com" "Mozilla/5.0 (iPhone; CPU iPhone OS 13_2_3 like Mac OS X) AppleWebKit/605.1.15 (KHTML, like Gecko) Version/13.0.3 Mobile/15E148 Safari/604.1"
198.54.114.35 - - [22/May/2025:13:24:18 -0400] "POST /wp-cron.php?doing_wp_cron=1747934658.3892979621887207031250 HTTP/1.1" 200 0 "-" "WordPress/6.8.1; https://jobs.socialdigiinnovator.com"
198.54.114.35 - - [22/May/2025:13:26:22 -0400] "POST /wp-cron.php?doing_wp_cron=1747934782.8940079212188720703125 HTTP/1.1" 200 0 "-" "WordPress/6.8.1; https://jobs.socialdigiinnovator.com"
198.54.114.35 - - [22/May/2025:13:28:19 -0400] "POST /wp-cron.php?doing_wp_cron=1747934899.3467409610748291015625 HTTP/1.1" 200 0 "-" "WordPress/6.8.1; https://jobs.socialdigiinnovator.com"
149.57.176.91 - - [22/May/2025:13:28:20 -0400] "GET /wp-includes/css/dist/block-library/style.min.css?ver=6.8.1 HTTP/1.1" 200 14358 "https://jobs.socialdigiinnovator.com/page/2/?s" "Mozilla/5.0 (X11; Linux x86_64) AppleWebKit/537.36 (KHTML, like Gecko) Chrome/134.0.0.0 Safari/537.36"
149.57.176.91 - - [22/May/2025:13:28:16 -0400] "GET /page/2/?s HTTP/1.1" 200 11846 "-" "Mozilla/5.0 (X11; Linux x86_64) AppleWebKit/537.36 (KHTML, like Gecko) Chrome/134.0.0.0 Safari/537.36"
198.54.114.35 - - [22/May/2025:13:28:30 -0400] "POST /wp-cron.php?doing_wp_cron=1747934910.8074131011962890625000 HTTP/1.1" 200 0 "-" "WordPress/6.8.1; https://jobs.socialdigiinnovator.com"
149.57.176.91 - - [22/May/2025:13:28:30 -0400] "GET /?s= HTTP/1.1" 200 11760 "https://jobs.socialdigiinnovator.com/page/2/?s" "Mozilla/5.0 (X11; Linux x86_64) AppleWebKit/537.36 (KHTML, like Gecko) Chrome/134.0.0.0 Safari/537.36"
198.54.114.35 - - [22/May/2025:13:35:08 -0400] "POST /wp-cron.php?doing_wp_cron=1747935308.7782809734344482421875 HTTP/1.1" 200 0 "-" "WordPress/6.8.1; https://jobs.socialdigiinnovator.com"
54.36.148.0 - - [22/May/2025:13:35:05 -0400] "GET /members/ HTTP/1.1" 200 12149 "-" "Mozilla/5.0 (compatible; AhrefsBot/7.0; +http://ahrefs.com/robot/)"
198.54.114.35 - - [22/May/2025:14:11:11 -0400] "POST /wp-cron.php?doing_wp_cron=1747937471.7338559627532958984375 HTTP/1.1" 200 0 "-" "WordPress/6.8.1; https://jobs.socialdigiinnovator.com"
2a03:2880:31ff:70:: - - [22/May/2025:14:11:12 -0400] "GET /wp-content/uploads/2022/03/phone-95-16.png HTTP/1.1" 404 10797 "-" "facebookexternalhit/1.1 (+http://www.facebook.com/externalhit_uatext.php)"
2a03:2880:31ff:70:: - - [22/May/2025:14:11:06 -0400] "GET /wp-content/uploads/2022/03/phone-95-16.png HTTP/1.1" 404 10799 "-" "facebookexternalhit/1.1 (+http://www.facebook.com/externalhit_uatext.php)"
198.54.114.35 - - [22/May/2025:14:14:38 -0400] "POST /wp-cron.php?doing_wp_cron=1747937678.6967220306396484375000 HTTP/1.1" 200 0 "-" "WordPress/6.8.1; https://jobs.socialdigiinnovator.com"
35.87.152.20 - - [22/May/2025:14:14:35 -0400] "GET / HTTP/1.1" 200 12948 "http://jobs.socialdigiinnovator.com" "Mozilla/5.0 (iPhone; CPU iPhone OS 14_4 like Mac OS X) AppleWebKit/605.1.15 (KHTML, like Gecko) Version/15.4 Mobile/15E148 Safari/604.1"
54.36.148.161 - - [22/May/2025:14:32:33 -0400] "GET /post-a-job/ HTTP/1.1" 200 10964 "-" "Mozilla/5.0 (compatible; AhrefsBot/7.0; +http://ahrefs.com/robot/)"
198.54.114.35 - - [22/May/2025:14:32:37 -0400] "POST /wp-cron.php?doing_wp_cron=1747938756.8495450019836425781250 HTTP/1.1" 200 0 "-" "WordPress/6.8.1; https://jobs.socialdigiinnovator.com"
198.54.114.35 - - [22/May/2025:15:10:42 -0400] "POST /wp-cron.php?doing_wp_cron=1747941041.4410419464111328125000 HTTP/1.1" 200 0 "-" "WordPress/6.8.1; https://jobs.socialdigiinnovator.com"
185.191.171.15 - - [22/May/2025:15:15:37 -0400] "GET /robots.txt HTTP/1.1" 200 106 "-" "Mozilla/5.0 (compatible; SemrushBot/7~bl; +http://www.semrush.com/bot.html)"
85.208.96.210 - - [22/May/2025:15:15:41 -0400] "GET /560eambitty/eddeff60518.html HTTP/1.1" 404 10799 "-" "Mozilla/5.0 (compatible; SemrushBot/7~bl; +http://www.semrush.com/bot.html)"
104.210.140.139 - - [22/May/2025:15:10:37 -0400] "GET /robots.txt HTTP/1.1" 200 106 "-" "Mozilla/5.0 (Macintosh; Intel Mac OS X 10_15_7) AppleWebKit/537.36 (KHTML, like Gecko) Chrome/131.0.0.0 Safari/537.36; compatible; OAI-SearchBot/1.0; +https://openai.com/searchbot"
198.54.114.35 - - [22/May/2025:15:15:40 -0400] "POST /wp-cron.php?doing_wp_cron=1747941339.9563899040222167968750 HTTP/1.1" 200 0 "-" "WordPress/6.8.1; https://jobs.socialdigiinnovator.com"
54.36.148.185 - - [22/May/2025:15:36:27 -0400] "GET /privacy-policy/ HTTP/1.1" 200 12423 "-" "Mozilla/5.0 (compatible; AhrefsBot/7.0; +http://ahrefs.com/robot/)"
198.54.114.35 - - [22/May/2025:15:36:30 -0400] "POST /wp-cron.php?doing_wp_cron=1747942590.1933081150054931640625 HTTP/1.1" 200 0 "-" "WordPress/6.8.1; https://jobs.socialdigiinnovator.com"
198.54.114.35 - - [22/May/2025:16:34:08 -0400] "POST /wp-cron.php?doing_wp_cron=1747946048.0761749744415283203125 HTTP/1.1" 200 0 "-" "WordPress/6.8.1; https://jobs.socialdigiinnovator.com"
185.191.171.17 - - [22/May/2025:16:34:05 -0400] "GET /3rollicksome/edd10773759.html HTTP/1.1" 404 10799 "-" "Mozilla/5.0 (compatible; SemrushBot/7~bl; +http://www.semrush.com/bot.html)"
198.54.114.35 - - [22/May/2025:16:42:29 -0400] "POST /wp-cron.php?doing_wp_cron=1747946549.3628149032592773437500 HTTP/1.1" 200 0 "-" "WordPress/6.8.1; https://jobs.socialdigiinnovator.com"
54.36.148.255 - - [22/May/2025:16:42:26 -0400] "GET /tos/ HTTP/1.1" 200 11156 "-" "Mozilla/5.0 (compatible; AhrefsBot/7.0; +http://ahrefs.com/robot/)"
198.54.114.35 - - [22/May/2025:17:01:51 -0400] "POST /wp-cron.php?doing_wp_cron=1747947710.9419291019439697265625 HTTP/1.1" 200 0 "-" "WordPress/6.8.1; https://jobs.socialdigiinnovator.com"
52.167.144.159 - - [22/May/2025:17:01:48 -0400] "GET /sitemap.xml.gz HTTP/1.1" 301 0 "-" "Mozilla/5.0 AppleWebKit/537.36 (KHTML, like Gecko; compatible; bingbot/2.0; +http://www.bing.com/bingbot.htm) Chrome/116.0.1938.76 Safari/537.36"
52.167.144.159 - - [22/May/2025:17:01:51 -0400] "GET /wp-sitemap.xml HTTP/1.1" 200 183 "-" "Mozilla/5.0 AppleWebKit/537.36 (KHTML, like Gecko; compatible; bingbot/2.0; +http://www.bing.com/bingbot.htm) Chrome/116.0.1938.76 Safari/537.36"
198.54.114.35 - - [22/May/2025:17:38:41 -0400] "POST /wp-cron.php?doing_wp_cron=1747949921.2676560878753662109375 HTTP/1.1" 200 0 "-" "WordPress/6.8.1; https://jobs.socialdigiinnovator.com"
66.249.74.43 - - [22/May/2025:17:38:38 -0400] "GET /robots.txt HTTP/1.1" 200 106 "-" "Mozilla/5.0 (compatible; Googlebot/2.1; +http://www.google.com/bot.html)"
66.249.74.43 - - [22/May/2025:17:38:42 -0400] "GET / HTTP/1.1" 200 12948 "-" "Mozilla/5.0 (compatible; Googlebot/2.1; +http://www.google.com/bot.html)"
66.249.74.43 - - [22/May/2025:17:38:50 -0400] "GET / HTTP/1.1" 200 12946 "-" "Mozilla/5.0 (Linux; Android 6.0.1; Nexus 5X Build/MMB29P) AppleWebKit/537.36 (KHTML, like Gecko) Chrome/99.0.4844.84 Mobile Safari/537.36 (compatible; Googlebot/2.1; +http://www.google.com/bot.html)"
66.249.74.43 - - [22/May/2025:17:38:51 -0400] "GET /wp-content/plugins/elementor/assets/css/frontend.min.css?ver=3.29.0 HTTP/1.1" 200 6472 "https://jobs.socialdigiinnovator.com/" "Mozilla/5.0 AppleWebKit/537.36 (KHTML, like Gecko; compatible; Googlebot/2.1; +http://www.google.com/bot.html) Chrome/136.0.7103.92 Safari/537.36"
66.249.74.43 - - [22/May/2025:17:38:52 -0400] "GET /wp-content/plugins/elementor/assets/css/widget-image.min.css?ver=3.29.0 HTTP/1.1" 200 254 "https://jobs.socialdigiinnovator.com/" "Mozilla/5.0 (Linux; Android 6.0.1; Nexus 5X Build/MMB29P) AppleWebKit/537.36 (KHTML, like Gecko) Chrome/136.0.7103.92 Mobile Safari/537.36 (compatible; Googlebot/2.1; +http://www.google.com/bot.html)"
66.249.74.43 - - [22/May/2025:17:38:53 -0400] "GET /wp-content/themes/jobify/js/vendor/validatejs/jquery.validate.min.js?ver=4.0.9 HTTP/1.1" 304 0 "https://jobs.socialdigiinnovator.com/" "Mozilla/5.0 AppleWebKit/537.36 (KHTML, like Gecko; compatible; Googlebot/2.1; +http://www.google.com/bot.html) Chrome/136.0.7103.92 Safari/537.36"
66.249.74.43 - - [22/May/2025:17:38:55 -0400] "GET /wp-content/uploads/elementor/google-fonts/css/roboto.css?ver=1742261594 HTTP/1.1" 200 1872 "https://jobs.socialdigiinnovator.com/" "Mozilla/5.0 AppleWebKit/537.36 (KHTML, like Gecko; compatible; Googlebot/2.1; +http://www.google.com/bot.html) Chrome/136.0.7103.92 Safari/537.36"
66.249.74.43 - - [22/May/2025:17:38:57 -0400] "GET /wp-content/themes/jobify/js/jobify.min.js?ver=4.0.9 HTTP/1.1" 304 0 "https://jobs.socialdigiinnovator.com/" "Mozilla/5.0 AppleWebKit/537.36 (KHTML, like Gecko; compatible; Googlebot/2.1; +http://www.google.com/bot.html) Chrome/136.0.7103.92 Safari/537.36"
66.249.74.43 - - [22/May/2025:17:38:58 -0400] "GET /favicon.ico HTTP/1.1" 404 1251 "-" "Googlebot-Image/1.0"
66.249.74.43 - - [22/May/2025:17:38:58 -0400] "GET /wp-content/uploads/2022/03/cropped-Logo_Job-removebg-preview-Custom-2-32x32.png HTTP/1.1" 200 1864 "-" "Googlebot-Image/1.0"
66.249.74.43 - - [22/May/2025:17:38:59 -0400] "GET /wp-content/uploads/2022/03/cropped-Logo_Job-removebg-preview-Custom-2-180x180.png HTTP/1.1" 200 14645 "-" "Googlebot-Image/1.0"
66.249.74.33 - - [22/May/2025:17:39:00 -0400] "GET /wp-content/uploads/2022/03/cropped-Logo_Job-removebg-preview-Custom-2-192x192.png HTTP/1.1" 200 15769 "-" "Googlebot-Image/1.0"
66.249.74.43 - - [22/May/2025:17:39:03 -0400] "GET /favicon.ico HTTP/1.1" 404 1251 "-" "Googlebot-Image/1.0"
66.249.74.32 - - [22/May/2025:17:38:41 -0400] "GET / HTTP/1.1" 200 12946 "-" "Mozilla/5.0 (Linux; Android 6.0.1; Nexus 5X Build/MMB29P) AppleWebKit/537.36 (KHTML, like Gecko) Chrome/99.0.4844.84 Mobile Safari/537.36 (compatible; Googlebot/2.1; +http://www.google.com/bot.html)"
66.249.74.43 - - [22/May/2025:17:38:43 -0400] "GET /wp-content/plugins/elementor/assets/lib/eicons/css/elementor-icons.min.css?ver=5.40.0 HTTP/1.1" 200 3983 "https://jobs.socialdigiinnovator.com/" "Mozilla/5.0 (Linux; Android 6.0.1; Nexus 5X Build/MMB29P) AppleWebKit/537.36 (KHTML, like Gecko) Chrome/136.0.7103.92 Mobile Safari/537.36 (compatible; Googlebot/2.1; +http://www.google.com/bot.html)"
66.249.74.43 - - [22/May/2025:17:38:45 -0400] "GET /wp-content/plugins/elementor/assets/lib/animations/styles/e-animation-pulse.min.css?ver=3.29.0 HTTP/1.1" 200 143 "https://jobs.socialdigiinnovator.com/" "Mozilla/5.0 (Linux; Android 6.0.1; Nexus 5X Build/MMB29P) AppleWebKit/537.36 (KHTML, like Gecko) Chrome/136.0.7103.92 Mobile Safari/537.36 (compatible; Googlebot/2.1; +http://www.google.com/bot.html)"
66.249.74.43 - - [22/May/2025:17:38:45 -0400] "GET /wp-content/plugins/ultimate-member/assets/css/common.min.css?ver=2.10.4 HTTP/1.1" 200 209 "https://jobs.socialdigiinnovator.com/" "Mozilla/5.0 AppleWebKit/537.36 (KHTML, like Gecko; compatible; Googlebot/2.1; +http://www.google.com/bot.html) Chrome/136.0.7103.92 Safari/537.36"
66.249.74.43 - - [22/May/2025:17:38:46 -0400] "GET /wp-content/themes/jobify/js/select2.full.min.js?ver=4.0.9 HTTP/1.1" 304 0 "https://jobs.socialdigiinnovator.com/" "Mozilla/5.0 AppleWebKit/537.36 (KHTML, like Gecko; compatible; Googlebot/2.1; +http://www.google.com/bot.html) Chrome/136.0.7103.92 Safari/537.36"
66.249.74.43 - - [22/May/2025:17:38:48 -0400] "GET /wp-content/plugins/ultimate-member/assets/js/um-gdpr.min.js?ver=2.10.4 HTTP/1.1" 304 0 "https://jobs.socialdigiinnovator.com/" "Mozilla/5.0 AppleWebKit/537.36 (KHTML, like Gecko; compatible; Googlebot/2.1; +http://www.google.com/bot.html) Chrome/136.0.7103.92 Safari/537.36"
66.249.74.43 - - [22/May/2025:17:38:49 -0400] "GET /wp-content/plugins/ultimate-member/assets/libs/pickadate/default.min.css?ver=3.6.2 HTTP/1.1" 200 574 "https://jobs.socialdigiinnovator.com/" "Mozilla/5.0 AppleWebKit/537.36 (KHTML, like Gecko; compatible; Googlebot/2.1; +http://www.google.com/bot.html) Chrome/136.0.7103.92 Safari/537.36"
66.249.74.43 - - [22/May/2025:17:38:52 -0400] "GET /wp-content/plugins/ultimate-member/assets/css/um-old-default.min.css?ver=2.10.4 HTTP/1.1" 200 984 "https://jobs.socialdigiinnovator.com/" "Mozilla/5.0 AppleWebKit/537.36 (KHTML, like Gecko; compatible; Googlebot/2.1; +http://www.google.com/bot.html) Chrome/136.0.7103.92 Safari/537.36"
66.249.74.43 - - [22/May/2025:17:38:56 -0400] "GET / HTTP/1.1" 200 12946 "-" "Mozilla/5.0 (compatible; Googlebot/2.1; +http://www.google.com/bot.html)"
198.54.114.35 - - [22/May/2025:18:03:53 -0400] "POST /wp-cron.php?doing_wp_cron=1747951433.3007359504699707031250 HTTP/1.1" 200 0 "-" "WordPress/6.8.1; https://jobs.socialdigiinnovator.com"
194.145.227.125 - - [22/May/2025:18:03:49 -0400] "GET /sites/all/modules/elfinder/src/connectors/php/connector.php HTTP/1.1" 404 10797 "-" "ALittle Client"
196.16.111.201 - - [22/May/2025:18:10:46 -0400] "GET /wp-login.php HTTP/1.1" 302 0 "-" "Mozilla/5.0 (Windows NT 10.0; Win64; x64) AppleWebKit/537.36 (KHTML, like Gecko) Chrome/115.0.0.0 Safari/537.36 Edg/115.0.1901.203"
196.16.109.67 - - [22/May/2025:18:10:46 -0400] "GET /wp-login.php HTTP/1.1" 302 0 "-" "Mozilla/5.0 (Windows NT 10.0; Win64; x64) AppleWebKit/537.36 (KHTML, like Gecko) Chrome/115.0.0.0 Safari/537.36 Edg/115.0.1901.203"
198.54.114.35 - - [22/May/2025:18:10:51 -0400] "POST /wp-cron.php?doing_wp_cron=1747951851.4290640354156494140625 HTTP/1.1" 200 0 "-" "WordPress/6.8.1; https://jobs.socialdigiinnovator.com"
196.16.109.67 - - [22/May/2025:18:10:50 -0400] "GET /404 HTTP/1.1" 404 10799 "-" "Mozilla/5.0 (Windows NT 10.0; Win64; x64) AppleWebKit/537.36 (KHTML, like Gecko) Chrome/115.0.0.0 Safari/537.36 Edg/115.0.1901.203"
198.54.114.35 - - [22/May/2025:18:10:52 -0400] "POST /wp-cron.php?doing_wp_cron=1747951851.4290549755096435546875 HTTP/1.1" 200 0 "-" "WordPress/6.8.1; https://jobs.socialdigiinnovator.com"
34.212.29.164 - - [22/May/2025:18:18:11 -0400] "GET /wp-content/themes/jobify-extended/style.css?ver=6.8.1 HTTP/1.1" 304 0 "https://jobs.socialdigiinnovator.com/" "Mozilla/5.0 (iPhone; CPU iPhone OS 14_4 like Mac OS X) AppleWebKit/605.1.15 (KHTML, like Gecko) Version/15.4 Mobile/15E148 Safari/604.1"
34.212.29.164 - - [22/May/2025:18:18:11 -0400] "GET /wp-content/themes/jobify/style.css?ver=4.0.9 HTTP/1.1" 304 0 "https://jobs.socialdigiinnovator.com/" "Mozilla/5.0 (iPhone; CPU iPhone OS 14_4 like Mac OS X) AppleWebKit/605.1.15 (KHTML, like Gecko) Version/15.4 Mobile/15E148 Safari/604.1"
34.212.29.164 - - [22/May/2025:18:18:11 -0400] "GET /wp-includes/js/jquery/jquery.min.js?ver=3.7.1 HTTP/1.1" 304 0 "https://jobs.socialdigiinnovator.com/" "Mozilla/5.0 (iPhone; CPU iPhone OS 14_4 like Mac OS X) AppleWebKit/605.1.15 (KHTML, like Gecko) Version/15.4 Mobile/15E148 Safari/604.1"
