芝麻web文件管理V1.00
编辑当前文件:/home/sditechnicalteam/access-logs/ppclaunchers.com.sdipmtools.com-ssl_log
182.44.9.147 - - [22/May/2025:08:21:47 -0400] "GET / HTTP/1.1" 200 22300 "http://ppclaunchers.com" "Mozilla/5.0 (iPhone; CPU iPhone OS 13_2_3 like Mac OS X) AppleWebKit/605.1.15 (KHTML, like Gecko) Version/13.0.3 Mobile/15E148 Safari/604.1"
34.91.100.7 - - [22/May/2025:09:48:23 -0400] "GET / HTTP/1.1" 200 22300 "-" "Scrapy/2.12.0 (+https://scrapy.org)"
134.209.25.243 - - [22/May/2025:09:48:52 -0400] "GET / HTTP/1.1" 200 22300 "-" "Mozilla/5.0 (X11; Linux x86_64) AppleWebKit/537.36 (KHTML, like Gecko) Chrome/135.0.0.0 Safari/537.36"
134.209.25.243 - - [22/May/2025:09:48:56 -0400] "GET /favicon.ico HTTP/1.1" 404 1251 "https://ppclaunchers.com/" "Mozilla/5.0 (X11; Linux x86_64) AppleWebKit/537.36 (KHTML, like Gecko) Chrome/135.0.0.0 Safari/537.36"
196.251.73.28 - - [22/May/2025:10:00:01 -0400] "GET / HTTP/1.1" 200 120900 "-" "-"
209.38.145.209 - - [22/May/2025:09:53:55 -0400] "GET /wp-content/plugins/litespeed-cache/readme.txt HTTP/1.1" 403 1242 "-" "Mozlila/5.0 (Linux; Android 7.0; SM-G892A Bulid/NRD90M; wv) AppleWebKit/537.36 (KHTML, like Gecko) Version/4.0 Chrome/60.0.3112.107 Moblie Safari/537.36"
196.251.73.28 - - [22/May/2025:10:00:02 -0400] "GET /wp-admin/install.php HTTP/1.1" 200 0 "-" "-"
198.54.116.161 - - [22/May/2025:10:00:13 -0400] "POST /wp-cron.php?doing_wp_cron=1747922412.9378359317779541015625 HTTP/1.1" 200 0 "-" "WordPress/6.8.1; https://ppclaunchers.com"
198.54.116.161 - - [22/May/2025:10:00:13 -0400] "POST /wp-cron.php?doing_wp_cron=1747922413.6053628921508789062500 HTTP/1.1" 200 0 "-" "WordPress/6.8.1; https://ppclaunchers.com"
196.251.73.28 - - [22/May/2025:10:00:11 -0400] "GET /wp-admin/install.php HTTP/1.1" 200 1291 "-" "-"
196.251.73.28 - - [22/May/2025:10:00:14 -0400] "GET /wp-admin/setup-config.php HTTP/1.1" 403 1242 "-" "-"
198.54.116.161 - - [22/May/2025:10:55:38 -0400] "POST /wp-admin/admin-ajax.php?action=async_litespeed&nonce=oFDSAWsciOKNzaotWAz6J0K7NsckicFI&litespeed_type=imgoptm HTTP/1.1" 200 21 "-" "WordPress/6.8.1; https://ppclaunchers.com"
23.137.105.26 - - [22/May/2025:10:55:39 -0400] "GET /wp-content/themes/motors/CHANGELOG.md HTTP/1.1" 404 12417 "www.google.com" "Mozilla/6.4 (Windows NT 11.1) Gecko/2010102 Firefox/99.0"
195.201.111.82 - - [22/May/2025:10:56:28 -0400] "GET /wp-content/uploads/elementor/css/custom-frontend.min.css?ver=1726222340 HTTP/1.1" 200 6889 "-" "Mozilla/5.0 (Windows NT 10.0; Win64; x64) AppleWebKit/537.36 (KHTML, like Gecko) Chrome/120.0.0.0 Safari/537.36"
195.201.111.82 - - [22/May/2025:10:56:29 -0400] "GET /wp-content/plugins/metform/public/assets/lib/cute-alert/style.css?ver=3.9.8 HTTP/1.1" 200 1064 "-" "Mozilla/5.0 (Windows NT 10.0; Win64; x64; rv:120.0) Gecko/20100101 Firefox/120.0"
195.201.111.82 - - [22/May/2025:10:56:29 -0400] "GET /wp-content/plugins/elementor/assets/css/widget-text-editor.min.css?ver=3.29.0 HTTP/1.1" 200 208 "-" "Mozilla/5.0 (Windows NT 10.0; Win64; x64) AppleWebKit/537.36 (KHTML, like Gecko) Chrome/119.0.6045.106 Safari/537.36"
195.201.111.82 - - [22/May/2025:10:56:29 -0400] "GET /wp-content/plugins/metform/public/assets/css/text-editor.css?ver=3.9.8 HTTP/1.1" 200 3261 "-" "Mozilla/5.0 (Windows NT 10.0; Win64; x64) AppleWebKit/537.36 (KHTML, like Gecko) Chrome/120.0.0.0 Safari/537.36"
195.201.111.82 - - [22/May/2025:10:56:29 -0400] "GET /wp-content/themes/hello-elementor/style.min.css?ver=3.4.2 HTTP/1.1" 200 1591 "-" "Mozilla/5.0 (Windows NT 10.0; Win64; x64) AppleWebKit/537.36 (KHTML, like Gecko) Chrome/119.0.0.0 Safari/537.36"
195.201.111.82 - - [22/May/2025:10:56:29 -0400] "GET /wp-content/themes/hello-elementor/theme.min.css?ver=3.4.2 HTTP/1.1" 200 1158 "-" "Mozilla/5.0 (X11; CrOS x86_64 14541.0.0) AppleWebKit/537.36 (KHTML, like Gecko) Chrome/118.0.0.0 Safari/537.36"
195.201.111.82 - - [22/May/2025:10:56:29 -0400] "GET /wp-content/themes/hello-elementor/style.css?ver=6.8.1 HTTP/1.1" 200 3363 "-" "Mozilla/5.0 (Windows NT 10.0; Win64; x64) AppleWebKit/537.36 (KHTML, like Gecko) Chrome/120.0.0.0 Safari/537.36 Edg/120.0.0.0"
195.201.111.82 - - [22/May/2025:10:56:29 -0400] "GET /wp-content/themes/child-hello-elementor/style.css?ver=6.8.1 HTTP/1.1" 200 188 "-" "Mozilla/5.0 (Macintosh; Intel Mac OS X 10_15_7) AppleWebKit/537.36 (KHTML, like Gecko) Chrome/120.0.0.0 Safari/537.36"
195.201.111.82 - - [22/May/2025:10:56:29 -0400] "GET /wp-content/plugins/elementor/assets/css/widget-counter.min.css?ver=3.29.0 HTTP/1.1" 200 234 "-" "Mozilla/5.0 (Windows NT 10.0; Win64; x64) AppleWebKit/537.36 (KHTML, like Gecko) Chrome/120.0.0.0 Safari/537.36"
195.201.111.82 - - [22/May/2025:10:56:29 -0400] "GET /wp-content/plugins/elementor/assets/css/conditionals/shapes.min.css?ver=3.29.0 HTTP/1.1" 200 221 "-" "Mozilla/5.0 (Windows NT 10.0; Win64; x64) AppleWebKit/537.36 (KHTML, like Gecko) Chrome/120.0.0.0 Safari/537.36"
195.201.111.82 - - [22/May/2025:10:56:29 -0400] "GET /wp-content/plugins/elementor/assets/css/widget-spacer.min.css?ver=3.29.0 HTTP/1.1" 200 315 "-" "Mozilla/5.0 (Macintosh; Intel Mac OS X 10_15_6) AppleWebKit/605.1.15 (KHTML, like Gecko) Version/14.1.2 Safari/605.1.15"
195.201.111.82 - - [22/May/2025:10:56:29 -0400] "GET /wp-content/plugins/elementor/assets/lib/animations/styles/e-animation-pulse.min.css?ver=3.29.0 HTTP/1.1" 200 143 "-" "Mozilla/5.0 (Windows NT 10.0; Win64; x64) AppleWebKit/537.36 (KHTML, like Gecko) Chrome/120.0.0.0 Safari/537.36"
195.201.111.82 - - [22/May/2025:10:56:29 -0400] "GET /wp-content/uploads/elementor/css/custom-apple-webkit.min.css?ver=1727862400 HTTP/1.1" 200 470 "-" "Mozilla/5.0 (Windows NT 10.0; Win64; x64) AppleWebKit/537.36 (KHTML, like Gecko) Chrome/120.0.0.0 Safari/537.36"
195.201.111.82 - - [22/May/2025:10:56:29 -0400] "GET /wp-content/uploads/elementor/css/post-34.css?ver=1726463687 HTTP/1.1" 200 6282 "-" "Mozilla/5.0 (Macintosh; Intel Mac OS X 10_15_7) AppleWebKit/605.1.15 (KHTML, like Gecko) Version/16.6 Safari/605.1.15"
198.54.116.161 - - [22/May/2025:10:55:38 -0400] "POST /wp-cron.php?doing_wp_cron=1747925738.1631119251251220703125 HTTP/1.1" 200 0 "-" "WordPress/6.8.1; https://ppclaunchers.com"
23.137.105.26 - - [22/May/2025:10:55:35 -0400] "GET /wp-content/themes/motors/style.css HTTP/1.1" 404 12424 "www.google.com" "Mozilla/6.4 (Windows NT 11.1) Gecko/2010102 Firefox/99.0"
195.201.111.82 - - [22/May/2025:10:56:28 -0400] "GET / HTTP/1.1" 200 18431 "-" "Mozilla/5.0 (Windows NT 10.0; Win64; x64) AppleWebKit/537.36 (KHTML, like Gecko) Chrome/118.0.0.0 Safari/537.36 OPR/104.0.0.0"
195.201.111.82 - - [22/May/2025:10:56:29 -0400] "GET /wp-content/uploads/elementor/css/post-12.css?ver=1726222339 HTTP/1.1" 200 1918 "-" "Mozilla/5.0 (Windows NT 10.0; Win64; x64) AppleWebKit/537.36 (KHTML, like Gecko) Chrome/120.0.0.0 Safari/537.36 Edg/120.0.0.0"
195.201.111.82 - - [22/May/2025:10:56:29 -0400] "GET /wp-content/plugins/elementor/assets/lib/animations/styles/fadeIn.min.css?ver=3.29.0 HTTP/1.1" 200 77 "-" "Mozilla/5.0 (Windows NT 10.0; Win64; x64) AppleWebKit/537.36 (KHTML, like Gecko) Chrome/120.0.0.0 Safari/537.36"
195.201.111.82 - - [22/May/2025:10:56:29 -0400] "GET /wp-content/plugins/elementor/assets/lib/animations/styles/e-animation-float.min.css?ver=3.29.0 HTTP/1.1" 200 244 "-" "Mozilla/5.0 (Windows NT 10.0; Win64; x64) AppleWebKit/537.36 (KHTML, like Gecko) Chrome/120.0.0.0 Safari/537.36"
195.201.111.82 - - [22/May/2025:10:56:29 -0400] "GET /wp-content/uploads/elementor/google-fonts/css/sora.css?ver=1742270165 HTTP/1.1" 200 388 "-" "Mozilla/5.0 (Windows NT 10.0; Win64; x64; rv:120.0) Gecko/20100101 Firefox/120.0"
195.201.111.82 - - [22/May/2025:10:56:29 -0400] "GET /wp-content/uploads/elementor/css/post-24.css?ver=1726222340 HTTP/1.1" 200 1383 "-" "Mozilla/5.0 (Windows NT 10.0; Win64; x64) AppleWebKit/537.36 (KHTML, like Gecko) Chrome/120.0.0.0 Safari/537.36"
195.201.111.82 - - [22/May/2025:10:56:29 -0400] "GET /wp-content/uploads/elementor/google-fonts/css/questrial.css?ver=1742270166 HTTP/1.1" 200 415 "-" "Mozilla/5.0 (Windows NT 10.0; Win64; x64) AppleWebKit/537.36 (KHTML, like Gecko) Chrome/120.0.0.0 Safari/537.36"
195.201.111.82 - - [22/May/2025:10:56:29 -0400] "GET /wp-content/plugins/elementor/assets/lib/swiper/v8/css/swiper.min.css?ver=8.4.5 HTTP/1.1" 200 4248 "-" "Mozilla/5.0 (Windows NT 10.0; Win64; x64) AppleWebKit/537.36 (KHTML, like Gecko) Chrome/120.0.0.0 Safari/537.36"
195.201.111.82 - - [22/May/2025:10:56:29 -0400] "GET /wp-content/plugins/elementor/assets/lib/animations/styles/fadeInUp.min.css?ver=3.29.0 HTTP/1.1" 200 130 "-" "Mozilla/5.0 (Windows NT 10.0; Win64; x64) AppleWebKit/537.36 (KHTML, like Gecko) Chrome/120.0.0.0 Safari/537.36"
195.201.111.82 - - [22/May/2025:10:56:29 -0400] "GET /wp-content/plugins/elementor/assets/css/widget-heading.min.css?ver=3.29.0 HTTP/1.1" 200 154 "-" "Mozilla/5.0 (Windows NT 10.0; Win64; x64) AppleWebKit/537.36 (KHTML, like Gecko) Chrome/120.0.0.0 Safari/537.36"
195.201.111.82 - - [22/May/2025:10:56:29 -0400] "GET /wp-content/uploads/elementor/css/custom-widget-star-rating.min.css?ver=1726222340 HTTP/1.1" 200 452 "-" "Mozilla/5.0 (Windows NT 10.0; Win64; x64) AppleWebKit/537.36 (KHTML, like Gecko) Chrome/120.0.0.0 Safari/537.36"
195.201.111.82 - - [22/May/2025:10:56:29 -0400] "GET /wp-content/uploads/elementor/css/custom-widget-icon-list.min.css?ver=1726222340 HTTP/1.1" 200 846 "-" "Mozilla/5.0 (Macintosh; Intel Mac OS X 10_15_7) AppleWebKit/537.36 (KHTML, like Gecko) Chrome/120.0.0.0 Safari/537.36"
168.119.80.126 - - [22/May/2025:10:56:55 -0400] "GET /wp-content/uploads/elementor/css/post-24.css?ver=1726222340 HTTP/1.1" 200 1383 "https://ppclaunchers.com/" "Mozilla/5.0 (Macintosh; Intel Mac OS X 10_15_7) AppleWebKit/605.1.15 (KHTML, like Gecko) Version/17.5 Safari/605.1.15"
168.119.80.126 - - [22/May/2025:10:56:55 -0400] "GET /wp-content/plugins/metform/public/assets/lib/cute-alert/style.css?ver=3.9.8 HTTP/1.1" 200 1064 "https://ppclaunchers.com/" "Mozilla/5.0 (Macintosh; Intel Mac OS X 10_15_7) AppleWebKit/605.1.15 (KHTML, like Gecko) Version/17.5 Safari/605.1.15"
168.119.80.126 - - [22/May/2025:10:56:55 -0400] "GET /wp-content/uploads/elementor/css/custom-frontend.min.css?ver=1726222340 HTTP/1.1" 200 6889 "https://ppclaunchers.com/" "Mozilla/5.0 (Macintosh; Intel Mac OS X 10_15_7) AppleWebKit/605.1.15 (KHTML, like Gecko) Version/17.5 Safari/605.1.15"
168.119.80.126 - - [22/May/2025:10:56:55 -0400] "GET /wp-content/themes/hello-elementor/style.min.css?ver=3.4.2 HTTP/1.1" 200 1591 "https://ppclaunchers.com/" "Mozilla/5.0 (Macintosh; Intel Mac OS X 10_15_7) AppleWebKit/605.1.15 (KHTML, like Gecko) Version/17.5 Safari/605.1.15"
168.119.80.126 - - [22/May/2025:10:56:55 -0400] "GET /wp-content/themes/hello-elementor/style.css?ver=6.8.1 HTTP/1.1" 200 3363 "https://ppclaunchers.com/" "Mozilla/5.0 (Macintosh; Intel Mac OS X 10_15_7) AppleWebKit/605.1.15 (KHTML, like Gecko) Version/17.5 Safari/605.1.15"
168.119.80.126 - - [22/May/2025:10:56:55 -0400] "GET /wp-content/themes/hello-elementor/header-footer.min.css?ver=3.4.2 HTTP/1.1" 200 1304 "https://ppclaunchers.com/" "Mozilla/5.0 (Macintosh; Intel Mac OS X 10_15_7) AppleWebKit/605.1.15 (KHTML, like Gecko) Version/17.5 Safari/605.1.15"
168.119.80.126 - - [22/May/2025:10:56:55 -0400] "GET /wp-content/plugins/metform/public/assets/css/text-editor.css?ver=3.9.8 HTTP/1.1" 200 3261 "https://ppclaunchers.com/" "Mozilla/5.0 (Macintosh; Intel Mac OS X 10_15_7) AppleWebKit/605.1.15 (KHTML, like Gecko) Version/17.5 Safari/605.1.15"
168.119.80.126 - - [22/May/2025:10:56:55 -0400] "GET /wp-content/plugins/elementor/assets/css/widget-heading.min.css?ver=3.29.0 HTTP/1.1" 200 154 "https://ppclaunchers.com/" "Mozilla/5.0 (Macintosh; Intel Mac OS X 10_15_7) AppleWebKit/605.1.15 (KHTML, like Gecko) Version/17.5 Safari/605.1.15"
168.119.80.126 - - [22/May/2025:10:56:55 -0400] "GET /wp-content/plugins/elementor/assets/lib/animations/styles/fadeIn.min.css?ver=3.29.0 HTTP/1.1" 200 77 "https://ppclaunchers.com/" "Mozilla/5.0 (Macintosh; Intel Mac OS X 10_15_7) AppleWebKit/605.1.15 (KHTML, like Gecko) Version/17.5 Safari/605.1.15"
168.119.80.126 - - [22/May/2025:10:56:55 -0400] "GET /wp-content/uploads/elementor/css/custom-widget-star-rating.min.css?ver=1726222340 HTTP/1.1" 200 452 "https://ppclaunchers.com/" "Mozilla/5.0 (Macintosh; Intel Mac OS X 10_15_7) AppleWebKit/605.1.15 (KHTML, like Gecko) Version/17.5 Safari/605.1.15"
168.119.80.126 - - [22/May/2025:10:56:55 -0400] "GET /wp-content/uploads/elementor/google-fonts/css/sora.css?ver=1742270165 HTTP/1.1" 200 388 "https://ppclaunchers.com/" "Mozilla/5.0 (Macintosh; Intel Mac OS X 10_15_7) AppleWebKit/605.1.15 (KHTML, like Gecko) Version/17.5 Safari/605.1.15"
168.119.80.126 - - [22/May/2025:10:56:55 -0400] "GET /wp-content/plugins/elementor/assets/css/widget-text-editor.min.css?ver=3.29.0 HTTP/1.1" 200 208 "https://ppclaunchers.com/" "Mozilla/5.0 (Macintosh; Intel Mac OS X 10_15_7) AppleWebKit/605.1.15 (KHTML, like Gecko) Version/17.5 Safari/605.1.15"
168.119.80.126 - - [22/May/2025:10:56:55 -0400] "GET /wp-content/plugins/elementor/assets/css/conditionals/shapes.min.css?ver=3.29.0 HTTP/1.1" 200 221 "https://ppclaunchers.com/" "Mozilla/5.0 (Macintosh; Intel Mac OS X 10_15_7) AppleWebKit/605.1.15 (KHTML, like Gecko) Version/17.5 Safari/605.1.15"
168.119.80.126 - - [22/May/2025:10:56:55 -0400] "GET /wp-content/plugins/elementskit-lite/modules/elementskit-icon-pack/assets/css/ekiticons.css?ver=3.5.1 HTTP/1.1" 200 11776 "https://ppclaunchers.com/" "Mozilla/5.0 (Macintosh; Intel Mac OS X 10_15_7) AppleWebKit/605.1.15 (KHTML, like Gecko) Version/17.5 Safari/605.1.15"
168.119.80.126 - - [22/May/2025:10:56:55 -0400] "GET /wp-content/plugins/elementskit-lite/widgets/init/assets/css/responsive.css?ver=3.5.1 HTTP/1.1" 200 2859 "https://ppclaunchers.com/" "Mozilla/5.0 (Macintosh; Intel Mac OS X 10_15_7) AppleWebKit/605.1.15 (KHTML, like Gecko) Version/17.5 Safari/605.1.15"
195.201.111.82 - - [22/May/2025:10:56:29 -0400] "GET /wp-content/plugins/elementskit-lite/widgets/init/assets/css/widget-styles.css?ver=3.5.1 HTTP/1.1" 200 48223 "-" "Mozilla/5.0 (Windows NT 10.0; Win64; x64) AppleWebKit/537.36 (KHTML, like Gecko) Chrome/120.0.0.0 Safari/537.36"
195.201.111.82 - - [22/May/2025:10:56:29 -0400] "GET /wp-content/plugins/elementor/assets/css/widget-image.min.css?ver=3.29.0 HTTP/1.1" 200 254 "-" "Mozilla/5.0 (Macintosh; Intel Mac OS X 10_15_7) AppleWebKit/537.36 (KHTML, like Gecko) Chrome/120.0.0.0 Safari/537.36"
195.201.111.82 - - [22/May/2025:10:56:29 -0400] "GET /wp-content/uploads/elementor/css/post-8.css?ver=1726222340 HTTP/1.1" 200 1679 "-" "Mozilla/5.0 (Windows NT 10.0; Win64; x64) AppleWebKit/537.36 (KHTML, like Gecko) Chrome/120.0.0.0 Safari/537.36"
195.201.111.82 - - [22/May/2025:10:56:29 -0400] "GET /wp-content/themes/hello-elementor/header-footer.min.css?ver=3.4.2 HTTP/1.1" 200 1304 "-" "Mozilla/5.0 (Windows NT 10.0; Win64; x64) AppleWebKit/537.36 (KHTML, like Gecko) Chrome/120.0.0.0 Safari/537.36"
195.201.111.82 - - [22/May/2025:10:56:29 -0400] "GET /wp-content/plugins/elementskit-lite/widgets/init/assets/css/responsive.css?ver=3.5.1 HTTP/1.1" 200 2859 "-" "Mozilla/5.0 (Windows NT 10.0; Win64; x64) AppleWebKit/537.36 (KHTML, like Gecko) Chrome/120.0.0.0 Safari/537.36"
168.119.80.126 - - [22/May/2025:10:56:55 -0400] "GET / HTTP/1.1" 200 18431 "-" "Mozilla/5.0 (Macintosh; Intel Mac OS X 10_15_7) AppleWebKit/605.1.15 (KHTML, like Gecko) Version/17.5 Safari/605.1.15"
168.119.80.126 - - [22/May/2025:10:56:55 -0400] "GET /wp-content/themes/child-hello-elementor/style.css?ver=6.8.1 HTTP/1.1" 200 188 "https://ppclaunchers.com/" "Mozilla/5.0 (Macintosh; Intel Mac OS X 10_15_7) AppleWebKit/605.1.15 (KHTML, like Gecko) Version/17.5 Safari/605.1.15"
168.119.80.126 - - [22/May/2025:10:56:55 -0400] "GET /wp-content/themes/hello-elementor/theme.min.css?ver=3.4.2 HTTP/1.1" 200 1158 "https://ppclaunchers.com/" "Mozilla/5.0 (Macintosh; Intel Mac OS X 10_15_7) AppleWebKit/605.1.15 (KHTML, like Gecko) Version/17.5 Safari/605.1.15"
168.119.80.126 - - [22/May/2025:10:56:55 -0400] "GET /wp-content/uploads/elementor/css/post-12.css?ver=1726222339 HTTP/1.1" 200 1918 "https://ppclaunchers.com/" "Mozilla/5.0 (Macintosh; Intel Mac OS X 10_15_7) AppleWebKit/605.1.15 (KHTML, like Gecko) Version/17.5 Safari/605.1.15"
168.119.80.126 - - [22/May/2025:10:56:55 -0400] "GET /wp-content/uploads/elementor/css/post-8.css?ver=1726222340 HTTP/1.1" 200 1679 "https://ppclaunchers.com/" "Mozilla/5.0 (Macintosh; Intel Mac OS X 10_15_7) AppleWebKit/605.1.15 (KHTML, like Gecko) Version/17.5 Safari/605.1.15"
168.119.80.126 - - [22/May/2025:10:56:55 -0400] "GET /wp-content/plugins/elementor/assets/css/widget-image.min.css?ver=3.29.0 HTTP/1.1" 200 254 "https://ppclaunchers.com/" "Mozilla/5.0 (Macintosh; Intel Mac OS X 10_15_7) AppleWebKit/605.1.15 (KHTML, like Gecko) Version/17.5 Safari/605.1.15"
168.119.80.126 - - [22/May/2025:10:56:55 -0400] "GET /wp-content/plugins/elementor/assets/lib/animations/styles/e-animation-pulse.min.css?ver=3.29.0 HTTP/1.1" 200 143 "https://ppclaunchers.com/" "Mozilla/5.0 (Macintosh; Intel Mac OS X 10_15_7) AppleWebKit/605.1.15 (KHTML, like Gecko) Version/17.5 Safari/605.1.15"
168.119.80.126 - - [22/May/2025:10:56:55 -0400] "GET /wp-content/plugins/elementor/assets/css/widget-counter.min.css?ver=3.29.0 HTTP/1.1" 200 234 "https://ppclaunchers.com/" "Mozilla/5.0 (Macintosh; Intel Mac OS X 10_15_7) AppleWebKit/605.1.15 (KHTML, like Gecko) Version/17.5 Safari/605.1.15"
168.119.80.126 - - [22/May/2025:10:56:55 -0400] "GET /wp-content/plugins/elementskit-lite/widgets/init/assets/css/widget-styles.css?ver=3.5.1 HTTP/1.1" 200 48223 "https://ppclaunchers.com/" "Mozilla/5.0 (Macintosh; Intel Mac OS X 10_15_7) AppleWebKit/605.1.15 (KHTML, like Gecko) Version/17.5 Safari/605.1.15"
168.119.80.126 - - [22/May/2025:10:56:55 -0400] "GET /wp-content/uploads/elementor/css/post-34.css?ver=1726463687 HTTP/1.1" 200 6282 "https://ppclaunchers.com/" "Mozilla/5.0 (Macintosh; Intel Mac OS X 10_15_7) AppleWebKit/605.1.15 (KHTML, like Gecko) Version/17.5 Safari/605.1.15"
168.119.80.126 - - [22/May/2025:10:56:55 -0400] "GET /wp-content/uploads/2023/12/logo-01.png HTTP/1.1" 200 4098 "https://ppclaunchers.com/" "Mozilla/5.0 (Macintosh; Intel Mac OS X 10_15_7) AppleWebKit/605.1.15 (KHTML, like Gecko) Version/17.5 Safari/605.1.15"
168.119.80.126 - - [22/May/2025:10:56:55 -0400] "GET /wp-content/plugins/elementor/assets/css/widget-spacer.min.css?ver=3.29.0 HTTP/1.1" 200 315 "https://ppclaunchers.com/" "Mozilla/5.0 (Macintosh; Intel Mac OS X 10_15_7) AppleWebKit/605.1.15 (KHTML, like Gecko) Version/17.5 Safari/605.1.15"
168.119.80.126 - - [22/May/2025:10:56:55 -0400] "GET /wp-content/uploads/2023/12/logo-main.webp HTTP/1.1" 200 6426 "https://ppclaunchers.com/" "Mozilla/5.0 (Macintosh; Intel Mac OS X 10_15_7) AppleWebKit/605.1.15 (KHTML, like Gecko) Version/17.5 Safari/605.1.15"
168.119.80.126 - - [22/May/2025:10:56:56 -0400] "GET /wp-content/plugins/elementor/assets/lib/swiper/v8/css/swiper.min.css?ver=8.4.5 HTTP/1.1" 200 4248 "https://ppclaunchers.com/" "Mozilla/5.0 (Macintosh; Intel Mac OS X 10_15_7) AppleWebKit/605.1.15 (KHTML, like Gecko) Version/17.5 Safari/605.1.15"
168.119.80.126 - - [22/May/2025:10:56:56 -0400] "GET /wp-content/uploads/elementor/css/custom-widget-icon-list.min.css?ver=1726222340 HTTP/1.1" 200 846 "https://ppclaunchers.com/" "Mozilla/5.0 (Macintosh; Intel Mac OS X 10_15_7) AppleWebKit/605.1.15 (KHTML, like Gecko) Version/17.5 Safari/605.1.15"
168.119.80.126 - - [22/May/2025:10:56:56 -0400] "GET /wp-content/plugins/elementor/assets/lib/font-awesome/css/v4-shims.min.css?ver=3.29.0 HTTP/1.1" 200 3987 "https://ppclaunchers.com/" "Mozilla/5.0 (Macintosh; Intel Mac OS X 10_15_7) AppleWebKit/605.1.15 (KHTML, like Gecko) Version/17.5 Safari/605.1.15"
168.119.80.126 - - [22/May/2025:10:56:56 -0400] "GET /wp-content/plugins/elementor/assets/css/widget-social-icons.min.css?ver=3.29.0 HTTP/1.1" 200 1069 "https://ppclaunchers.com/" "Mozilla/5.0 (Macintosh; Intel Mac OS X 10_15_7) AppleWebKit/605.1.15 (KHTML, like Gecko) Version/17.5 Safari/605.1.15"
168.119.80.126 - - [22/May/2025:10:56:56 -0400] "GET /wp-content/uploads/elementor/css/custom-apple-webkit.min.css?ver=1727862400 HTTP/1.1" 200 470 "https://ppclaunchers.com/" "Mozilla/5.0 (Macintosh; Intel Mac OS X 10_15_7) AppleWebKit/605.1.15 (KHTML, like Gecko) Version/17.5 Safari/605.1.15"
168.119.80.126 - - [22/May/2025:10:56:56 -0400] "GET /wp-content/plugins/metform/public/assets/lib/cute-alert/cute-alert.js?ver=3.9.8 HTTP/1.1" 200 1009 "https://ppclaunchers.com/" "Mozilla/5.0 (Macintosh; Intel Mac OS X 10_15_7) AppleWebKit/605.1.15 (KHTML, like Gecko) Version/17.5 Safari/605.1.15"
168.119.80.126 - - [22/May/2025:10:56:56 -0400] "GET /wp-content/plugins/elementskit-lite/widgets/init/assets/js/widget-scripts.js?ver=3.5.1 HTTP/1.1" 200 40425 "https://ppclaunchers.com/" "Mozilla/5.0 (Macintosh; Intel Mac OS X 10_15_7) AppleWebKit/605.1.15 (KHTML, like Gecko) Version/17.5 Safari/605.1.15"
168.119.80.126 - - [22/May/2025:10:56:56 -0400] "GET /wp-content/plugins/elementor/assets/lib/jquery-numerator/jquery-numerator.min.js?ver=0.2.1 HTTP/1.1" 200 677 "https://ppclaunchers.com/" "Mozilla/5.0 (Macintosh; Intel Mac OS X 10_15_7) AppleWebKit/605.1.15 (KHTML, like Gecko) Version/17.5 Safari/605.1.15"
168.119.80.126 - - [22/May/2025:10:56:56 -0400] "GET /wp-content/plugins/elementor/assets/lib/font-awesome/js/v4-shims.min.js?ver=3.29.0 HTTP/1.1" 200 4042 "https://ppclaunchers.com/" "Mozilla/5.0 (Macintosh; Intel Mac OS X 10_15_7) AppleWebKit/605.1.15 (KHTML, like Gecko) Version/17.5 Safari/605.1.15"
168.119.80.126 - - [22/May/2025:10:56:55 -0400] "GET /wp-content/plugins/elementor/assets/lib/animations/styles/fadeInUp.min.css?ver=3.29.0 HTTP/1.1" 200 130 "https://ppclaunchers.com/" "Mozilla/5.0 (Macintosh; Intel Mac OS X 10_15_7) AppleWebKit/605.1.15 (KHTML, like Gecko) Version/17.5 Safari/605.1.15"
168.119.80.126 - - [22/May/2025:10:56:55 -0400] "GET /wp-content/uploads/elementor/google-fonts/css/questrial.css?ver=1742270166 HTTP/1.1" 200 415 "https://ppclaunchers.com/" "Mozilla/5.0 (Macintosh; Intel Mac OS X 10_15_7) AppleWebKit/605.1.15 (KHTML, like Gecko) Version/17.5 Safari/605.1.15"
168.119.80.126 - - [22/May/2025:10:56:55 -0400] "GET /wp-content/plugins/elementor/assets/lib/animations/styles/e-animation-float.min.css?ver=3.29.0 HTTP/1.1" 200 244 "https://ppclaunchers.com/" "Mozilla/5.0 (Macintosh; Intel Mac OS X 10_15_7) AppleWebKit/605.1.15 (KHTML, like Gecko) Version/17.5 Safari/605.1.15"
168.119.80.126 - - [22/May/2025:10:56:55 -0400] "GET /wp-includes/js/jquery/jquery.min.js?ver=3.7.1 HTTP/1.1" 200 29744 "https://ppclaunchers.com/" "Mozilla/5.0 (Macintosh; Intel Mac OS X 10_15_7) AppleWebKit/605.1.15 (KHTML, like Gecko) Version/17.5 Safari/605.1.15"
168.119.80.126 - - [22/May/2025:10:56:55 -0400] "GET /wp-includes/js/jquery/jquery-migrate.min.js?ver=3.4.1 HTTP/1.1" 200 4678 "https://ppclaunchers.com/" "Mozilla/5.0 (Macintosh; Intel Mac OS X 10_15_7) AppleWebKit/605.1.15 (KHTML, like Gecko) Version/17.5 Safari/605.1.15"
168.119.80.126 - - [22/May/2025:10:56:56 -0400] "GET /wp-content/uploads/2023/12/seobrand04.png HTTP/1.1" 200 4907 "https://ppclaunchers.com/" "Mozilla/5.0 (Macintosh; Intel Mac OS X 10_15_7) AppleWebKit/605.1.15 (KHTML, like Gecko) Version/17.5 Safari/605.1.15"
168.119.80.126 - - [22/May/2025:10:56:56 -0400] "GET /wp-content/uploads/2023/12/seobrand01.png HTTP/1.1" 200 5470 "https://ppclaunchers.com/" "Mozilla/5.0 (Macintosh; Intel Mac OS X 10_15_7) AppleWebKit/605.1.15 (KHTML, like Gecko) Version/17.5 Safari/605.1.15"
168.119.80.126 - - [22/May/2025:10:56:56 -0400] "GET /wp-content/plugins/elementor/assets/lib/font-awesome/css/all.min.css?ver=3.29.0 HTTP/1.1" 200 12380 "https://ppclaunchers.com/" "Mozilla/5.0 (Macintosh; Intel Mac OS X 10_15_7) AppleWebKit/605.1.15 (KHTML, like Gecko) Version/17.5 Safari/605.1.15"
168.119.80.126 - - [22/May/2025:10:56:56 -0400] "GET /wp-content/themes/hello-elementor/assets/js/hello-frontend.min.js?ver=3.4.2 HTTP/1.1" 200 548 "https://ppclaunchers.com/" "Mozilla/5.0 (Macintosh; Intel Mac OS X 10_15_7) AppleWebKit/605.1.15 (KHTML, like Gecko) Version/17.5 Safari/605.1.15"
168.119.80.126 - - [22/May/2025:10:56:56 -0400] "GET /wp-content/plugins/elementskit-lite/libs/framework/assets/js/frontend-script.js?ver=3.5.1 HTTP/1.1" 200 40 "https://ppclaunchers.com/" "Mozilla/5.0 (Macintosh; Intel Mac OS X 10_15_7) AppleWebKit/605.1.15 (KHTML, like Gecko) Version/17.5 Safari/605.1.15"
168.119.80.126 - - [22/May/2025:10:56:56 -0400] "GET /wp-content/plugins/elementskit-lite/widgets/init/assets/js/animate-circle.min.js?ver=3.5.1 HTTP/1.1" 200 393 "https://ppclaunchers.com/" "Mozilla/5.0 (Macintosh; Intel Mac OS X 10_15_7) AppleWebKit/605.1.15 (KHTML, like Gecko) Version/17.5 Safari/605.1.15"
168.119.80.126 - - [22/May/2025:10:56:56 -0400] "GET /wp-content/plugins/elementskit-lite/widgets/init/assets/js/elementor.js?ver=3.5.1 HTTP/1.1" 200 5290 "https://ppclaunchers.com/" "Mozilla/5.0 (Macintosh; Intel Mac OS X 10_15_7) AppleWebKit/605.1.15 (KHTML, like Gecko) Version/17.5 Safari/605.1.15"
168.119.80.126 - - [22/May/2025:10:56:56 -0400] "GET /wp-content/uploads/2023/12/seobrand02.png HTTP/1.1" 200 6646 "https://ppclaunchers.com/" "Mozilla/5.0 (Macintosh; Intel Mac OS X 10_15_7) AppleWebKit/605.1.15 (KHTML, like Gecko) Version/17.5 Safari/605.1.15"
168.119.80.126 - - [22/May/2025:10:56:56 -0400] "GET /wp-content/uploads/2023/12/Icon07.png HTTP/1.1" 200 83895 "https://ppclaunchers.com/wp-content/uploads/elementor/css/post-34.css?ver=1726463687" "Mozilla/5.0 (Macintosh; Intel Mac OS X 10_15_7) AppleWebKit/605.1.15 (KHTML, like Gecko) Version/17.5 Safari/605.1.15"
168.119.80.126 - - [22/May/2025:10:56:56 -0400] "GET /wp-content/uploads/2023/12/Icon048.png HTTP/1.1" 200 167142 "https://ppclaunchers.com/wp-content/uploads/elementor/css/post-34.css?ver=1726463687" "Mozilla/5.0 (Macintosh; Intel Mac OS X 10_15_7) AppleWebKit/605.1.15 (KHTML, like Gecko) Version/17.5 Safari/605.1.15"
168.119.80.126 - - [22/May/2025:10:56:56 -0400] "GET /wp-content/uploads/2023/12/keyrankjpg04.jpg HTTP/1.1" 200 176646 "https://ppclaunchers.com/wp-content/uploads/elementor/css/post-34.css?ver=1726463687" "Mozilla/5.0 (Macintosh; Intel Mac OS X 10_15_7) AppleWebKit/605.1.15 (KHTML, like Gecko) Version/17.5 Safari/605.1.15"
168.119.80.126 - - [22/May/2025:10:56:56 -0400] "GET /wp-content/uploads/2023/12/Icon035.png HTTP/1.1" 200 51422 "https://ppclaunchers.com/wp-content/uploads/elementor/css/post-34.css?ver=1726463687" "Mozilla/5.0 (Macintosh; Intel Mac OS X 10_15_7) AppleWebKit/605.1.15 (KHTML, like Gecko) Version/17.5 Safari/605.1.15"
168.119.80.126 - - [22/May/2025:10:56:56 -0400] "GET /wp-content/uploads/2023/12/keyrankjpg03.jpg HTTP/1.1" 200 80411 "https://ppclaunchers.com/wp-content/uploads/elementor/css/post-34.css?ver=1726463687" "Mozilla/5.0 (Macintosh; Intel Mac OS X 10_15_7) AppleWebKit/605.1.15 (KHTML, like Gecko) Version/17.5 Safari/605.1.15"
168.119.80.126 - - [22/May/2025:10:56:56 -0400] "GET /wp-content/uploads/2023/12/keyrankjpg02.jpg HTTP/1.1" 200 179911 "https://ppclaunchers.com/wp-content/uploads/elementor/css/post-34.css?ver=1726463687" "Mozilla/5.0 (Macintosh; Intel Mac OS X 10_15_7) AppleWebKit/605.1.15 (KHTML, like Gecko) Version/17.5 Safari/605.1.15"
168.119.80.126 - - [22/May/2025:10:56:56 -0400] "GET /wp-content/uploads/2023/12/Icon058.png HTTP/1.1" 200 98559 "https://ppclaunchers.com/" "Mozilla/5.0 (Macintosh; Intel Mac OS X 10_15_7) AppleWebKit/605.1.15 (KHTML, like Gecko) Version/17.5 Safari/605.1.15"
168.119.80.126 - - [22/May/2025:10:56:56 -0400] "GET /wp-content/uploads/2023/12/Icon059.png HTTP/1.1" 200 85413 "https://ppclaunchers.com/" "Mozilla/5.0 (Macintosh; Intel Mac OS X 10_15_7) AppleWebKit/605.1.15 (KHTML, like Gecko) Version/17.5 Safari/605.1.15"
168.119.80.126 - - [22/May/2025:10:56:56 -0400] "GET /wp-content/uploads/2023/12/Icon014.png HTTP/1.1" 200 48579 "https://ppclaunchers.com/wp-content/uploads/elementor/css/post-34.css?ver=1726463687" "Mozilla/5.0 (Macintosh; Intel Mac OS X 10_15_7) AppleWebKit/605.1.15 (KHTML, like Gecko) Version/17.5 Safari/605.1.15"
168.119.80.126 - - [22/May/2025:10:56:56 -0400] "GET /wp-content/uploads/2023/12/Icon061.png HTTP/1.1" 200 86646 "https://ppclaunchers.com/" "Mozilla/5.0 (Macintosh; Intel Mac OS X 10_15_7) AppleWebKit/605.1.15 (KHTML, like Gecko) Version/17.5 Safari/605.1.15"
168.119.80.126 - - [22/May/2025:10:56:56 -0400] "GET /wp-content/uploads/2023/12/Icon060.png HTTP/1.1" 200 86503 "https://ppclaunchers.com/" "Mozilla/5.0 (Macintosh; Intel Mac OS X 10_15_7) AppleWebKit/605.1.15 (KHTML, like Gecko) Version/17.5 Safari/605.1.15"
168.119.80.126 - - [22/May/2025:10:56:56 -0400] "GET /wp-content/uploads/2023/12/Icon062.png HTTP/1.1" 200 82928 "https://ppclaunchers.com/" "Mozilla/5.0 (Macintosh; Intel Mac OS X 10_15_7) AppleWebKit/605.1.15 (KHTML, like Gecko) Version/17.5 Safari/605.1.15"
168.119.80.126 - - [22/May/2025:10:56:56 -0400] "GET /wp-content/uploads/elementor/google-fonts/fonts/sora-xmqbuffyt72xzqupdg.woff2 HTTP/1.1" 200 33616 "https://ppclaunchers.com/wp-content/uploads/elementor/google-fonts/css/sora.css?ver=1742270165" "Mozilla/5.0 (Macintosh; Intel Mac OS X 10_15_7) AppleWebKit/605.1.15 (KHTML, like Gecko) Version/17.5 Safari/605.1.15"
168.119.80.126 - - [22/May/2025:10:56:57 -0400] "GET /wp-content/plugins/elementor/assets/js/counter.12335f45aaa79d244f24.bundle.min.js HTTP/1.1" 200 442 "https://ppclaunchers.com/" "Mozilla/5.0 (Macintosh; Intel Mac OS X 10_15_7) AppleWebKit/605.1.15 (KHTML, like Gecko) Version/17.5 Safari/605.1.15"
168.119.80.126 - - [22/May/2025:10:56:56 -0400] "GET /wp-content/plugins/elementor/assets/js/webpack.runtime.min.js?ver=3.29.0 HTTP/1.1" 200 2323 "https://ppclaunchers.com/" "Mozilla/5.0 (Macintosh; Intel Mac OS X 10_15_7) AppleWebKit/605.1.15 (KHTML, like Gecko) Version/17.5 Safari/605.1.15"
168.119.80.126 - - [22/May/2025:10:56:56 -0400] "GET /wp-content/plugins/elementor/assets/js/frontend-modules.min.js?ver=3.29.0 HTTP/1.1" 200 14423 "https://ppclaunchers.com/" "Mozilla/5.0 (Macintosh; Intel Mac OS X 10_15_7) AppleWebKit/605.1.15 (KHTML, like Gecko) Version/17.5 Safari/605.1.15"
168.119.80.126 - - [22/May/2025:10:56:56 -0400] "GET /wp-includes/js/jquery/ui/core.min.js?ver=1.13.3 HTTP/1.1" 200 6812 "https://ppclaunchers.com/" "Mozilla/5.0 (Macintosh; Intel Mac OS X 10_15_7) AppleWebKit/605.1.15 (KHTML, like Gecko) Version/17.5 Safari/605.1.15"
168.119.80.126 - - [22/May/2025:10:56:56 -0400] "GET /wp-content/plugins/elementor/assets/js/frontend.min.js?ver=3.29.0 HTTP/1.1" 200 10288 "https://ppclaunchers.com/" "Mozilla/5.0 (Macintosh; Intel Mac OS X 10_15_7) AppleWebKit/605.1.15 (KHTML, like Gecko) Version/17.5 Safari/605.1.15"
168.119.80.126 - - [22/May/2025:10:56:56 -0400] "GET /wp-content/uploads/2023/12/Icon056.png HTTP/1.1" 200 81207 "https://ppclaunchers.com/" "Mozilla/5.0 (Macintosh; Intel Mac OS X 10_15_7) AppleWebKit/605.1.15 (KHTML, like Gecko) Version/17.5 Safari/605.1.15"
168.119.80.126 - - [22/May/2025:10:56:56 -0400] "GET /wp-content/uploads/2023/12/Icon063.png HTTP/1.1" 200 83820 "https://ppclaunchers.com/" "Mozilla/5.0 (Macintosh; Intel Mac OS X 10_15_7) AppleWebKit/605.1.15 (KHTML, like Gecko) Version/17.5 Safari/605.1.15"
168.119.80.126 - - [22/May/2025:10:56:56 -0400] "GET /wp-content/uploads/2023/12/seobrand03.png HTTP/1.1" 200 5508 "https://ppclaunchers.com/" "Mozilla/5.0 (Macintosh; Intel Mac OS X 10_15_7) AppleWebKit/605.1.15 (KHTML, like Gecko) Version/17.5 Safari/605.1.15"
168.119.80.126 - - [22/May/2025:10:56:56 -0400] "GET /wp-content/uploads/2023/12/Icon039.png HTTP/1.1" 200 227564 "https://ppclaunchers.com/" "Mozilla/5.0 (Macintosh; Intel Mac OS X 10_15_7) AppleWebKit/605.1.15 (KHTML, like Gecko) Version/17.5 Safari/605.1.15"
168.119.80.126 - - [22/May/2025:10:56:56 -0400] "GET /wp-content/uploads/2023/12/BG01.jpg HTTP/1.1" 200 300197 "https://ppclaunchers.com/wp-content/uploads/elementor/css/post-34.css?ver=1726463687" "Mozilla/5.0 (Macintosh; Intel Mac OS X 10_15_7) AppleWebKit/605.1.15 (KHTML, like Gecko) Version/17.5 Safari/605.1.15"
168.119.80.126 - - [22/May/2025:10:56:56 -0400] "GET /wp-content/plugins/elementskit-lite/modules/elementskit-icon-pack/assets/fonts/elementskit.woff?y24e1e HTTP/1.1" 200 459560 "https://ppclaunchers.com/wp-content/plugins/elementskit-lite/modules/elementskit-icon-pack/assets/css/ekiticons.css?ver=3.5.1" "Mozilla/5.0 (Macintosh; Intel Mac OS X 10_15_7) AppleWebKit/605.1.15 (KHTML, like Gecko) Version/17.5 Safari/605.1.15"
168.119.80.126 - - [22/May/2025:10:56:57 -0400] "GET /wp-includes/js/wp-emoji-release.min.js?ver=6.8.1 HTTP/1.1" 200 4771 "https://ppclaunchers.com/" "Mozilla/5.0 (Macintosh; Intel Mac OS X 10_15_7) AppleWebKit/605.1.15 (KHTML, like Gecko) Version/17.5 Safari/605.1.15"
168.119.80.126 - - [22/May/2025:10:56:57 -0400] "GET /wp-content/plugins/elementor/assets/js/shared-frontend-handlers.30dc2f9c080845a413a6.bundle.min.js HTTP/1.1" 200 2546 "https://ppclaunchers.com/" "Mozilla/5.0 (Macintosh; Intel Mac OS X 10_15_7) AppleWebKit/605.1.15 (KHTML, like Gecko) Version/17.5 Safari/605.1.15"
168.119.80.126 - - [22/May/2025:10:56:57 -0400] "GET /wp-content/plugins/elementor/assets/js/text-editor.c084ef86600b6f11690d.bundle.min.js HTTP/1.1" 200 621 "https://ppclaunchers.com/" "Mozilla/5.0 (Macintosh; Intel Mac OS X 10_15_7) AppleWebKit/605.1.15 (KHTML, like Gecko) Version/17.5 Safari/605.1.15"
168.119.80.126 - - [22/May/2025:10:56:57 -0400] "GET /wp-content/uploads/2023/12/Icon016.png HTTP/1.1" 200 12492 "https://ppclaunchers.com/" "Mozilla/5.0 (Macintosh; Intel Mac OS X 10_15_7) AppleWebKit/605.1.15 (KHTML, like Gecko) Version/17.5 Safari/605.1.15"
168.119.80.126 - - [22/May/2025:10:56:57 -0400] "GET /wp-content/uploads/2023/12/Icon018.png HTTP/1.1" 200 12872 "https://ppclaunchers.com/" "Mozilla/5.0 (Macintosh; Intel Mac OS X 10_15_7) AppleWebKit/605.1.15 (KHTML, like Gecko) Version/17.5 Safari/605.1.15"
168.119.80.126 - - [22/May/2025:10:56:57 -0400] "GET /wp-content/uploads/2023/12/Icon020.png HTTP/1.1" 200 12803 "https://ppclaunchers.com/" "Mozilla/5.0 (Macintosh; Intel Mac OS X 10_15_7) AppleWebKit/605.1.15 (KHTML, like Gecko) Version/17.5 Safari/605.1.15"
168.119.80.126 - - [22/May/2025:10:56:57 -0400] "GET /wp-content/uploads/2023/12/Icon019.png HTTP/1.1" 200 12381 "https://ppclaunchers.com/" "Mozilla/5.0 (Macintosh; Intel Mac OS X 10_15_7) AppleWebKit/605.1.15 (KHTML, like Gecko) Version/17.5 Safari/605.1.15"
168.119.80.126 - - [22/May/2025:10:56:58 -0400] "GET /favicon.ico HTTP/1.1" 404 1251 "https://ppclaunchers.com/" "Mozilla/5.0 (Macintosh; Intel Mac OS X 10_15_7) AppleWebKit/605.1.15 (KHTML, like Gecko) Version/17.5 Safari/605.1.15"
168.119.80.126 - - [22/May/2025:10:57:09 -0400] "GET /wp-content/plugins/elementor/assets/lib/font-awesome/webfonts/fa-brands-400.woff2 HTTP/1.1" 200 81612 "https://ppclaunchers.com/" "Mozilla/5.0 (Macintosh; Intel Mac OS X 10_15_7) AppleWebKit/605.1.15 (KHTML, like Gecko) Version/17.5 Safari/605.1.15"
168.119.80.126 - - [22/May/2025:10:57:10 -0400] "GET /wp-content/uploads/elementor/google-fonts/fonts/sora-xmqbuffyt72xzqspdre2.woff2 HTTP/1.1" 200 15476 "https://ppclaunchers.com/" "Mozilla/5.0 (Macintosh; Intel Mac OS X 10_15_7) AppleWebKit/605.1.15 (KHTML, like Gecko) Version/17.5 Safari/605.1.15"
168.119.80.126 - - [22/May/2025:10:57:12 -0400] "GET /wp-content/plugins/elementor/assets/lib/font-awesome/webfonts/fa-regular-400.ttf HTTP/1.1" 200 33736 "https://ppclaunchers.com/" "Mozilla/5.0 (Macintosh; Intel Mac OS X 10_15_7) AppleWebKit/605.1.15 (KHTML, like Gecko) Version/17.5 Safari/605.1.15"
168.119.80.126 - - [22/May/2025:10:56:57 -0400] "GET /wp-content/plugins/elementor/assets/js/section-frontend-handlers.d85ab872da118940910d.bundle.min.js HTTP/1.1" 200 254 "https://ppclaunchers.com/" "Mozilla/5.0 (Macintosh; Intel Mac OS X 10_15_7) AppleWebKit/605.1.15 (KHTML, like Gecko) Version/17.5 Safari/605.1.15"
168.119.80.126 - - [22/May/2025:10:56:57 -0400] "GET /wp-content/plugins/elementor/assets/lib/swiper/v8/swiper.min.js?ver=8.4.5 HTTP/1.1" 200 38152 "https://ppclaunchers.com/" "Mozilla/5.0 (Macintosh; Intel Mac OS X 10_15_7) AppleWebKit/605.1.15 (KHTML, like Gecko) Version/17.5 Safari/605.1.15"
168.119.80.126 - - [22/May/2025:10:56:57 -0400] "GET /wp-content/uploads/2023/12/Icon017.png HTTP/1.1" 200 12634 "https://ppclaunchers.com/" "Mozilla/5.0 (Macintosh; Intel Mac OS X 10_15_7) AppleWebKit/605.1.15 (KHTML, like Gecko) Version/17.5 Safari/605.1.15"
168.119.80.126 - - [22/May/2025:10:57:09 -0400] "GET /wp-content/uploads/elementor/google-fonts/fonts/questrial-qdvustchpbm7nuuevf70vifl.woff2 HTTP/1.1" 200 19292 "https://ppclaunchers.com/" "Mozilla/5.0 (Macintosh; Intel Mac OS X 10_15_7) AppleWebKit/605.1.15 (KHTML, like Gecko) Version/17.5 Safari/605.1.15"
168.119.80.126 - - [22/May/2025:10:57:09 -0400] "GET /wp-content/plugins/elementor/assets/lib/font-awesome/webfonts/fa-regular-400.woff2 HTTP/1.1" 200 13276 "https://ppclaunchers.com/" "Mozilla/5.0 (Macintosh; Intel Mac OS X 10_15_7) AppleWebKit/605.1.15 (KHTML, like Gecko) Version/17.5 Safari/605.1.15"
168.119.80.126 - - [22/May/2025:10:57:09 -0400] "GET /wp-content/plugins/elementor/assets/lib/font-awesome/webfonts/fa-solid-900.woff2 HTTP/1.1" 200 78196 "https://ppclaunchers.com/" "Mozilla/5.0 (Macintosh; Intel Mac OS X 10_15_7) AppleWebKit/605.1.15 (KHTML, like Gecko) Version/17.5 Safari/605.1.15"
168.119.80.126 - - [22/May/2025:10:57:11 -0400] "GET /wp-content/plugins/elementor/assets/lib/font-awesome/webfonts/fa-brands-400.woff HTTP/1.1" 200 97804 "https://ppclaunchers.com/" "Mozilla/5.0 (Macintosh; Intel Mac OS X 10_15_7) AppleWebKit/605.1.15 (KHTML, like Gecko) Version/17.5 Safari/605.1.15"
168.119.80.126 - - [22/May/2025:10:57:11 -0400] "GET /wp-content/uploads/elementor/google-fonts/fonts/questrial-qdvustchpbm7nuuevf70scflq20.woff2 HTTP/1.1" 200 26844 "https://ppclaunchers.com/" "Mozilla/5.0 (Macintosh; Intel Mac OS X 10_15_7) AppleWebKit/605.1.15 (KHTML, like Gecko) Version/17.5 Safari/605.1.15"
168.119.80.126 - - [22/May/2025:10:57:11 -0400] "GET /wp-content/plugins/elementor/assets/lib/font-awesome/webfonts/fa-solid-900.woff HTTP/1.1" 200 101652 "https://ppclaunchers.com/" "Mozilla/5.0 (Macintosh; Intel Mac OS X 10_15_7) AppleWebKit/605.1.15 (KHTML, like Gecko) Version/17.5 Safari/605.1.15"
168.119.80.126 - - [22/May/2025:10:57:11 -0400] "GET /wp-content/plugins/elementor/assets/lib/font-awesome/webfonts/fa-regular-400.woff HTTP/1.1" 200 16276 "https://ppclaunchers.com/" "Mozilla/5.0 (Macintosh; Intel Mac OS X 10_15_7) AppleWebKit/605.1.15 (KHTML, like Gecko) Version/17.5 Safari/605.1.15"
168.119.80.126 - - [22/May/2025:10:57:12 -0400] "GET /wp-content/plugins/elementor/assets/lib/font-awesome/webfonts/fa-brands-400.ttf HTTP/1.1" 200 151368 "https://ppclaunchers.com/" "Mozilla/5.0 (Macintosh; Intel Mac OS X 10_15_7) AppleWebKit/605.1.15 (KHTML, like Gecko) Version/17.5 Safari/605.1.15"
168.119.80.126 - - [22/May/2025:10:57:12 -0400] "GET /wp-content/uploads/elementor/google-fonts/fonts/questrial-qdvustchpbm7nuuevf70ssflq20.woff2 HTTP/1.1" 200 6752 "https://ppclaunchers.com/" "Mozilla/5.0 (Macintosh; Intel Mac OS X 10_15_7) AppleWebKit/605.1.15 (KHTML, like Gecko) Version/17.5 Safari/605.1.15"
168.119.80.126 - - [22/May/2025:10:57:12 -0400] "GET /wp-content/plugins/elementor/assets/lib/font-awesome/webfonts/fa-solid-900.ttf HTTP/1.1" 200 202744 "https://ppclaunchers.com/" "Mozilla/5.0 (Macintosh; Intel Mac OS X 10_15_7) AppleWebKit/605.1.15 (KHTML, like Gecko) Version/17.5 Safari/605.1.15"
185.157.214.24 - - [22/May/2025:11:17:31 -0400] "GET /contact-us/ HTTP/1.1" 200 18637 "-" "Mozilla/5.0 (Macintosh; Intel Mac OS X 10_15_7) AppleWebKit/537.36 (KHTML, like Gecko) Chrome/133.0.0.0 Safari/537.36"
185.157.214.24 - - [22/May/2025:11:17:22 -0400] "GET / HTTP/1.1" 200 22300 "-" "Mozilla/5.0 (Macintosh; Intel Mac OS X 10_15_7) AppleWebKit/537.36 (KHTML, like Gecko) Chrome/133.0.0.0 Safari/537.36"
137.226.113.44 - - [22/May/2025:11:26:39 -0400] "GET / HTTP/1.1" 200 0 "-" "Mozilla/5.0 researchscan.comsys.rwth-aachen.de"
198.54.116.161 - - [22/May/2025:11:26:50 -0400] "POST /wp-cron.php?doing_wp_cron=1747927609.9093980789184570312500 HTTP/1.1" 200 0 "-" "WordPress/6.8.1; https://ppclaunchers.com"
198.54.116.161 - - [22/May/2025:11:26:53 -0400] "POST /wp-admin/admin-ajax.php?action=async_litespeed&nonce=QGnQyy7t3NTrjtYV4mjlKFtKUTMXQhMh&litespeed_type=imgoptm HTTP/1.1" 200 0 "-" "WordPress/6.8.1; https://ppclaunchers.com"
43.155.129.131 - - [22/May/2025:12:02:25 -0400] "GET / HTTP/1.1" 200 22300 "http://ppclaunchers.com" "Mozilla/5.0 (iPhone; CPU iPhone OS 13_2_3 like Mac OS X) AppleWebKit/605.1.15 (KHTML, like Gecko) Version/13.0.3 Mobile/15E148 Safari/604.1"
198.54.116.161 - - [22/May/2025:13:04:50 -0400] "POST /wp-cron.php?doing_wp_cron=1747933490.3324830532073974609375 HTTP/1.1" 200 0 "-" "WordPress/6.8.1; https://ppclaunchers.com"
43.135.144.126 - - [22/May/2025:13:04:47 -0400] "GET / HTTP/1.1" 301 0 "http://www.ppclaunchers.com" "Mozilla/5.0 (iPhone; CPU iPhone OS 13_2_3 like Mac OS X) AppleWebKit/605.1.15 (KHTML, like Gecko) Version/13.0.3 Mobile/15E148 Safari/604.1"
43.135.144.126 - - [22/May/2025:13:04:51 -0400] "GET / HTTP/1.1" 200 22300 "https://www.ppclaunchers.com/" "Mozilla/5.0 (iPhone; CPU iPhone OS 13_2_3 like Mac OS X) AppleWebKit/605.1.15 (KHTML, like Gecko) Version/13.0.3 Mobile/15E148 Safari/604.1"
198.54.116.161 - - [22/May/2025:13:04:50 -0400] "POST /wp-admin/admin-ajax.php?action=async_litespeed&nonce=cQGSa120EACTvZl29hODyeQpp823t5LS&litespeed_type=imgoptm HTTP/1.1" 200 21 "-" "WordPress/6.8.1; https://ppclaunchers.com"
198.54.116.161 - - [22/May/2025:13:39:33 -0400] "POST /wp-cron.php?doing_wp_cron=1747935573.5833890438079833984375 HTTP/1.1" 200 0 "-" "WordPress/6.8.1; https://ppclaunchers.com"
198.54.116.161 - - [22/May/2025:13:39:33 -0400] "POST /wp-admin/admin-ajax.php?action=async_litespeed&nonce=YbXK1HIjHKo5NgGRwdvvNvUbYMOT0PbT&litespeed_type=imgoptm HTTP/1.1" 200 21 "-" "WordPress/6.8.1; https://ppclaunchers.com"
196.251.87.127 - - [22/May/2025:13:39:30 -0400] "POST /wp-confiq.php HTTP/1.1" 404 12373 "www.google.com" "Mozilla/6.4 (Windows NT 11.1) Gecko/2010102 Firefox/99.0"
118.195.165.218 - - [22/May/2025:14:50:16 -0400] "GET / HTTP/1.1" 200 22300 "http://ppclaunchers.com" "Mozilla/5.0 (iPhone; CPU iPhone OS 13_2_3 like Mac OS X) AppleWebKit/605.1.15 (KHTML, like Gecko) Version/13.0.3 Mobile/15E148 Safari/604.1"
190.2.142.78 - - [22/May/2025:15:35:37 -0400] "GET / HTTP/1.1" 200 120900 "-" "Mozilla/5.0 (Windows NT 10.0; Win64; x64; rv:135.0) Gecko/20100101 Firefox/135.0"
143.198.88.205 - - [22/May/2025:16:32:44 -0400] "GET /wp-admin/install.php HTTP/1.1" 200 518 "-" "Mozilla/5.0 (Macintosh; Intel Mac OS X 10_10_1) AppleWebKit/537.36 (KHTML, like Gecko) Chrome/39.0.2171.95 Safari/537.36"
198.54.116.161 - - [22/May/2025:16:33:03 -0400] "POST /wp-cron.php?doing_wp_cron=1747945983.4574449062347412109375 HTTP/1.1" 200 0 "-" "WordPress/6.8.1; https://ppclaunchers.com"
198.54.116.161 - - [22/May/2025:16:33:03 -0400] "POST /wp-admin/admin-ajax.php?action=async_litespeed&nonce=X2Sx3h1I6dtK0Mw3VeTY9meNvmm4Woeh&litespeed_type=imgoptm HTTP/1.1" 200 21 "-" "WordPress/6.8.1; https://ppclaunchers.com"
143.198.88.205 - - [22/May/2025:16:33:03 -0400] "GET /wp/wp-admin/install.php HTTP/1.1" 404 12418 "-" "Mozilla/5.0 (Macintosh; Intel Mac OS X 10_10_1) AppleWebKit/537.36 (KHTML, like Gecko) Chrome/39.0.2171.95 Safari/537.36"
198.54.116.161 - - [22/May/2025:16:33:23 -0400] "POST /wp-cron.php?doing_wp_cron=1747946003.7271299362182617187500 HTTP/1.1" 200 0 "-" "WordPress/6.8.1; https://ppclaunchers.com"
143.198.88.205 - - [22/May/2025:16:33:23 -0400] "GET /new/wp-admin/install.php HTTP/1.1" 404 12416 "-" "Mozilla/5.0 (Macintosh; Intel Mac OS X 10_10_1) AppleWebKit/537.36 (KHTML, like Gecko) Chrome/39.0.2171.95 Safari/537.36"
198.54.116.161 - - [22/May/2025:16:34:08 -0400] "POST /wp-cron.php?doing_wp_cron=1747946048.4596829414367675781250 HTTP/1.1" 200 0 "-" "WordPress/6.8.1; https://ppclaunchers.com"
143.198.88.205 - - [22/May/2025:16:34:08 -0400] "GET /wordpress/wp-admin/install.php HTTP/1.1" 404 12418 "-" "Mozilla/5.0 (Macintosh; Intel Mac OS X 10_10_1) AppleWebKit/537.36 (KHTML, like Gecko) Chrome/39.0.2171.95 Safari/537.36"
198.54.116.161 - - [22/May/2025:16:34:25 -0400] "POST /wp-cron.php?doing_wp_cron=1747946065.1578450202941894531250 HTTP/1.1" 200 0 "-" "WordPress/6.8.1; https://ppclaunchers.com"
143.198.88.205 - - [22/May/2025:16:34:24 -0400] "GET /test/wp-admin/install.php HTTP/1.1" 404 12418 "-" "Mozilla/5.0 (Macintosh; Intel Mac OS X 10_10_1) AppleWebKit/537.36 (KHTML, like Gecko) Chrome/39.0.2171.95 Safari/537.36"
198.54.116.161 - - [22/May/2025:16:34:25 -0400] "POST /wp-admin/admin-ajax.php?action=async_litespeed&nonce=JGIkwVdVLMA5RXah0SCbL5CwFD3oc5WQ&litespeed_type=imgoptm HTTP/1.1" 200 21 "-" "WordPress/6.8.1; https://ppclaunchers.com"
198.54.116.161 - - [22/May/2025:16:32:45 -0400] "POST /wp-cron.php?doing_wp_cron=1747945965.3077630996704101562500 HTTP/1.1" 200 0 "-" "WordPress/6.8.1; https://ppclaunchers.com"
198.54.116.161 - - [22/May/2025:16:33:23 -0400] "POST /wp-admin/admin-ajax.php?action=async_litespeed&nonce=efJ3CdkHzQIvGRbm9op2JmdwWjGOoROU&litespeed_type=imgoptm HTTP/1.1" 200 21 "-" "WordPress/6.8.1; https://ppclaunchers.com"
143.198.88.205 - - [22/May/2025:16:33:43 -0400] "GET /old/wp-admin/install.php HTTP/1.1" 404 12418 "-" "Mozilla/5.0 (Macintosh; Intel Mac OS X 10_10_1) AppleWebKit/537.36 (KHTML, like Gecko) Chrome/39.0.2171.95 Safari/537.36"
143.198.88.205 - - [22/May/2025:16:35:01 -0400] "GET /cms/wp-admin/install.php HTTP/1.1" 404 12418 "-" "Mozilla/5.0 (Macintosh; Intel Mac OS X 10_10_1) AppleWebKit/537.36 (KHTML, like Gecko) Chrome/39.0.2171.95 Safari/537.36"
143.198.88.205 - - [22/May/2025:16:35:57 -0400] "GET /site/wp-admin/install.php HTTP/1.1" 404 12418 "-" "Mozilla/5.0 (Macintosh; Intel Mac OS X 10_10_1) AppleWebKit/537.36 (KHTML, like Gecko) Chrome/39.0.2171.95 Safari/537.36"
198.54.116.161 - - [22/May/2025:16:36:16 -0400] "POST /wp-cron.php?doing_wp_cron=1747946176.6393001079559326171875 HTTP/1.1" 200 0 "-" "WordPress/6.8.1; https://ppclaunchers.com"
198.54.116.161 - - [22/May/2025:16:36:16 -0400] "POST /wp-admin/admin-ajax.php?action=async_litespeed&nonce=gzq9FNJrU710LYWAAVoOfhCPVEBeXAZ6&litespeed_type=imgoptm HTTP/1.1" 200 21 "-" "WordPress/6.8.1; https://ppclaunchers.com"
143.198.88.205 - - [22/May/2025:16:34:44 -0400] "GET /blog/wp-admin/install.php HTTP/1.1" 404 12418 "-" "Mozilla/5.0 (Macintosh; Intel Mac OS X 10_10_1) AppleWebKit/537.36 (KHTML, like Gecko) Chrome/39.0.2171.95 Safari/537.36"
198.54.116.161 - - [22/May/2025:16:35:01 -0400] "POST /wp-cron.php?doing_wp_cron=1747946101.6077980995178222656250 HTTP/1.1" 200 0 "-" "WordPress/6.8.1; https://ppclaunchers.com"
198.54.116.161 - - [22/May/2025:16:35:23 -0400] "POST /wp-cron.php?doing_wp_cron=1747946122.9940190315246582031250 HTTP/1.1" 200 0 "-" "WordPress/6.8.1; https://ppclaunchers.com"
143.198.88.205 - - [22/May/2025:16:35:22 -0400] "GET /web/wp-admin/install.php HTTP/1.1" 404 12417 "-" "Mozilla/5.0 (Macintosh; Intel Mac OS X 10_10_1) AppleWebKit/537.36 (KHTML, like Gecko) Chrome/39.0.2171.95 Safari/537.36"
198.54.116.161 - - [22/May/2025:16:35:23 -0400] "POST /wp-admin/admin-ajax.php?action=async_litespeed&nonce=3eOxK8SLh5kRVkcwMZFbHqvZFREettYe&litespeed_type=imgoptm HTTP/1.1" 200 21 "-" "WordPress/6.8.1; https://ppclaunchers.com"
143.198.88.205 - - [22/May/2025:16:35:40 -0400] "GET /backup/wp-admin/install.php HTTP/1.1" 404 12418 "-" "Mozilla/5.0 (Macintosh; Intel Mac OS X 10_10_1) AppleWebKit/537.36 (KHTML, like Gecko) Chrome/39.0.2171.95 Safari/537.36"
198.54.116.161 - - [22/May/2025:16:35:57 -0400] "POST /wp-cron.php?doing_wp_cron=1747946157.6505820751190185546875 HTTP/1.1" 200 0 "-" "WordPress/6.8.1; https://ppclaunchers.com"
143.198.88.205 - - [22/May/2025:16:36:16 -0400] "GET /oldsite/wp-admin/install.php HTTP/1.1" 404 12418 "-" "Mozilla/5.0 (Macintosh; Intel Mac OS X 10_10_1) AppleWebKit/537.36 (KHTML, like Gecko) Chrome/39.0.2171.95 Safari/537.36"
198.54.116.161 - - [22/May/2025:17:56:34 -0400] "POST /wp-cron.php?doing_wp_cron=1747950994.2133109569549560546875 HTTP/1.1" 200 0 "-" "WordPress/6.8.1; https://ppclaunchers.com"
47.128.49.119 - - [22/May/2025:18:02:47 -0400] "GET / HTTP/1.1" 200 18431 "-" "Mozilla/5.0 (Linux; Android 5.0) AppleWebKit/537.36 (KHTML, like Gecko) Mobile Safari/537.36 (compatible; Bytespider; spider-feedback@bytedance.com)"
47.128.49.119 - - [22/May/2025:18:02:48 -0400] "GET /wp-content/uploads/elementor/css/custom-frontend.min.css?ver=1726222340 HTTP/1.1" 200 6889 "https://ppclaunchers.com/" "Mozilla/5.0 (Linux; Android 5.0) AppleWebKit/537.36 (KHTML, like Gecko) Mobile Safari/537.36 (compatible; Bytespider; spider-feedback@bytedance.com)"
47.128.49.119 - - [22/May/2025:18:02:48 -0400] "GET /wp-content/uploads/elementor/css/post-12.css?ver=1726222339 HTTP/1.1" 200 1918 "https://ppclaunchers.com/" "Mozilla/5.0 (Linux; Android 5.0) AppleWebKit/537.36 (KHTML, like Gecko) Mobile Safari/537.36 (compatible; Bytespider; spider-feedback@bytedance.com)"
47.128.49.119 - - [22/May/2025:18:02:48 -0400] "GET /wp-content/plugins/metform/public/assets/lib/cute-alert/style.css?ver=3.9.8 HTTP/1.1" 200 1064 "https://ppclaunchers.com/" "Mozilla/5.0 (Linux; Android 5.0) AppleWebKit/537.36 (KHTML, like Gecko) Mobile Safari/537.36 (compatible; Bytespider; spider-feedback@bytedance.com)"
47.128.49.119 - - [22/May/2025:18:02:48 -0400] "GET /wp-content/themes/hello-elementor/theme.min.css?ver=3.4.2 HTTP/1.1" 200 1158 "https://ppclaunchers.com/" "Mozilla/5.0 (Linux; Android 5.0) AppleWebKit/537.36 (KHTML, like Gecko) Mobile Safari/537.36 (compatible; Bytespider; spider-feedback@bytedance.com)"
