18.213.27.222 - - [22/May/2025:14:52:27 -0400] "GET /virtual-assistant-services/lead-generation-appointment-setter/ HTTP/1.1" 200 16894 "-" "Mozilla/5.0 AppleWebKit/537.36 (KHTML, like Gecko; compatible; Amazonbot/0.1; +https://developer.amazon.com/support/amazonbot) Chrome/119.0.6045.214 Safari/537.36"
103.68.63.23 - - [22/May/2025:14:50:32 -0400] "GET / HTTP/1.1" 301 0 "-" "Mozilla/5.0 (Ubuntu; Linux i686) AppleWebKit/537.36 (KHTML, like Gecko) Chrome/120.0.0.0 Safari/537.36"
198.54.114.35 - - [22/May/2025:15:01:46 -0400] "POST /wp-cron.php?doing_wp_cron=1747940506.8177740573883056640625 HTTP/1.1" 200 0 "-" "WordPress/6.8.1; https://socialdigiinnovator.com"
198.54.114.35 - - [22/May/2025:15:02:30 -0400] "POST /wp-cron.php?doing_wp_cron=1747940550.0132141113281250000000 HTTP/1.1" 200 0 "-" "WordPress/6.8.1; https://socialdigiinnovator.com"
119.155.245.17 - - [22/May/2025:15:02:29 -0400] "GET / HTTP/1.1" 200 9978 "-" "WhatsApp/3.0.0.0 A"
119.155.245.17 - - [22/May/2025:15:02:29 -0400] "GET / HTTP/1.1" 200 9978 "-" "WhatsApp/3.0.0.0 A"
119.155.245.17 - - [22/May/2025:15:02:30 -0400] "GET /talk HTTP/1.1" 301 0 "-" "WhatsApp/3.0.0.0 A"
119.155.245.17 - - [22/May/2025:15:02:31 -0400] "GET /wp-content/uploads/2022/08/cropped-cropped-Logo-Presentation-Final-06-2-300x241-1-200x200.png HTTP/1.1" 200 3210 "-" "WhatsApp/3.0.0.0 A"
52.3.104.214 - - [22/May/2025:15:01:42 -0400] "GET /technical-services/web-ada-comply/ HTTP/1.1" 200 16474 "-" "Mozilla/5.0 AppleWebKit/537.36 (KHTML, like Gecko; compatible; Amazonbot/0.1; +https://developer.amazon.com/support/amazonbot) Chrome/119.0.6045.214 Safari/537.36"
119.155.245.17 - - [22/May/2025:15:02:31 -0400] "GET /talk/ HTTP/1.1" 200 17854 "-" "WhatsApp/3.0.0.0 A"
198.54.114.35 - - [22/May/2025:15:11:56 -0400] "POST /wp-cron.php?doing_wp_cron=1747941116.2919878959655761718750 HTTP/1.1" 200 0 "-" "WordPress/6.8.1; https://socialdigiinnovator.com"
182.42.104.32 - - [22/May/2025:15:11:52 -0400] "GET / HTTP/1.1" 200 26175 "http://socialdigiinnovator.com" "Mozilla/5.0 (iPhone; CPU iPhone OS 13_2_3 like Mac OS X) AppleWebKit/605.1.15 (KHTML, like Gecko) Version/13.0.3 Mobile/15E148 Safari/604.1"
81.107.112.200 - - [22/May/2025:15:15:35 -0400] "GET /xmlrpc.php HTTP/1.1" 403 1242 "http://socialdigiinnovator.com/xmlrpc.php" "Mozilla/5.0 (Windows NT 6.3; WOW64; rv:43.0) Gecko/20100101 Firefox/43.0"
198.54.114.35 - - [22/May/2025:15:35:27 -0400] "POST /wp-cron.php?doing_wp_cron=1747942527.7104310989379882812500 HTTP/1.1" 200 0 "-" "WordPress/6.8.1; https://socialdigiinnovator.com"
34.133.110.199 - - [22/May/2025:15:35:28 -0400] "HEAD / HTTP/1.1" 200 0 "http://socialdigiinnovator.com/" "Mozilla/5.0 (Windows NT 10.0; Win64; x64) AppleWebKit/537.36 (KHTML, like Gecko) Chrome/74.0.3729.169 Safari/537.36"
34.133.110.199 - - [22/May/2025:15:35:28 -0400] "HEAD /wp HTTP/1.1" 404 0 "http://socialdigiinnovator.com/wp" "Mozilla/5.0 (Windows NT 10.0; Win64; x64) AppleWebKit/537.36 (KHTML, like Gecko) Chrome/74.0.3729.169 Safari/537.36"
34.133.110.199 - - [22/May/2025:15:35:29 -0400] "HEAD /bc HTTP/1.1" 404 0 "http://socialdigiinnovator.com/bc" "Mozilla/5.0 (Windows NT 10.0; Win64; x64) AppleWebKit/537.36 (KHTML, like Gecko) Chrome/74.0.3729.169 Safari/537.36"
34.133.110.199 - - [22/May/2025:15:35:30 -0400] "HEAD /backup HTTP/1.1" 404 0 "http://socialdigiinnovator.com/backup" "Mozilla/5.0 (Windows NT 10.0; Win64; x64) AppleWebKit/537.36 (KHTML, like Gecko) Chrome/74.0.3729.169 Safari/537.36"
34.133.110.199 - - [22/May/2025:15:35:31 -0400] "HEAD /old HTTP/1.1" 404 0 "http://socialdigiinnovator.com/old" "Mozilla/5.0 (Windows NT 10.0; Win64; x64) AppleWebKit/537.36 (KHTML, like Gecko) Chrome/74.0.3729.169 Safari/537.36"
34.133.110.199 - - [22/May/2025:15:35:31 -0400] "HEAD /new HTTP/1.1" 404 0 "http://socialdigiinnovator.com/new" "Mozilla/5.0 (Windows NT 10.0; Win64; x64) AppleWebKit/537.36 (KHTML, like Gecko) Chrome/74.0.3729.169 Safari/537.36"
34.133.110.199 - - [22/May/2025:15:35:32 -0400] "HEAD /main HTTP/1.1" 404 0 "http://socialdigiinnovator.com/main" "Mozilla/5.0 (Windows NT 10.0; Win64; x64) AppleWebKit/537.36 (KHTML, like Gecko) Chrome/74.0.3729.169 Safari/537.36"
34.133.110.199 - - [22/May/2025:15:35:32 -0400] "HEAD /home HTTP/1.1" 301 0 "http://socialdigiinnovator.com/home" "Mozilla/5.0 (Windows NT 10.0; Win64; x64) AppleWebKit/537.36 (KHTML, like Gecko) Chrome/74.0.3729.169 Safari/537.36"
34.133.110.199 - - [22/May/2025:15:35:22 -0400] "HEAD /wordpress HTTP/1.1" 404 0 "http://socialdigiinnovator.com/wordpress" "Mozilla/5.0 (Windows NT 10.0; Win64; x64) AppleWebKit/537.36 (KHTML, like Gecko) Chrome/74.0.3729.169 Safari/537.36"
34.133.110.199 - - [22/May/2025:15:35:29 -0400] "HEAD /bk HTTP/1.1" 404 0 "http://socialdigiinnovator.com/bk" "Mozilla/5.0 (Windows NT 10.0; Win64; x64) AppleWebKit/537.36 (KHTML, like Gecko) Chrome/74.0.3729.169 Safari/537.36"
34.133.110.199 - - [22/May/2025:15:35:33 -0400] "HEAD / HTTP/1.1" 200 0 "https://socialdigiinnovator.com/home" "Mozilla/5.0 (Windows NT 10.0; Win64; x64) AppleWebKit/537.36 (KHTML, like Gecko) Chrome/74.0.3729.169 Safari/537.36"
198.54.114.35 - - [22/May/2025:15:45:00 -0400] "POST /wp-cron.php?doing_wp_cron=1747943100.5710499286651611328125 HTTP/1.1" 200 0 "-" "WordPress/6.8.1; https://socialdigiinnovator.com"
66.249.73.100 - - [22/May/2025:15:45:09 -0400] "GET /wp-content/plugins/elementor-pro/assets/css/conditionals/transitions.min.css?ver=3.29.0 HTTP/1.1" 200 599 "https://socialdigiinnovator.com/" "Mozilla/5.0 (Linux; Android 6.0.1; Nexus 5X Build/MMB29P) AppleWebKit/537.36 (KHTML, like Gecko) Chrome/136.0.7103.92 Mobile Safari/537.36 (compatible; Googlebot/2.1; +http://www.google.com/bot.html)"
45.141.87.177 - - [22/May/2025:15:52:43 -0400] "GET /wp-content/themes/homey/js/homey-ajax.js HTTP/1.1" 404 33572 "-" "Mozilla/5.0 (Macintosh; Intel Mac OS X 10_15_7) AppleWebKit/605.1.15 (KHTML, like Gecko) Version/17.5 Safari/605.1.15"
2a03:2880:31ff:5d:: - - [22/May/2025:15:52:44 -0400] "GET / HTTP/1.1" 200 26173 "-" "facebookexternalhit/1.1 (+http://www.facebook.com/externalhit_uatext.php)"
198.54.114.35 - - [22/May/2025:15:53:55 -0400] "POST /wp-cron.php?doing_wp_cron=1747943635.8145759105682373046875 HTTP/1.1" 200 0 "-" "WordPress/6.8.1; https://socialdigiinnovator.com"
2a03:2880:30ff:73:: - - [22/May/2025:15:53:52 -0400] "GET /?fbclid=IwZXh0bgNhZW0CMTEAAR7ngDDzRQA8j1vf3Hosp1RX3WJB587yJ8QFudNP07CTjuOJ4lfdQf6CQWsbQQ_aem_3nOSTNiGoSQz0wz1Wz08dw HTTP/1.1" 200 26174 "-" "Mozilla/5.0 (Windows NT 10.0; Win64; x64) AppleWebKit/537.36 (KHTML, like Gecko) Chrome/136.0.0.0 Safari/537.36"
2a03:2880:30ff:8:: - - [22/May/2025:15:53:57 -0400] "GET /wp-content/plugins/contact-form-7/includes/css/styles.css?ver=6.0.6 HTTP/1.1" 200 890 "https://socialdigiinnovator.com/?fbclid=IwZXh0bgNhZW0CMTEAAR7ngDDzRQA8j1vf3Hosp1RX3WJB587yJ8QFudNP07CTjuOJ4lfdQf6CQWsbQQ_aem_3nOSTNiGoSQz0wz1Wz08dw" "Mozilla/5.0 (Windows NT 10.0; Win64; x64) AppleWebKit/537.36 (KHTML, like Gecko) Chrome/136.0.0.0 Safari/537.36"
2a03:2880:30ff:4:: - - [22/May/2025:15:53:57 -0400] "GET /wp-content/plugins/depicter/resources/styles/player/depicter-pre.css?ver=1746475589 HTTP/1.1" 200 884 "https://socialdigiinnovator.com/?fbclid=IwZXh0bgNhZW0CMTEAAR7ngDDzRQA8j1vf3Hosp1RX3WJB587yJ8QFudNP07CTjuOJ4lfdQf6CQWsbQQ_aem_3nOSTNiGoSQz0wz1Wz08dw" "Mozilla/5.0 (Windows NT 10.0; Win64; x64) AppleWebKit/537.36 (KHTML, like Gecko) Chrome/136.0.0.0 Safari/537.36"
2a03:2880:30ff:7:: - - [22/May/2025:15:53:57 -0400] "GET /wp-content/uploads/depicter/css/135.css?ver=1747768304 HTTP/1.1" 200 714 "https://socialdigiinnovator.com/?fbclid=IwZXh0bgNhZW0CMTEAAR7ngDDzRQA8j1vf3Hosp1RX3WJB587yJ8QFudNP07CTjuOJ4lfdQf6CQWsbQQ_aem_3nOSTNiGoSQz0wz1Wz08dw" "Mozilla/5.0 (Windows NT 10.0; Win64; x64) AppleWebKit/537.36 (KHTML, like Gecko) Chrome/136.0.0.0 Safari/537.36"
2a03:2880:30ff:: - - [22/May/2025:15:53:59 -0400] "GET /wp-content/themes/phlox-pro/css/auxin-icon.css?ver=5.17.6 HTTP/1.1" 200 7959 "https://socialdigiinnovator.com/?fbclid=IwZXh0bgNhZW0CMTEAAR7ngDDzRQA8j1vf3Hosp1RX3WJB587yJ8QFudNP07CTjuOJ4lfdQf6CQWsbQQ_aem_3nOSTNiGoSQz0wz1Wz08dw" "Mozilla/5.0 (Windows NT 10.0; Win64; x64) AppleWebKit/537.36 (KHTML, like Gecko) Chrome/136.0.0.0 Safari/537.36"
2a03:2880:30ff:5:: - - [22/May/2025:15:53:59 -0400] "GET /wp-content/themes/phlox-pro/css/main.css?ver=5.17.6 HTTP/1.1" 200 83775 "https://socialdigiinnovator.com/?fbclid=IwZXh0bgNhZW0CMTEAAR7ngDDzRQA8j1vf3Hosp1RX3WJB587yJ8QFudNP07CTjuOJ4lfdQf6CQWsbQQ_aem_3nOSTNiGoSQz0wz1Wz08dw" "Mozilla/5.0 (Windows NT 10.0; Win64; x64) AppleWebKit/537.36 (KHTML, like Gecko) Chrome/136.0.0.0 Safari/537.36"
2a03:2880:30ff:44:: - - [22/May/2025:15:54:00 -0400] "GET /wp-content/plugins/elementor/assets/lib/eicons/css/elementor-icons.min.css?ver=5.40.0 HTTP/1.1" 200 3983 "https://socialdigiinnovator.com/?fbclid=IwZXh0bgNhZW0CMTEAAR7ngDDzRQA8j1vf3Hosp1RX3WJB587yJ8QFudNP07CTjuOJ4lfdQf6CQWsbQQ_aem_3nOSTNiGoSQz0wz1Wz08dw" "Mozilla/5.0 (Windows NT 10.0; Win64; x64) AppleWebKit/537.36 (KHTML, like Gecko) Chrome/136.0.0.0 Safari/537.36"
66.249.73.102 - - [22/May/2025:15:44:56 -0400] "GET / HTTP/1.1" 200 26045 "-" "Mozilla/5.0 (compatible; Googlebot/2.1; +http://www.google.com/bot.html)"
66.249.73.101 - - [22/May/2025:15:45:03 -0400] "GET / HTTP/1.1" 200 26117 "-" "Mozilla/5.0 (Linux; Android 6.0.1; Nexus 5X Build/MMB29P) AppleWebKit/537.36 (KHTML, like Gecko) Chrome/99.0.4844.84 Mobile Safari/537.36 (compatible; Googlebot/2.1; +http://www.google.com/bot.html)"
66.249.73.100 - - [22/May/2025:15:45:14 -0400] "GET /wp-content/uploads/depicter/css/135.css?ver=1747008000 HTTP/1.1" 200 714 "https://socialdigiinnovator.com/" "Mozilla/5.0 (Linux; Android 6.0.1; Nexus 5X Build/MMB29P) AppleWebKit/537.36 (KHTML, like Gecko) Chrome/136.0.7103.92 Mobile Safari/537.36 (compatible; Googlebot/2.1; +http://www.google.com/bot.html)"
198.54.114.35 - - [22/May/2025:15:48:45 -0400] "POST /wp-cron.php?doing_wp_cron=1747943325.4974789619445800781250 HTTP/1.1" 200 0 "-" "WordPress/6.8.1; https://socialdigiinnovator.com"
185.191.171.16 - - [22/May/2025:15:48:39 -0400] "GET /tortiled8ec87/de920974.html HTTP/1.1" 404 15046 "-" "Mozilla/5.0 (compatible; SemrushBot/7~bl; +http://www.semrush.com/bot.html)"
198.54.114.35 - - [22/May/2025:15:52:48 -0400] "POST /wp-cron.php?doing_wp_cron=1747943568.8245000839233398437500 HTTP/1.1" 200 0 "-" "WordPress/6.8.1; https://socialdigiinnovator.com"
198.54.114.35 - - [22/May/2025:15:52:48 -0400] "POST /wp-cron.php?doing_wp_cron=1747943568.8244740962982177734375 HTTP/1.1" 200 0 "-" "WordPress/6.8.1; https://socialdigiinnovator.com"
2a03:2880:30ff:7:: - - [22/May/2025:15:53:57 -0400] "GET /wp-content/plugins/depicter/resources/styles/player/depicter.css?ver=1746475589 HTTP/1.1" 200 3448 "https://socialdigiinnovator.com/?fbclid=IwZXh0bgNhZW0CMTEAAR7ngDDzRQA8j1vf3Hosp1RX3WJB587yJ8QFudNP07CTjuOJ4lfdQf6CQWsbQQ_aem_3nOSTNiGoSQz0wz1Wz08dw" "Mozilla/5.0 (Windows NT 10.0; Win64; x64) AppleWebKit/537.36 (KHTML, like Gecko) Chrome/136.0.0.0 Safari/537.36"
2a03:2880:30ff:44:: - - [22/May/2025:15:53:58 -0400] "GET /wp-content/themes/phlox-pro/css/base.css?ver=5.17.6 HTTP/1.1" 200 18187 "https://socialdigiinnovator.com/?fbclid=IwZXh0bgNhZW0CMTEAAR7ngDDzRQA8j1vf3Hosp1RX3WJB587yJ8QFudNP07CTjuOJ4lfdQf6CQWsbQQ_aem_3nOSTNiGoSQz0wz1Wz08dw" "Mozilla/5.0 (Windows NT 10.0; Win64; x64) AppleWebKit/537.36 (KHTML, like Gecko) Chrome/136.0.0.0 Safari/537.36"
2a03:2880:30ff:44:: - - [22/May/2025:15:54:00 -0400] "GET /wp-content/uploads/elementor/css/post-86.css?ver=1747767258 HTTP/1.1" 200 421 "https://socialdigiinnovator.com/?fbclid=IwZXh0bgNhZW0CMTEAAR7ngDDzRQA8j1vf3Hosp1RX3WJB587yJ8QFudNP07CTjuOJ4lfdQf6CQWsbQQ_aem_3nOSTNiGoSQz0wz1Wz08dw" "Mozilla/5.0 (Windows NT 10.0; Win64; x64) AppleWebKit/537.36 (KHTML, like Gecko) Chrome/136.0.0.0 Safari/537.36"
2a03:2880:30ff:42:: - - [22/May/2025:15:54:01 -0400] "GET /wp-content/plugins/auxin-elements/admin/assets/css/elementor-widgets.css?ver=2.17.6 HTTP/1.1" 200 109 "https://socialdigiinnovator.com/?fbclid=IwZXh0bgNhZW0CMTEAAR7ngDDzRQA8j1vf3Hosp1RX3WJB587yJ8QFudNP07CTjuOJ4lfdQf6CQWsbQQ_aem_3nOSTNiGoSQz0wz1Wz08dw" "Mozilla/5.0 (Windows NT 10.0; Win64; x64) AppleWebKit/537.36 (KHTML, like Gecko) Chrome/136.0.0.0 Safari/537.36"
2a03:2880:30ff:: - - [22/May/2025:15:54:01 -0400] "GET /wp-includes/js/mediaelement/mediaelementplayer-legacy.min.css?ver=4.2.17 HTTP/1.1" 200 2394 "https://socialdigiinnovator.com/?fbclid=IwZXh0bgNhZW0CMTEAAR7ngDDzRQA8j1vf3Hosp1RX3WJB587yJ8QFudNP07CTjuOJ4lfdQf6CQWsbQQ_aem_3nOSTNiGoSQz0wz1Wz08dw" "Mozilla/5.0 (Windows NT 10.0; Win64; x64) AppleWebKit/537.36 (KHTML, like Gecko) Chrome/136.0.0.0 Safari/537.36"
2a03:2880:30ff:5:: - - [22/May/2025:15:54:02 -0400] "GET /wp-content/plugins/elementor-pro/assets/css/widget-call-to-action.min.css?ver=3.29.0 HTTP/1.1" 200 1376 "https://socialdigiinnovator.com/?fbclid=IwZXh0bgNhZW0CMTEAAR7ngDDzRQA8j1vf3Hosp1RX3WJB587yJ8QFudNP07CTjuOJ4lfdQf6CQWsbQQ_aem_3nOSTNiGoSQz0wz1Wz08dw" "Mozilla/5.0 (Windows NT 10.0; Win64; x64) AppleWebKit/537.36 (KHTML, like Gecko) Chrome/136.0.0.0 Safari/537.36"
2a03:2880:30ff:: - - [22/May/2025:15:54:00 -0400] "GET /wp-content/plugins/elementor/assets/css/frontend.min.css?ver=3.29.0 HTTP/1.1" 200 6472 "https://socialdigiinnovator.com/?fbclid=IwZXh0bgNhZW0CMTEAAR7ngDDzRQA8j1vf3Hosp1RX3WJB587yJ8QFudNP07CTjuOJ4lfdQf6CQWsbQQ_aem_3nOSTNiGoSQz0wz1Wz08dw" "Mozilla/5.0 (Windows NT 10.0; Win64; x64) AppleWebKit/537.36 (KHTML, like Gecko) Chrome/136.0.0.0 Safari/537.36"
2a03:2880:30ff:5:: - - [22/May/2025:15:54:01 -0400] "GET /wp-includes/js/mediaelement/wp-mediaelement.min.css?ver=6.8.1 HTTP/1.1" 200 982 "https://socialdigiinnovator.com/?fbclid=IwZXh0bgNhZW0CMTEAAR7ngDDzRQA8j1vf3Hosp1RX3WJB587yJ8QFudNP07CTjuOJ4lfdQf6CQWsbQQ_aem_3nOSTNiGoSQz0wz1Wz08dw" "Mozilla/5.0 (Windows NT 10.0; Win64; x64) AppleWebKit/537.36 (KHTML, like Gecko) Chrome/136.0.0.0 Safari/537.36"
2a03:2880:30ff:71:: - - [22/May/2025:15:54:01 -0400] "GET /wp-content/plugins/elementor/assets/lib/font-awesome/css/all.min.css?ver=3.29.0 HTTP/1.1" 200 12380 "https://socialdigiinnovator.com/?fbclid=IwZXh0bgNhZW0CMTEAAR7ngDDzRQA8j1vf3Hosp1RX3WJB587yJ8QFudNP07CTjuOJ4lfdQf6CQWsbQQ_aem_3nOSTNiGoSQz0wz1Wz08dw" "Mozilla/5.0 (Windows NT 10.0; Win64; x64) AppleWebKit/537.36 (KHTML, like Gecko) Chrome/136.0.0.0 Safari/537.36"
2a03:2880:30ff:: - - [22/May/2025:15:54:01 -0400] "GET /wp-content/plugins/elementor/assets/lib/font-awesome/css/v4-shims.min.css?ver=3.29.0 HTTP/1.1" 200 3987 "https://socialdigiinnovator.com/?fbclid=IwZXh0bgNhZW0CMTEAAR7ngDDzRQA8j1vf3Hosp1RX3WJB587yJ8QFudNP07CTjuOJ4lfdQf6CQWsbQQ_aem_3nOSTNiGoSQz0wz1Wz08dw" "Mozilla/5.0 (Windows NT 10.0; Win64; x64) AppleWebKit/537.36 (KHTML, like Gecko) Chrome/136.0.0.0 Safari/537.36"
2a03:2880:30ff:71:: - - [22/May/2025:15:54:02 -0400] "GET /wp-content/plugins/elementor-pro/assets/css/conditionals/transitions.min.css?ver=3.29.0 HTTP/1.1" 200 599 "https://socialdigiinnovator.com/?fbclid=IwZXh0bgNhZW0CMTEAAR7ngDDzRQA8j1vf3Hosp1RX3WJB587yJ8QFudNP07CTjuOJ4lfdQf6CQWsbQQ_aem_3nOSTNiGoSQz0wz1Wz08dw" "Mozilla/5.0 (Windows NT 10.0; Win64; x64) AppleWebKit/537.36 (KHTML, like Gecko) Chrome/136.0.0.0 Safari/537.36"
2a03:2880:30ff:: - - [22/May/2025:15:54:02 -0400] "GET /wp-content/plugins/elementor/assets/css/widget-counter.min.css?ver=3.29.0 HTTP/1.1" 200 234 "https://socialdigiinnovator.com/?fbclid=IwZXh0bgNhZW0CMTEAAR7ngDDzRQA8j1vf3Hosp1RX3WJB587yJ8QFudNP07CTjuOJ4lfdQf6CQWsbQQ_aem_3nOSTNiGoSQz0wz1Wz08dw" "Mozilla/5.0 (Windows NT 10.0; Win64; x64) AppleWebKit/537.36 (KHTML, like Gecko) Chrome/136.0.0.0 Safari/537.36"
2a03:2880:30ff:73:: - - [22/May/2025:15:54:03 -0400] "GET /wp-content/plugins/elementor/assets/lib/swiper/v8/css/swiper.min.css?ver=8.4.5 HTTP/1.1" 200 4248 "https://socialdigiinnovator.com/?fbclid=IwZXh0bgNhZW0CMTEAAR7ngDDzRQA8j1vf3Hosp1RX3WJB587yJ8QFudNP07CTjuOJ4lfdQf6CQWsbQQ_aem_3nOSTNiGoSQz0wz1Wz08dw" "Mozilla/5.0 (Windows NT 10.0; Win64; x64) AppleWebKit/537.36 (KHTML, like Gecko) Chrome/136.0.0.0 Safari/537.36"
2a03:2880:30ff:73:: - - [22/May/2025:15:54:04 -0400] "GET /wp-content/plugins/elementor/assets/css/widget-image-carousel.min.css?ver=3.29.0 HTTP/1.1" 200 163 "https://socialdigiinnovator.com/?fbclid=IwZXh0bgNhZW0CMTEAAR7ngDDzRQA8j1vf3Hosp1RX3WJB587yJ8QFudNP07CTjuOJ4lfdQf6CQWsbQQ_aem_3nOSTNiGoSQz0wz1Wz08dw" "Mozilla/5.0 (Windows NT 10.0; Win64; x64) AppleWebKit/537.36 (KHTML, like Gecko) Chrome/136.0.0.0 Safari/537.36"
2a03:2880:30ff:: - - [22/May/2025:15:54:05 -0400] "GET /wp-content/uploads/elementor/css/post-84.css?ver=1747767259 HTTP/1.1" 200 1153 "https://socialdigiinnovator.com/?fbclid=IwZXh0bgNhZW0CMTEAAR7ngDDzRQA8j1vf3Hosp1RX3WJB587yJ8QFudNP07CTjuOJ4lfdQf6CQWsbQQ_aem_3nOSTNiGoSQz0wz1Wz08dw" "Mozilla/5.0 (Windows NT 10.0; Win64; x64) AppleWebKit/537.36 (KHTML, like Gecko) Chrome/136.0.0.0 Safari/537.36"
2a03:2880:30ff:: - - [22/May/2025:15:54:03 -0400] "GET /wp-content/plugins/elementor/assets/css/widget-image.min.css?ver=3.29.0 HTTP/1.1" 200 254 "https://socialdigiinnovator.com/?fbclid=IwZXh0bgNhZW0CMTEAAR7ngDDzRQA8j1vf3Hosp1RX3WJB587yJ8QFudNP07CTjuOJ4lfdQf6CQWsbQQ_aem_3nOSTNiGoSQz0wz1Wz08dw" "Mozilla/5.0 (Windows NT 10.0; Win64; x64) AppleWebKit/537.36 (KHTML, like Gecko) Chrome/136.0.0.0 Safari/537.36"
2a03:2880:30ff:: - - [22/May/2025:15:54:03 -0400] "GET /wp-content/plugins/elementor/assets/css/conditionals/e-swiper.min.css?ver=3.29.0 HTTP/1.1" 200 699 "https://socialdigiinnovator.com/?fbclid=IwZXh0bgNhZW0CMTEAAR7ngDDzRQA8j1vf3Hosp1RX3WJB587yJ8QFudNP07CTjuOJ4lfdQf6CQWsbQQ_aem_3nOSTNiGoSQz0wz1Wz08dw" "Mozilla/5.0 (Windows NT 10.0; Win64; x64) AppleWebKit/537.36 (KHTML, like Gecko) Chrome/136.0.0.0 Safari/537.36"
2a03:2880:30ff:: - - [22/May/2025:15:54:04 -0400] "GET /wp-content/uploads/elementor/css/post-83.css?ver=1747767259 HTTP/1.1" 200 1512 "https://socialdigiinnovator.com/?fbclid=IwZXh0bgNhZW0CMTEAAR7ngDDzRQA8j1vf3Hosp1RX3WJB587yJ8QFudNP07CTjuOJ4lfdQf6CQWsbQQ_aem_3nOSTNiGoSQz0wz1Wz08dw" "Mozilla/5.0 (Windows NT 10.0; Win64; x64) AppleWebKit/537.36 (KHTML, like Gecko) Chrome/136.0.0.0 Safari/537.36"
2a03:2880:30ff:: - - [22/May/2025:15:54:04 -0400] "GET /wp-content/uploads/elementor/css/post-85.css?ver=1747768301 HTTP/1.1" 200 6048 "https://socialdigiinnovator.com/?fbclid=IwZXh0bgNhZW0CMTEAAR7ngDDzRQA8j1vf3Hosp1RX3WJB587yJ8QFudNP07CTjuOJ4lfdQf6CQWsbQQ_aem_3nOSTNiGoSQz0wz1Wz08dw" "Mozilla/5.0 (Windows NT 10.0; Win64; x64) AppleWebKit/537.36 (KHTML, like Gecko) Chrome/136.0.0.0 Safari/537.36"
2a03:2880:30ff:73:: - - [22/May/2025:15:54:04 -0400] "GET /wp-content/uploads/phlox-pro/custom.css?ver=7.3 HTTP/1.1" 200 1618 "https://socialdigiinnovator.com/?fbclid=IwZXh0bgNhZW0CMTEAAR7ngDDzRQA8j1vf3Hosp1RX3WJB587yJ8QFudNP07CTjuOJ4lfdQf6CQWsbQQ_aem_3nOSTNiGoSQz0wz1Wz08dw" "Mozilla/5.0 (Windows NT 10.0; Win64; x64) AppleWebKit/537.36 (KHTML, like Gecko) Chrome/136.0.0.0 Safari/537.36"
2a03:2880:30ff:: - - [22/May/2025:15:54:04 -0400] "GET /wp-content/themes/phlox-pro-child/style.css?ver=5.17.6 HTTP/1.1" 200 217 "https://socialdigiinnovator.com/?fbclid=IwZXh0bgNhZW0CMTEAAR7ngDDzRQA8j1vf3Hosp1RX3WJB587yJ8QFudNP07CTjuOJ4lfdQf6CQWsbQQ_aem_3nOSTNiGoSQz0wz1Wz08dw" "Mozilla/5.0 (Windows NT 10.0; Win64; x64) AppleWebKit/537.36 (KHTML, like Gecko) Chrome/136.0.0.0 Safari/537.36"
2a03:2880:30ff:: - - [22/May/2025:15:54:04 -0400] "GET /wp-content/themes/phlox-pro/css/go-pricing.css?ver=5.17.6 HTTP/1.1" 200 1355 "https://socialdigiinnovator.com/?fbclid=IwZXh0bgNhZW0CMTEAAR7ngDDzRQA8j1vf3Hosp1RX3WJB587yJ8QFudNP07CTjuOJ4lfdQf6CQWsbQQ_aem_3nOSTNiGoSQz0wz1Wz08dw" "Mozilla/5.0 (Windows NT 10.0; Win64; x64) AppleWebKit/537.36 (KHTML, like Gecko) Chrome/136.0.0.0 Safari/537.36"
2a03:2880:30ff:73:: - - [22/May/2025:15:54:05 -0400] "GET /wp-content/themes/phlox-pro/css/other/elementor.css?ver=5.17.6 HTTP/1.1" 200 229 "https://socialdigiinnovator.com/?fbclid=IwZXh0bgNhZW0CMTEAAR7ngDDzRQA8j1vf3Hosp1RX3WJB587yJ8QFudNP07CTjuOJ4lfdQf6CQWsbQQ_aem_3nOSTNiGoSQz0wz1Wz08dw" "Mozilla/5.0 (Windows NT 10.0; Win64; x64) AppleWebKit/537.36 (KHTML, like Gecko) Chrome/136.0.0.0 Safari/537.36"
2a03:2880:30ff:73:: - - [22/May/2025:15:54:07 -0400] "GET /wp-content/uploads/elementor/google-fonts/css/nunito.css?ver=1742245159 HTTP/1.1" 200 724 "https://socialdigiinnovator.com/?fbclid=IwZXh0bgNhZW0CMTEAAR7ngDDzRQA8j1vf3Hosp1RX3WJB587yJ8QFudNP07CTjuOJ4lfdQf6CQWsbQQ_aem_3nOSTNiGoSQz0wz1Wz08dw" "Mozilla/5.0 (Windows NT 10.0; Win64; x64) AppleWebKit/537.36 (KHTML, like Gecko) Chrome/136.0.0.0 Safari/537.36"
2a03:2880:30ff:: - - [22/May/2025:15:54:08 -0400] "GET /wp-content/uploads/elementor/google-fonts/css/ubuntu.css?ver=1742243701 HTTP/1.1" 200 805 "https://socialdigiinnovator.com/?fbclid=IwZXh0bgNhZW0CMTEAAR7ngDDzRQA8j1vf3Hosp1RX3WJB587yJ8QFudNP07CTjuOJ4lfdQf6CQWsbQQ_aem_3nOSTNiGoSQz0wz1Wz08dw" "Mozilla/5.0 (Windows NT 10.0; Win64; x64) AppleWebKit/537.36 (KHTML, like Gecko) Chrome/136.0.0.0 Safari/537.36"
2a03:2880:30ff:: - - [22/May/2025:15:54:05 -0400] "GET /wp-content/uploads/elementor/google-fonts/css/roboto.css?ver=1742243672 HTTP/1.1" 200 1871 "https://socialdigiinnovator.com/?fbclid=IwZXh0bgNhZW0CMTEAAR7ngDDzRQA8j1vf3Hosp1RX3WJB587yJ8QFudNP07CTjuOJ4lfdQf6CQWsbQQ_aem_3nOSTNiGoSQz0wz1Wz08dw" "Mozilla/5.0 (Windows NT 10.0; Win64; x64) AppleWebKit/537.36 (KHTML, like Gecko) Chrome/136.0.0.0 Safari/537.36"
2a03:2880:30ff:: - - [22/May/2025:15:54:07 -0400] "GET /wp-content/uploads/elementor/google-fonts/css/quicksand.css?ver=1742243705 HTTP/1.1" 200 450 "https://socialdigiinnovator.com/?fbclid=IwZXh0bgNhZW0CMTEAAR7ngDDzRQA8j1vf3Hosp1RX3WJB587yJ8QFudNP07CTjuOJ4lfdQf6CQWsbQQ_aem_3nOSTNiGoSQz0wz1Wz08dw" "Mozilla/5.0 (Windows NT 10.0; Win64; x64) AppleWebKit/537.36 (KHTML, like Gecko) Chrome/136.0.0.0 Safari/537.36"
2a03:2880:30ff:: - - [22/May/2025:15:54:07 -0400] "GET /wp-content/uploads/elementor/google-fonts/css/robotoslab.css?ver=1742243687 HTTP/1.1" 200 703 "https://socialdigiinnovator.com/?fbclid=IwZXh0bgNhZW0CMTEAAR7ngDDzRQA8j1vf3Hosp1RX3WJB587yJ8QFudNP07CTjuOJ4lfdQf6CQWsbQQ_aem_3nOSTNiGoSQz0wz1Wz08dw" "Mozilla/5.0 (Windows NT 10.0; Win64; x64) AppleWebKit/537.36 (KHTML, like Gecko) Chrome/136.0.0.0 Safari/537.36"
2a03:2880:30ff:: - - [22/May/2025:15:54:08 -0400] "GET /wp-content/plugins/elementor/assets/lib/font-awesome/css/fontawesome.min.css?ver=5.15.3 HTTP/1.1" 200 12164 "https://socialdigiinnovator.com/?fbclid=IwZXh0bgNhZW0CMTEAAR7ngDDzRQA8j1vf3Hosp1RX3WJB587yJ8QFudNP07CTjuOJ4lfdQf6CQWsbQQ_aem_3nOSTNiGoSQz0wz1Wz08dw" "Mozilla/5.0 (Windows NT 10.0; Win64; x64) AppleWebKit/537.36 (KHTML, like Gecko) Chrome/136.0.0.0 Safari/537.36"
2a03:2880:30ff:73:: - - [22/May/2025:15:54:08 -0400] "GET /wp-content/plugins/elementor/assets/lib/font-awesome/css/solid.min.css?ver=5.15.3 HTTP/1.1" 200 286 "https://socialdigiinnovator.com/?fbclid=IwZXh0bgNhZW0CMTEAAR7ngDDzRQA8j1vf3Hosp1RX3WJB587yJ8QFudNP07CTjuOJ4lfdQf6CQWsbQQ_aem_3nOSTNiGoSQz0wz1Wz08dw" "Mozilla/5.0 (Windows NT 10.0; Win64; x64) AppleWebKit/537.36 (KHTML, like Gecko) Chrome/136.0.0.0 Safari/537.36"
2a03:2880:30ff:: - - [22/May/2025:15:54:08 -0400] "GET /wp-content/plugins/elementor/assets/lib/font-awesome/css/brands.min.css?ver=5.15.3 HTTP/1.1" 200 284 "https://socialdigiinnovator.com/?fbclid=IwZXh0bgNhZW0CMTEAAR7ngDDzRQA8j1vf3Hosp1RX3WJB587yJ8QFudNP07CTjuOJ4lfdQf6CQWsbQQ_aem_3nOSTNiGoSQz0wz1Wz08dw" "Mozilla/5.0 (Windows NT 10.0; Win64; x64) AppleWebKit/537.36 (KHTML, like Gecko) Chrome/136.0.0.0 Safari/537.36"
2a03:2880:30ff:: - - [22/May/2025:15:54:09 -0400] "GET /wp-content/themes/phlox-pro/js/solo/modernizr-custom.min.js?ver=5.17.6 HTTP/1.1" 200 5864 "https://socialdigiinnovator.com/?fbclid=IwZXh0bgNhZW0CMTEAAR7ngDDzRQA8j1vf3Hosp1RX3WJB587yJ8QFudNP07CTjuOJ4lfdQf6CQWsbQQ_aem_3nOSTNiGoSQz0wz1Wz08dw" "Mozilla/5.0 (Windows NT 10.0; Win64; x64) AppleWebKit/537.36 (KHTML, like Gecko) Chrome/136.0.0.0 Safari/537.36"
2a03:2880:30ff:73:: - - [22/May/2025:15:54:10 -0400] "GET /wp-content/uploads/elementor/google-fonts/fonts/ubuntu-4ics6kvjbnbylgokfw72.woff2 HTTP/1.1" 200 34852 "https://socialdigiinnovator.com/wp-content/uploads/elementor/google-fonts/css/ubuntu.css?ver=1742243701" "Mozilla/5.0 (Windows NT 10.0; Win64; x64) AppleWebKit/537.36 (KHTML, like Gecko) Chrome/136.0.0.0 Safari/537.36"
2a03:2880:30ff:8:: - - [22/May/2025:15:54:10 -0400] "GET /wp-content/plugins/elementor/assets/css/widget-heading.min.css?ver=3.29.0 HTTP/1.1" 200 154 "https://socialdigiinnovator.com/?fbclid=IwZXh0bgNhZW0CMTEAAR7ngDDzRQA8j1vf3Hosp1RX3WJB587yJ8QFudNP07CTjuOJ4lfdQf6CQWsbQQ_aem_3nOSTNiGoSQz0wz1Wz08dw" "Mozilla/5.0 (Windows NT 10.0; Win64; x64) AppleWebKit/537.36 (KHTML, like Gecko) Chrome/136.0.0.0 Safari/537.36"
2a03:2880:30ff:: - - [22/May/2025:15:54:08 -0400] "GET /wp-includes/js/jquery/jquery.min.js?ver=3.7.1 HTTP/1.1" 200 29744 "https://socialdigiinnovator.com/?fbclid=IwZXh0bgNhZW0CMTEAAR7ngDDzRQA8j1vf3Hosp1RX3WJB587yJ8QFudNP07CTjuOJ4lfdQf6CQWsbQQ_aem_3nOSTNiGoSQz0wz1Wz08dw" "Mozilla/5.0 (Windows NT 10.0; Win64; x64) AppleWebKit/537.36 (KHTML, like Gecko) Chrome/136.0.0.0 Safari/537.36"
2a03:2880:30ff:73:: - - [22/May/2025:15:54:08 -0400] "GET /wp-includes/js/jquery/jquery-migrate.min.js?ver=3.4.1 HTTP/1.1" 200 4678 "https://socialdigiinnovator.com/?fbclid=IwZXh0bgNhZW0CMTEAAR7ngDDzRQA8j1vf3Hosp1RX3WJB587yJ8QFudNP07CTjuOJ4lfdQf6CQWsbQQ_aem_3nOSTNiGoSQz0wz1Wz08dw" "Mozilla/5.0 (Windows NT 10.0; Win64; x64) AppleWebKit/537.36 (KHTML, like Gecko) Chrome/136.0.0.0 Safari/537.36"
2a03:2880:30ff:: - - [22/May/2025:15:54:09 -0400] "GET /wp-content/plugins/auxin-pro-tools/admin/assets/js/elementor/widgets.js?ver=1.9.5 HTTP/1.1" 200 394 "https://socialdigiinnovator.com/?fbclid=IwZXh0bgNhZW0CMTEAAR7ngDDzRQA8j1vf3Hosp1RX3WJB587yJ8QFudNP07CTjuOJ4lfdQf6CQWsbQQ_aem_3nOSTNiGoSQz0wz1Wz08dw" "Mozilla/5.0 (Windows NT 10.0; Win64; x64) AppleWebKit/537.36 (KHTML, like Gecko) Chrome/136.0.0.0 Safari/537.36"
2a03:2880:30ff:73:: - - [22/May/2025:15:54:09 -0400] "GET /wp-content/plugins/elementor/assets/lib/font-awesome/js/v4-shims.min.js?ver=3.29.0 HTTP/1.1" 200 4042 "https://socialdigiinnovator.com/?fbclid=IwZXh0bgNhZW0CMTEAAR7ngDDzRQA8j1vf3Hosp1RX3WJB587yJ8QFudNP07CTjuOJ4lfdQf6CQWsbQQ_aem_3nOSTNiGoSQz0wz1Wz08dw" "Mozilla/5.0 (Windows NT 10.0; Win64; x64) AppleWebKit/537.36 (KHTML, like Gecko) Chrome/136.0.0.0 Safari/537.36"
2a03:2880:30ff:73:: - - [22/May/2025:15:54:09 -0400] "GET /wp-content/uploads/2022/09/1-300x300.png HTTP/1.1" 200 18635 "https://socialdigiinnovator.com/?fbclid=IwZXh0bgNhZW0CMTEAAR7ngDDzRQA8j1vf3Hosp1RX3WJB587yJ8QFudNP07CTjuOJ4lfdQf6CQWsbQQ_aem_3nOSTNiGoSQz0wz1Wz08dw" "Mozilla/5.0 (Windows NT 10.0; Win64; x64) AppleWebKit/537.36 (KHTML, like Gecko) Chrome/136.0.0.0 Safari/537.36"
2a03:2880:30ff:70:: - - [22/May/2025:15:54:09 -0400] "GET /wp-content/uploads/2022/09/1.webp HTTP/1.1" 404 28813 "https://socialdigiinnovator.com/?fbclid=IwZXh0bgNhZW0CMTEAAR7ngDDzRQA8j1vf3Hosp1RX3WJB587yJ8QFudNP07CTjuOJ4lfdQf6CQWsbQQ_aem_3nOSTNiGoSQz0wz1Wz08dw" "Mozilla/5.0 (Windows NT 10.0; Win64; x64) AppleWebKit/537.36 (KHTML, like Gecko) Chrome/136.0.0.0 Safari/537.36"
2a03:2880:30ff:8:: - - [22/May/2025:15:54:12 -0400] "GET /wp-includes/js/masonry.min.js?ver=4.2.2 HTTP/1.1" 200 7117 "https://socialdigiinnovator.com/?fbclid=IwZXh0bgNhZW0CMTEAAR7ngDDzRQA8j1vf3Hosp1RX3WJB587yJ8QFudNP07CTjuOJ4lfdQf6CQWsbQQ_aem_3nOSTNiGoSQz0wz1Wz08dw" "Mozilla/5.0 (Windows NT 10.0; Win64; x64) AppleWebKit/537.36 (KHTML, like Gecko) Chrome/136.0.0.0 Safari/537.36"
2a03:2880:30ff:73:: - - [22/May/2025:15:54:12 -0400] "GET /wp-content/themes/phlox-pro/js/plugins.min.js?ver=5.17.6 HTTP/1.1" 200 141965 "https://socialdigiinnovator.com/?fbclid=IwZXh0bgNhZW0CMTEAAR7ngDDzRQA8j1vf3Hosp1RX3WJB587yJ8QFudNP07CTjuOJ4lfdQf6CQWsbQQ_aem_3nOSTNiGoSQz0wz1Wz08dw" "Mozilla/5.0 (Windows NT 10.0; Win64; x64) AppleWebKit/537.36 (KHTML, like Gecko) Chrome/136.0.0.0 Safari/537.36"
2a03:2880:30ff:7:: - - [22/May/2025:15:54:12 -0400] "GET /wp-content/themes/phlox-pro/js/scripts.min.js?ver=5.17.6 HTTP/1.1" 200 13587 "https://socialdigiinnovator.com/?fbclid=IwZXh0bgNhZW0CMTEAAR7ngDDzRQA8j1vf3Hosp1RX3WJB587yJ8QFudNP07CTjuOJ4lfdQf6CQWsbQQ_aem_3nOSTNiGoSQz0wz1Wz08dw" "Mozilla/5.0 (Windows NT 10.0; Win64; x64) AppleWebKit/537.36 (KHTML, like Gecko) Chrome/136.0.0.0 Safari/537.36"
2a03:2880:30ff:7:: - - [22/May/2025:15:54:13 -0400] "GET /wp-includes/js/mediaelement/mediaelement-and-player.min.js?ver=4.2.17 HTTP/1.1" 200 36433 "https://socialdigiinnovator.com/?fbclid=IwZXh0bgNhZW0CMTEAAR7ngDDzRQA8j1vf3Hosp1RX3WJB587yJ8QFudNP07CTjuOJ4lfdQf6CQWsbQQ_aem_3nOSTNiGoSQz0wz1Wz08dw" "Mozilla/5.0 (Windows NT 10.0; Win64; x64) AppleWebKit/537.36 (KHTML, like Gecko) Chrome/136.0.0.0 Safari/537.36"
2a03:2880:30ff:: - - [22/May/2025:15:54:09 -0400] "GET /wp-content/uploads/2022/09/elementor/thumbs/2-1-pvdwa72vq5yedtmnnfiiqsvglvj4vj7srmzj5y316g.png HTTP/1.1" 404 33556 "https://socialdigiinnovator.com/?fbclid=IwZXh0bgNhZW0CMTEAAR7ngDDzRQA8j1vf3Hosp1RX3WJB587yJ8QFudNP07CTjuOJ4lfdQf6CQWsbQQ_aem_3nOSTNiGoSQz0wz1Wz08dw" "Mozilla/5.0 (Windows NT 10.0; Win64; x64) AppleWebKit/537.36 (KHTML, like Gecko) Chrome/136.0.0.0 Safari/537.36"
2a03:2880:30ff:8:: - - [22/May/2025:15:54:11 -0400] "GET /wp-content/plugins/elementor/assets/css/widget-google_maps.min.css?ver=3.29.0 HTTP/1.1" 200 117 "https://socialdigiinnovator.com/?fbclid=IwZXh0bgNhZW0CMTEAAR7ngDDzRQA8j1vf3Hosp1RX3WJB587yJ8QFudNP07CTjuOJ4lfdQf6CQWsbQQ_aem_3nOSTNiGoSQz0wz1Wz08dw" "Mozilla/5.0 (Windows NT 10.0; Win64; x64) AppleWebKit/537.36 (KHTML, like Gecko) Chrome/136.0.0.0 Safari/537.36"
2a03:2880:30ff:8:: - - [22/May/2025:15:54:11 -0400] "GET /wp-includes/js/imagesloaded.min.js?ver=5.0.0 HTTP/1.1" 200 1687 "https://socialdigiinnovator.com/?fbclid=IwZXh0bgNhZW0CMTEAAR7ngDDzRQA8j1vf3Hosp1RX3WJB587yJ8QFudNP07CTjuOJ4lfdQf6CQWsbQQ_aem_3nOSTNiGoSQz0wz1Wz08dw" "Mozilla/5.0 (Windows NT 10.0; Win64; x64) AppleWebKit/537.36 (KHTML, like Gecko) Chrome/136.0.0.0 Safari/537.36"
2a03:2880:30ff:73:: - - [22/May/2025:15:54:10 -0400] "GET /wp-content/uploads/2022/09/2.webp HTTP/1.1" 404 33508 "https://socialdigiinnovator.com/?fbclid=IwZXh0bgNhZW0CMTEAAR7ngDDzRQA8j1vf3Hosp1RX3WJB587yJ8QFudNP07CTjuOJ4lfdQf6CQWsbQQ_aem_3nOSTNiGoSQz0wz1Wz08dw" "Mozilla/5.0 (Windows NT 10.0; Win64; x64) AppleWebKit/537.36 (KHTML, like Gecko) Chrome/136.0.0.0 Safari/537.36"
2a03:2880:30ff:3:: - - [22/May/2025:15:54:11 -0400] "GET /wp-content/uploads/2022/09/3.webp HTTP/1.1" 404 33494 "https://socialdigiinnovator.com/?fbclid=IwZXh0bgNhZW0CMTEAAR7ngDDzRQA8j1vf3Hosp1RX3WJB587yJ8QFudNP07CTjuOJ4lfdQf6CQWsbQQ_aem_3nOSTNiGoSQz0wz1Wz08dw" "Mozilla/5.0 (Windows NT 10.0; Win64; x64) AppleWebKit/537.36 (KHTML, like Gecko) Chrome/136.0.0.0 Safari/537.36"
2a03:2880:30ff:8:: - - [22/May/2025:15:54:12 -0400] "GET /wp-content/plugins/auxin-elements/admin/assets/js/elementor/widgets.js?ver=2.17.6 HTTP/1.1" 200 697 "https://socialdigiinnovator.com/?fbclid=IwZXh0bgNhZW0CMTEAAR7ngDDzRQA8j1vf3Hosp1RX3WJB587yJ8QFudNP07CTjuOJ4lfdQf6CQWsbQQ_aem_3nOSTNiGoSQz0wz1Wz08dw" "Mozilla/5.0 (Windows NT 10.0; Win64; x64) AppleWebKit/537.36 (KHTML, like Gecko) Chrome/136.0.0.0 Safari/537.36"
2a03:2880:30ff:8:: - - [22/May/2025:15:54:13 -0400] "GET /wp-content/themes/phlox-pro/css/fonts/fontastic/auxicon/auxin-front.woff HTTP/1.1" 200 131252 "https://socialdigiinnovator.com/wp-content/themes/phlox-pro/css/auxin-icon.css?ver=5.17.6" "Mozilla/5.0 (Windows NT 10.0; Win64; x64) AppleWebKit/537.36 (KHTML, like Gecko) Chrome/136.0.0.0 Safari/537.36"
2a03:2880:30ff:7:: - - [22/May/2025:15:54:14 -0400] "GET /wp-content/uploads/elementor/google-fonts/fonts/quicksand-6xktdszam9ie8kbpra_hk1qn.woff2 HTTP/1.1" 200 28360 "https://socialdigiinnovator.com/wp-content/uploads/elementor/google-fonts/css/quicksand.css?ver=1742243705" "Mozilla/5.0 (Windows NT 10.0; Win64; x64) AppleWebKit/537.36 (KHTML, like Gecko) Chrome/136.0.0.0 Safari/537.36"
2a03:2880:30ff:8:: - - [22/May/2025:15:54:15 -0400] "GET /wp-content/plugins/elementor/assets/lib/eicons/fonts/eicons.woff2?5.41.0 HTTP/1.1" 200 103012 "https://socialdigiinnovator.com/wp-content/plugins/elementor/assets/lib/eicons/css/elementor-icons.min.css?ver=5.40.0" "Mozilla/5.0 (Windows NT 10.0; Win64; x64) AppleWebKit/537.36 (KHTML, like Gecko) Chrome/136.0.0.0 Safari/537.36"
2a03:2880:30ff:73:: - - [22/May/2025:15:54:15 -0400] "GET /wp-includes/js/mediaelement/mediaelement-migrate.min.js?ver=6.8.1 HTTP/1.1" 200 479 "https://socialdigiinnovator.com/?fbclid=IwZXh0bgNhZW0CMTEAAR7ngDDzRQA8j1vf3Hosp1RX3WJB587yJ8QFudNP07CTjuOJ4lfdQf6CQWsbQQ_aem_3nOSTNiGoSQz0wz1Wz08dw" "Mozilla/5.0 (Windows NT 10.0; Win64; x64) AppleWebKit/537.36 (KHTML, like Gecko) Chrome/136.0.0.0 Safari/537.36"
2a03:2880:30ff:73:: - - [22/May/2025:15:54:13 -0400] "GET /wp-content/plugins/elementor/assets/lib/font-awesome/webfonts/fa-brands-400.woff2 HTTP/1.1" 200 81612 "https://socialdigiinnovator.com/wp-content/plugins/elementor/assets/lib/font-awesome/css/all.min.css?ver=3.29.0" "Mozilla/5.0 (Windows NT 10.0; Win64; x64) AppleWebKit/537.36 (KHTML, like Gecko) Chrome/136.0.0.0 Safari/537.36"
2a03:2880:30ff:73:: - - [22/May/2025:15:54:14 -0400] "GET /wp-content/uploads/elementor/google-fonts/fonts/ubuntu-4icv6kvjbnbylgoc1czjsgyn.woff2 HTTP/1.1" 200 38752 "https://socialdigiinnovator.com/wp-content/uploads/elementor/google-fonts/css/ubuntu.css?ver=1742243701" "Mozilla/5.0 (Windows NT 10.0; Win64; x64) AppleWebKit/537.36 (KHTML, like Gecko) Chrome/136.0.0.0 Safari/537.36"
2a03:2880:30ff:8:: - - [22/May/2025:15:54:14 -0400] "GET /wp-content/plugins/elementor/assets/lib/font-awesome/webfonts/fa-solid-900.woff2 HTTP/1.1" 200 78196 "https://socialdigiinnovator.com/wp-content/plugins/elementor/assets/lib/font-awesome/css/all.min.css?ver=3.29.0" "Mozilla/5.0 (Windows NT 10.0; Win64; x64) AppleWebKit/537.36 (KHTML, like Gecko) Chrome/136.0.0.0 Safari/537.36"
2a03:2880:30ff:7:: - - [22/May/2025:15:54:14 -0400] "GET /wp-content/uploads/elementor/google-fonts/fonts/ubuntu-4icv6kvjbnbylgocxcvjsgyn.woff2 HTTP/1.1" 200 29752 "https://socialdigiinnovator.com/wp-content/uploads/elementor/google-fonts/css/ubuntu.css?ver=1742243701" "Mozilla/5.0 (Windows NT 10.0; Win64; x64) AppleWebKit/537.36 (KHTML, like Gecko) Chrome/136.0.0.0 Safari/537.36"
2a03:2880:30ff:73:: - - [22/May/2025:15:54:15 -0400] "GET /wp-content/uploads/elementor/google-fonts/fonts/nunito-xrxv3i6li01bkofineab.woff2 HTTP/1.1" 200 39124 "https://socialdigiinnovator.com/wp-content/uploads/elementor/google-fonts/css/nunito.css?ver=1742245159" "Mozilla/5.0 (Windows NT 10.0; Win64; x64) AppleWebKit/537.36 (KHTML, like Gecko) Chrome/136.0.0.0 Safari/537.36"
2a03:2880:30ff:7:: - - [22/May/2025:15:54:15 -0400] "GET /wp-content/uploads/elementor/google-fonts/fonts/ubuntu-4icu6kvjbnbylgokej70l0k.woff2 HTTP/1.1" 200 36564 "https://socialdigiinnovator.com/wp-content/uploads/elementor/google-fonts/css/ubuntu.css?ver=1742243701" "Mozilla/5.0 (Windows NT 10.0; Win64; x64) AppleWebKit/537.36 (KHTML, like Gecko) Chrome/136.0.0.0 Safari/537.36"
2a03:2880:30ff:73:: - - [22/May/2025:15:54:16 -0400] "GET /wp-content/plugins/auxin-elements/public/assets/js/scripts.js?ver=2.17.6 HTTP/1.1" 200 2171 "https://socialdigiinnovator.com/?fbclid=IwZXh0bgNhZW0CMTEAAR7ngDDzRQA8j1vf3Hosp1RX3WJB587yJ8QFudNP07CTjuOJ4lfdQf6CQWsbQQ_aem_3nOSTNiGoSQz0wz1Wz08dw" "Mozilla/5.0 (Windows NT 10.0; Win64; x64) AppleWebKit/537.36 (KHTML, like Gecko) Chrome/136.0.0.0 Safari/537.36"
2a03:2880:30ff:73:: - - [22/May/2025:15:54:16 -0400] "GET /wp-content/plugins/elementor/assets/lib/jquery-numerator/jquery-numerator.min.js?ver=0.2.1 HTTP/1.1" 200 677 "https://socialdigiinnovator.com/?fbclid=IwZXh0bgNhZW0CMTEAAR7ngDDzRQA8j1vf3Hosp1RX3WJB587yJ8QFudNP07CTjuOJ4lfdQf6CQWsbQQ_aem_3nOSTNiGoSQz0wz1Wz08dw" "Mozilla/5.0 (Windows NT 10.0; Win64; x64) AppleWebKit/537.36 (KHTML, like Gecko) Chrome/136.0.0.0 Safari/537.36"
2a03:2880:30ff:7:: - - [22/May/2025:15:54:16 -0400] "GET /wp-includes/js/dist/hooks.min.js?ver=4d63a3d491d11ffd8ac6 HTTP/1.1" 200 1571 "https://socialdigiinnovator.com/?fbclid=IwZXh0bgNhZW0CMTEAAR7ngDDzRQA8j1vf3Hosp1RX3WJB587yJ8QFudNP07CTjuOJ4lfdQf6CQWsbQQ_aem_3nOSTNiGoSQz0wz1Wz08dw" "Mozilla/5.0 (Windows NT 10.0; Win64; x64) AppleWebKit/537.36 (KHTML, like Gecko) Chrome/136.0.0.0 Safari/537.36"
2a03:2880:30ff:3:: - - [22/May/2025:15:54:17 -0400] "GET /wp-content/plugins/auxin-pro-tools/public/assets/js/pro-tools.js?ver=1.9.5 HTTP/1.1" 200 1030 "https://socialdigiinnovator.com/?fbclid=IwZXh0bgNhZW0CMTEAAR7ngDDzRQA8j1vf3Hosp1RX3WJB587yJ8QFudNP07CTjuOJ4lfdQf6CQWsbQQ_aem_3nOSTNiGoSQz0wz1Wz08dw" "Mozilla/5.0 (Windows NT 10.0; Win64; x64) AppleWebKit/537.36 (KHTML, like Gecko) Chrome/136.0.0.0 Safari/537.36"
2a03:2880:30ff:3:: - - [22/May/2025:15:54:16 -0400] "GET /wp-includes/js/mediaelement/wp-mediaelement.min.js?ver=6.8.1 HTTP/1.1" 200 453 "https://socialdigiinnovator.com/?fbclid=IwZXh0bgNhZW0CMTEAAR7ngDDzRQA8j1vf3Hosp1RX3WJB587yJ8QFudNP07CTjuOJ4lfdQf6CQWsbQQ_aem_3nOSTNiGoSQz0wz1Wz08dw" "Mozilla/5.0 (Windows NT 10.0; Win64; x64) AppleWebKit/537.36 (KHTML, like Gecko) Chrome/136.0.0.0 Safari/537.36"
2a03:2880:30ff:7:: - - [22/May/2025:15:54:16 -0400] "GET /wp-content/plugins/auxin-elements/public/assets/js/plugins.min.js?ver=2.17.6 HTTP/1.1" 200 8942 "https://socialdigiinnovator.com/?fbclid=IwZXh0bgNhZW0CMTEAAR7ngDDzRQA8j1vf3Hosp1RX3WJB587yJ8QFudNP07CTjuOJ4lfdQf6CQWsbQQ_aem_3nOSTNiGoSQz0wz1Wz08dw" "Mozilla/5.0 (Windows NT 10.0; Win64; x64) AppleWebKit/537.36 (KHTML, like Gecko) Chrome/136.0.0.0 Safari/537.36"
2a03:2880:30ff:7:: - - [22/May/2025:15:54:19 -0400] "GET /wp-content/plugins/contact-form-7/includes/swv/js/index.js?ver=6.0.6 HTTP/1.1" 200 3369 "https://socialdigiinnovator.com/?fbclid=IwZXh0bgNhZW0CMTEAAR7ngDDzRQA8j1vf3Hosp1RX3WJB587yJ8QFudNP07CTjuOJ4lfdQf6CQWsbQQ_aem_3nOSTNiGoSQz0wz1Wz08dw" "Mozilla/5.0 (Windows NT 10.0; Win64; x64) AppleWebKit/537.36 (KHTML, like Gecko) Chrome/136.0.0.0 Safari/537.36"
2a03:2880:30ff:: - - [22/May/2025:15:54:19 -0400] "GET /wp-content/plugins/elementor/assets/js/webpack.runtime.min.js?ver=3.29.0 HTTP/1.1" 200 2323 "https://socialdigiinnovator.com/?fbclid=IwZXh0bgNhZW0CMTEAAR7ngDDzRQA8j1vf3Hosp1RX3WJB587yJ8QFudNP07CTjuOJ4lfdQf6CQWsbQQ_aem_3nOSTNiGoSQz0wz1Wz08dw" "Mozilla/5.0 (Windows NT 10.0; Win64; x64) AppleWebKit/537.36 (KHTML, like Gecko) Chrome/136.0.0.0 Safari/537.36"
2a03:2880:30ff:3:: - - [22/May/2025:15:54:19 -0400] "GET /wp-content/plugins/elementor/assets/js/frontend-modules.min.js?ver=3.29.0 HTTP/1.1" 200 14423 "https://socialdigiinnovator.com/?fbclid=IwZXh0bgNhZW0CMTEAAR7ngDDzRQA8j1vf3Hosp1RX3WJB587yJ8QFudNP07CTjuOJ4lfdQf6CQWsbQQ_aem_3nOSTNiGoSQz0wz1Wz08dw" "Mozilla/5.0 (Windows NT 10.0; Win64; x64) AppleWebKit/537.36 (KHTML, like Gecko) Chrome/136.0.0.0 Safari/537.36"
2a03:2880:30ff:73:: - - [22/May/2025:15:54:19 -0400] "GET /wp-content/plugins/elementor/assets/js/frontend.min.js?ver=3.29.0 HTTP/1.1" 200 10288 "https://socialdigiinnovator.com/?fbclid=IwZXh0bgNhZW0CMTEAAR7ngDDzRQA8j1vf3Hosp1RX3WJB587yJ8QFudNP07CTjuOJ4lfdQf6CQWsbQQ_aem_3nOSTNiGoSQz0wz1Wz08dw" "Mozilla/5.0 (Windows NT 10.0; Win64; x64) AppleWebKit/537.36 (KHTML, like Gecko) Chrome/136.0.0.0 Safari/537.36"
2a03:2880:30ff:5:: - - [22/May/2025:15:54:19 -0400] "GET /wp-includes/js/jquery/ui/core.min.js?ver=1.13.3 HTTP/1.1" 200 6812 "https://socialdigiinnovator.com/?fbclid=IwZXh0bgNhZW0CMTEAAR7ngDDzRQA8j1vf3Hosp1RX3WJB587yJ8QFudNP07CTjuOJ4lfdQf6CQWsbQQ_aem_3nOSTNiGoSQz0wz1Wz08dw" "Mozilla/5.0 (Windows NT 10.0; Win64; x64) AppleWebKit/537.36 (KHTML, like Gecko) Chrome/136.0.0.0 Safari/537.36"
2a03:2880:30ff:73:: - - [22/May/2025:15:54:20 -0400] "GET /wp-content/plugins/elementor-pro/assets/js/frontend.min.js?ver=3.29.0 HTTP/1.1" 200 6279 "https://socialdigiinnovator.com/?fbclid=IwZXh0bgNhZW0CMTEAAR7ngDDzRQA8j1vf3Hosp1RX3WJB587yJ8QFudNP07CTjuOJ4lfdQf6CQWsbQQ_aem_3nOSTNiGoSQz0wz1Wz08dw" "Mozilla/5.0 (Windows NT 10.0; Win64; x64) AppleWebKit/537.36 (KHTML, like Gecko) Chrome/136.0.0.0 Safari/537.36"
2a03:2880:30ff:3:: - - [22/May/2025:15:54:20 -0400] "GET /wp-content/uploads/2022/09/7402118-scaled-822x822.jpg HTTP/1.1" 200 53831 "https://socialdigiinnovator.com/?fbclid=IwZXh0bgNhZW0CMTEAAR7ngDDzRQA8j1vf3Hosp1RX3WJB587yJ8QFudNP07CTjuOJ4lfdQf6CQWsbQQ_aem_3nOSTNiGoSQz0wz1Wz08dw" "Mozilla/5.0 (Windows NT 10.0; Win64; x64) AppleWebKit/537.36 (KHTML, like Gecko) Chrome/136.0.0.0 Safari/537.36"
2a03:2880:30ff:7:: - - [22/May/2025:15:54:20 -0400] "GET /wp-content/uploads/2022/09/7-300x300.jpg HTTP/1.1" 200 12386 "https://socialdigiinnovator.com/?fbclid=IwZXh0bgNhZW0CMTEAAR7ngDDzRQA8j1vf3Hosp1RX3WJB587yJ8QFudNP07CTjuOJ4lfdQf6CQWsbQQ_aem_3nOSTNiGoSQz0wz1Wz08dw" "Mozilla/5.0 (Windows NT 10.0; Win64; x64) AppleWebKit/537.36 (KHTML, like Gecko) Chrome/136.0.0.0 Safari/537.36"
2a03:2880:30ff:73:: - - [22/May/2025:15:54:19 -0400] "GET /wp-content/plugins/contact-form-7/includes/js/index.js?ver=6.0.6 HTTP/1.1" 200 4008 "https://socialdigiinnovator.com/?fbclid=IwZXh0bgNhZW0CMTEAAR7ngDDzRQA8j1vf3Hosp1RX3WJB587yJ8QFudNP07CTjuOJ4lfdQf6CQWsbQQ_aem_3nOSTNiGoSQz0wz1Wz08dw" "Mozilla/5.0 (Windows NT 10.0; Win64; x64) AppleWebKit/537.36 (KHTML, like Gecko) Chrome/136.0.0.0 Safari/537.36"
2a03:2880:30ff:3:: - - [22/May/2025:15:54:19 -0400] "GET /wp-includes/js/dist/i18n.min.js?ver=5e580eb46a90c2b997e6 HTTP/1.1" 200 3542 "https://socialdigiinnovator.com/?fbclid=IwZXh0bgNhZW0CMTEAAR7ngDDzRQA8j1vf3Hosp1RX3WJB587yJ8QFudNP07CTjuOJ4lfdQf6CQWsbQQ_aem_3nOSTNiGoSQz0wz1Wz08dw" "Mozilla/5.0 (Windows NT 10.0; Win64; x64) AppleWebKit/537.36 (KHTML, like Gecko) Chrome/136.0.0.0 Safari/537.36"
2a03:2880:30ff:7:: - - [22/May/2025:15:54:19 -0400] "GET /wp-content/plugins/elementor/assets/lib/swiper/v8/swiper.min.js?ver=8.4.5 HTTP/1.1" 200 38152 "https://socialdigiinnovator.com/?fbclid=IwZXh0bgNhZW0CMTEAAR7ngDDzRQA8j1vf3Hosp1RX3WJB587yJ8QFudNP07CTjuOJ4lfdQf6CQWsbQQ_aem_3nOSTNiGoSQz0wz1Wz08dw" "Mozilla/5.0 (Windows NT 10.0; Win64; x64) AppleWebKit/537.36 (KHTML, like Gecko) Chrome/136.0.0.0 Safari/537.36"
2a03:2880:30ff:: - - [22/May/2025:15:54:19 -0400] "GET /wp-content/uploads/phlox-pro/custom.js?ver=3.3 HTTP/1.1" 200 279 "https://socialdigiinnovator.com/?fbclid=IwZXh0bgNhZW0CMTEAAR7ngDDzRQA8j1vf3Hosp1RX3WJB587yJ8QFudNP07CTjuOJ4lfdQf6CQWsbQQ_aem_3nOSTNiGoSQz0wz1Wz08dw" "Mozilla/5.0 (Windows NT 10.0; Win64; x64) AppleWebKit/537.36 (KHTML, like Gecko) Chrome/136.0.0.0 Safari/537.36"
2a03:2880:30ff:3:: - - [22/May/2025:15:54:20 -0400] "GET /wp-content/plugins/elementor-pro/assets/js/webpack-pro.runtime.min.js?ver=3.29.0 HTTP/1.1" 200 2621 "https://socialdigiinnovator.com/?fbclid=IwZXh0bgNhZW0CMTEAAR7ngDDzRQA8j1vf3Hosp1RX3WJB587yJ8QFudNP07CTjuOJ4lfdQf6CQWsbQQ_aem_3nOSTNiGoSQz0wz1Wz08dw" "Mozilla/5.0 (Windows NT 10.0; Win64; x64) AppleWebKit/537.36 (KHTML, like Gecko) Chrome/136.0.0.0 Safari/537.36"
2a03:2880:30ff:5:: - - [22/May/2025:15:54:20 -0400] "GET /wp-content/plugins/elementor-pro/assets/js/elements-handlers.min.js?ver=3.29.0 HTTP/1.1" 200 10221 "https://socialdigiinnovator.com/?fbclid=IwZXh0bgNhZW0CMTEAAR7ngDDzRQA8j1vf3Hosp1RX3WJB587yJ8QFudNP07CTjuOJ4lfdQf6CQWsbQQ_aem_3nOSTNiGoSQz0wz1Wz08dw" "Mozilla/5.0 (Windows NT 10.0; Win64; x64) AppleWebKit/537.36 (KHTML, like Gecko) Chrome/136.0.0.0 Safari/537.36"
2a03:2880:30ff:: - - [22/May/2025:15:54:20 -0400] "GET /wp-content/uploads/2022/09/8-300x300.jpg HTTP/1.1" 200 6391 "https://socialdigiinnovator.com/?fbclid=IwZXh0bgNhZW0CMTEAAR7ngDDzRQA8j1vf3Hosp1RX3WJB587yJ8QFudNP07CTjuOJ4lfdQf6CQWsbQQ_aem_3nOSTNiGoSQz0wz1Wz08dw" "Mozilla/5.0 (Windows NT 10.0; Win64; x64) AppleWebKit/537.36 (KHTML, like Gecko) Chrome/136.0.0.0 Safari/537.36"
2a03:2880:30ff:73:: - - [22/May/2025:15:54:20 -0400] "GET /wp-content/uploads/2022/09/6-300x300.jpg HTTP/1.1" 200 8202 "https://socialdigiinnovator.com/?fbclid=IwZXh0bgNhZW0CMTEAAR7ngDDzRQA8j1vf3Hosp1RX3WJB587yJ8QFudNP07CTjuOJ4lfdQf6CQWsbQQ_aem_3nOSTNiGoSQz0wz1Wz08dw" "Mozilla/5.0 (Windows NT 10.0; Win64; x64) AppleWebKit/537.36 (KHTML, like Gecko) Chrome/136.0.0.0 Safari/537.36"
2a03:2880:30ff:3:: - - [22/May/2025:15:54:20 -0400] "GET /wp-content/uploads/2022/09/4-300x300.jpg HTTP/1.1" 200 8631 "https://socialdigiinnovator.com/?fbclid=IwZXh0bgNhZW0CMTEAAR7ngDDzRQA8j1vf3Hosp1RX3WJB587yJ8QFudNP07CTjuOJ4lfdQf6CQWsbQQ_aem_3nOSTNiGoSQz0wz1Wz08dw" "Mozilla/5.0 (Windows NT 10.0; Win64; x64) AppleWebKit/537.36 (KHTML, like Gecko) Chrome/136.0.0.0 Safari/537.36"
2a03:2880:30ff:5:: - - [22/May/2025:15:54:20 -0400] "GET /wp-content/uploads/2022/09/3-300x300.jpg HTTP/1.1" 200 10181 "https://socialdigiinnovator.com/?fbclid=IwZXh0bgNhZW0CMTEAAR7ngDDzRQA8j1vf3Hosp1RX3WJB587yJ8QFudNP07CTjuOJ4lfdQf6CQWsbQQ_aem_3nOSTNiGoSQz0wz1Wz08dw" "Mozilla/5.0 (Windows NT 10.0; Win64; x64) AppleWebKit/537.36 (KHTML, like Gecko) Chrome/136.0.0.0 Safari/537.36"
2a03:2880:30ff:: - - [22/May/2025:15:54:20 -0400] "GET /wp-content/uploads/2022/09/5-300x300.png HTTP/1.1" 200 22959 "https://socialdigiinnovator.com/?fbclid=IwZXh0bgNhZW0CMTEAAR7ngDDzRQA8j1vf3Hosp1RX3WJB587yJ8QFudNP07CTjuOJ4lfdQf6CQWsbQQ_aem_3nOSTNiGoSQz0wz1Wz08dw" "Mozilla/5.0 (Windows NT 10.0; Win64; x64) AppleWebKit/537.36 (KHTML, like Gecko) Chrome/136.0.0.0 Safari/537.36"
2a03:2880:30ff:73:: - - [22/May/2025:15:54:20 -0400] "GET /wp-content/uploads/2022/09/1-300x300.jpg HTTP/1.1" 200 10811 "https://socialdigiinnovator.com/?fbclid=IwZXh0bgNhZW0CMTEAAR7ngDDzRQA8j1vf3Hosp1RX3WJB587yJ8QFudNP07CTjuOJ4lfdQf6CQWsbQQ_aem_3nOSTNiGoSQz0wz1Wz08dw" "Mozilla/5.0 (Windows NT 10.0; Win64; x64) AppleWebKit/537.36 (KHTML, like Gecko) Chrome/136.0.0.0 Safari/537.36"
2a03:2880:30ff:7:: - - [22/May/2025:15:54:20 -0400] "GET /wp-content/uploads/2022/09/2-300x300.png HTTP/1.1" 200 13208 "https://socialdigiinnovator.com/?fbclid=IwZXh0bgNhZW0CMTEAAR7ngDDzRQA8j1vf3Hosp1RX3WJB587yJ8QFudNP07CTjuOJ4lfdQf6CQWsbQQ_aem_3nOSTNiGoSQz0wz1Wz08dw" "Mozilla/5.0 (Windows NT 10.0; Win64; x64) AppleWebKit/537.36 (KHTML, like Gecko) Chrome/136.0.0.0 Safari/537.36"
2a03:2880:30ff:5:: - - [22/May/2025:15:54:21 -0400] "GET /wp-content/uploads/2022/09/10-300x300.jpeg HTTP/1.1" 200 9889 "https://socialdigiinnovator.com/?fbclid=IwZXh0bgNhZW0CMTEAAR7ngDDzRQA8j1vf3Hosp1RX3WJB587yJ8QFudNP07CTjuOJ4lfdQf6CQWsbQQ_aem_3nOSTNiGoSQz0wz1Wz08dw" "Mozilla/5.0 (Windows NT 10.0; Win64; x64) AppleWebKit/537.36 (KHTML, like Gecko) Chrome/136.0.0.0 Safari/537.36"
2a03:2880:30ff:73:: - - [22/May/2025:15:54:21 -0400] "GET /wp-content/plugins/depicter/resources/scripts/player/depicter.js?ver=1746475589 HTTP/1.1" 200 66896 "https://socialdigiinnovator.com/?fbclid=IwZXh0bgNhZW0CMTEAAR7ngDDzRQA8j1vf3Hosp1RX3WJB587yJ8QFudNP07CTjuOJ4lfdQf6CQWsbQQ_aem_3nOSTNiGoSQz0wz1Wz08dw" "Mozilla/5.0 (Windows NT 10.0; Win64; x64) AppleWebKit/537.36 (KHTML, like Gecko) Chrome/136.0.0.0 Safari/537.36"
2a03:2880:30ff:73:: - - [22/May/2025:15:54:22 -0400] "GET /wp-content/themes/phlox-pro/css/images/svg/symbols.svg HTTP/1.1" 200 4196 "https://socialdigiinnovator.com/wp-content/themes/phlox-pro/css/main.css?ver=5.17.6" "Mozilla/5.0 (Windows NT 10.0; Win64; x64) AppleWebKit/537.36 (KHTML, like Gecko) Chrome/136.0.0.0 Safari/537.36"
2a03:2880:30ff:3:: - - [22/May/2025:15:54:22 -0400] "GET /wp-includes/js/wp-emoji-release.min.js?ver=6.8.1 HTTP/1.1" 200 4771 "https://socialdigiinnovator.com/?fbclid=IwZXh0bgNhZW0CMTEAAR7ngDDzRQA8j1vf3Hosp1RX3WJB587yJ8QFudNP07CTjuOJ4lfdQf6CQWsbQQ_aem_3nOSTNiGoSQz0wz1Wz08dw" "Mozilla/5.0 (Windows NT 10.0; Win64; x64) AppleWebKit/537.36 (KHTML, like Gecko) Chrome/136.0.0.0 Safari/537.36"
2a03:2880:30ff:5:: - - [22/May/2025:15:54:23 -0400] "GET /wp-content/uploads/2022/08/cropped-cropped-Logo-Presentation-Final-06-2-300x241-1-100x100.png HTTP/1.1" 200 1706 "https://socialdigiinnovator.com/?fbclid=IwZXh0bgNhZW0CMTEAAR7ngDDzRQA8j1vf3Hosp1RX3WJB587yJ8QFudNP07CTjuOJ4lfdQf6CQWsbQQ_aem_3nOSTNiGoSQz0wz1Wz08dw" "Mozilla/5.0 (Windows NT 10.0; Win64; x64) AppleWebKit/537.36 (KHTML, like Gecko) Chrome/136.0.0.0 Safari/537.36"
2a03:2880:ff:c:: - - [22/May/2025:15:54:56 -0400] "GET /wp-content/uploads/2022/09/7402118-scaled-822x822.jpg HTTP/1.1" 200 53831 "-" "facebookexternalhit/1.1 (+http://www.facebook.com/externalhit_uatext.php)"
2a03:2880:15ff:: - - [22/May/2025:15:54:57 -0400] "GET /wp-content/uploads/2022/09/6-300x300.jpg HTTP/1.1" 200 8202 "-" "facebookexternalhit/1.1 (+http://www.facebook.com/externalhit_uatext.php)"
2a03:2880:13ff:70:: - - [22/May/2025:15:54:57 -0400] "GET /wp-content/uploads/2022/09/9-300x300.jpeg HTTP/1.1" 200 12115 "-" "facebookexternalhit/1.1 (+http://www.facebook.com/externalhit_uatext.php)"
2a03:2880:3ff:73:: - - [22/May/2025:15:54:54 -0400] "GET /?fbclid=IwZXh0bgNhZW0CMTEAAR7ngDDzRQA8j1vf3Hosp1RX3WJB587yJ8QFudNP07CTjuOJ4lfdQf6CQWsbQQ_aem_3nOSTNiGoSQz0wz1Wz08dw HTTP/1.1" 200 26173 "-" "facebookexternalhit/1.1 (+http://www.facebook.com/externalhit_uatext.php)"
47.82.60.44 - - [22/May/2025:15:54:19 -0400] "GET / HTTP/1.1" 200 26175 "https://socialdigiinnovator.com/" "Mozilla/5.0 (Windows NT 10.0; Win64; x64) AppleWebKit/537.36 (KHTML, like Gecko) Chrome/114.0.0.0 Safari/537.36 Edg/114.0.1823.43"
2a03:2880:30ff:3:: - - [22/May/2025:15:54:21 -0400] "GET /wp-content/uploads/2022/09/9-300x300.jpeg HTTP/1.1" 200 12115 "https://socialdigiinnovator.com/?fbclid=IwZXh0bgNhZW0CMTEAAR7ngDDzRQA8j1vf3Hosp1RX3WJB587yJ8QFudNP07CTjuOJ4lfdQf6CQWsbQQ_aem_3nOSTNiGoSQz0wz1Wz08dw" "Mozilla/5.0 (Windows NT 10.0; Win64; x64) AppleWebKit/537.36 (KHTML, like Gecko) Chrome/136.0.0.0 Safari/537.36"
2a03:2880:30ff:3:: - - [22/May/2025:15:54:21 -0400] "GET /wp-content/uploads/2022/08/cropped-cropped-Logo-Presentation-Final-06-2-300x241-2-150x150.png HTTP/1.1" 200 3280 "https://socialdigiinnovator.com/?fbclid=IwZXh0bgNhZW0CMTEAAR7ngDDzRQA8j1vf3Hosp1RX3WJB587yJ8QFudNP07CTjuOJ4lfdQf6CQWsbQQ_aem_3nOSTNiGoSQz0wz1Wz08dw" "Mozilla/5.0 (Windows NT 10.0; Win64; x64) AppleWebKit/537.36 (KHTML, like Gecko) Chrome/136.0.0.0 Safari/537.36"
2a03:2880:30ff:3:: - - [22/May/2025:15:54:22 -0400] "GET /wp-content/plugins/elementor/assets/js/text-editor.c084ef86600b6f11690d.bundle.min.js HTTP/1.1" 200 621 "https://socialdigiinnovator.com/?fbclid=IwZXh0bgNhZW0CMTEAAR7ngDDzRQA8j1vf3Hosp1RX3WJB587yJ8QFudNP07CTjuOJ4lfdQf6CQWsbQQ_aem_3nOSTNiGoSQz0wz1Wz08dw" "Mozilla/5.0 (Windows NT 10.0; Win64; x64) AppleWebKit/537.36 (KHTML, like Gecko) Chrome/136.0.0.0 Safari/537.36"
