119.155.245.17 - - [22/May/2025:16:31:24 -0400] "GET /wp-content/uploads/2022/09/2.webp HTTP/1.1" 404 33508 "https://socialdigiinnovator.com/" "Mozilla/5.0 (Windows NT 10.0; Win64; x64) AppleWebKit/537.36 (KHTML, like Gecko) Chrome/136.0.0.0 Safari/537.36"
119.155.245.17 - - [22/May/2025:16:31:26 -0400] "GET /wp-content/uploads/2022/09/6-300x300.jpg HTTP/1.1" 200 8202 "https://socialdigiinnovator.com/" "Mozilla/5.0 (Windows NT 10.0; Win64; x64) AppleWebKit/537.36 (KHTML, like Gecko) Chrome/136.0.0.0 Safari/537.36"
119.155.245.17 - - [22/May/2025:16:31:27 -0400] "GET /wp-content/uploads/2022/09/2-300x300.png HTTP/1.1" 200 13208 "https://socialdigiinnovator.com/" "Mozilla/5.0 (Windows NT 10.0; Win64; x64) AppleWebKit/537.36 (KHTML, like Gecko) Chrome/136.0.0.0 Safari/537.36"
119.155.245.17 - - [22/May/2025:16:31:24 -0400] "GET /wp-content/uploads/2022/09/1-300x300.png HTTP/1.1" 200 18635 "https://socialdigiinnovator.com/" "Mozilla/5.0 (Windows NT 10.0; Win64; x64) AppleWebKit/537.36 (KHTML, like Gecko) Chrome/136.0.0.0 Safari/537.36"
119.155.245.17 - - [22/May/2025:16:31:24 -0400] "GET /wp-content/uploads/2022/09/elementor/thumbs/2-1-pvdwa72vq5yedtmnnfiiqsvglvj4vj7srmzj5y316g.png HTTP/1.1" 404 33555 "https://socialdigiinnovator.com/" "Mozilla/5.0 (Windows NT 10.0; Win64; x64) AppleWebKit/537.36 (KHTML, like Gecko) Chrome/136.0.0.0 Safari/537.36"
119.155.245.17 - - [22/May/2025:16:31:24 -0400] "GET /talk/ HTTP/1.1" 200 17892 "-" "Mozilla/5.0 (Windows NT 10.0; Win64; x64) AppleWebKit/537.36 (KHTML, like Gecko) Chrome/136.0.0.0 Safari/537.36"
119.155.245.17 - - [22/May/2025:16:31:24 -0400] "GET /wp-content/uploads/2022/09/1.webp HTTP/1.1" 404 33509 "https://socialdigiinnovator.com/" "Mozilla/5.0 (Windows NT 10.0; Win64; x64) AppleWebKit/537.36 (KHTML, like Gecko) Chrome/136.0.0.0 Safari/537.36"
119.155.245.17 - - [22/May/2025:16:31:25 -0400] "GET /wp-content/uploads/2022/09/elementor/thumbs/2-1-pvdwa72vq5yedtmnnfiiqsvglvj4vj7srmzj5y316g.png HTTP/1.1" 404 28857 "https://socialdigiinnovator.com/" "Mozilla/5.0 (Windows NT 10.0; Win64; x64) AppleWebKit/537.36 (KHTML, like Gecko) Chrome/136.0.0.0 Safari/537.36"
119.155.245.17 - - [22/May/2025:16:31:25 -0400] "GET /wp-content/uploads/2022/09/1.webp HTTP/1.1" 404 33508 "https://socialdigiinnovator.com/" "Mozilla/5.0 (Windows NT 10.0; Win64; x64) AppleWebKit/537.36 (KHTML, like Gecko) Chrome/136.0.0.0 Safari/537.36"
119.155.245.17 - - [22/May/2025:16:31:25 -0400] "GET /wp-content/uploads/2022/09/3.webp HTTP/1.1" 404 33511 "https://socialdigiinnovator.com/" "Mozilla/5.0 (Windows NT 10.0; Win64; x64) AppleWebKit/537.36 (KHTML, like Gecko) Chrome/136.0.0.0 Safari/537.36"
119.155.245.17 - - [22/May/2025:16:31:26 -0400] "GET /wp-content/uploads/2022/09/2.webp HTTP/1.1" 404 33510 "https://socialdigiinnovator.com/" "Mozilla/5.0 (Windows NT 10.0; Win64; x64) AppleWebKit/537.36 (KHTML, like Gecko) Chrome/136.0.0.0 Safari/537.36"
119.155.245.17 - - [22/May/2025:16:31:27 -0400] "GET /wp-content/uploads/2022/09/1-300x300.jpg HTTP/1.1" 200 10811 "https://socialdigiinnovator.com/" "Mozilla/5.0 (Windows NT 10.0; Win64; x64) AppleWebKit/537.36 (KHTML, like Gecko) Chrome/136.0.0.0 Safari/537.36"
119.155.245.17 - - [22/May/2025:16:31:27 -0400] "GET /wp-content/uploads/2022/09/9-300x300.jpeg HTTP/1.1" 200 12115 "https://socialdigiinnovator.com/" "Mozilla/5.0 (Windows NT 10.0; Win64; x64) AppleWebKit/537.36 (KHTML, like Gecko) Chrome/136.0.0.0 Safari/537.36"
119.155.245.17 - - [22/May/2025:16:31:27 -0400] "GET /wp-content/plugins/depicter/resources/scripts/player/depicter.js?ver=1746475589 HTTP/1.1" 200 66896 "https://socialdigiinnovator.com/" "Mozilla/5.0 (Windows NT 10.0; Win64; x64) AppleWebKit/537.36 (KHTML, like Gecko) Chrome/136.0.0.0 Safari/537.36"
198.54.114.35 - - [22/May/2025:16:35:10 -0400] "POST /wp-cron.php?doing_wp_cron=1747946110.0688409805297851562500 HTTP/1.1" 200 0 "-" "WordPress/6.8.1; https://socialdigiinnovator.com"
54.147.238.89 - - [22/May/2025:16:35:06 -0400] "GET /technical-services/website-design-and-development/ HTTP/1.1" 200 16529 "-" "Mozilla/5.0 AppleWebKit/537.36 (KHTML, like Gecko; compatible; Amazonbot/0.1; +https://developer.amazon.com/support/amazonbot) Chrome/119.0.6045.214 Safari/537.36"
34.204.195.48 - - [22/May/2025:16:49:53 -0400] "GET / HTTP/1.1" 302 771 "-" "python-requests/2.26.0"
198.54.114.35 - - [22/May/2025:16:50:29 -0400] "POST /wp-cron.php?doing_wp_cron=1747947029.4696650505065917968750 HTTP/1.1" 200 0 "-" "WordPress/6.8.1; https://socialdigiinnovator.com"
185.191.171.17 - - [22/May/2025:16:50:26 -0400] "GET /remeet41f/fdb49492.html HTTP/1.1" 404 15047 "-" "Mozilla/5.0 (compatible; SemrushBot/7~bl; +http://www.semrush.com/bot.html)"
2602:fb54:372:: - - [22/May/2025:16:52:34 -0400] "GET /wp-login.php HTTP/1.1" 302 0 "-" "Mozilla/5.0 (Windows NT 10.0; Win64; x64) AppleWebKit/537.36 (KHTML, like Gecko) Chrome/91.0.4472.124 Safari/537.36"
198.54.114.35 - - [22/May/2025:16:52:37 -0400] "POST /wp-cron.php?doing_wp_cron=1747947157.3640251159667968750000 HTTP/1.1" 200 0 "-" "WordPress/6.8.1; https://socialdigiinnovator.com"
2602:fb54:372:: - - [22/May/2025:16:52:36 -0400] "GET /404 HTTP/1.1" 404 15047 "-" "Mozilla/5.0 (Windows NT 10.0; Win64; x64) AppleWebKit/537.36 (KHTML, like Gecko) Chrome/91.0.4472.124 Safari/537.36"
198.54.114.35 - - [22/May/2025:16:52:40 -0400] "POST /wp-cron.php?doing_wp_cron=1747947160.1813409328460693359375 HTTP/1.1" 200 0 "-" "WordPress/6.8.1; https://socialdigiinnovator.com"
2602:fb54:372:: - - [22/May/2025:16:52:39 -0400] "GET /wp-admin/ HTTP/1.1" 302 0 "-" "Mozilla/5.0 (Windows NT 10.0; Win64; x64) AppleWebKit/537.36 (KHTML, like Gecko) Chrome/91.0.4472.124 Safari/537.36"
2602:fb54:372:: - - [22/May/2025:16:52:40 -0400] "GET /wp-login.php?redirect_to=https%3A%2F%2Fsocialdigiinnovator.com%2Fwp-admin%2F&reauth=1 HTTP/1.1" 302 0 "-" "Mozilla/5.0 (Windows NT 10.0; Win64; x64) AppleWebKit/537.36 (KHTML, like Gecko) Chrome/91.0.4472.124 Safari/537.36"
2602:fb54:372:: - - [22/May/2025:16:52:41 -0400] "GET /404 HTTP/1.1" 404 15046 "-" "Mozilla/5.0 (Windows NT 10.0; Win64; x64) AppleWebKit/537.36 (KHTML, like Gecko) Chrome/91.0.4472.124 Safari/537.36"
2602:fb54:372:: - - [22/May/2025:16:52:42 -0400] "GET /admin HTTP/1.1" 302 0 "-" "Mozilla/5.0 (Windows NT 10.0; Win64; x64) AppleWebKit/537.36 (KHTML, like Gecko) Chrome/91.0.4472.124 Safari/537.36"
2602:fb54:372:: - - [22/May/2025:16:52:42 -0400] "GET /wp-admin/ HTTP/1.1" 302 0 "-" "Mozilla/5.0 (Windows NT 10.0; Win64; x64) AppleWebKit/537.36 (KHTML, like Gecko) Chrome/91.0.4472.124 Safari/537.36"
2602:fb54:372:: - - [22/May/2025:16:52:43 -0400] "GET /404 HTTP/1.1" 404 15053 "-" "Mozilla/5.0 (Windows NT 10.0; Win64; x64) AppleWebKit/537.36 (KHTML, like Gecko) Chrome/91.0.4472.124 Safari/537.36"
2602:fb54:372:: - - [22/May/2025:16:52:44 -0400] "GET /user HTTP/1.1" 404 15046 "-" "Mozilla/5.0 (Windows NT 10.0; Win64; x64) AppleWebKit/537.36 (KHTML, like Gecko) Chrome/91.0.4472.124 Safari/537.36"
2602:fb54:372:: - - [22/May/2025:16:52:45 -0400] "GET /wp/wp-login.php HTTP/1.1" 302 0 "-" "Mozilla/5.0 (Windows NT 10.0; Win64; x64) AppleWebKit/537.36 (KHTML, like Gecko) Chrome/91.0.4472.124 Safari/537.36"
2602:fb54:372:: - - [22/May/2025:16:52:46 -0400] "GET /404 HTTP/1.1" 404 15047 "-" "Mozilla/5.0 (Windows NT 10.0; Win64; x64) AppleWebKit/537.36 (KHTML, like Gecko) Chrome/91.0.4472.124 Safari/537.36"
2602:fb54:372:: - - [22/May/2025:16:52:47 -0400] "GET /wordpress/wp-login.php HTTP/1.1" 302 0 "-" "Mozilla/5.0 (Windows NT 10.0; Win64; x64) AppleWebKit/537.36 (KHTML, like Gecko) Chrome/91.0.4472.124 Safari/537.36"
2602:fb54:372:: - - [22/May/2025:16:52:48 -0400] "GET /404 HTTP/1.1" 404 15041 "-" "Mozilla/5.0 (Windows NT 10.0; Win64; x64) AppleWebKit/537.36 (KHTML, like Gecko) Chrome/91.0.4472.124 Safari/537.36"
2602:fb54:372:: - - [22/May/2025:16:52:50 -0400] "POST /wp-login.php HTTP/1.1" 302 0 "https://socialdigiinnovator.com/wp-admin/" "Mozilla/5.0 (Windows NT 10.0; Win64; x64) AppleWebKit/537.36 (KHTML, like Gecko) Chrome/91.0.4472.124 Safari/537.36"
2602:fb54:372:: - - [22/May/2025:16:52:52 -0400] "GET /wp-login.php?redirect_to=https%3A%2F%2Fsocialdigiinnovator.com%2Fwp-admin%2F&reauth=1 HTTP/1.1" 302 0 "-" "Mozilla/5.0 (Windows NT 10.0; Win64; x64) AppleWebKit/537.36 (KHTML, like Gecko) Chrome/91.0.4472.124 Safari/537.36"
2602:fb54:372:: - - [22/May/2025:16:52:52 -0400] "GET /404 HTTP/1.1" 404 15045 "-" "Mozilla/5.0 (Windows NT 10.0; Win64; x64) AppleWebKit/537.36 (KHTML, like Gecko) Chrome/91.0.4472.124 Safari/537.36"
2602:fb54:372:: - - [22/May/2025:16:52:39 -0400] "GET /wp-admin HTTP/1.1" 301 795 "-" "Mozilla/5.0 (Windows NT 10.0; Win64; x64) AppleWebKit/537.36 (KHTML, like Gecko) Chrome/91.0.4472.124 Safari/537.36"
2602:fb54:372:: - - [22/May/2025:16:52:43 -0400] "GET /wp-login.php?redirect_to=https%3A%2F%2Fsocialdigiinnovator.com%2Fwp-admin%2F&reauth=1 HTTP/1.1" 302 0 "-" "Mozilla/5.0 (Windows NT 10.0; Win64; x64) AppleWebKit/537.36 (KHTML, like Gecko) Chrome/91.0.4472.124 Safari/537.36"
2602:fb54:372:: - - [22/May/2025:16:52:47 -0400] "GET /404 HTTP/1.1" 404 15045 "-" "Mozilla/5.0 (Windows NT 10.0; Win64; x64) AppleWebKit/537.36 (KHTML, like Gecko) Chrome/91.0.4472.124 Safari/537.36"
2602:fb54:372:: - - [22/May/2025:16:52:48 -0400] "GET /blog/wp-login.php HTTP/1.1" 302 0 "-" "Mozilla/5.0 (Windows NT 10.0; Win64; x64) AppleWebKit/537.36 (KHTML, like Gecko) Chrome/91.0.4472.124 Safari/537.36"
2602:fb54:372:: - - [22/May/2025:16:52:50 -0400] "GET /404 HTTP/1.1" 404 15045 "https://socialdigiinnovator.com/wp-admin/" "Mozilla/5.0 (Windows NT 10.0; Win64; x64) AppleWebKit/537.36 (KHTML, like Gecko) Chrome/91.0.4472.124 Safari/537.36"
2602:fb54:372:: - - [22/May/2025:16:52:51 -0400] "GET /wp-admin/ HTTP/1.1" 302 0 "-" "Mozilla/5.0 (Windows NT 10.0; Win64; x64) AppleWebKit/537.36 (KHTML, like Gecko) Chrome/91.0.4472.124 Safari/537.36"
198.54.114.35 - - [22/May/2025:16:52:52 -0400] "POST /wp-cron.php?doing_wp_cron=1747947172.7638950347900390625000 HTTP/1.1" 200 0 "-" "WordPress/6.8.1; https://socialdigiinnovator.com"
198.54.114.35 - - [22/May/2025:16:55:25 -0400] "POST /wp-cron.php?doing_wp_cron=1747947325.0589039325714111328125 HTTP/1.1" 200 0 "-" "WordPress/6.8.1; https://socialdigiinnovator.com"
52.21.62.139 - - [22/May/2025:16:55:18 -0400] "GET /confirmation/ HTTP/1.1" 200 20875 "-" "Mozilla/5.0 AppleWebKit/537.36 (KHTML, like Gecko; compatible; Amazonbot/0.1; +https://developer.amazon.com/support/amazonbot) Chrome/119.0.6045.214 Safari/537.36"
198.54.114.35 - - [22/May/2025:17:07:38 -0400] "POST /wp-cron.php?doing_wp_cron=1747948058.5374169349670410156250 HTTP/1.1" 200 0 "-" "WordPress/6.8.1; https://socialdigiinnovator.com"
34.239.197.197 - - [22/May/2025:17:07:34 -0400] "GET /business-dfy/ HTTP/1.1" 200 16300 "-" "Mozilla/5.0 AppleWebKit/537.36 (KHTML, like Gecko; compatible; Amazonbot/0.1; +https://developer.amazon.com/support/amazonbot) Chrome/119.0.6045.214 Safari/537.36"
43.157.207.78 - - [22/May/2025:17:17:04 -0400] "GET / HTTP/1.1" 301 0 "http://www.socialdigiinnovator.com" "Mozilla/5.0 (iPhone; CPU iPhone OS 13_2_3 like Mac OS X) AppleWebKit/605.1.15 (KHTML, like Gecko) Version/13.0.3 Mobile/15E148 Safari/604.1"
43.157.207.78 - - [22/May/2025:17:17:09 -0400] "GET / HTTP/1.1" 200 26175 "https://www.socialdigiinnovator.com/" "Mozilla/5.0 (iPhone; CPU iPhone OS 13_2_3 like Mac OS X) AppleWebKit/605.1.15 (KHTML, like Gecko) Version/13.0.3 Mobile/15E148 Safari/604.1"
198.54.114.35 - - [22/May/2025:17:19:31 -0400] "POST /wp-cron.php?doing_wp_cron=1747948771.0793819427490234375000 HTTP/1.1" 200 0 "-" "WordPress/6.8.1; https://socialdigiinnovator.com"
177.142.130.176 - - [22/May/2025:17:19:27 -0400] "GET / HTTP/1.1" 200 26189 "-" "Mozilla/5.0 (Windows NT 10.0; Win64; x64) AppleWebKit/537.36 (KHTML, like Gecko) Chrome/136.0.0.0 Safari/537.36"
156.239.193.178 - - [22/May/2025:17:29:14 -0400] "POST /wp-login.php HTTP/1.1" 302 0 "https://socialdigiinnovator.com/wp-login.php" "Mozilla/5.0 (Windows NT 10.0; Win64; x64) AppleWebKit/537.36 (KHTML, like Gecko) Chrome/126.0.0.0 Safari/537.36"
156.239.193.178 - - [22/May/2025:17:29:16 -0400] "GET /wp-admin/ HTTP/1.1" 302 0 "https://socialdigiinnovator.com/wp-login.php" "Mozilla/5.0 (Windows NT 10.0; Win64; x64) AppleWebKit/537.36 (KHTML, like Gecko) Chrome/126.0.0.0 Safari/537.36"
45.206.72.202 - - [22/May/2025:17:29:19 -0400] "GET /wp-admin/ HTTP/1.1" 302 0 "https://socialdigiinnovator.com/wp-login.php" "Mozilla/5.0 (Windows NT 10.0; Win64; x64) AppleWebKit/537.36 (KHTML, like Gecko) Chrome/126.0.0.0 Safari/537.36"
45.206.72.202 - - [22/May/2025:17:29:19 -0400] "GET /wp-login.php?redirect_to=https%3A%2F%2Fsocialdigiinnovator.com%2Fwp-admin%2F&reauth=1 HTTP/1.1" 302 0 "https://socialdigiinnovator.com/wp-login.php" "Mozilla/5.0 (Windows NT 10.0; Win64; x64) AppleWebKit/537.36 (KHTML, like Gecko) Chrome/126.0.0.0 Safari/537.36"
156.239.202.130 - - [22/May/2025:17:29:22 -0400] "GET /wp-admin/ HTTP/1.1" 302 0 "https://socialdigiinnovator.com/wp-login.php" "Mozilla/5.0 (Windows NT 10.0; Win64; x64) AppleWebKit/537.36 (KHTML, like Gecko) Chrome/126.0.0.0 Safari/537.36"
156.239.202.130 - - [22/May/2025:17:29:23 -0400] "GET /404 HTTP/1.1" 404 15047 "https://socialdigiinnovator.com/wp-login.php" "Mozilla/5.0 (Windows NT 10.0; Win64; x64) AppleWebKit/537.36 (KHTML, like Gecko) Chrome/126.0.0.0 Safari/537.36"
198.54.114.35 - - [22/May/2025:17:17:08 -0400] "POST /wp-cron.php?doing_wp_cron=1747948627.9892489910125732421875 HTTP/1.1" 200 0 "-" "WordPress/6.8.1; https://socialdigiinnovator.com"
198.54.114.35 - - [22/May/2025:17:29:13 -0400] "POST /wp-cron.php?doing_wp_cron=1747949353.4241058826446533203125 HTTP/1.1" 200 0 "-" "WordPress/6.8.1; https://socialdigiinnovator.com"
154.82.168.209 - - [22/May/2025:17:29:09 -0400] "GET /wp-json/wp/v2/users HTTP/1.1" 200 938 "https://socialdigiinnovator.com" "Mozilla/5.0 (Windows NT 10.0; Win64; x64) AppleWebKit/537.36 (KHTML, like Gecko) Chrome/126.0.0.0 Safari/537.36"
156.239.193.178 - - [22/May/2025:17:29:14 -0400] "GET /404 HTTP/1.1" 404 15046 "-" "Apache-HttpClient/5.3.1 (Java/17.0.7)"
156.239.193.178 - - [22/May/2025:17:29:16 -0400] "GET /wp-login.php?redirect_to=https%3A%2F%2Fsocialdigiinnovator.com%2Fwp-admin%2F&reauth=1 HTTP/1.1" 302 0 "https://socialdigiinnovator.com/wp-login.php" "Mozilla/5.0 (Windows NT 10.0; Win64; x64) AppleWebKit/537.36 (KHTML, like Gecko) Chrome/126.0.0.0 Safari/537.36"
156.239.193.178 - - [22/May/2025:17:29:17 -0400] "GET /404 HTTP/1.1" 404 15047 "https://socialdigiinnovator.com/wp-login.php" "Mozilla/5.0 (Windows NT 10.0; Win64; x64) AppleWebKit/537.36 (KHTML, like Gecko) Chrome/126.0.0.0 Safari/537.36"
45.206.72.202 - - [22/May/2025:17:29:18 -0400] "POST /wp-login.php HTTP/1.1" 302 0 "https://socialdigiinnovator.com/wp-login.php" "Mozilla/5.0 (Windows NT 10.0; Win64; x64) AppleWebKit/537.36 (KHTML, like Gecko) Chrome/126.0.0.0 Safari/537.36"
45.206.72.202 - - [22/May/2025:17:29:18 -0400] "GET /404 HTTP/1.1" 404 15046 "-" "Apache-HttpClient/5.3.1 (Java/17.0.7)"
45.206.72.202 - - [22/May/2025:17:29:20 -0400] "GET /404 HTTP/1.1" 404 15052 "https://socialdigiinnovator.com/wp-login.php" "Mozilla/5.0 (Windows NT 10.0; Win64; x64) AppleWebKit/537.36 (KHTML, like Gecko) Chrome/126.0.0.0 Safari/537.36"
156.239.202.130 - - [22/May/2025:17:29:21 -0400] "POST /wp-login.php HTTP/1.1" 302 0 "https://socialdigiinnovator.com/wp-login.php" "Mozilla/5.0 (Windows NT 10.0; Win64; x64) AppleWebKit/537.36 (KHTML, like Gecko) Chrome/126.0.0.0 Safari/537.36"
156.239.202.130 - - [22/May/2025:17:29:21 -0400] "GET /404 HTTP/1.1" 404 15046 "-" "Apache-HttpClient/5.3.1 (Java/17.0.7)"
156.239.202.130 - - [22/May/2025:17:29:23 -0400] "GET /wp-login.php?redirect_to=https%3A%2F%2Fsocialdigiinnovator.com%2Fwp-admin%2F&reauth=1 HTTP/1.1" 302 0 "https://socialdigiinnovator.com/wp-login.php" "Mozilla/5.0 (Windows NT 10.0; Win64; x64) AppleWebKit/537.36 (KHTML, like Gecko) Chrome/126.0.0.0 Safari/537.36"
198.54.114.35 - - [22/May/2025:17:34:27 -0400] "POST /wp-cron.php?doing_wp_cron=1747949667.2231268882751464843750 HTTP/1.1" 200 0 "-" "WordPress/6.8.1; https://socialdigiinnovator.com"
195.2.81.171 - - [22/May/2025:17:34:23 -0400] "GET / HTTP/1.1" 200 26170 "-" "Mozilla/5.0 (Macintosh; Intel Mac OS X 10_15_7) AppleWebKit/537.36 (KHTML, like Gecko) Chrome/133.0.0.0 Safari/537.36"
88.81.70.43 - - [22/May/2025:17:34:34 -0400] "POST /sdi-services-catalog-ebook/ HTTP/1.1" 200 16607 "-" "Mozilla/5.0 (Windows NT 10.0; Win64; x64) AppleWebKit/537.36 (KHTML, like Gecko) Chrome/120.0.0.0 Safari/537.36"
195.2.81.171 - - [22/May/2025:17:34:50 -0400] "GET /blog/ HTTP/1.1" 200 19395 "https://socialdigiinnovator.com/blog" "Mozilla/5.0 (Macintosh; Intel Mac OS X 10_15_7) AppleWebKit/537.36 (KHTML, like Gecko) Chrome/133.0.0.0 Safari/537.36"
198.54.114.35 - - [22/May/2025:17:32:52 -0400] "POST /wp-cron.php?doing_wp_cron=1747949572.3228778839111328125000 HTTP/1.1" 200 0 "-" "WordPress/6.8.1; https://socialdigiinnovator.com"
2a03:2880:f800:d:: - - [22/May/2025:17:32:48 -0400] "GET /wp-sitemap.xml HTTP/1.1" 200 197 "-" "meta-externalagent/1.1 (+https://developers.facebook.com/docs/sharing/webmasters/crawler)"
195.2.81.171 - - [22/May/2025:17:34:29 -0400] "GET /blog/ HTTP/1.1" 200 19396 "-" "Mozilla/5.0 (Macintosh; Intel Mac OS X 10_15_7) AppleWebKit/537.36 (KHTML, like Gecko) Chrome/133.0.0.0 Safari/537.36"
195.2.81.171 - - [22/May/2025:17:34:30 -0400] "GET /technical-services/website-design-and-development/ HTTP/1.1" 200 16528 "-" "Mozilla/5.0 (Macintosh; Intel Mac OS X 10_15_7) AppleWebKit/537.36 (KHTML, like Gecko) Chrome/133.0.0.0 Safari/537.36"
195.2.81.171 - - [22/May/2025:17:34:31 -0400] "GET /sdi-services-catalog-ebook/ HTTP/1.1" 200 16606 "-" "Mozilla/5.0 (Macintosh; Intel Mac OS X 10_15_7) AppleWebKit/537.36 (KHTML, like Gecko) Chrome/133.0.0.0 Safari/537.36"
88.81.70.43 - - [22/May/2025:17:34:33 -0400] "POST /sdi-services-catalog-ebook/ HTTP/1.1" 200 16605 "-" "Mozilla/5.0 (Macintosh; Intel Mac OS X 10_15_7) AppleWebKit/537.36 (KHTML, like Gecko) Chrome/133.0.0.0 Safari/537.36"
195.2.81.171 - - [22/May/2025:17:34:35 -0400] "GET /importance-of-a-brand-logo/ HTTP/1.1" 200 18534 "-" "Mozilla/5.0 (Macintosh; Intel Mac OS X 10_15_7) AppleWebKit/537.36 (KHTML, like Gecko) Chrome/133.0.0.0 Safari/537.36"
88.81.70.43 - - [22/May/2025:17:34:37 -0400] "POST /wp-comments-post.php HTTP/1.1" 200 991 "-" "Mozilla/5.0 (Macintosh; Intel Mac OS X 10_15_7) AppleWebKit/537.36 (KHTML, like Gecko) Chrome/133.0.0.0 Safari/537.36"
198.54.114.35 - - [22/May/2025:17:34:38 -0400] "POST /wp-cron.php?doing_wp_cron=1747949678.5322239398956298828125 HTTP/1.1" 200 0 "-" "WordPress/6.8.1; https://socialdigiinnovator.com"
88.81.70.43 - - [22/May/2025:17:34:38 -0400] "POST /wp-comments-post.php HTTP/1.1" 200 0 "-" "Mozilla/5.0 (Windows NT 10.0; Win64; x64) AppleWebKit/537.36 (KHTML, like Gecko) Chrome/120.0.0.0 Safari/537.36"
195.2.81.171 - - [22/May/2025:17:34:49 -0400] "GET /blog HTTP/1.1" 301 0 "-" "Mozilla/5.0 (Macintosh; Intel Mac OS X 10_15_7) AppleWebKit/537.36 (KHTML, like Gecko) Chrome/133.0.0.0 Safari/537.36"
202.63.241.141 - - [22/May/2025:17:55:16 -0400] "GET /administrator/ HTTP/1.1" 404 15046 "https://socialdigiinnovator.com/administrator/" "Mozilla/5.0 (Windows NT 10.0; Win64; x64) AppleWebKit/537.36 (KHTML, like Gecko) Chrome/86.0.4240.198 Safari/537.36"
198.54.114.35 - - [22/May/2025:17:56:43 -0400] "POST /wp-cron.php?doing_wp_cron=1747951003.3732459545135498046875 HTTP/1.1" 200 0 "-" "WordPress/6.8.1; https://socialdigiinnovator.com"
34.23.37.68 - - [22/May/2025:17:56:39 -0400] "GET /media/system/js/core.js HTTP/1.1" 404 33565 "http://socialdigiinnovator.com/media/system/js/core.js" "Mozilla/5.0 (Macintosh; Intel Mac OS X 10_10_1) AppleWebKit/537.36 (KHTML, like Gecko) Chrome/39.0.2171.95 Safari/537.36"
34.23.37.68 - - [22/May/2025:17:56:44 -0400] "GET /wp-includes/js/jquery/jquery.js HTTP/1.1" 200 81316 "http://socialdigiinnovator.com/wp-includes/js/jquery/jquery.js" "Mozilla/5.0 (Macintosh; Intel Mac OS X 10_10_1) AppleWebKit/537.36 (KHTML, like Gecko) Chrome/39.0.2171.95 Safari/537.36"
66.249.74.8 - - [22/May/2025:18:03:34 -0400] "GET /robots.txt HTTP/1.1" 301 0 "-" "Mozilla/5.0 (compatible; Googlebot/2.1; +http://www.google.com/bot.html)"
66.249.74.7 - - [22/May/2025:18:03:40 -0400] "GET / HTTP/1.1" 301 0 "-" "Mozilla/5.0 (Linux; Android 6.0.1; Nexus 5X Build/MMB29P) AppleWebKit/537.36 (KHTML, like Gecko) Chrome/136.0.7103.113 Mobile Safari/537.36 (compatible; Googlebot/2.1; +http://www.google.com/bot.html)"
66.249.73.98 - - [22/May/2025:18:03:41 -0400] "GET / HTTP/1.1" 200 26174 "-" "Mozilla/5.0 (Linux; Android 6.0.1; Nexus 5X Build/MMB29P) AppleWebKit/537.36 (KHTML, like Gecko) Chrome/136.0.7103.113 Mobile Safari/537.36 (compatible; Googlebot/2.1; +http://www.google.com/bot.html)"
66.249.73.98 - - [22/May/2025:18:03:54 -0400] "GET /wp-content/plugins/elementor/assets/lib/eicons/css/elementor-icons.min.css?ver=5.40.0 HTTP/1.1" 200 3983 "https://socialdigiinnovator.com/" "Mozilla/5.0 (Linux; Android 6.0.1; Nexus 5X Build/MMB29P) AppleWebKit/537.36 (KHTML, like Gecko) Chrome/136.0.7103.92 Mobile Safari/537.36 (compatible; Googlebot/2.1; +http://www.google.com/bot.html)"
66.249.73.98 - - [22/May/2025:18:03:55 -0400] "GET /wp-content/themes/phlox-pro/css/other/elementor.css?ver=5.17.6 HTTP/1.1" 200 229 "https://socialdigiinnovator.com/" "Mozilla/5.0 (Linux; Android 6.0.1; Nexus 5X Build/MMB29P) AppleWebKit/537.36 (KHTML, like Gecko) Chrome/136.0.7103.92 Mobile Safari/537.36 (compatible; Googlebot/2.1; +http://www.google.com/bot.html)"
66.249.73.97 - - [22/May/2025:18:03:56 -0400] "GET /wp-content/plugins/elementor/assets/css/widget-image-carousel.min.css?ver=3.29.0 HTTP/1.1" 200 163 "https://socialdigiinnovator.com/" "Mozilla/5.0 (Linux; Android 6.0.1; Nexus 5X Build/MMB29P) AppleWebKit/537.36 (KHTML, like Gecko) Chrome/136.0.7103.92 Mobile Safari/537.36 (compatible; Googlebot/2.1; +http://www.google.com/bot.html)"
66.249.73.97 - - [22/May/2025:18:03:58 -0400] "GET /wp-content/uploads/elementor/google-fonts/css/ubuntu.css?ver=1742243701 HTTP/1.1" 200 805 "https://socialdigiinnovator.com/" "Mozilla/5.0 (Linux; Android 6.0.1; Nexus 5X Build/MMB29P) AppleWebKit/537.36 (KHTML, like Gecko) Chrome/136.0.7103.92 Mobile Safari/537.36 (compatible; Googlebot/2.1; +http://www.google.com/bot.html)"
66.249.73.97 - - [22/May/2025:18:03:59 -0400] "GET /wp-includes/js/mediaelement/mediaelementplayer-legacy.min.css?ver=4.2.17 HTTP/1.1" 200 2394 "https://socialdigiinnovator.com/" "Mozilla/5.0 (Linux; Android 6.0.1; Nexus 5X Build/MMB29P) AppleWebKit/537.36 (KHTML, like Gecko) Chrome/136.0.7103.92 Mobile Safari/537.36 (compatible; Googlebot/2.1; +http://www.google.com/bot.html)"
66.249.73.97 - - [22/May/2025:18:04:00 -0400] "GET /wp-content/uploads/elementor/css/post-84.css?ver=1747008000 HTTP/1.1" 200 1153 "https://socialdigiinnovator.com/" "Mozilla/5.0 (Linux; Android 6.0.1; Nexus 5X Build/MMB29P) AppleWebKit/537.36 (KHTML, like Gecko) Chrome/136.0.7103.92 Mobile Safari/537.36 (compatible; Googlebot/2.1; +http://www.google.com/bot.html)"
66.249.73.97 - - [22/May/2025:18:04:00 -0400] "GET /wp-content/themes/phlox-pro/css/base.css?ver=5.17.6 HTTP/1.1" 200 18187 "https://socialdigiinnovator.com/" "Mozilla/5.0 (Linux; Android 6.0.1; Nexus 5X Build/MMB29P) AppleWebKit/537.36 (KHTML, like Gecko) Chrome/136.0.7103.92 Mobile Safari/537.36 (compatible; Googlebot/2.1; +http://www.google.com/bot.html)"
66.249.73.97 - - [22/May/2025:18:04:01 -0400] "GET /wp-content/themes/phlox-pro/css/go-pricing.css?ver=5.17.6 HTTP/1.1" 200 1355 "https://socialdigiinnovator.com/" "Mozilla/5.0 (Linux; Android 6.0.1; Nexus 5X Build/MMB29P) AppleWebKit/537.36 (KHTML, like Gecko) Chrome/136.0.7103.92 Mobile Safari/537.36 (compatible; Googlebot/2.1; +http://www.google.com/bot.html)"
66.249.73.97 - - [22/May/2025:18:04:02 -0400] "GET /wp-content/plugins/depicter/resources/styles/player/depicter.css?ver=1746475589 HTTP/1.1" 200 3448 "https://socialdigiinnovator.com/" "Mozilla/5.0 (Linux; Android 6.0.1; Nexus 5X Build/MMB29P) AppleWebKit/537.36 (KHTML, like Gecko) Chrome/136.0.7103.92 Mobile Safari/537.36 (compatible; Googlebot/2.1; +http://www.google.com/bot.html)"
66.249.73.97 - - [22/May/2025:18:04:02 -0400] "GET /wp-content/plugins/elementor/assets/lib/font-awesome/js/v4-shims.min.js?ver=3.29.0 HTTP/1.1" 200 4042 "https://socialdigiinnovator.com/" "Mozilla/5.0 (Linux; Android 6.0.1; Nexus 5X Build/MMB29P) AppleWebKit/537.36 (KHTML, like Gecko) Chrome/136.0.7103.92 Mobile Safari/537.36 (compatible; Googlebot/2.1; +http://www.google.com/bot.html)"
66.249.73.97 - - [22/May/2025:18:04:03 -0400] "GET /wp-content/plugins/elementor-pro/assets/css/widget-call-to-action.min.css?ver=3.29.0 HTTP/1.1" 200 1376 "https://socialdigiinnovator.com/" "Mozilla/5.0 (Linux; Android 6.0.1; Nexus 5X Build/MMB29P) AppleWebKit/537.36 (KHTML, like Gecko) Chrome/136.0.7103.92 Mobile Safari/537.36 (compatible; Googlebot/2.1; +http://www.google.com/bot.html)"
66.249.73.97 - - [22/May/2025:18:04:03 -0400] "GET /wp-content/plugins/elementor/assets/lib/font-awesome/css/all.min.css?ver=3.29.0 HTTP/1.1" 200 12380 "https://socialdigiinnovator.com/" "Mozilla/5.0 (Linux; Android 6.0.1; Nexus 5X Build/MMB29P) AppleWebKit/537.36 (KHTML, like Gecko) Chrome/136.0.7103.92 Mobile Safari/537.36 (compatible; Googlebot/2.1; +http://www.google.com/bot.html)"
66.249.73.97 - - [22/May/2025:18:04:04 -0400] "GET /wp-content/plugins/depicter/resources/styles/player/depicter-pre.css?ver=1746475589 HTTP/1.1" 200 884 "https://socialdigiinnovator.com/" "Mozilla/5.0 (Linux; Android 6.0.1; Nexus 5X Build/MMB29P) AppleWebKit/537.36 (KHTML, like Gecko) Chrome/136.0.7103.92 Mobile Safari/537.36 (compatible; Googlebot/2.1; +http://www.google.com/bot.html)"
66.249.73.97 - - [22/May/2025:18:04:05 -0400] "GET /wp-content/uploads/phlox-pro/custom.css?ver=7.3 HTTP/1.1" 200 1618 "https://socialdigiinnovator.com/" "Mozilla/5.0 (Linux; Android 6.0.1; Nexus 5X Build/MMB29P) AppleWebKit/537.36 (KHTML, like Gecko) Chrome/136.0.7103.92 Mobile Safari/537.36 (compatible; Googlebot/2.1; +http://www.google.com/bot.html)"
66.249.73.97 - - [22/May/2025:18:04:06 -0400] "GET /wp-content/plugins/elementor/assets/css/widget-google_maps.min.css?ver=3.29.0 HTTP/1.1" 200 117 "https://socialdigiinnovator.com/" "Mozilla/5.0 (Linux; Android 6.0.1; Nexus 5X Build/MMB29P) AppleWebKit/537.36 (KHTML, like Gecko) Chrome/136.0.7103.92 Mobile Safari/537.36 (compatible; Googlebot/2.1; +http://www.google.com/bot.html)"
66.249.73.97 - - [22/May/2025:18:04:07 -0400] "GET /wp-includes/js/mediaelement/wp-mediaelement.min.js?ver=6.8.1 HTTP/1.1" 200 453 "https://socialdigiinnovator.com/" "Mozilla/5.0 (Linux; Android 6.0.1; Nexus 5X Build/MMB29P) AppleWebKit/537.36 (KHTML, like Gecko) Chrome/136.0.7103.92 Mobile Safari/537.36 (compatible; Googlebot/2.1; +http://www.google.com/bot.html)"
202.63.241.141 - - [22/May/2025:17:54:53 -0400] "GET /wp-login.php HTTP/1.1" 302 0 "https://socialdigiinnovator.com/wp-login.php" "Mozilla/5.0 (Windows NT 10.0; Win64; x64) AppleWebKit/537.36 (KHTML, like Gecko) Chrome/86.0.4240.198 Safari/537.36"
198.54.114.35 - - [22/May/2025:17:55:03 -0400] "POST /wp-cron.php?doing_wp_cron=1747950903.1947999000549316406250 HTTP/1.1" 200 0 "-" "WordPress/6.8.1; https://socialdigiinnovator.com"
202.63.241.141 - - [22/May/2025:17:55:00 -0400] "GET /404 HTTP/1.1" 404 15047 "https://socialdigiinnovator.com/404" "Mozilla/5.0 (Windows NT 10.0; Win64; x64) AppleWebKit/537.36 (KHTML, like Gecko) Chrome/86.0.4240.198 Safari/537.36"
198.54.114.35 - - [22/May/2025:18:03:39 -0400] "POST /wp-cron.php?doing_wp_cron=1747951419.1051039695739746093750 HTTP/1.1" 200 0 "-" "WordPress/6.8.1; https://socialdigiinnovator.com"
66.249.73.97 - - [22/May/2025:18:03:53 -0400] "GET /wp-content/plugins/elementor/assets/css/frontend.min.css?ver=3.29.0 HTTP/1.1" 200 6472 "https://socialdigiinnovator.com/" "Mozilla/5.0 (Linux; Android 6.0.1; Nexus 5X Build/MMB29P) AppleWebKit/537.36 (KHTML, like Gecko) Chrome/136.0.7103.92 Mobile Safari/537.36 (compatible; Googlebot/2.1; +http://www.google.com/bot.html)"
66.249.73.97 - - [22/May/2025:18:03:54 -0400] "GET /wp-content/uploads/elementor/css/post-83.css?ver=1747008000 HTTP/1.1" 200 1512 "https://socialdigiinnovator.com/" "Mozilla/5.0 (Linux; Android 6.0.1; Nexus 5X Build/MMB29P) AppleWebKit/537.36 (KHTML, like Gecko) Chrome/136.0.7103.92 Mobile Safari/537.36 (compatible; Googlebot/2.1; +http://www.google.com/bot.html)"
66.249.73.98 - - [22/May/2025:18:03:55 -0400] "GET /wp-content/plugins/elementor/assets/lib/swiper/v8/css/swiper.min.css?ver=8.4.5 HTTP/1.1" 200 4248 "https://socialdigiinnovator.com/" "Mozilla/5.0 (Linux; Android 6.0.1; Nexus 5X Build/MMB29P) AppleWebKit/537.36 (KHTML, like Gecko) Chrome/136.0.7103.92 Mobile Safari/537.36 (compatible; Googlebot/2.1; +http://www.google.com/bot.html)"
66.249.73.98 - - [22/May/2025:18:03:56 -0400] "GET /wp-content/plugins/elementor/assets/css/widget-heading.min.css?ver=3.29.0 HTTP/1.1" 200 154 "https://socialdigiinnovator.com/" "Mozilla/5.0 (Linux; Android 6.0.1; Nexus 5X Build/MMB29P) AppleWebKit/537.36 (KHTML, like Gecko) Chrome/136.0.7103.92 Mobile Safari/537.36 (compatible; Googlebot/2.1; +http://www.google.com/bot.html)"
66.249.73.98 - - [22/May/2025:18:03:57 -0400] "GET /wp-content/uploads/elementor/google-fonts/css/nunito.css?ver=1742245159 HTTP/1.1" 200 724 "https://socialdigiinnovator.com/" "Mozilla/5.0 (Linux; Android 6.0.1; Nexus 5X Build/MMB29P) AppleWebKit/537.36 (KHTML, like Gecko) Chrome/136.0.7103.92 Mobile Safari/537.36 (compatible; Googlebot/2.1; +http://www.google.com/bot.html)"
66.249.73.97 - - [22/May/2025:18:03:59 -0400] "GET /wp-content/plugins/elementor/assets/css/widget-image.min.css?ver=3.29.0 HTTP/1.1" 200 254 "https://socialdigiinnovator.com/" "Mozilla/5.0 (Linux; Android 6.0.1; Nexus 5X Build/MMB29P) AppleWebKit/537.36 (KHTML, like Gecko) Chrome/136.0.7103.92 Mobile Safari/537.36 (compatible; Googlebot/2.1; +http://www.google.com/bot.html)"
66.249.73.97 - - [22/May/2025:18:04:01 -0400] "GET /wp-content/plugins/elementor/assets/lib/font-awesome/css/v4-shims.min.css?ver=3.29.0 HTTP/1.1" 200 3987 "https://socialdigiinnovator.com/" "Mozilla/5.0 (Linux; Android 6.0.1; Nexus 5X Build/MMB29P) AppleWebKit/537.36 (KHTML, like Gecko) Chrome/136.0.7103.92 Mobile Safari/537.36 (compatible; Googlebot/2.1; +http://www.google.com/bot.html)"
66.249.73.97 - - [22/May/2025:18:04:08 -0400] "GET /wp-content/plugins/contact-form-7/includes/js/index.js?ver=6.0.6 HTTP/1.1" 200 4008 "https://socialdigiinnovator.com/" "Mozilla/5.0 (Linux; Android 6.0.1; Nexus 5X Build/MMB29P) AppleWebKit/537.36 (KHTML, like Gecko) Chrome/136.0.7103.92 Mobile Safari/537.36 (compatible; Googlebot/2.1; +http://www.google.com/bot.html)"
66.249.73.97 - - [22/May/2025:18:04:10 -0400] "GET /wp-content/plugins/elementor-pro/assets/js/elements-handlers.min.js?ver=3.29.0 HTTP/1.1" 200 10221 "https://socialdigiinnovator.com/" "Mozilla/5.0 (Linux; Android 6.0.1; Nexus 5X Build/MMB29P) AppleWebKit/537.36 (KHTML, like Gecko) Chrome/136.0.7103.92 Mobile Safari/537.36 (compatible; Googlebot/2.1; +http://www.google.com/bot.html)"
66.249.73.97 - - [22/May/2025:18:04:10 -0400] "GET /wp-content/themes/phlox-pro/js/scripts.min.js?ver=5.17.6 HTTP/1.1" 200 13587 "https://socialdigiinnovator.com/" "Mozilla/5.0 (Linux; Android 6.0.1; Nexus 5X Build/MMB29P) AppleWebKit/537.36 (KHTML, like Gecko) Chrome/136.0.7103.92 Mobile Safari/537.36 (compatible; Googlebot/2.1; +http://www.google.com/bot.html)"
66.249.73.97 - - [22/May/2025:18:04:13 -0400] "GET /wp-content/plugins/contact-form-7/includes/swv/js/index.js?ver=6.0.6 HTTP/1.1" 200 3369 "https://socialdigiinnovator.com/" "Mozilla/5.0 (Linux; Android 6.0.1; Nexus 5X Build/MMB29P) AppleWebKit/537.36 (KHTML, like Gecko) Chrome/136.0.7103.92 Mobile Safari/537.36 (compatible; Googlebot/2.1; +http://www.google.com/bot.html)"
66.249.73.97 - - [22/May/2025:18:04:16 -0400] "GET /wp-content/plugins/elementor/assets/js/frontend-modules.min.js?ver=3.29.0 HTTP/1.1" 200 14423 "https://socialdigiinnovator.com/" "Mozilla/5.0 (Linux; Android 6.0.1; Nexus 5X Build/MMB29P) AppleWebKit/537.36 (KHTML, like Gecko) Chrome/136.0.7103.92 Mobile Safari/537.36 (compatible; Googlebot/2.1; +http://www.google.com/bot.html)"
66.249.73.97 - - [22/May/2025:18:04:17 -0400] "GET /wp-content/uploads/phlox-pro/custom.js?ver=3.3 HTTP/1.1" 200 279 "https://socialdigiinnovator.com/" "Mozilla/5.0 (Linux; Android 6.0.1; Nexus 5X Build/MMB29P) AppleWebKit/537.36 (KHTML, like Gecko) Chrome/136.0.7103.92 Mobile Safari/537.36 (compatible; Googlebot/2.1; +http://www.google.com/bot.html)"
66.249.73.97 - - [22/May/2025:18:04:12 -0400] "GET /wp-content/plugins/elementor-pro/assets/js/webpack-pro.runtime.min.js?ver=3.29.0 HTTP/1.1" 200 2621 "https://socialdigiinnovator.com/" "Mozilla/5.0 (Linux; Android 6.0.1; Nexus 5X Build/MMB29P) AppleWebKit/537.36 (KHTML, like Gecko) Chrome/136.0.7103.92 Mobile Safari/537.36 (compatible; Googlebot/2.1; +http://www.google.com/bot.html)"
66.249.73.97 - - [22/May/2025:18:04:14 -0400] "GET /wp-content/plugins/elementor/assets/js/frontend.min.js?ver=3.29.0 HTTP/1.1" 200 10288 "https://socialdigiinnovator.com/" "Mozilla/5.0 (Linux; Android 6.0.1; Nexus 5X Build/MMB29P) AppleWebKit/537.36 (KHTML, like Gecko) Chrome/136.0.7103.92 Mobile Safari/537.36 (compatible; Googlebot/2.1; +http://www.google.com/bot.html)"
66.249.73.97 - - [22/May/2025:18:04:15 -0400] "GET /wp-content/plugins/auxin-pro-tools/public/assets/js/pro-tools.js?ver=1.9.5 HTTP/1.1" 200 1030 "https://socialdigiinnovator.com/" "Mozilla/5.0 (Linux; Android 6.0.1; Nexus 5X Build/MMB29P) AppleWebKit/537.36 (KHTML, like Gecko) Chrome/136.0.7103.92 Mobile Safari/537.36 (compatible; Googlebot/2.1; +http://www.google.com/bot.html)"
66.249.73.97 - - [22/May/2025:18:04:16 -0400] "GET /wp-content/plugins/elementor-pro/assets/js/frontend.min.js?ver=3.29.0 HTTP/1.1" 200 6279 "https://socialdigiinnovator.com/" "Mozilla/5.0 (Linux; Android 6.0.1; Nexus 5X Build/MMB29P) AppleWebKit/537.36 (KHTML, like Gecko) Chrome/136.0.7103.92 Mobile Safari/537.36 (compatible; Googlebot/2.1; +http://www.google.com/bot.html)"
66.249.73.97 - - [22/May/2025:18:04:18 -0400] "GET /wp-content/plugins/elementor/assets/js/webpack.runtime.min.js?ver=3.29.0 HTTP/1.1" 200 2323 "https://socialdigiinnovator.com/" "Mozilla/5.0 (Linux; Android 6.0.1; Nexus 5X Build/MMB29P) AppleWebKit/537.36 (KHTML, like Gecko) Chrome/136.0.7103.92 Mobile Safari/537.36 (compatible; Googlebot/2.1; +http://www.google.com/bot.html)"
198.54.114.35 - - [22/May/2025:18:16:51 -0400] "POST /wp-cron.php?doing_wp_cron=1747952210.9901399612426757812500 HTTP/1.1" 200 0 "-" "WordPress/6.8.1; https://socialdigiinnovator.com"
198.54.114.35 - - [22/May/2025:18:16:55 -0400] "POST /wp-cron.php?doing_wp_cron=1747952214.4612720012664794921875 HTTP/1.1" 200 0 "-" "WordPress/6.8.1; https://socialdigiinnovator.com"
182.42.111.156 - - [22/May/2025:18:16:53 -0400] "GET / HTTP/1.1" 200 26176 "https://www.socialdigiinnovator.com/" "Mozilla/5.0 (iPhone; CPU iPhone OS 13_2_3 like Mac OS X) AppleWebKit/605.1.15 (KHTML, like Gecko) Version/13.0.3 Mobile/15E148 Safari/604.1"
198.54.114.35 - - [22/May/2025:18:09:07 -0400] "POST /wp-cron.php?doing_wp_cron=1747951747.7013781070709228515625 HTTP/1.1" 200 0 "-" "WordPress/6.8.1; https://socialdigiinnovator.com"
40.77.167.59 - - [22/May/2025:18:09:03 -0400] "GET /?s=2025 HTTP/1.1" 200 15823 "-" "Mozilla/5.0 AppleWebKit/537.36 (KHTML, like Gecko; compatible; bingbot/2.0; +http://www.bing.com/bingbot.htm) Chrome/116.0.1938.76 Safari/537.36"
198.54.114.35 - - [22/May/2025:18:13:34 -0400] "POST /wp-cron.php?doing_wp_cron=1747952013.8362441062927246093750 HTTP/1.1" 200 0 "-" "WordPress/6.8.1; https://socialdigiinnovator.com"
2a02:247a:26d:1000::1 - - [22/May/2025:18:13:25 -0400] "GET / HTTP/1.1" 200 26173 "-" "Mozilla/5.0 (Windows NT 10.0; Win64; x64) AppleWebKit/537.36 (KHTML, like Gecko) Chrome/91.0.4472.114 Safari/537.36 Edg/91.0.864.54"
182.42.111.156 - - [22/May/2025:18:16:42 -0400] "GET / HTTP/1.1" 301 0 "http://www.socialdigiinnovator.com" "Mozilla/5.0 (iPhone; CPU iPhone OS 13_2_3 like Mac OS X) AppleWebKit/605.1.15 (KHTML, like Gecko) Version/13.0.3 Mobile/15E148 Safari/604.1"
185.191.171.7 - - [22/May/2025:18:17:17 -0400] "GET /product/0009147826.html HTTP/1.1" 404 15044 "-" "Mozilla/5.0 (compatible; SemrushBot/7~bl; +http://www.semrush.com/bot.html)"
198.54.114.35 - - [22/May/2025:18:31:08 -0400] "POST /wp-cron.php?doing_wp_cron=1747953067.8635149002075195312500 HTTP/1.1" 200 0 "-" "WordPress/6.8.1; https://socialdigiinnovator.com"
54.36.149.7 - - [22/May/2025:18:31:09 -0400] "GET /paid-advertisement/ HTTP/1.1" 200 16313 "-" "Mozilla/5.0 (compatible; AhrefsBot/7.0; +http://ahrefs.com/robot/)"
2a0f:23c7:703::103 - - [22/May/2025:18:34:43 -0400] "GET /robots.txt HTTP/1.1" 200 102 "-" "Mozilla/5.0 (compatible; MJ12bot/v2.0.2; http://mj12bot.com/)"
2a0f:23c7:703::103 - - [22/May/2025:18:34:49 -0400] "GET / HTTP/1.1" 302 771 "-" "Mozilla/5.0 (compatible; MJ12bot/v2.0.2; http://mj12bot.com/)"
47.79.2.254 - - [22/May/2025:18:36:12 -0400] "GET / HTTP/1.1" 200 26173 "https://socialdigiinnovator.com/" "Mozilla/5.0 (Windows NT 10.0; Win64; x64) AppleWebKit/537.36 (KHTML, like Gecko) Chrome/114.0.0.0 Safari/537.36 Edg/114.0.1823.43"
51.222.253.12 - - [22/May/2025:18:31:00 -0400] "GET /robots.txt HTTP/1.1" 200 102 "-" "Mozilla/5.0 (compatible; AhrefsBot/7.0; +http://ahrefs.com/robot/)"
198.54.114.35 - - [22/May/2025:18:34:48 -0400] "POST /wp-cron.php?doing_wp_cron=1747953288.6181929111480712890625 HTTP/1.1" 200 0 "-" "WordPress/6.8.1; https://socialdigiinnovator.com"
198.54.114.35 - - [22/May/2025:18:36:16 -0400] "POST /wp-cron.php?doing_wp_cron=1747953375.9709849357604980468750 HTTP/1.1" 200 0 "-" "WordPress/6.8.1; https://socialdigiinnovator.com"
198.54.114.35 - - [22/May/2025:18:56:29 -0400] "POST /wp-cron.php?doing_wp_cron=1747954589.8219840526580810546875 HTTP/1.1" 200 0 "-" "WordPress/6.8.1; https://socialdigiinnovator.com"
2a03:2880:f800:c:: - - [22/May/2025:18:56:25 -0400] "GET /what-it-takes-to-be-a-successful-marketer/ HTTP/1.1" 200 18687 "-" "meta-externalagent/1.1 (+https://developers.facebook.com/docs/sharing/webmasters/crawler)"
198.54.114.35 - - [22/May/2025:19:03:44 -0400] "POST /wp-cron.php?doing_wp_cron=1747955024.0337290763854980468750 HTTP/1.1" 200 0 "-" "WordPress/6.8.1; https://socialdigiinnovator.com"
54.36.148.42 - - [22/May/2025:19:03:38 -0400] "GET /virtual-assistant-services/community-management/ HTTP/1.1" 200 16677 "-" "Mozilla/5.0 (compatible; AhrefsBot/7.0; +http://ahrefs.com/robot/)"
5.188.86.71 - - [22/May/2025:19:05:02 -0400] "GET /xmlrpc.php HTTP/1.1" 403 1242 "http://socialdigiinnovator.com/xmlrpc.php" "Mozilla/5.0 (X11; Linux x86_64) AppleWebKit/537.36 (KHTML, like Gecko) Chrome/91.0.4472.114 Safari/537.36"
5.188.86.71 - - [22/May/2025:19:05:04 -0400] "GET /xmlrpc.php HTTP/1.1" 403 1242 "http://socialdigiinnovator.com/xmlrpc.php" "Mozilla/5.0 (Macintosh; Intel Mac OS X 10_15_7) AppleWebKit/605.1.15 (KHTML, like Gecko) Version/15.1 Safari/605.1.15"
40.77.167.5 - - [22/May/2025:19:06:38 -0400] "GET /virtual-assistant-complete-guide-ebook/ HTTP/1.1" 200 16599 "-" "Mozilla/5.0 AppleWebKit/537.36 (KHTML, like Gecko; compatible; bingbot/2.0; +http://www.bing.com/bingbot.htm) Chrome/116.0.1938.76 Safari/537.36"
198.54.114.35 - - [22/May/2025:19:12:31 -0400] "POST /wp-cron.php?doing_wp_cron=1747955551.1878740787506103515625 HTTP/1.1" 200 0 "-" "WordPress/6.8.1; https://socialdigiinnovator.com"
165.22.229.102 - - [22/May/2025:19:12:28 -0400] "GET /404 HTTP/1.1" 404 15045 "-" "Mozilla/5.0 (Windows NT 10.0; Win64; x64) AppleWebKit/537.36 (KHTML, like Gecko) Chrome/131.0.0.0 Safari/537.36 Edg/131.0.0.0"
165.22.229.102 - - [22/May/2025:19:12:36 -0400] "GET /wp-admin/admin.php/wp-admin/plugins.php?action=deactivate&plugin=wp-file-manager%2Ffile_folder_manager.php&plugin_status=all&paged=1&s&_wpnonce= HTTP/1.1" 302 0 "-" "Mozilla/5.0 (Windows NT 10.0; Win64; x64) AppleWebKit/537.36 (KHTML, like Gecko) Chrome/131.0.0.0 Safari/537.36 Edg/131.0.0.0"
165.22.229.102 - - [22/May/2025:19:12:37 -0400] "GET /wp-login.php?redirect_to=https%3A%2F%2Fsocialdigiinnovator.com%2Fwp-admin%2Fadmin.php%2Fwp-admin%2Fplugins.php%3Faction%3Ddeactivate%26plugin%3Dwp-file-manager%252Ffile_folder_manager.php%26plugin_status%3Dall%26paged%3D1%26s%26_wpnonce%3D&reauth=1 HTTP/1.1" 302 0 "-" "Mozilla/5.0 (Windows NT 10.0; Win64; x64) AppleWebKit/537.36 (KHTML, like Gecko) Chrome/131.0.0.0 Safari/537.36 Edg/131.0.0.0"
198.54.114.35 - - [22/May/2025:19:12:38 -0400] "POST /wp-cron.php?doing_wp_cron=1747955558.2681539058685302734375 HTTP/1.1" 200 0 "-" "WordPress/6.8.1; https://socialdigiinnovator.com"
165.22.229.102 - - [22/May/2025:19:12:37 -0400] "GET /404 HTTP/1.1" 404 15046 "-" "Mozilla/5.0 (Windows NT 10.0; Win64; x64) AppleWebKit/537.36 (KHTML, like Gecko) Chrome/131.0.0.0 Safari/537.36 Edg/131.0.0.0"
165.22.229.102 - - [22/May/2025:19:12:40 -0400] "GET /wp-login.php?redirect_to=https%3A%2F%2Fsocialdigiinnovator.com%2Fwp-admin%2Fadmin.php%2Fwp-admin%2Fplugins.php%3Fplugin_status%3Dall%26paged%3D1%26s&reauth=1 HTTP/1.1" 302 0 "-" "Mozilla/5.0 (Windows NT 10.0; Win64; x64) AppleWebKit/537.36 (KHTML, like Gecko) Chrome/131.0.0.0 Safari/537.36 Edg/131.0.0.0"
165.22.229.102 - - [22/May/2025:19:12:42 -0400] "GET /wp-login.php?redirect_to=https%3A%2F%2Fsocialdigiinnovator.com%2Fwp-admin%2Fadmin.php%2Fwp-admin%2Fadmin-ajax.php&reauth=1 HTTP/1.1" 302 0 "-" "Mozilla/5.0 (Windows NT 10.0; Win64; x64) AppleWebKit/537.36 (KHTML, like Gecko) Chrome/131.0.0.0 Safari/537.36 Edg/131.0.0.0"
165.22.229.102 - - [22/May/2025:19:12:42 -0400] "GET /404 HTTP/1.1" 404 15050 "-" "Mozilla/5.0 (Windows NT 10.0; Win64; x64) AppleWebKit/537.36 (KHTML, like Gecko) Chrome/131.0.0.0 Safari/537.36 Edg/131.0.0.0"
198.54.114.35 - - [22/May/2025:19:06:44 -0400] "POST /wp-cron.php?doing_wp_cron=1747955203.8631780147552490234375 HTTP/1.1" 200 0 "-" "WordPress/6.8.1; https://socialdigiinnovator.com"
165.22.229.102 - - [22/May/2025:19:12:24 -0400] "GET /wp-admin/admin.php/wp-login.php/ HTTP/1.1" 302 0 "-" "Mozilla/5.0 (Windows NT 10.0; Win64; x64) AppleWebKit/537.36 (KHTML, like Gecko) Chrome/131.0.0.0 Safari/537.36 Edg/131.0.0.0"
165.22.229.102 - - [22/May/2025:19:12:33 -0400] "GET /wp-admin/admin.php/wp-admin/plugins.php HTTP/1.1" 302 0 "-" "Mozilla/5.0 (Windows NT 10.0; Win64; x64) AppleWebKit/537.36 (KHTML, like Gecko) Chrome/131.0.0.0 Safari/537.36 Edg/131.0.0.0"
165.22.229.102 - - [22/May/2025:19:12:34 -0400] "GET /wp-login.php?redirect_to=https%3A%2F%2Fsocialdigiinnovator.com%2Fwp-admin%2Fadmin.php%2Fwp-admin%2Fplugins.php&reauth=1 HTTP/1.1" 302 0 "-" "Mozilla/5.0 (Windows NT 10.0; Win64; x64) AppleWebKit/537.36 (KHTML, like Gecko) Chrome/131.0.0.0 Safari/537.36 Edg/131.0.0.0"
165.22.229.102 - - [22/May/2025:19:12:35 -0400] "GET /404 HTTP/1.1" 404 15046 "-" "Mozilla/5.0 (Windows NT 10.0; Win64; x64) AppleWebKit/537.36 (KHTML, like Gecko) Chrome/131.0.0.0 Safari/537.36 Edg/131.0.0.0"
165.22.229.102 - - [22/May/2025:19:12:39 -0400] "GET /wp-admin/admin.php/wp-admin/plugins.php?plugin_status=all&paged=1&s HTTP/1.1" 302 0 "-" "Mozilla/5.0 (Windows NT 10.0; Win64; x64) AppleWebKit/537.36 (KHTML, like Gecko) Chrome/131.0.0.0 Safari/537.36 Edg/131.0.0.0"
165.22.229.102 - - [22/May/2025:19:12:40 -0400] "GET /404 HTTP/1.1" 404 15046 "-" "Mozilla/5.0 (Windows NT 10.0; Win64; x64) AppleWebKit/537.36 (KHTML, like Gecko) Chrome/131.0.0.0 Safari/537.36 Edg/131.0.0.0"
165.22.229.102 - - [22/May/2025:19:12:41 -0400] "POST /wp-admin/admin.php/wp-admin/admin-ajax.php HTTP/1.1" 302 0 "-" "Mozilla/5.0 (Windows NT 10.0; Win64; x64) AppleWebKit/537.36 (KHTML, like Gecko) Chrome/131.0.0.0 Safari/537.36 Edg/131.0.0.0"
121.56.215.133 - - [22/May/2025:19:32:20 -0400] "GET /wp-login.php HTTP/1.1" 302 0 "https://socialdigiinnovator.com/wp-login.php" "Mozilla/5.0 (Windows NT 10.0; Win64; x64) AppleWebKit/537.36 (KHTML, like Gecko) Chrome/86.0.4240.198 Safari/537.36"
121.56.215.133 - - [22/May/2025:19:32:29 -0400] "GET /404 HTTP/1.1" 404 15045 "https://socialdigiinnovator.com/404" "Mozilla/5.0 (Windows NT 10.0; Win64; x64) AppleWebKit/537.36 (KHTML, like Gecko) Chrome/86.0.4240.198 Safari/537.36"
198.54.114.35 - - [22/May/2025:19:34:57 -0400] "POST /wp-cron.php?doing_wp_cron=1747956897.8014380931854248046875 HTTP/1.1" 200 0 "-" "WordPress/6.8.1; https://socialdigiinnovator.com"
134.17.14.12 - - [22/May/2025:19:34:57 -0400] "POST /wp.php HTTP/1.1" 404 15048 "-" "Mozilla/4.0 (compatible; MSIE 6.0; Windows NT 5.1; SV1)"
54.36.149.74 - - [22/May/2025:19:34:53 -0400] "GET /category/uncategorized/ HTTP/1.1" 200 18811 "-" "Mozilla/5.0 (compatible; AhrefsBot/7.0; +http://ahrefs.com/robot/)"
198.54.114.35 - - [22/May/2025:19:32:31 -0400] "POST /wp-cron.php?doing_wp_cron=1747956751.7453129291534423828125 HTTP/1.1" 200 0 "-" "WordPress/6.8.1; https://socialdigiinnovator.com"
198.54.114.35 - - [22/May/2025:19:32:47 -0400] "POST /wp-cron.php?doing_wp_cron=1747956766.9013919830322265625000 HTTP/1.1" 200 0 "-" "WordPress/6.8.1; https://socialdigiinnovator.com"
121.56.215.133 - - [22/May/2025:19:32:46 -0400] "GET /administrator/ HTTP/1.1" 404 15046 "https://socialdigiinnovator.com/administrator/" "Mozilla/5.0 (Windows NT 10.0; Win64; x64) AppleWebKit/537.36 (KHTML, like Gecko) Chrome/86.0.4240.198 Safari/537.36"
198.54.114.35 - - [22/May/2025:19:34:57 -0400] "POST /wp-cron.php?doing_wp_cron=1747956897.8014469146728515625000 HTTP/1.1" 200 0 "-" "WordPress/6.8.1; https://socialdigiinnovator.com"
198.54.114.35 - - [22/May/2025:19:50:45 -0400] "POST /wp-cron.php?doing_wp_cron=1747957844.7572131156921386718750 HTTP/1.1" 200 0 "-" "WordPress/6.8.1; https://socialdigiinnovator.com"
52.167.144.216 - - [22/May/2025:19:50:40 -0400] "GET /vowelish4fe70/fe43802082.html HTTP/1.1" 404 15045 "-" "Mozilla/5.0 AppleWebKit/537.36 (KHTML, like Gecko; compatible; bingbot/2.0; +http://www.bing.com/bingbot.htm) Chrome/116.0.1938.76 Safari/537.36"
31.58.151.238 - - [22/May/2025:20:01:43 -0400] "GET /wp-login.php HTTP/1.1" 302 0 "-" "Mozilla/5.0 (Windows NT 10.0; Win64; x64) AppleWebKit/537.36 (KHTML, like Gecko) Chrome/115.0.0.0 Safari/537.36 Edg/115.0.1901.203"
84.17.60.114 - - [22/May/2025:20:07:22 -0400] "GET //wp-includes/ID3/license.txt HTTP/1.1" 403 1242 "-" "Mozilla/5.0 (Windows NT 10.0; Win64; x64) AppleWebKit/537.36 (KHTML, like Gecko) Chrome/95.0.4638.69 Safari/537.36"
84.17.60.114 - - [22/May/2025:20:07:29 -0400] "GET //web/wp-includes/wlwmanifest.xml HTTP/1.1" 301 0 "-" "Mozilla/5.0 (Windows NT 10.0; Win64; x64) AppleWebKit/537.36 (KHTML, like Gecko) Chrome/95.0.4638.69 Safari/537.36"
84.17.60.114 - - [22/May/2025:20:07:31 -0400] "GET //2020/wp-includes/wlwmanifest.xml HTTP/1.1" 301 0 "-" "Mozilla/5.0 (Windows NT 10.0; Win64; x64) AppleWebKit/537.36 (KHTML, like Gecko) Chrome/95.0.4638.69 Safari/537.36"
84.17.60.114 - - [22/May/2025:20:07:32 -0400] "GET //2019/wp-includes/wlwmanifest.xml HTTP/1.1" 301 0 "-" "Mozilla/5.0 (Windows NT 10.0; Win64; x64) AppleWebKit/537.36 (KHTML, like Gecko) Chrome/95.0.4638.69 Safari/537.36"
84.17.60.114 - - [22/May/2025:20:07:34 -0400] "GET //test/wp-includes/wlwmanifest.xml HTTP/1.1" 301 0 "-" "Mozilla/5.0 (Windows NT 10.0; Win64; x64) AppleWebKit/537.36 (KHTML, like Gecko) Chrome/95.0.4638.69 Safari/537.36"
84.17.60.114 - - [22/May/2025:20:07:35 -0400] "GET //site/wp-includes/wlwmanifest.xml HTTP/1.1" 301 0 "-" "Mozilla/5.0 (Windows NT 10.0; Win64; x64) AppleWebKit/537.36 (KHTML, like Gecko) Chrome/95.0.4638.69 Safari/537.36"
198.54.114.35 - - [22/May/2025:19:58:40 -0400] "POST /wp-cron.php?doing_wp_cron=1747958320.2980918884277343750000 HTTP/1.1" 200 0 "-" "WordPress/6.8.1; https://socialdigiinnovator.com"
170.106.82.209 - - [22/May/2025:19:58:36 -0400] "GET / HTTP/1.1" 301 0 "-" "Mozilla/5.0 (iPhone; CPU iPhone OS 13_2_3 like Mac OS X) AppleWebKit/605.1.15 (KHTML, like Gecko) Version/13.0.3 Mobile/15E148 Safari/604.1"
170.106.82.209 - - [22/May/2025:19:58:42 -0400] "GET / HTTP/1.1" 200 19843 "https://www.socialdigiinnovator.com" "Mozilla/5.0 (iPhone; CPU iPhone OS 13_2_3 like Mac OS X) AppleWebKit/605.1.15 (KHTML, like Gecko) Version/13.0.3 Mobile/15E148 Safari/604.1"
198.54.114.35 - - [22/May/2025:20:01:50 -0400] "POST /wp-cron.php?doing_wp_cron=1747958509.9744629859924316406250 HTTP/1.1" 200 0 "-" "WordPress/6.8.1; https://socialdigiinnovator.com"
31.58.151.238 - - [22/May/2025:20:01:47 -0400] "GET /404 HTTP/1.1" 404 15049 "-" "Mozilla/5.0 (Windows NT 10.0; Win64; x64) AppleWebKit/537.36 (KHTML, like Gecko) Chrome/115.0.0.0 Safari/537.36 Edg/115.0.1901.203"
198.54.114.35 - - [22/May/2025:20:07:27 -0400] "POST /wp-cron.php?doing_wp_cron=1747958847.4480929374694824218750 HTTP/1.1" 200 0 "-" "WordPress/6.8.1; https://socialdigiinnovator.com"
84.17.60.114 - - [22/May/2025:20:07:23 -0400] "GET //feed/ HTTP/1.1" 301 0 "-" "Mozilla/5.0 (Windows NT 10.0; Win64; x64) AppleWebKit/537.36 (KHTML, like Gecko) Chrome/95.0.4638.69 Safari/537.36"
84.17.60.114 - - [22/May/2025:20:07:28 -0400] "GET //blog/wp-includes/wlwmanifest.xml HTTP/1.1" 301 0 "-" "Mozilla/5.0 (Windows NT 10.0; Win64; x64) AppleWebKit/537.36 (KHTML, like Gecko) Chrome/95.0.4638.69 Safari/537.36"
84.17.60.114 - - [22/May/2025:20:07:29 -0400] "GET //wordpress/wp-includes/wlwmanifest.xml HTTP/1.1" 301 0 "-" "Mozilla/5.0 (Windows NT 10.0; Win64; x64) AppleWebKit/537.36 (KHTML, like Gecko) Chrome/95.0.4638.69 Safari/537.36"
84.17.60.114 - - [22/May/2025:20:07:30 -0400] "GET //wp/wp-includes/wlwmanifest.xml HTTP/1.1" 301 0 "-" "Mozilla/5.0 (Windows NT 10.0; Win64; x64) AppleWebKit/537.36 (KHTML, like Gecko) Chrome/95.0.4638.69 Safari/537.36"
84.17.60.114 - - [22/May/2025:20:07:32 -0400] "GET //2021/wp-includes/wlwmanifest.xml HTTP/1.1" 301 0 "-" "Mozilla/5.0 (Windows NT 10.0; Win64; x64) AppleWebKit/537.36 (KHTML, like Gecko) Chrome/95.0.4638.69 Safari/537.36"
