45.133.74.53 - - [23/May/2025:01:21:03 -0400] "GET /wp-content/plugins/auxin-elements/admin/assets/js/elementor/widgets.js?ver=2.17.6 HTTP/1.1" 304 0 "https://socialdigiinnovator.com/" "Mozilla/5.0 (iPhone; CPU iPhone OS 17_6_1 like Mac OS X) AppleWebKit/605.1.15 (KHTML, like Gecko) Version/17.6 Mobile/15E148 Safari/604.1"
45.133.74.53 - - [23/May/2025:01:21:03 -0400] "GET /wp-content/plugins/contact-form-7/includes/swv/js/index.js?ver=6.0.6 HTTP/1.1" 304 0 "https://socialdigiinnovator.com/" "Mozilla/5.0 (iPhone; CPU iPhone OS 17_6_1 like Mac OS X) AppleWebKit/605.1.15 (KHTML, like Gecko) Version/17.6 Mobile/15E148 Safari/604.1"
45.133.74.53 - - [23/May/2025:01:20:56 -0400] "GET / HTTP/1.1" 200 0 "-" "Mozilla/5.0 (iPhone; CPU iPhone OS 17_6_1 like Mac OS X) AppleWebKit/605.1.15 (KHTML, like Gecko) Version/17.6 Mobile/15E148 Safari/604.1"
198.54.114.35 - - [23/May/2025:01:21:00 -0400] "POST /wp-cron.php?doing_wp_cron=1747977660.1398119926452636718750 HTTP/1.1" 200 0 "-" "WordPress/6.8.1; https://socialdigiinnovator.com"
45.133.74.53 - - [23/May/2025:01:21:02 -0400] "GET /wp-content/uploads/2022/09/elementor/thumbs/2-1-pvdwa72vq5yedtmnnfiiqsvglvj4vj7srmzj5y316g.png HTTP/1.1" 404 33555 "https://socialdigiinnovator.com/" "Mozilla/5.0 (iPhone; CPU iPhone OS 17_6_1 like Mac OS X) AppleWebKit/605.1.15 (KHTML, like Gecko) Version/17.6 Mobile/15E148 Safari/604.1"
45.133.74.53 - - [23/May/2025:01:21:03 -0400] "GET /wp-includes/js/dist/hooks.min.js?ver=4d63a3d491d11ffd8ac6 HTTP/1.1" 304 0 "https://socialdigiinnovator.com/" "Mozilla/5.0 (iPhone; CPU iPhone OS 17_6_1 like Mac OS X) AppleWebKit/605.1.15 (KHTML, like Gecko) Version/17.6 Mobile/15E148 Safari/604.1"
45.133.74.53 - - [23/May/2025:01:21:03 -0400] "GET /wp-content/plugins/elementor/assets/js/webpack.runtime.min.js?ver=3.29.0 HTTP/1.1" 200 2323 "https://socialdigiinnovator.com/" "Mozilla/5.0 (iPhone; CPU iPhone OS 17_6_1 like Mac OS X) AppleWebKit/605.1.15 (KHTML, like Gecko) Version/17.6 Mobile/15E148 Safari/604.1"
45.133.74.53 - - [23/May/2025:01:21:03 -0400] "GET /wp-content/plugins/elementor/assets/js/frontend-modules.min.js?ver=3.29.0 HTTP/1.1" 304 0 "https://socialdigiinnovator.com/" "Mozilla/5.0 (iPhone; CPU iPhone OS 17_6_1 like Mac OS X) AppleWebKit/605.1.15 (KHTML, like Gecko) Version/17.6 Mobile/15E148 Safari/604.1"
45.133.74.53 - - [23/May/2025:01:21:03 -0400] "GET /wp-includes/js/mediaelement/wp-mediaelement.min.js?ver=6.8.1 HTTP/1.1" 304 0 "https://socialdigiinnovator.com/" "Mozilla/5.0 (iPhone; CPU iPhone OS 17_6_1 like Mac OS X) AppleWebKit/605.1.15 (KHTML, like Gecko) Version/17.6 Mobile/15E148 Safari/604.1"
45.133.74.53 - - [23/May/2025:01:21:03 -0400] "GET /wp-content/plugins/auxin-elements/public/assets/js/plugins.min.js?ver=2.17.6 HTTP/1.1" 304 0 "https://socialdigiinnovator.com/" "Mozilla/5.0 (iPhone; CPU iPhone OS 17_6_1 like Mac OS X) AppleWebKit/605.1.15 (KHTML, like Gecko) Version/17.6 Mobile/15E148 Safari/604.1"
45.133.74.53 - - [23/May/2025:01:21:03 -0400] "GET /wp-content/plugins/elementor/assets/lib/jquery-numerator/jquery-numerator.min.js?ver=0.2.1 HTTP/1.1" 304 0 "https://socialdigiinnovator.com/" "Mozilla/5.0 (iPhone; CPU iPhone OS 17_6_1 like Mac OS X) AppleWebKit/605.1.15 (KHTML, like Gecko) Version/17.6 Mobile/15E148 Safari/604.1"
45.133.74.53 - - [23/May/2025:01:21:03 -0400] "GET /wp-includes/js/mediaelement/mediaelement-migrate.min.js?ver=6.8.1 HTTP/1.1" 304 0 "https://socialdigiinnovator.com/" "Mozilla/5.0 (iPhone; CPU iPhone OS 17_6_1 like Mac OS X) AppleWebKit/605.1.15 (KHTML, like Gecko) Version/17.6 Mobile/15E148 Safari/604.1"
45.133.74.53 - - [23/May/2025:01:21:03 -0400] "GET /wp-includes/js/imagesloaded.min.js?ver=5.0.0 HTTP/1.1" 304 0 "https://socialdigiinnovator.com/" "Mozilla/5.0 (iPhone; CPU iPhone OS 17_6_1 like Mac OS X) AppleWebKit/605.1.15 (KHTML, like Gecko) Version/17.6 Mobile/15E148 Safari/604.1"
45.133.74.53 - - [23/May/2025:01:21:03 -0400] "GET /wp-content/plugins/auxin-pro-tools/public/assets/js/pro-tools.js?ver=1.9.5 HTTP/1.1" 304 0 "https://socialdigiinnovator.com/" "Mozilla/5.0 (iPhone; CPU iPhone OS 17_6_1 like Mac OS X) AppleWebKit/605.1.15 (KHTML, like Gecko) Version/17.6 Mobile/15E148 Safari/604.1"
45.133.74.53 - - [23/May/2025:01:21:03 -0400] "GET /wp-includes/js/mediaelement/mediaelement-and-player.min.js?ver=4.2.17 HTTP/1.1" 304 0 "https://socialdigiinnovator.com/" "Mozilla/5.0 (iPhone; CPU iPhone OS 17_6_1 like Mac OS X) AppleWebKit/605.1.15 (KHTML, like Gecko) Version/17.6 Mobile/15E148 Safari/604.1"
45.133.74.53 - - [23/May/2025:01:21:03 -0400] "GET /wp-content/plugins/contact-form-7/includes/js/index.js?ver=6.0.6 HTTP/1.1" 304 0 "https://socialdigiinnovator.com/" "Mozilla/5.0 (iPhone; CPU iPhone OS 17_6_1 like Mac OS X) AppleWebKit/605.1.15 (KHTML, like Gecko) Version/17.6 Mobile/15E148 Safari/604.1"
45.133.74.53 - - [23/May/2025:01:21:03 -0400] "GET /wp-content/themes/phlox-pro/js/plugins.min.js?ver=5.17.6 HTTP/1.1" 304 0 "https://socialdigiinnovator.com/" "Mozilla/5.0 (iPhone; CPU iPhone OS 17_6_1 like Mac OS X) AppleWebKit/605.1.15 (KHTML, like Gecko) Version/17.6 Mobile/15E148 Safari/604.1"
45.133.74.53 - - [23/May/2025:01:21:03 -0400] "GET /wp-includes/js/jquery/ui/core.min.js?ver=1.13.3 HTTP/1.1" 304 0 "https://socialdigiinnovator.com/" "Mozilla/5.0 (iPhone; CPU iPhone OS 17_6_1 like Mac OS X) AppleWebKit/605.1.15 (KHTML, like Gecko) Version/17.6 Mobile/15E148 Safari/604.1"
45.133.74.53 - - [23/May/2025:01:21:03 -0400] "GET /wp-includes/js/dist/i18n.min.js?ver=5e580eb46a90c2b997e6 HTTP/1.1" 304 0 "https://socialdigiinnovator.com/" "Mozilla/5.0 (iPhone; CPU iPhone OS 17_6_1 like Mac OS X) AppleWebKit/605.1.15 (KHTML, like Gecko) Version/17.6 Mobile/15E148 Safari/604.1"
45.133.74.53 - - [23/May/2025:01:21:03 -0400] "GET /wp-includes/js/masonry.min.js?ver=4.2.2 HTTP/1.1" 304 0 "https://socialdigiinnovator.com/" "Mozilla/5.0 (iPhone; CPU iPhone OS 17_6_1 like Mac OS X) AppleWebKit/605.1.15 (KHTML, like Gecko) Version/17.6 Mobile/15E148 Safari/604.1"
45.133.74.53 - - [23/May/2025:01:21:03 -0400] "GET /wp-content/uploads/2022/09/7402118-scaled-594x594.jpg HTTP/1.1" 200 31340 "https://socialdigiinnovator.com/" "Mozilla/5.0 (iPhone; CPU iPhone OS 17_6_1 like Mac OS X) AppleWebKit/605.1.15 (KHTML, like Gecko) Version/17.6 Mobile/15E148 Safari/604.1"
45.133.74.53 - - [23/May/2025:01:21:03 -0400] "GET /wp-content/plugins/elementor-pro/assets/js/webpack-pro.runtime.min.js?ver=3.29.0 HTTP/1.1" 304 0 "https://socialdigiinnovator.com/" "Mozilla/5.0 (iPhone; CPU iPhone OS 17_6_1 like Mac OS X) AppleWebKit/605.1.15 (KHTML, like Gecko) Version/17.6 Mobile/15E148 Safari/604.1"
45.133.74.53 - - [23/May/2025:01:21:03 -0400] "GET /wp-content/plugins/depicter/resources/scripts/player/depicter.js?ver=1746475589 HTTP/1.1" 200 66896 "https://socialdigiinnovator.com/" "Mozilla/5.0 (iPhone; CPU iPhone OS 17_6_1 like Mac OS X) AppleWebKit/605.1.15 (KHTML, like Gecko) Version/17.6 Mobile/15E148 Safari/604.1"
45.133.74.53 - - [23/May/2025:01:21:03 -0400] "GET /wp-content/plugins/elementor-pro/assets/js/elements-handlers.min.js?ver=3.29.0 HTTP/1.1" 304 0 "https://socialdigiinnovator.com/" "Mozilla/5.0 (iPhone; CPU iPhone OS 17_6_1 like Mac OS X) AppleWebKit/605.1.15 (KHTML, like Gecko) Version/17.6 Mobile/15E148 Safari/604.1"
45.133.74.53 - - [23/May/2025:01:21:03 -0400] "GET /wp-content/plugins/elementor-pro/assets/js/frontend.min.js?ver=3.29.0 HTTP/1.1" 304 0 "https://socialdigiinnovator.com/" "Mozilla/5.0 (iPhone; CPU iPhone OS 17_6_1 like Mac OS X) AppleWebKit/605.1.15 (KHTML, like Gecko) Version/17.6 Mobile/15E148 Safari/604.1"
45.133.74.53 - - [23/May/2025:01:21:03 -0400] "GET /wp-content/uploads/phlox-pro/custom.js?ver=3.3 HTTP/1.1" 304 0 "https://socialdigiinnovator.com/" "Mozilla/5.0 (iPhone; CPU iPhone OS 17_6_1 like Mac OS X) AppleWebKit/605.1.15 (KHTML, like Gecko) Version/17.6 Mobile/15E148 Safari/604.1"
45.133.74.53 - - [23/May/2025:01:21:05 -0400] "GET /wp-includes/js/wp-emoji-release.min.js?ver=6.8.1 HTTP/1.1" 304 0 "https://socialdigiinnovator.com/" "Mozilla/5.0 (iPhone; CPU iPhone OS 17_6_1 like Mac OS X) AppleWebKit/605.1.15 (KHTML, like Gecko) Version/17.6 Mobile/15E148 Safari/604.1"
45.133.74.53 - - [23/May/2025:01:21:05 -0400] "GET /wp-content/plugins/elementor/assets/js/shared-frontend-handlers.30dc2f9c080845a413a6.bundle.min.js HTTP/1.1" 304 0 "https://socialdigiinnovator.com/" "Mozilla/5.0 (iPhone; CPU iPhone OS 17_6_1 like Mac OS X) AppleWebKit/605.1.15 (KHTML, like Gecko) Version/17.6 Mobile/15E148 Safari/604.1"
45.133.74.53 - - [23/May/2025:01:21:05 -0400] "GET /wp-content/plugins/elementor/assets/js/text-editor.c084ef86600b6f11690d.bundle.min.js HTTP/1.1" 304 0 "https://socialdigiinnovator.com/" "Mozilla/5.0 (iPhone; CPU iPhone OS 17_6_1 like Mac OS X) AppleWebKit/605.1.15 (KHTML, like Gecko) Version/17.6 Mobile/15E148 Safari/604.1"
45.133.74.53 - - [23/May/2025:01:21:05 -0400] "GET /wp-content/plugins/elementor/assets/js/image-carousel.6167d20b95b33386757b.bundle.min.js HTTP/1.1" 304 0 "https://socialdigiinnovator.com/" "Mozilla/5.0 (iPhone; CPU iPhone OS 17_6_1 like Mac OS X) AppleWebKit/605.1.15 (KHTML, like Gecko) Version/17.6 Mobile/15E148 Safari/604.1"
198.54.114.35 - - [23/May/2025:01:27:26 -0400] "POST /wp-cron.php?doing_wp_cron=1747978046.3892281055450439453125 HTTP/1.1" 200 0 "-" "WordPress/6.8.1; https://socialdigiinnovator.com"
23.137.84.165 - - [23/May/2025:01:27:22 -0400] "GET / HTTP/1.1" 200 0 "-" "Mozilla/5.0 (compatible; NewsletterBot/1.0)"
103.90.149.121 - - [23/May/2025:01:32:16 -0400] "GET //wp-content/admin.php HTTP/1.1" 200 0 "http://www.socialdigiinnovator.com/" "Mozilla/5.0 (Windows NT 10.0; Win64; x64) AppleWebKit/537.36 (KHTML, like Gecko) Chrome/121.0.0.0 Safari/537.36"
198.54.114.35 - - [23/May/2025:01:32:23 -0400] "POST /wp-cron.php?doing_wp_cron=1747978342.7291541099548339843750 HTTP/1.1" 200 0 "-" "WordPress/6.8.1; https://socialdigiinnovator.com"
103.90.149.121 - - [23/May/2025:01:32:32 -0400] "GET /wp-content/admin.php HTTP/1.1" 404 15047 "http://www.socialdigiinnovator.com/" "Mozilla/5.0 (Windows NT 10.0; Win64; x64) AppleWebKit/537.36 (KHTML, like Gecko) Chrome/121.0.0.0 Safari/537.36"
198.54.114.35 - - [23/May/2025:01:33:35 -0400] "POST /wp-cron.php?doing_wp_cron=1747978414.6574120521545410156250 HTTP/1.1" 200 0 "-" "WordPress/6.8.1; https://socialdigiinnovator.com"
66.249.65.74 - - [23/May/2025:01:33:34 -0400] "GET / HTTP/1.1" 301 0 "-" "Mozilla/5.0 (Linux; Android 6.0.1; Nexus 5X Build/MMB29P) AppleWebKit/537.36 (KHTML, like Gecko) Chrome/136.0.7103.113 Mobile Safari/537.36 (compatible; Googlebot/2.1; +http://www.google.com/bot.html)"
66.249.73.97 - - [23/May/2025:01:33:40 -0400] "GET /wp-content/themes/phlox-pro/js/solo/modernizr-custom.min.js?ver=5.17.6 HTTP/1.1" 200 5864 "https://socialdigiinnovator.com/" "Mozilla/5.0 (Linux; Android 6.0.1; Nexus 5X Build/MMB29P) AppleWebKit/537.36 (KHTML, like Gecko) Chrome/136.0.7103.92 Mobile Safari/537.36 (compatible; Googlebot/2.1; +http://www.google.com/bot.html)"
66.249.73.97 - - [23/May/2025:01:33:46 -0400] "GET /wp-content/uploads/elementor/css/post-85.css?ver=1747008000 HTTP/1.1" 200 6048 "https://socialdigiinnovator.com/" "Mozilla/5.0 (Linux; Android 6.0.1; Nexus 5X Build/MMB29P) AppleWebKit/537.36 (KHTML, like Gecko) Chrome/136.0.7103.92 Mobile Safari/537.36 (compatible; Googlebot/2.1; +http://www.google.com/bot.html)"
66.249.73.97 - - [23/May/2025:01:33:47 -0400] "GET /wp-content/plugins/auxin-elements/public/assets/js/scripts.js?ver=2.17.6 HTTP/1.1" 200 2171 "https://socialdigiinnovator.com/" "Mozilla/5.0 (Linux; Android 6.0.1; Nexus 5X Build/MMB29P) AppleWebKit/537.36 (KHTML, like Gecko) Chrome/136.0.7103.92 Mobile Safari/537.36 (compatible; Googlebot/2.1; +http://www.google.com/bot.html)"
66.249.73.97 - - [23/May/2025:01:33:50 -0400] "GET /wp-content/themes/phlox-pro/css/images/svg/spinner-light.svg HTTP/1.1" 200 301 "https://socialdigiinnovator.com/wp-content/themes/phlox-pro/css/main.css?ver=5.17.6" "Mozilla/5.0 (Linux; Android 6.0.1; Nexus 5X Build/MMB29P) AppleWebKit/537.36 (KHTML, like Gecko) Chrome/136.0.7103.92 Mobile Safari/537.36 (compatible; Googlebot/2.1; +http://www.google.com/bot.html)"
66.249.73.97 - - [23/May/2025:01:33:51 -0400] "GET /wp-content/themes/phlox-pro/css/images/svg/symbols.svg HTTP/1.1" 200 4196 "https://socialdigiinnovator.com/wp-content/themes/phlox-pro/css/main.css?ver=5.17.6" "Mozilla/5.0 (Linux; Android 6.0.1; Nexus 5X Build/MMB29P) AppleWebKit/537.36 (KHTML, like Gecko) Chrome/136.0.7103.92 Mobile Safari/537.36 (compatible; Googlebot/2.1; +http://www.google.com/bot.html)"
45.133.74.53 - - [23/May/2025:01:21:05 -0400] "GET /wp-content/plugins/elementor/assets/js/section-frontend-handlers.d85ab872da118940910d.bundle.min.js HTTP/1.1" 304 0 "https://socialdigiinnovator.com/" "Mozilla/5.0 (iPhone; CPU iPhone OS 17_6_1 like Mac OS X) AppleWebKit/605.1.15 (KHTML, like Gecko) Version/17.6 Mobile/15E148 Safari/604.1"
45.133.74.53 - - [23/May/2025:01:21:05 -0400] "GET /wp-content/plugins/elementor/assets/js/counter.12335f45aaa79d244f24.bundle.min.js HTTP/1.1" 304 0 "https://socialdigiinnovator.com/" "Mozilla/5.0 (iPhone; CPU iPhone OS 17_6_1 like Mac OS X) AppleWebKit/605.1.15 (KHTML, like Gecko) Version/17.6 Mobile/15E148 Safari/604.1"
103.90.149.121 - - [23/May/2025:01:32:29 -0400] "GET //wp-content/admin.php HTTP/1.1" 301 0 "http://www.socialdigiinnovator.com/" "Mozilla/5.0 (Windows NT 10.0; Win64; x64) AppleWebKit/537.36 (KHTML, like Gecko) Chrome/121.0.0.0 Safari/537.36"
66.249.73.97 - - [23/May/2025:01:33:42 -0400] "GET /wp-content/plugins/elementor/assets/lib/font-awesome/css/brands.min.css?ver=5.15.3 HTTP/1.1" 200 284 "https://socialdigiinnovator.com/" "Mozilla/5.0 (Linux; Android 6.0.1; Nexus 5X Build/MMB29P) AppleWebKit/537.36 (KHTML, like Gecko) Chrome/136.0.7103.92 Mobile Safari/537.36 (compatible; Googlebot/2.1; +http://www.google.com/bot.html)"
66.249.73.97 - - [23/May/2025:01:33:48 -0400] "GET /wp-includes/js/mediaelement/mediaelement-and-player.min.js?ver=4.2.17 HTTP/1.1" 304 0 "https://socialdigiinnovator.com/" "Mozilla/5.0 (Linux; Android 6.0.1; Nexus 5X Build/MMB29P) AppleWebKit/537.36 (KHTML, like Gecko) Chrome/136.0.7103.92 Mobile Safari/537.36 (compatible; Googlebot/2.1; +http://www.google.com/bot.html)"
66.249.73.97 - - [23/May/2025:01:33:52 -0400] "GET /wp-content/plugins/elementor/assets/js/section-frontend-handlers.d85ab872da118940910d.bundle.min.js HTTP/1.1" 304 0 "https://socialdigiinnovator.com/" "Mozilla/5.0 (Linux; Android 6.0.1; Nexus 5X Build/MMB29P) AppleWebKit/537.36 (KHTML, like Gecko) Chrome/136.0.7103.92 Mobile Safari/537.36 (compatible; Googlebot/2.1; +http://www.google.com/bot.html)"
66.249.73.97 - - [23/May/2025:01:33:57 -0400] "GET /wp-content/plugins/elementor/assets/js/image-carousel.6167d20b95b33386757b.bundle.min.js HTTP/1.1" 200 256 "https://socialdigiinnovator.com/" "Mozilla/5.0 (Linux; Android 6.0.1; Nexus 5X Build/MMB29P) AppleWebKit/537.36 (KHTML, like Gecko) Chrome/136.0.7103.92 Mobile Safari/537.36 (compatible; Googlebot/2.1; +http://www.google.com/bot.html)"
216.244.66.226 - - [23/May/2025:01:56:10 -0400] "GET /robots.txt HTTP/1.1" 200 102 "-" "Mozilla/5.0 (compatible; DotBot/1.2; +https://opensiteexplorer.org/dotbot; help@moz.com)"
2602:fb54:67d:: - - [23/May/2025:01:56:46 -0400] "GET /wp-login.php HTTP/1.1" 302 0 "https://socialdigiinnovator.com/wp-login.php" "Mozilla/5.0 (Windows NT 10.0; Win64; x64)"
198.54.114.35 - - [23/May/2025:01:56:47 -0400] "POST /wp-cron.php?doing_wp_cron=1747979807.5604848861694335937500 HTTP/1.1" 200 0 "-" "WordPress/6.8.1; https://socialdigiinnovator.com"
198.54.114.35 - - [23/May/2025:02:10:53 -0400] "POST /wp-cron.php?doing_wp_cron=1747980652.9253039360046386718750 HTTP/1.1" 200 0 "-" "WordPress/6.8.1; https://socialdigiinnovator.com"
46.203.88.127 - - [23/May/2025:02:11:31 -0400] "GET /wp-admin/admin.php HTTP/1.1" 302 0 "-" "Mozilla/5.0 (Windows NT 10.0; Win64; x64) AppleWebKit/537.36 (KHTML, like Gecko) Chrome/115.0.0.0 Safari/537.36 Edg/115.0.1901.203"
46.203.88.127 - - [23/May/2025:02:11:33 -0400] "GET /wp-login.php?redirect_to=https%3A%2F%2Fsocialdigiinnovator.com%2Fwp-admin%2Fadmin.php&reauth=1 HTTP/1.1" 302 0 "-" "Mozilla/5.0 (Windows NT 10.0; Win64; x64) AppleWebKit/537.36 (KHTML, like Gecko) Chrome/115.0.0.0 Safari/537.36 Edg/115.0.1901.203"
46.203.88.127 - - [23/May/2025:02:11:34 -0400] "GET /404 HTTP/1.1" 404 15047 "-" "Mozilla/5.0 (Windows NT 10.0; Win64; x64) AppleWebKit/537.36 (KHTML, like Gecko) Chrome/115.0.0.0 Safari/537.36 Edg/115.0.1901.203"
66.249.73.97 - - [23/May/2025:01:33:55 -0400] "GET /wp-content/plugins/elementor/assets/js/shared-frontend-handlers.30dc2f9c080845a413a6.bundle.min.js HTTP/1.1" 304 0 "https://socialdigiinnovator.com/" "Mozilla/5.0 (Linux; Android 6.0.1; Nexus 5X Build/MMB29P) AppleWebKit/537.36 (KHTML, like Gecko) Chrome/136.0.7103.92 Mobile Safari/537.36 (compatible; Googlebot/2.1; +http://www.google.com/bot.html)"
66.249.73.97 - - [23/May/2025:01:33:56 -0400] "GET /wp-content/plugins/elementor/assets/js/counter.12335f45aaa79d244f24.bundle.min.js HTTP/1.1" 304 0 "https://socialdigiinnovator.com/" "Mozilla/5.0 (Linux; Android 6.0.1; Nexus 5X Build/MMB29P) AppleWebKit/537.36 (KHTML, like Gecko) Chrome/136.0.7103.92 Mobile Safari/537.36 (compatible; Googlebot/2.1; +http://www.google.com/bot.html)"
2a03:2880:15ff:70:: - - [23/May/2025:01:42:47 -0400] "GET /wp-content/uploads/2022/08/cropped-cropped-Logo-Presentation-Final-06-2-300x241-2.png HTTP/1.1" 200 2382 "-" "facebookexternalhit/1.1 (+http://www.facebook.com/externalhit_uatext.php)"
103.90.149.121 - - [23/May/2025:01:49:09 -0400] "GET //wp-includes/customize/wp-login.php HTTP/1.1" 302 0 "http://www.socialdigiinnovator.com/" "Mozilla/5.0 (Windows NT 10.0; Win64; x64) AppleWebKit/537.36 (KHTML, like Gecko) Chrome/121.0.0.0 Safari/537.36"
103.90.149.121 - - [23/May/2025:01:49:27 -0400] "GET //wp-includes/customize/wp-login.php HTTP/1.1" 302 0 "http://www.socialdigiinnovator.com/" "Mozilla/5.0 (Windows NT 10.0; Win64; x64) AppleWebKit/537.36 (KHTML, like Gecko) Chrome/121.0.0.0 Safari/537.36"
198.54.114.35 - - [23/May/2025:01:49:32 -0400] "POST /wp-cron.php?doing_wp_cron=1747979371.8835320472717285156250 HTTP/1.1" 200 0 "-" "WordPress/6.8.1; https://socialdigiinnovator.com"
103.90.149.121 - - [23/May/2025:01:49:30 -0400] "GET /404 HTTP/1.1" 404 15048 "http://www.socialdigiinnovator.com/" "Mozilla/5.0 (Windows NT 10.0; Win64; x64) AppleWebKit/537.36 (KHTML, like Gecko) Chrome/121.0.0.0 Safari/537.36"
198.54.114.35 - - [23/May/2025:01:56:17 -0400] "POST /wp-cron.php?doing_wp_cron=1747979777.2916119098663330078125 HTTP/1.1" 200 0 "-" "WordPress/6.8.1; https://socialdigiinnovator.com"
2602:fb54:67d:: - - [23/May/2025:01:56:47 -0400] "GET /404 HTTP/1.1" 404 15048 "https://socialdigiinnovator.com/wp-login.php" "Mozilla/5.0 (Windows NT 10.0; Win64; x64)"
198.54.114.35 - - [23/May/2025:02:00:06 -0400] "POST /wp-cron.php?doing_wp_cron=1747980005.9280469417572021484375 HTTP/1.1" 200 0 "-" "WordPress/6.8.1; https://socialdigiinnovator.com"
170.106.11.6 - - [23/May/2025:01:59:57 -0400] "GET / HTTP/1.1" 301 0 "http://www.socialdigiinnovator.com" "Mozilla/5.0 (iPhone; CPU iPhone OS 13_2_3 like Mac OS X) AppleWebKit/605.1.15 (KHTML, like Gecko) Version/13.0.3 Mobile/15E148 Safari/604.1"
170.106.11.6 - - [23/May/2025:02:00:08 -0400] "GET / HTTP/1.1" 200 26043 "https://www.socialdigiinnovator.com/" "Mozilla/5.0 (iPhone; CPU iPhone OS 13_2_3 like Mac OS X) AppleWebKit/605.1.15 (KHTML, like Gecko) Version/13.0.3 Mobile/15E148 Safari/604.1"
47.79.2.41 - - [23/May/2025:02:10:48 -0400] "GET / HTTP/1.1" 200 26173 "https://socialdigiinnovator.com/" "Mozilla/5.0 (Windows NT 10.0; Win64; x64) AppleWebKit/537.36 (KHTML, like Gecko) Chrome/114.0.0.0 Safari/537.36 Edg/114.0.1823.43"
185.68.185.182 - - [23/May/2025:02:22:25 -0400] "GET /importance-of-a-brand-logo/ HTTP/1.1" 200 18536 "https://socialdigiinnovator.com/importance-of-a-brand-logo/" "Mozilla/5.0 (Windows NT 10.0; Win64; x64) AppleWebKit/537.36 (KHTML, like Gecko) Chrome/131.0.0.0 Safari/537.36 Avast/131.0.0.0"
185.68.185.182 - - [23/May/2025:02:22:36 -0400] "GET /importance-of-a-brand-logo/ HTTP/1.1" 200 20164 "https://socialdigiinnovator.com/importance-of-a-brand-logo/#comment-222" "Mozilla/5.0 (Windows NT 10.0; Win64; x64) AppleWebKit/537.36 (KHTML, like Gecko) Chrome/131.0.0.0 Safari/537.36 Avast/131.0.0.0"
43.130.12.43 - - [23/May/2025:02:24:12 -0400] "GET /virtual-assistant-services/social-media-management/ HTTP/1.1" 200 17143 "-" "Mozilla/5.0 (iPhone; CPU iPhone OS 13_2_3 like Mac OS X) AppleWebKit/605.1.15 (KHTML, like Gecko) Version/13.0.3 Mobile/15E148 Safari/604.1"
103.90.149.121 - - [23/May/2025:02:26:44 -0400] "GET //wp-admin/network/wp-login.php HTTP/1.1" 302 0 "http://www.socialdigiinnovator.com/" "Mozilla/5.0 (Windows NT 10.0; Win64; x64) AppleWebKit/537.36 (KHTML, like Gecko) Chrome/121.0.0.0 Safari/537.36"
198.54.114.35 - - [23/May/2025:02:26:49 -0400] "POST /wp-cron.php?doing_wp_cron=1747981609.6738018989562988281250 HTTP/1.1" 200 0 "-" "WordPress/6.8.1; https://socialdigiinnovator.com"
198.54.114.35 - - [23/May/2025:02:22:29 -0400] "POST /wp-cron.php?doing_wp_cron=1747981349.3276770114898681640625 HTTP/1.1" 200 0 "-" "WordPress/6.8.1; https://socialdigiinnovator.com"
185.68.185.182 - - [23/May/2025:02:22:32 -0400] "POST /wp-comments-post.php HTTP/1.1" 302 0 "https://socialdigiinnovator.com/importance-of-a-brand-logo/" "Mozilla/5.0 (Windows NT 10.0; Win64; x64) AppleWebKit/537.36 (KHTML, like Gecko) Chrome/131.0.0.0 Safari/537.36 Avast/131.0.0.0"
198.54.114.35 - - [23/May/2025:02:24:16 -0400] "POST /wp-cron.php?doing_wp_cron=1747981456.3503589630126953125000 HTTP/1.1" 200 0 "-" "WordPress/6.8.1; https://socialdigiinnovator.com"
103.90.149.121 - - [23/May/2025:02:26:31 -0400] "GET //wp-admin/network/wp-login.php HTTP/1.1" 200 0 "http://www.socialdigiinnovator.com/" "Mozilla/5.0 (Windows NT 10.0; Win64; x64) AppleWebKit/537.36 (KHTML, like Gecko) Chrome/121.0.0.0 Safari/537.36"
103.90.149.121 - - [23/May/2025:02:26:48 -0400] "GET /404 HTTP/1.1" 404 15049 "http://www.socialdigiinnovator.com/" "Mozilla/5.0 (Windows NT 10.0; Win64; x64) AppleWebKit/537.36 (KHTML, like Gecko) Chrome/121.0.0.0 Safari/537.36"
198.54.114.35 - - [23/May/2025:02:34:54 -0400] "POST /wp-cron.php?doing_wp_cron=1747982094.6410179138183593750000 HTTP/1.1" 200 0 "-" "WordPress/6.8.1; https://socialdigiinnovator.com"
54.36.148.82 - - [23/May/2025:02:34:54 -0400] "GET /business-dfy/ HTTP/1.1" 200 16303 "-" "Mozilla/5.0 (compatible; AhrefsBot/7.0; +http://ahrefs.com/robot/)"
143.110.144.210 - - [23/May/2025:02:39:13 -0400] "GET /index.php?rest_route=/wp/v2/users HTTP/1.1" 200 938 "https://socialdigiinnovator.com" "Mozilla/5.0 (Windows NT 10.0; Win64; x64) AppleWebKit/537.36 (KHTML, like Gecko) Chrome/112.0.5615.138 Safari/537.36"
103.90.149.121 - - [23/May/2025:02:41:55 -0400] "GET //wp-admin/user/wp-login.php HTTP/1.1" 200 0 "http://www.socialdigiinnovator.com/" "Mozilla/5.0 (Windows NT 10.0; Win64; x64) AppleWebKit/537.36 (KHTML, like Gecko) Chrome/121.0.0.0 Safari/537.36"
103.90.149.121 - - [23/May/2025:02:42:12 -0400] "GET //wp-admin/user/wp-login.php HTTP/1.1" 302 0 "http://www.socialdigiinnovator.com/" "Mozilla/5.0 (Windows NT 10.0; Win64; x64) AppleWebKit/537.36 (KHTML, like Gecko) Chrome/121.0.0.0 Safari/537.36"
198.54.114.35 - - [23/May/2025:02:34:10 -0400] "POST /wp-cron.php?doing_wp_cron=1747982050.5849480628967285156250 HTTP/1.1" 200 0 "-" "WordPress/6.8.1; https://socialdigiinnovator.com"
43.157.158.178 - - [23/May/2025:02:34:06 -0400] "GET /virtual-assistant-services/ghl-expert/ HTTP/1.1" 200 16394 "-" "Mozilla/5.0 (iPhone; CPU iPhone OS 13_2_3 like Mac OS X) AppleWebKit/605.1.15 (KHTML, like Gecko) Version/13.0.3 Mobile/15E148 Safari/604.1"
198.54.114.35 - - [23/May/2025:02:39:10 -0400] "POST /wp-cron.php?doing_wp_cron=1747982350.5331499576568603515625 HTTP/1.1" 200 0 "-" "WordPress/6.8.1; https://socialdigiinnovator.com"
143.110.144.210 - - [23/May/2025:02:39:06 -0400] "GET / HTTP/1.1" 200 26173 "http://socialdigiinnovator.com" "Mozilla/5.0 (Macintosh; Intel Mac OS X 13.3; rv:126.0) Gecko/20100101 Firefox/126.0"
198.54.114.35 - - [23/May/2025:02:51:20 -0400] "POST /wp-cron.php?doing_wp_cron=1747983080.7575540542602539062500 HTTP/1.1" 200 0 "-" "WordPress/6.8.1; https://socialdigiinnovator.com"
43.166.244.192 - - [23/May/2025:02:51:16 -0400] "GET /technical-services/ HTTP/1.1" 200 15612 "-" "Mozilla/5.0 (iPhone; CPU iPhone OS 13_2_3 like Mac OS X) AppleWebKit/605.1.15 (KHTML, like Gecko) Version/13.0.3 Mobile/15E148 Safari/604.1"
198.54.114.35 - - [23/May/2025:02:54:25 -0400] "POST /wp-cron.php?doing_wp_cron=1747983265.2797861099243164062500 HTTP/1.1" 200 0 "-" "WordPress/6.8.1; https://socialdigiinnovator.com"
198.54.114.35 - - [23/May/2025:02:56:29 -0400] "POST /wp-cron.php?doing_wp_cron=1747983388.8448600769042968750000 HTTP/1.1" 200 0 "-" "WordPress/6.8.1; https://socialdigiinnovator.com"
185.191.171.11 - - [23/May/2025:02:56:25 -0400] "GET /robots.txt HTTP/1.1" 200 102 "-" "Mozilla/5.0 (compatible; SemrushBot/7~bl; +http://www.semrush.com/bot.html)"
185.191.171.12 - - [23/May/2025:02:56:29 -0400] "GET /eodcc/befa3827356.htm HTTP/1.1" 404 15048 "-" "Mozilla/5.0 (compatible; SemrushBot/7~bl; +http://www.semrush.com/bot.html)"
198.54.114.35 - - [23/May/2025:02:56:49 -0400] "POST /wp-cron.php?doing_wp_cron=1747983409.3003790378570556640625 HTTP/1.1" 200 0 "-" "WordPress/6.8.1; https://socialdigiinnovator.com"
43.157.170.126 - - [23/May/2025:02:54:21 -0400] "GET /ultimate-list-of-facebook/ HTTP/1.1" 200 16591 "-" "Mozilla/5.0 (iPhone; CPU iPhone OS 13_2_3 like Mac OS X) AppleWebKit/605.1.15 (KHTML, like Gecko) Version/13.0.3 Mobile/15E148 Safari/604.1"
103.90.149.121 - - [23/May/2025:02:56:48 -0400] "GET //chosen.php HTTP/1.1" 301 0 "http://www.socialdigiinnovator.com/" "Mozilla/5.0 (Windows NT 10.0; Win64; x64) AppleWebKit/537.36 (KHTML, like Gecko) Chrome/121.0.0.0 Safari/537.36"
103.90.149.121 - - [23/May/2025:02:56:50 -0400] "GET /chosen.php HTTP/1.1" 404 15047 "http://www.socialdigiinnovator.com/" "Mozilla/5.0 (Windows NT 10.0; Win64; x64) AppleWebKit/537.36 (KHTML, like Gecko) Chrome/121.0.0.0 Safari/537.36"
198.54.114.35 - - [23/May/2025:03:03:36 -0400] "POST /wp-cron.php?doing_wp_cron=1747983815.9269270896911621093750 HTTP/1.1" 200 0 "-" "WordPress/6.8.1; https://socialdigiinnovator.com"
66.249.73.102 - - [23/May/2025:03:03:33 -0400] "GET /talk/ HTTP/1.1" 200 17904 "-" "Mozilla/5.0 (Linux; Android 6.0.1; Nexus 5X Build/MMB29P) AppleWebKit/537.36 (KHTML, like Gecko) Chrome/136.0.7103.113 Mobile Safari/537.36 (compatible; Googlebot/2.1; +http://www.google.com/bot.html)"
52.167.144.197 - - [23/May/2025:03:03:45 -0400] "GET /product/0009047430.html HTTP/1.1" 301 0 "-" "Mozilla/5.0 AppleWebKit/537.36 (KHTML, like Gecko; compatible; bingbot/2.0; +http://www.bing.com/bingbot.htm) Chrome/116.0.1938.76 Safari/537.36"
66.249.73.100 - - [23/May/2025:03:03:45 -0400] "GET /wp-content/uploads/elementor/google-fonts/css/opensans.css?ver=1742268949 HTTP/1.1" 200 1826 "https://socialdigiinnovator.com/talk/" "Mozilla/5.0 (Linux; Android 6.0.1; Nexus 5X Build/MMB29P) AppleWebKit/537.36 (KHTML, like Gecko) Chrome/136.0.7103.92 Mobile Safari/537.36 (compatible; Googlebot/2.1; +http://www.google.com/bot.html)"
66.249.73.100 - - [23/May/2025:03:03:51 -0400] "GET /wp-content/plugins/elementor/assets/js/video.6ebfa2c3f5493cb2eaaf.bundle.min.js HTTP/1.1" 200 1228 "https://socialdigiinnovator.com/talk/" "Mozilla/5.0 (Linux; Android 6.0.1; Nexus 5X Build/MMB29P) AppleWebKit/537.36 (KHTML, like Gecko) Chrome/136.0.7103.92 Mobile Safari/537.36 (compatible; Googlebot/2.1; +http://www.google.com/bot.html)"
5.188.87.49 - - [23/May/2025:02:57:52 -0400] "GET /xmlrpc.php HTTP/1.1" 403 1242 "http://socialdigiinnovator.com/xmlrpc.php" "Mozilla/5.0 (Windows NT 6.1; WOW64; rv:92.0) Gecko/20100101 Firefox/92.0"
198.54.114.35 - - [23/May/2025:03:03:36 -0400] "POST /wp-cron.php?doing_wp_cron=1747983815.9271039962768554687500 HTTP/1.1" 200 0 "-" "WordPress/6.8.1; https://socialdigiinnovator.com"
43.153.135.208 - - [23/May/2025:03:03:31 -0400] "GET /showcase/ HTTP/1.1" 404 15047 "-" "Mozilla/5.0 (iPhone; CPU iPhone OS 13_2_3 like Mac OS X) AppleWebKit/605.1.15 (KHTML, like Gecko) Version/13.0.3 Mobile/15E148 Safari/604.1"
66.249.73.101 - - [23/May/2025:03:03:38 -0400] "GET /wp-content/plugins/elementor/assets/lib/animations/styles/fadeInRight.min.css?ver=3.29.0 HTTP/1.1" 200 139 "https://socialdigiinnovator.com/talk/" "Mozilla/5.0 (Linux; Android 6.0.1; Nexus 5X Build/MMB29P) AppleWebKit/537.36 (KHTML, like Gecko) Chrome/136.0.7103.92 Mobile Safari/537.36 (compatible; Googlebot/2.1; +http://www.google.com/bot.html)"
66.249.73.101 - - [23/May/2025:03:03:42 -0400] "GET /wp-content/plugins/elementor/assets/css/widget-video.min.css?ver=3.29.0 HTTP/1.1" 200 354 "https://socialdigiinnovator.com/talk/" "Mozilla/5.0 (Linux; Android 6.0.1; Nexus 5X Build/MMB29P) AppleWebKit/537.36 (KHTML, like Gecko) Chrome/136.0.7103.92 Mobile Safari/537.36 (compatible; Googlebot/2.1; +http://www.google.com/bot.html)"
198.54.114.35 - - [23/May/2025:03:03:45 -0400] "POST /wp-cron.php?doing_wp_cron=1747983825.3531479835510253906250 HTTP/1.1" 200 0 "-" "WordPress/6.8.1; https://socialdigiinnovator.com"
66.249.73.100 - - [23/May/2025:03:03:48 -0400] "GET /wp-content/plugins/elementor/assets/lib/animations/styles/fadeInLeft.min.css?ver=3.29.0 HTTP/1.1" 200 137 "https://socialdigiinnovator.com/talk/" "Mozilla/5.0 (Linux; Android 6.0.1; Nexus 5X Build/MMB29P) AppleWebKit/537.36 (KHTML, like Gecko) Chrome/136.0.7103.92 Mobile Safari/537.36 (compatible; Googlebot/2.1; +http://www.google.com/bot.html)"
103.90.149.121 - - [23/May/2025:03:11:56 -0400] "GET //simple.php HTTP/1.1" 200 0 "http://www.socialdigiinnovator.com/" "Mozilla/5.0 (Windows NT 10.0; Win64; x64) AppleWebKit/537.36 (KHTML, like Gecko) Chrome/121.0.0.0 Safari/537.36"
198.54.114.35 - - [23/May/2025:03:12:01 -0400] "POST /wp-cron.php?doing_wp_cron=1747984321.3413510322570800781250 HTTP/1.1" 200 0 "-" "WordPress/6.8.1; https://socialdigiinnovator.com"
49.51.204.74 - - [23/May/2025:03:14:07 -0400] "GET /virtual-assistant-services/general-virtual-workers/ HTTP/1.1" 200 16600 "-" "Mozilla/5.0 (iPhone; CPU iPhone OS 13_2_3 like Mac OS X) AppleWebKit/605.1.15 (KHTML, like Gecko) Version/13.0.3 Mobile/15E148 Safari/604.1"
103.90.149.121 - - [23/May/2025:03:12:34 -0400] "GET //simple.php HTTP/1.1" 301 0 "http://www.socialdigiinnovator.com/" "Mozilla/5.0 (Windows NT 10.0; Win64; x64) AppleWebKit/537.36 (KHTML, like Gecko) Chrome/121.0.0.0 Safari/537.36"
198.54.114.35 - - [23/May/2025:03:14:11 -0400] "POST /wp-cron.php?doing_wp_cron=1747984451.6698219776153564453125 HTTP/1.1" 200 0 "-" "WordPress/6.8.1; https://socialdigiinnovator.com"
198.54.114.35 - - [23/May/2025:03:17:05 -0400] "POST /wp-cron.php?doing_wp_cron=1747984625.1746630668640136718750 HTTP/1.1" 200 0 "-" "WordPress/6.8.1; https://socialdigiinnovator.com"
198.54.114.35 - - [23/May/2025:03:24:24 -0400] "POST /wp-cron.php?doing_wp_cron=1747985064.8043599128723144531250 HTTP/1.1" 200 0 "-" "WordPress/6.8.1; https://socialdigiinnovator.com"
198.54.114.35 - - [23/May/2025:03:27:07 -0400] "POST /wp-cron.php?doing_wp_cron=1747985227.6180970668792724609375 HTTP/1.1" 200 0 "-" "WordPress/6.8.1; https://socialdigiinnovator.com"
103.90.149.121 - - [23/May/2025:03:27:30 -0400] "GET /wp-seo.php HTTP/1.1" 404 15045 "http://www.socialdigiinnovator.com/" "Mozilla/5.0 (Windows NT 10.0; Win64; x64) AppleWebKit/537.36 (KHTML, like Gecko) Chrome/121.0.0.0 Safari/537.36"
34.231.118.144 - - [23/May/2025:03:17:02 -0400] "GET /virtual-assistant-services/general-virtual-workers/ HTTP/1.1" 200 16600 "-" "Mozilla/5.0 AppleWebKit/537.36 (KHTML, like Gecko; compatible; Amazonbot/0.1; +https://developer.amazon.com/support/amazonbot) Chrome/119.0.6045.214 Safari/537.36"
49.51.72.76 - - [23/May/2025:03:24:21 -0400] "GET /wp-json/oembed/1.0/embed?url=https%3A%2F%2Fsocialdigiinnovator.com%2Fvirtual-assistant-services%2Fsocial-media-management%2F HTTP/1.1" 200 2243 "-" "Mozilla/5.0 (iPhone; CPU iPhone OS 13_2_3 like Mac OS X) AppleWebKit/605.1.15 (KHTML, like Gecko) Version/13.0.3 Mobile/15E148 Safari/604.1"
198.54.114.35 - - [23/May/2025:03:26:49 -0400] "POST /wp-cron.php?doing_wp_cron=1747985209.1818149089813232421875 HTTP/1.1" 200 0 "-" "WordPress/6.8.1; https://socialdigiinnovator.com"
103.90.149.121 - - [23/May/2025:03:26:45 -0400] "GET //wp-seo.php HTTP/1.1" 301 0 "http://www.socialdigiinnovator.com/" "Mozilla/5.0 (Windows NT 10.0; Win64; x64) AppleWebKit/537.36 (KHTML, like Gecko) Chrome/121.0.0.0 Safari/537.36"
103.90.149.121 - - [23/May/2025:03:27:07 -0400] "GET //wp-seo.php HTTP/1.1" 301 0 "http://www.socialdigiinnovator.com/" "Mozilla/5.0 (Windows NT 10.0; Win64; x64) AppleWebKit/537.36 (KHTML, like Gecko) Chrome/121.0.0.0 Safari/537.36"
103.90.149.121 - - [23/May/2025:03:27:26 -0400] "GET //wp-seo.php HTTP/1.1" 301 0 "http://www.socialdigiinnovator.com/" "Mozilla/5.0 (Windows NT 10.0; Win64; x64) AppleWebKit/537.36 (KHTML, like Gecko) Chrome/121.0.0.0 Safari/537.36"
198.54.114.35 - - [23/May/2025:03:32:40 -0400] "POST /wp-cron.php?doing_wp_cron=1747985560.1079111099243164062500 HTTP/1.1" 200 0 "-" "WordPress/6.8.1; https://socialdigiinnovator.com"
43.157.148.38 - - [23/May/2025:03:32:35 -0400] "GET /virtual-assistant-complete-guide-ebook/ HTTP/1.1" 200 16604 "-" "Mozilla/5.0 (iPhone; CPU iPhone OS 13_2_3 like Mac OS X) AppleWebKit/605.1.15 (KHTML, like Gecko) Version/13.0.3 Mobile/15E148 Safari/604.1"
198.54.114.35 - - [23/May/2025:03:37:47 -0400] "POST /wp-cron.php?doing_wp_cron=1747985867.0346460342407226562500 HTTP/1.1" 200 0 "-" "WordPress/6.8.1; https://socialdigiinnovator.com"
54.156.55.147 - - [23/May/2025:03:37:42 -0400] "GET /category/uncategorized/ HTTP/1.1" 200 18815 "-" "Mozilla/5.0 AppleWebKit/537.36 (KHTML, like Gecko; compatible; Amazonbot/0.1; +https://developer.amazon.com/support/amazonbot) Chrome/119.0.6045.214 Safari/537.36"
103.90.149.121 - - [23/May/2025:03:41:35 -0400] "GET //chosen.php?p= HTTP/1.1" 301 0 "http://www.socialdigiinnovator.com/" "Mozilla/5.0 (Windows NT 10.0; Win64; x64) AppleWebKit/537.36 (KHTML, like Gecko) Chrome/121.0.0.0 Safari/537.36"
103.90.149.121 - - [23/May/2025:03:41:42 -0400] "GET /chosen.php HTTP/1.1" 404 15047 "http://www.socialdigiinnovator.com/" "Mozilla/5.0 (Windows NT 10.0; Win64; x64) AppleWebKit/537.36 (KHTML, like Gecko) Chrome/121.0.0.0 Safari/537.36"
54.36.148.223 - - [23/May/2025:03:41:43 -0400] "GET /technical-services/web-ada-comply/ HTTP/1.1" 200 16475 "-" "Mozilla/5.0 (compatible; AhrefsBot/7.0; +http://ahrefs.com/robot/)"
103.90.149.121 - - [23/May/2025:03:41:56 -0400] "GET //chosen.php?p= HTTP/1.1" 301 0 "http://www.socialdigiinnovator.com/" "Mozilla/5.0 (Windows NT 10.0; Win64; x64) AppleWebKit/537.36 (KHTML, like Gecko) Chrome/121.0.0.0 Safari/537.36"
198.54.114.35 - - [23/May/2025:03:41:40 -0400] "POST /wp-cron.php?doing_wp_cron=1747986100.4938499927520751953125 HTTP/1.1" 200 0 "-" "WordPress/6.8.1; https://socialdigiinnovator.com"
198.54.114.35 - - [23/May/2025:03:41:57 -0400] "POST /wp-cron.php?doing_wp_cron=1747986117.4131259918212890625000 HTTP/1.1" 200 0 "-" "WordPress/6.8.1; https://socialdigiinnovator.com"
103.90.149.121 - - [23/May/2025:03:41:58 -0400] "GET /chosen.php HTTP/1.1" 404 15048 "http://www.socialdigiinnovator.com/" "Mozilla/5.0 (Windows NT 10.0; Win64; x64) AppleWebKit/537.36 (KHTML, like Gecko) Chrome/121.0.0.0 Safari/537.36"
198.54.114.35 - - [23/May/2025:03:45:29 -0400] "POST /wp-cron.php?doing_wp_cron=1747986328.9621770381927490234375 HTTP/1.1" 200 0 "-" "WordPress/6.8.1; https://socialdigiinnovator.com"
43.130.150.80 - - [23/May/2025:03:45:24 -0400] "GET /virtual-assistant-services/lead-generation-appointment-setter/ HTTP/1.1" 200 16904 "-" "Mozilla/5.0 (iPhone; CPU iPhone OS 13_2_3 like Mac OS X) AppleWebKit/605.1.15 (KHTML, like Gecko) Version/13.0.3 Mobile/15E148 Safari/604.1"
198.54.114.35 - - [23/May/2025:03:47:09 -0400] "POST /wp-cron.php?doing_wp_cron=1747986428.9589889049530029296875 HTTP/1.1" 200 0 "-" "WordPress/6.8.1; https://socialdigiinnovator.com"
122.51.104.231 - - [23/May/2025:03:47:06 -0400] "GET / HTTP/1.1" 200 26169 "http://socialdigiinnovator.com" "Mozilla/5.0 (iPhone; CPU iPhone OS 13_2_3 like Mac OS X) AppleWebKit/605.1.15 (KHTML, like Gecko) Version/13.0.3 Mobile/15E148 Safari/604.1"
43.156.156.96 - - [23/May/2025:03:52:23 -0400] "GET /sdi-services-catalog-ebook/ HTTP/1.1" 200 16609 "-" "Mozilla/5.0 (iPhone; CPU iPhone OS 13_2_3 like Mac OS X) AppleWebKit/605.1.15 (KHTML, like Gecko) Version/13.0.3 Mobile/15E148 Safari/604.1"
198.54.114.35 - - [23/May/2025:03:56:23 -0400] "POST /wp-cron.php?doing_wp_cron=1747986983.3591549396514892578125 HTTP/1.1" 200 0 "-" "WordPress/6.8.1; https://socialdigiinnovator.com"
103.90.149.121 - - [23/May/2025:03:56:19 -0400] "GET //ioxi02.php HTTP/1.1" 301 0 "http://www.socialdigiinnovator.com/" "Mozilla/5.0 (Windows NT 10.0; Win64; x64) AppleWebKit/537.36 (KHTML, like Gecko) Chrome/121.0.0.0 Safari/537.36"
103.90.149.121 - - [23/May/2025:03:56:24 -0400] "GET /ioxi02.php HTTP/1.1" 404 15051 "http://www.socialdigiinnovator.com/" "Mozilla/5.0 (Windows NT 10.0; Win64; x64) AppleWebKit/537.36 (KHTML, like Gecko) Chrome/121.0.0.0 Safari/537.36"
198.54.114.35 - - [23/May/2025:03:52:27 -0400] "POST /wp-cron.php?doing_wp_cron=1747986747.6438329219818115234375 HTTP/1.1" 200 0 "-" "WordPress/6.8.1; https://socialdigiinnovator.com"
198.54.114.35 - - [23/May/2025:04:04:01 -0400] "POST /wp-cron.php?doing_wp_cron=1747987441.6991660594940185546875 HTTP/1.1" 200 0 "-" "WordPress/6.8.1; https://socialdigiinnovator.com"
170.106.143.6 - - [23/May/2025:04:04:01 -0400] "GET /faq/ HTTP/1.1" 200 18360 "-" "Mozilla/5.0 (iPhone; CPU iPhone OS 13_2_3 like Mac OS X) AppleWebKit/605.1.15 (KHTML, like Gecko) Version/13.0.3 Mobile/15E148 Safari/604.1"
5.188.86.72 - - [23/May/2025:04:05:04 -0400] "GET /xmlrpc.php HTTP/1.1" 403 1242 "http://socialdigiinnovator.com/xmlrpc.php" "Mozilla/5.0 (Windows NT 10.0; Win64; x64) AppleWebKit/537.36 (KHTML, like Gecko) Chrome/97.0.4692.99 Safari/537.36"
5.188.86.72 - - [23/May/2025:04:05:04 -0400] "GET /xmlrpc.php HTTP/1.1" 403 1242 "http://socialdigiinnovator.com/xmlrpc.php" "Mozilla/5.0 (Windows NT 6.3; WOW64; rv:43.0) Gecko/20100101 Firefox/43.0"
198.54.114.35 - - [23/May/2025:04:03:33 -0400] "POST /wp-cron.php?doing_wp_cron=1747987413.3375129699707031250000 HTTP/1.1" 200 0 "-" "WordPress/6.8.1; https://socialdigiinnovator.com"
47.82.60.21 - - [23/May/2025:04:03:29 -0400] "GET / HTTP/1.1" 200 26173 "https://socialdigiinnovator.com/" "Mozilla/5.0 (Windows NT 10.0; Win64; x64) AppleWebKit/537.36 (KHTML, like Gecko) Chrome/114.0.0.0 Safari/537.36 Edg/114.0.1823.43"
5.188.87.39 - - [23/May/2025:04:05:04 -0400] "GET /xmlrpc.php HTTP/1.1" 403 1242 "http://socialdigiinnovator.com/xmlrpc.php" "Mozilla/5.0 (X11; Linux x86_64) AppleWebKit/537.36 (KHTML, like Gecko) Chrome/91.0.4472.114 Safari/537.36"
5.188.86.71 - - [23/May/2025:04:05:05 -0400] "GET /xmlrpc.php HTTP/1.1" 403 1242 "http://socialdigiinnovator.com/xmlrpc.php" "Mozilla/5.0 (Macintosh; Intel Mac OS X 10_15_7) AppleWebKit/605.1.15 (KHTML, like Gecko) Version/15.1 Safari/605.1.15"
198.54.114.35 - - [23/May/2025:04:11:35 -0400] "POST /wp-cron.php?doing_wp_cron=1747987894.8690218925476074218750 HTTP/1.1" 200 0 "-" "WordPress/6.8.1; https://socialdigiinnovator.com"
103.90.149.121 - - [23/May/2025:04:11:30 -0400] "GET //wp-l0gin.php HTTP/1.1" 301 0 "http://www.socialdigiinnovator.com/" "Mozilla/5.0 (Windows NT 10.0; Win64; x64) AppleWebKit/537.36 (KHTML, like Gecko) Chrome/121.0.0.0 Safari/537.36"
103.90.149.121 - - [23/May/2025:04:11:46 -0400] "GET //wp-l0gin.php HTTP/1.1" 301 0 "http://www.socialdigiinnovator.com/" "Mozilla/5.0 (Windows NT 10.0; Win64; x64) AppleWebKit/537.36 (KHTML, like Gecko) Chrome/121.0.0.0 Safari/537.36"
103.90.149.121 - - [23/May/2025:04:11:48 -0400] "GET /wp-l0gin.php HTTP/1.1" 404 15049 "http://www.socialdigiinnovator.com/" "Mozilla/5.0 (Windows NT 10.0; Win64; x64) AppleWebKit/537.36 (KHTML, like Gecko) Chrome/121.0.0.0 Safari/537.36"
196.251.88.164 - - [23/May/2025:04:11:30 -0400] "GET /.git/config HTTP/1.1" 403 1242 "-" "Mozilla/5.0 (Windows NT 6.1) AppleWebKit/537.36 (KHTML, like Gecko) Chrome/75.0.3770.142 Safari/537.36 OPR/62.0.3331.116"
198.54.114.35 - - [23/May/2025:04:11:47 -0400] "POST /wp-cron.php?doing_wp_cron=1747987906.9191260337829589843750 HTTP/1.1" 200 0 "-" "WordPress/6.8.1; https://socialdigiinnovator.com"
216.244.66.226 - - [23/May/2025:04:11:49 -0400] "GET /robots.txt HTTP/1.1" 200 102 "-" "Mozilla/5.0 (compatible; DotBot/1.2; +https://opensiteexplorer.org/dotbot; help@moz.com)"
198.54.114.35 - - [23/May/2025:04:14:36 -0400] "POST /wp-cron.php?doing_wp_cron=1747988076.2043120861053466796875 HTTP/1.1" 200 0 "-" "WordPress/6.8.1; https://socialdigiinnovator.com"
43.130.37.243 - - [23/May/2025:04:14:31 -0400] "GET /virtual-assistant-services/community-management/ HTTP/1.1" 200 16678 "-" "Mozilla/5.0 (iPhone; CPU iPhone OS 13_2_3 like Mac OS X) AppleWebKit/605.1.15 (KHTML, like Gecko) Version/13.0.3 Mobile/15E148 Safari/604.1"
43.157.149.188 - - [23/May/2025:04:21:47 -0400] "GET /blog/ HTTP/1.1" 200 19397 "-" "Mozilla/5.0 (iPhone; CPU iPhone OS 13_2_3 like Mac OS X) AppleWebKit/605.1.15 (KHTML, like Gecko) Version/13.0.3 Mobile/15E148 Safari/604.1"
104.28.219.137 - - [23/May/2025:04:23:36 -0400] "GET /xmlrpc.php HTTP/1.1" 403 1242 "-" "Mozilla/5.0 (Windows NT 10.0; Win64; x64) AppleWebKit/537.36 (KHTML, like Gecko) Chrome/131.0.0.0 Safari/537.36"
198.54.114.35 - - [23/May/2025:04:28:50 -0400] "POST /wp-cron.php?doing_wp_cron=1747988930.5067648887634277343750 HTTP/1.1" 200 0 "-" "WordPress/6.8.1; https://socialdigiinnovator.com"
85.208.96.210 - - [23/May/2025:04:28:46 -0400] "GET /Honoring0750/fcfdb1153263.htm HTTP/1.1" 404 15047 "-" "Mozilla/5.0 (compatible; SemrushBot/7~bl; +http://www.semrush.com/bot.html)"
198.54.114.35 - - [23/May/2025:04:21:52 -0400] "POST /wp-cron.php?doing_wp_cron=1747988512.7278950214385986328125 HTTP/1.1" 200 0 "-" "WordPress/6.8.1; https://socialdigiinnovator.com"
43.135.144.126 - - [23/May/2025:04:36:46 -0400] "GET /technical-services/website-design-and-development/ HTTP/1.1" 200 16530 "-" "Mozilla/5.0 (iPhone; CPU iPhone OS 13_2_3 like Mac OS X) AppleWebKit/605.1.15 (KHTML, like Gecko) Version/13.0.3 Mobile/15E148 Safari/604.1"
198.54.114.35 - - [23/May/2025:04:41:54 -0400] "POST /wp-cron.php?doing_wp_cron=1747989714.4552259445190429687500 HTTP/1.1" 200 0 "-" "WordPress/6.8.1; https://socialdigiinnovator.com"
103.90.149.121 - - [23/May/2025:04:41:50 -0400] "GET //wp-content/epinyins.php HTTP/1.1" 301 0 "http://www.socialdigiinnovator.com/" "Mozilla/5.0 (Windows NT 10.0; Win64; x64) AppleWebKit/537.36 (KHTML, like Gecko) Chrome/121.0.0.0 Safari/537.36"
103.90.149.121 - - [23/May/2025:04:42:10 -0400] "GET //wp-content/epinyins.php HTTP/1.1" 301 0 "http://www.socialdigiinnovator.com/" "Mozilla/5.0 (Windows NT 10.0; Win64; x64) AppleWebKit/537.36 (KHTML, like Gecko) Chrome/121.0.0.0 Safari/537.36"
103.90.149.121 - - [23/May/2025:04:42:26 -0400] "GET /wp-content/epinyins.php HTTP/1.1" 404 15049 "http://www.socialdigiinnovator.com/" "Mozilla/5.0 (Windows NT 10.0; Win64; x64) AppleWebKit/537.36 (KHTML, like Gecko) Chrome/121.0.0.0 Safari/537.36"
178.22.126.103 - - [23/May/2025:04:52:01 -0400] "POST /xmlrpc.php HTTP/1.1" 403 1242 "https://socialdigiinnovator.com" "Mozilla/5.0 (Windows NT 10.0; Win64; x64) AppleWebKit/537.36 (KHTML, like Gecko) Chrome/116.0.5845.96 Safari/537.36 Edg/116.0.1938.62"
198.54.114.35 - - [23/May/2025:04:36:50 -0400] "POST /wp-cron.php?doing_wp_cron=1747989410.0866250991821289062500 HTTP/1.1" 200 0 "-" "WordPress/6.8.1; https://socialdigiinnovator.com"
103.90.149.121 - - [23/May/2025:04:42:15 -0400] "GET /wp-content/epinyins.php HTTP/1.1" 200 0 "http://www.socialdigiinnovator.com/" "Mozilla/5.0 (Windows NT 10.0; Win64; x64) AppleWebKit/537.36 (KHTML, like Gecko) Chrome/121.0.0.0 Safari/537.36"
103.90.149.121 - - [23/May/2025:04:42:25 -0400] "GET //wp-content/epinyins.php HTTP/1.1" 301 0 "http://www.socialdigiinnovator.com/" "Mozilla/5.0 (Windows NT 10.0; Win64; x64) AppleWebKit/537.36 (KHTML, like Gecko) Chrome/121.0.0.0 Safari/537.36"
185.165.46.80 - - [23/May/2025:04:43:32 -0400] "POST /xmlrpc.php HTTP/1.1" 403 1242 "https://socialdigiinnovator.com" "Mozilla/5.0 (Macintosh; Intel Mac OS X 13_3) AppleWebKit/537.36 (KHTML, like Gecko) Chrome/126.0.0.0 Safari/537.36"
43.159.135.203 - - [23/May/2025:04:44:55 -0400] "GET /wp-content/uploads/2022/10/VA-2048x1588.webp HTTP/1.1" 200 89224 "-" "Mozilla/5.0 (iPhone; CPU iPhone OS 13_2_3 like Mac OS X) AppleWebKit/605.1.15 (KHTML, like Gecko) Version/13.0.3 Mobile/15E148 Safari/604.1"
198.54.114.35 - - [23/May/2025:04:56:50 -0400] "POST /wp-cron.php?doing_wp_cron=1747990610.3471910953521728515625 HTTP/1.1" 200 0 "-" "WordPress/6.8.1; https://socialdigiinnovator.com"
198.54.114.35 - - [23/May/2025:04:57:03 -0400] "POST /wp-cron.php?doing_wp_cron=1747990622.9561519622802734375000 HTTP/1.1" 200 0 "-" "WordPress/6.8.1; https://socialdigiinnovator.com"
198.54.114.35 - - [23/May/2025:04:57:45 -0400] "POST /wp-cron.php?doing_wp_cron=1747990665.5823559761047363281250 HTTP/1.1" 200 0 "-" "WordPress/6.8.1; https://socialdigiinnovator.com"
63.250.38.232 - - [23/May/2025:05:00:26 -0400] "POST /xmlrpc.php HTTP/1.1" 403 1242 "https://socialdigiinnovator.com" "Mozilla/5.0 (Macintosh; Intel Mac OS X 10.15; rv:126.0) Gecko/20100101 Firefox/126.0"
103.90.149.121 - - [23/May/2025:04:56:46 -0400] "GET //about.php HTTP/1.1" 200 0 "http://www.socialdigiinnovator.com/" "Mozilla/5.0 (Windows NT 10.0; Win64; x64) AppleWebKit/537.36 (KHTML, like Gecko) Chrome/121.0.0.0 Safari/537.36"
103.90.149.121 - - [23/May/2025:04:57:02 -0400] "GET //about.php HTTP/1.1" 301 0 "http://www.socialdigiinnovator.com/" "Mozilla/5.0 (Windows NT 10.0; Win64; x64) AppleWebKit/537.36 (KHTML, like Gecko) Chrome/121.0.0.0 Safari/537.36"
103.90.149.121 - - [23/May/2025:04:57:05 -0400] "GET /about.php HTTP/1.1" 404 15049 "http://www.socialdigiinnovator.com/" "Mozilla/5.0 (Windows NT 10.0; Win64; x64) AppleWebKit/537.36 (KHTML, like Gecko) Chrome/121.0.0.0 Safari/537.36"
2.58.56.244 - - [23/May/2025:04:57:13 -0400] "GET /wp-admin/css/ HTTP/1.1" 403 1242 "binance.com" "Mozilla/5.0 (Windows NT 10.0; Win64; x64) AppleWebKit/537.36 (KHTML, like Gecko) Chrome/90.0.4430.85 Safari/537.36"
43.130.40.120 - - [23/May/2025:04:57:45 -0400] "GET /business-dfy/ HTTP/1.1" 200 16311 "-" "Mozilla/5.0 (iPhone; CPU iPhone OS 13_2_3 like Mac OS X) AppleWebKit/605.1.15 (KHTML, like Gecko) Version/13.0.3 Mobile/15E148 Safari/604.1"