芝麻web文件管理V1.00
编辑当前文件:/home/sditechnicalteam/access-logs/socialdigiinnovator.com.sdipmtools.com-ssl_log
198.54.114.35 - - [22/May/2025:08:33:02 -0400] "POST /wp-cron.php?doing_wp_cron=1747917182.2546429634094238281250 HTTP/1.1" 200 0 "-" "WordPress/6.8.1; https://socialdigiinnovator.com"
2a03:2880:f800:b:: - - [22/May/2025:08:32:56 -0400] "GET /ultimate-list-of-facebook/ HTTP/1.1" 200 16591 "-" "meta-externalagent/1.1 (+https://developers.facebook.com/docs/sharing/webmasters/crawler)"
198.54.114.35 - - [22/May/2025:08:38:05 -0400] "POST /wp-cron.php?doing_wp_cron=1747917484.8734641075134277343750 HTTP/1.1" 200 0 "-" "WordPress/6.8.1; https://socialdigiinnovator.com"
40.77.167.67 - - [22/May/2025:08:37:59 -0400] "GET /self-relief1/eacd770057.html HTTP/1.1" 404 15044 "-" "Mozilla/5.0 AppleWebKit/537.36 (KHTML, like Gecko; compatible; bingbot/2.0; +http://www.bing.com/bingbot.htm) Chrome/116.0.1938.76 Safari/537.36"
198.54.114.35 - - [22/May/2025:08:39:09 -0400] "POST /wp-cron.php?doing_wp_cron=1747917549.1073050498962402343750 HTTP/1.1" 200 0 "-" "WordPress/6.8.1; https://socialdigiinnovator.com"
44.220.2.97 - - [22/May/2025:08:39:06 -0400] "GET /5-red-flags-to-watch-for-while-hiring-a-va/ HTTP/1.1" 200 18648 "-" "Mozilla/5.0 AppleWebKit/537.36 (KHTML, like Gecko; compatible; Amazonbot/0.1; +https://developer.amazon.com/support/amazonbot) Chrome/119.0.6045.214 Safari/537.36"
92.118.39.235 - - [22/May/2025:08:17:12 -0400] "GET /.git/config HTTP/1.1" 403 1242 "-" "python-requests/2.25.1"
198.54.114.35 - - [22/May/2025:08:43:43 -0400] "POST /wp-cron.php?doing_wp_cron=1747917822.9263899326324462890625 HTTP/1.1" 200 0 "-" "WordPress/6.8.1; https://socialdigiinnovator.com"
2a03:2880:f800:e:: - - [22/May/2025:09:35:01 -0400] "GET /ultimate-list-of-facebook/ HTTP/1.1" 200 16539 "-" "meta-externalagent/1.1 (+https://developers.facebook.com/docs/sharing/webmasters/crawler)"
198.54.114.35 - - [22/May/2025:09:38:14 -0400] "POST /wp-cron.php?doing_wp_cron=1747921093.9368801116943359375000 HTTP/1.1" 200 0 "-" "WordPress/6.8.1; https://socialdigiinnovator.com"
198.54.114.35 - - [22/May/2025:09:45:18 -0400] "POST /wp-cron.php?doing_wp_cron=1747921517.8668301105499267578125 HTTP/1.1" 200 0 "-" "WordPress/6.8.1; https://socialdigiinnovator.com"
2a03:2880:32ff:4:: - - [22/May/2025:08:42:30 -0400] "GET /wp-content/uploads/2022/08/cropped-cropped-Logo-Presentation-Final-06-2-300x241-2.png HTTP/1.1" 200 2382 "-" "facebookexternalhit/1.1 (+http://www.facebook.com/externalhit_uatext.php)"
182.42.110.255 - - [22/May/2025:08:43:35 -0400] "GET / HTTP/1.1" 200 24160 "http://socialdigiinnovator.com" "Mozilla/5.0 (iPhone; CPU iPhone OS 13_2_3 like Mac OS X) AppleWebKit/605.1.15 (KHTML, like Gecko) Version/13.0.3 Mobile/15E148 Safari/604.1"
198.54.114.35 - - [22/May/2025:08:56:57 -0400] "POST /wp-cron.php?doing_wp_cron=1747918617.3139159679412841796875 HTTP/1.1" 200 0 "-" "WordPress/6.8.1; https://socialdigiinnovator.com"
52.169.13.43 - - [22/May/2025:08:56:53 -0400] "GET /wp-content/plugins/hellopress/wp_filemanager.php HTTP/1.1" 404 33528 "-" "-"
52.169.13.43 - - [22/May/2025:08:56:59 -0400] "GET /modules/mod_simplefileuploadv1.3/elements/filemanager.php HTTP/1.1" 404 33544 "-" "-"
198.54.114.35 - - [22/May/2025:09:35:34 -0400] "POST /wp-cron.php?doing_wp_cron=1747920934.3206729888916015625000 HTTP/1.1" 200 0 "-" "WordPress/6.8.1; https://socialdigiinnovator.com"
47.82.60.152 - - [22/May/2025:09:38:07 -0400] "GET / HTTP/1.1" 200 26173 "https://socialdigiinnovator.com/" "Mozilla/5.0 (Windows NT 10.0; Win64; x64) AppleWebKit/537.36 (KHTML, like Gecko) Chrome/114.0.0.0 Safari/537.36 Edg/114.0.1823.43"
47.250.185.25 - - [22/May/2025:09:45:12 -0400] "GET //wp-admin/about.php HTTP/1.1" 200 0 "http://www.socialdigiinnovator.com/" "Mozilla/5.0 (Windows NT 10.0; Win64; x64) AppleWebKit/537.36 (KHTML, like Gecko) Chrome/121.0.0.0 Safari/537.36"
198.54.114.35 - - [22/May/2025:09:53:35 -0400] "POST /wp-cron.php?doing_wp_cron=1747922015.3335659503936767578125 HTTP/1.1" 200 0 "-" "WordPress/6.8.1; https://socialdigiinnovator.com"
165.227.84.14 - - [22/May/2025:09:53:37 -0400] "GET /@vite/env HTTP/1.1" 404 15046 "-" "Go-http-client/1.1"
198.54.114.35 - - [22/May/2025:09:53:38 -0400] "POST /wp-cron.php?doing_wp_cron=1747922018.7850439548492431640625 HTTP/1.1" 200 0 "-" "WordPress/6.8.1; https://socialdigiinnovator.com"
165.227.84.14 - - [22/May/2025:09:53:38 -0400] "GET /actuator/env HTTP/1.1" 404 15047 "-" "Go-http-client/1.1"
165.227.84.14 - - [22/May/2025:09:53:39 -0400] "GET /server HTTP/1.1" 404 15047 "-" "Go-http-client/1.1"
165.227.84.14 - - [22/May/2025:09:53:40 -0400] "GET /.vscode/sftp.json HTTP/1.1" 404 15047 "-" "Go-http-client/1.1"
165.227.84.14 - - [22/May/2025:09:53:43 -0400] "GET /ecp/Current/exporttool/microsoft.exchange.ediscovery.exporttool.application HTTP/1.1" 404 33572 "-" "Go-http-client/1.1"
165.227.84.14 - - [22/May/2025:09:53:45 -0400] "GET /_all_dbs HTTP/1.1" 404 15047 "-" "Mozilla/5.0 (l9scan/2.0.33e27393e2431313e2838313; +https://leakix.net)"
165.227.84.14 - - [22/May/2025:09:53:47 -0400] "GET /.git/config HTTP/1.1" 403 1242 "-" "Go-http-client/1.1"
165.227.84.14 - - [22/May/2025:09:53:47 -0400] "GET /s/33e27393e2431313e2838313/_/;/META-INF/maven/com.atlassian.jira/jira-webapp-dist/pom.properties HTTP/1.1" 404 33555 "-" "Go-http-client/1.1"
165.227.84.14 - - [22/May/2025:09:53:48 -0400] "GET /telescope/requests HTTP/1.1" 404 15047 "-" "Go-http-client/1.1"
165.227.84.14 - - [22/May/2025:09:53:49 -0400] "GET /info.php HTTP/1.1" 404 15046 "-" "Go-http-client/1.1"
196.251.73.28 - - [22/May/2025:10:00:00 -0400] "GET / HTTP/1.1" 200 0 "-" "-"
196.251.73.28 - - [22/May/2025:10:00:09 -0400] "GET / HTTP/1.1" 200 0 "-" "-"
2607:a400:5:81::3 - - [22/May/2025:10:01:53 -0400] "GET / HTTP/1.1" 200 0 "-" "Mozilla/5.0 (Windows NT 10.0; WOW64) AppleWebKit/537.36 (KHTML, like Gecko) Chrome/66.0.3359.117 Safari/537.36"
2607:a400:5:81::5 - - [22/May/2025:10:02:12 -0400] "GET / HTTP/1.1" 200 26116 "-" "Mozilla/5.0 (Windows NT 10.0; WOW64) AppleWebKit/537.36 (KHTML, like Gecko) Chrome/66.0.3359.117 Safari/537.36"
47.250.185.25 - - [22/May/2025:10:03:14 -0400] "GET //wp-admin/css/wp-login.php HTTP/1.1" 302 0 "http://www.socialdigiinnovator.com/" "Mozilla/5.0 (Windows NT 10.0; Win64; x64) AppleWebKit/537.36 (KHTML, like Gecko) Chrome/121.0.0.0 Safari/537.36"
47.250.185.25 - - [22/May/2025:10:03:30 -0400] "GET //wp-admin/css/wp-login.php HTTP/1.1" 302 0 "http://www.socialdigiinnovator.com/" "Mozilla/5.0 (Windows NT 10.0; Win64; x64) AppleWebKit/537.36 (KHTML, like Gecko) Chrome/121.0.0.0 Safari/537.36"
198.54.114.35 - - [22/May/2025:10:03:35 -0400] "POST /wp-cron.php?doing_wp_cron=1747922615.6797590255737304687500 HTTP/1.1" 200 0 "-" "WordPress/6.8.1; https://socialdigiinnovator.com"
198.54.114.35 - - [22/May/2025:10:08:02 -0400] "POST /wp-cron.php?doing_wp_cron=1747922881.9914100170135498046875 HTTP/1.1" 200 0 "-" "WordPress/6.8.1; https://socialdigiinnovator.com"
165.227.84.14 - - [22/May/2025:09:53:29 -0400] "GET / HTTP/1.1" 200 0 "-" "-"
165.227.84.14 - - [22/May/2025:09:53:30 -0400] "GET / HTTP/1.1" 200 9978 "-" "Mozilla/5.0 (Linux; Android 6.0; HTC One M9 Build/MRA615981) AppleWebKit/537.36 (KHTML, like Gecko) Chrome/52.0.3161.98 Mobile Safari/537.3"
165.227.84.14 - - [22/May/2025:09:53:40 -0400] "GET /about HTTP/1.1" 404 15045 "-" "Go-http-client/1.1"
165.227.84.14 - - [22/May/2025:09:53:41 -0400] "GET /debug/default/view?panel=config HTTP/1.1" 404 33544 "-" "Go-http-client/1.1"
165.227.84.14 - - [22/May/2025:09:53:42 -0400] "GET /v2/_catalog HTTP/1.1" 404 15044 "-" "Go-http-client/1.1"
165.227.84.14 - - [22/May/2025:09:53:44 -0400] "GET /login.action HTTP/1.1" 404 15046 "-" "Go-http-client/1.1"
209.38.145.209 - - [22/May/2025:09:53:45 -0400] "GET /wp-content/plugins/litespeed-cache/readme.txt HTTP/1.1" 404 33527 "-" "Mozlila/5.0 (Linux; Android 7.0; SM-G892A Bulid/NRD90M; wv) AppleWebKit/537.36 (KHTML, like Gecko) Version/4.0 Chrome/60.0.3112.107 Moblie Safari/537.36"
165.227.84.14 - - [22/May/2025:09:53:45 -0400] "GET /.DS_Store HTTP/1.1" 404 15047 "-" "Go-http-client/1.1"
165.227.84.14 - - [22/May/2025:09:53:46 -0400] "GET /.env HTTP/1.1" 403 1242 "-" "Go-http-client/1.1"
165.227.84.14 - - [22/May/2025:09:53:47 -0400] "GET /config.json HTTP/1.1" 404 15046 "-" "Go-http-client/1.1"
165.227.84.14 - - [22/May/2025:09:53:50 -0400] "GET /?rest_route=/wp/v2/users/ HTTP/1.1" 200 938 "-" "Go-http-client/1.1"
196.251.73.28 - - [22/May/2025:10:00:18 -0400] "GET / HTTP/1.1" 200 0 "-" "-"
198.54.114.35 - - [22/May/2025:10:00:30 -0400] "POST /wp-cron.php?doing_wp_cron=1747922424.8156430721282958984375 HTTP/1.1" 200 0 "-" "WordPress/6.8.1; https://socialdigiinnovator.com"
196.251.73.28 - - [22/May/2025:10:00:30 -0400] "GET / HTTP/1.1" 200 0 "-" "-"
196.251.73.28 - - [22/May/2025:10:00:42 -0400] "GET / HTTP/1.1" 200 0 "-" "-"
2607:a400:5:81::4 - - [22/May/2025:10:01:50 -0400] "GET / HTTP/1.1" 200 0 "-" "Mozilla/5.0 (Windows NT 10.0; WOW64) AppleWebKit/537.36 (KHTML, like Gecko) Chrome/66.0.3359.117 Safari/537.36"
2607:a400:5:81::4 - - [22/May/2025:10:02:06 -0400] "GET / HTTP/1.1" 200 0 "-" "Mozilla/5.0 (Windows NT 10.0; WOW64) AppleWebKit/537.36 (KHTML, like Gecko) Chrome/66.0.3359.117 Safari/537.36"
198.54.114.35 - - [22/May/2025:10:02:08 -0400] "POST /wp-cron.php?doing_wp_cron=1747922519.4181249141693115234375 HTTP/1.1" 200 0 "-" "WordPress/6.8.1; https://socialdigiinnovator.com"
2607:a400:5:81::5 - - [22/May/2025:10:02:09 -0400] "GET / HTTP/1.1" 200 0 "-" "Mozilla/5.0 (Windows NT 10.0; WOW64) AppleWebKit/537.36 (KHTML, like Gecko) Chrome/66.0.3359.117 Safari/537.36"
47.250.185.25 - - [22/May/2025:10:03:33 -0400] "GET /404 HTTP/1.1" 404 15044 "http://www.socialdigiinnovator.com/" "Mozilla/5.0 (Windows NT 10.0; Win64; x64) AppleWebKit/537.36 (KHTML, like Gecko) Chrome/121.0.0.0 Safari/537.36"
196.251.87.127 - - [22/May/2025:10:07:56 -0400] "POST /wp-confiq.php HTTP/1.1" 404 15045 "www.google.com" "Mozilla/6.4 (Windows NT 11.1) Gecko/2010102 Firefox/99.0"
47.250.185.25 - - [22/May/2025:10:22:56 -0400] "GET //wp-includes/fonts/wp-login.php HTTP/1.1" 302 0 "http://www.socialdigiinnovator.com/" "Mozilla/5.0 (Windows NT 10.0; Win64; x64) AppleWebKit/537.36 (KHTML, like Gecko) Chrome/121.0.0.0 Safari/537.36"
198.54.114.35 - - [22/May/2025:10:09:27 -0400] "POST /wp-cron.php?doing_wp_cron=1747922967.6300098896026611328125 HTTP/1.1" 200 0 "-" "WordPress/6.8.1; https://socialdigiinnovator.com"
138.246.253.24 - - [22/May/2025:10:09:25 -0400] "GET /robots.txt HTTP/1.1" 200 102 "-" "Mozilla/5.0 (Windows NT 10.0; Win64; x64) AppleWebKit/537.36 (KHTML, like Gecko) Chrome/103.0.5060.134 Safari/537.36"
47.250.185.25 - - [22/May/2025:10:22:41 -0400] "GET //wp-includes/fonts/wp-login.php HTTP/1.1" 200 0 "http://www.socialdigiinnovator.com/" "Mozilla/5.0 (Windows NT 10.0; Win64; x64) AppleWebKit/537.36 (KHTML, like Gecko) Chrome/121.0.0.0 Safari/537.36"
5.188.86.71 - - [22/May/2025:10:34:54 -0400] "GET /xmlrpc.php HTTP/1.1" 403 1242 "http://socialdigiinnovator.com/xmlrpc.php" "Mozilla/5.0 (X11; Linux x86_64) AppleWebKit/537.36 (KHTML, like Gecko) Chrome/91.0.4472.114 Safari/537.36"
47.250.185.25 - - [22/May/2025:10:41:41 -0400] "GET //wp-content/languages/wp-login.php HTTP/1.1" 302 0 "http://www.socialdigiinnovator.com/" "Mozilla/5.0 (Windows NT 10.0; Win64; x64) AppleWebKit/537.36 (KHTML, like Gecko) Chrome/121.0.0.0 Safari/537.36"
47.250.185.25 - - [22/May/2025:10:42:05 -0400] "GET /404 HTTP/1.1" 200 0 "http://www.socialdigiinnovator.com/" "Mozilla/5.0 (Windows NT 10.0; Win64; x64) AppleWebKit/537.36 (KHTML, like Gecko) Chrome/121.0.0.0 Safari/537.36"
47.250.185.25 - - [22/May/2025:10:41:57 -0400] "GET //wp-content/languages/wp-login.php HTTP/1.1" 302 0 "http://www.socialdigiinnovator.com/" "Mozilla/5.0 (Windows NT 10.0; Win64; x64) AppleWebKit/537.36 (KHTML, like Gecko) Chrome/121.0.0.0 Safari/537.36"
198.54.114.35 - - [22/May/2025:10:42:07 -0400] "POST /wp-cron.php?doing_wp_cron=1747924927.2983169555664062500000 HTTP/1.1" 200 0 "-" "WordPress/6.8.1; https://socialdigiinnovator.com"
5.188.87.35 - - [22/May/2025:10:46:51 -0400] "GET /xmlrpc.php HTTP/1.1" 403 1242 "http://socialdigiinnovator.com/xmlrpc.php" "Mozilla/5.0 (Windows NT 6.3; WOW64; rv:43.0) Gecko/20100101 Firefox/43.0"
2602:fb54:c6a:: - - [22/May/2025:10:53:30 -0400] "POST / HTTP/1.1" 200 26170 "https://socialdigiinnovator.com" "Mozilla/5.0 (Windows NT 10.0; Win64; x64) AppleWebKit/537.36 (KHTML, like Gecko) Chrome/136.0.0.0 Safari/537.36"
198.54.114.35 - - [22/May/2025:10:55:46 -0400] "POST /wp-cron.php?doing_wp_cron=1747925746.8843390941619873046875 HTTP/1.1" 200 0 "-" "WordPress/6.8.1; https://socialdigiinnovator.com"
47.250.185.25 - - [22/May/2025:11:01:29 -0400] "GET //.well-known/acme-challenge/wp-login.php HTTP/1.1" 302 0 "http://www.socialdigiinnovator.com/" "Mozilla/5.0 (Windows NT 10.0; Win64; x64) AppleWebKit/537.36 (KHTML, like Gecko) Chrome/121.0.0.0 Safari/537.36"
47.250.185.25 - - [22/May/2025:11:01:36 -0400] "GET /404 HTTP/1.1" 200 0 "http://www.socialdigiinnovator.com/" "Mozilla/5.0 (Windows NT 10.0; Win64; x64) AppleWebKit/537.36 (KHTML, like Gecko) Chrome/121.0.0.0 Safari/537.36"
198.54.114.35 - - [22/May/2025:11:01:39 -0400] "POST /wp-cron.php?doing_wp_cron=1747926099.2033290863037109375000 HTTP/1.1" 200 0 "-" "WordPress/6.8.1; https://socialdigiinnovator.com"
198.54.114.35 - - [22/May/2025:10:53:35 -0400] "POST /wp-cron.php?doing_wp_cron=1747925615.1817119121551513671875 HTTP/1.1" 200 0 "-" "WordPress/6.8.1; https://socialdigiinnovator.com"
2602:fb54:c6a:: - - [22/May/2025:10:53:37 -0400] "GET / HTTP/1.1" 200 26172 "https://socialdigiinnovator.com" "Mozilla/5.0 (Windows NT 10.0; Win64; x64) AppleWebKit/537.36 (KHTML, like Gecko) Chrome/136.0.0.0 Safari/537.36"
49.51.195.195 - - [22/May/2025:10:55:42 -0400] "GET / HTTP/1.1" 301 0 "http://www.socialdigiinnovator.com" "Mozilla/5.0 (iPhone; CPU iPhone OS 13_2_3 like Mac OS X) AppleWebKit/605.1.15 (KHTML, like Gecko) Version/13.0.3 Mobile/15E148 Safari/604.1"
49.51.195.195 - - [22/May/2025:10:55:47 -0400] "GET / HTTP/1.1" 200 26172 "https://www.socialdigiinnovator.com/" "Mozilla/5.0 (iPhone; CPU iPhone OS 13_2_3 like Mac OS X) AppleWebKit/605.1.15 (KHTML, like Gecko) Version/13.0.3 Mobile/15E148 Safari/604.1"
47.250.185.25 - - [22/May/2025:11:01:16 -0400] "GET //.well-known/acme-challenge/wp-login.php HTTP/1.1" 200 0 "http://www.socialdigiinnovator.com/" "Mozilla/5.0 (Windows NT 10.0; Win64; x64) AppleWebKit/537.36 (KHTML, like Gecko) Chrome/121.0.0.0 Safari/537.36"
52.42.22.47 - - [22/May/2025:11:08:18 -0400] "GET /talk HTTP/1.1" 301 0 "-" "Mozilla/5.0 (Macintosh; Intel Mac OS X 10_13_6) AppleWebKit/537.36 (KHTML, like Gecko) Chrome/73.0.3669.0 Safari/537.36"
54.70.112.216 - - [22/May/2025:11:08:28 -0400] "GET /talk HTTP/1.1" 301 0 "-" "ClickUpLinkUnfurler/1.0 (+https://clickup.com)"
54.70.112.216 - - [22/May/2025:11:08:30 -0400] "GET /talk/ HTTP/1.1" 200 17804 "-" "ClickUpLinkUnfurler/1.0 (+https://clickup.com)"
44.230.135.206 - - [22/May/2025:11:17:49 -0400] "GET /talk HTTP/1.1" 301 0 "-" "Mozilla/5.0 (Macintosh; Intel Mac OS X 10_13_6) AppleWebKit/537.36 (KHTML, like Gecko) Chrome/73.0.3669.0 Safari/537.36"
54.70.112.216 - - [22/May/2025:11:18:01 -0400] "GET /talk HTTP/1.1" 301 0 "-" "ClickUpLinkUnfurler/1.0 (+https://clickup.com)"
47.250.185.25 - - [22/May/2025:11:20:37 -0400] "GET //cgi-bin/wp-login.php HTTP/1.1" 200 0 "http://www.socialdigiinnovator.com/" "Mozilla/5.0 (Windows NT 10.0; Win64; x64) AppleWebKit/537.36 (KHTML, like Gecko) Chrome/121.0.0.0 Safari/537.36"
198.54.114.35 - - [22/May/2025:11:08:24 -0400] "POST /wp-cron.php?doing_wp_cron=1747926504.3453769683837890625000 HTTP/1.1" 200 0 "-" "WordPress/6.8.1; https://socialdigiinnovator.com"
44.227.65.247 - - [22/May/2025:11:08:25 -0400] "GET /talk/ HTTP/1.1" 200 17770 "-" "Mozilla/5.0 (Macintosh; Intel Mac OS X 10_13_6) AppleWebKit/537.36 (KHTML, like Gecko) Chrome/73.0.3669.0 Safari/537.36"
52.42.22.47 - - [22/May/2025:11:08:28 -0400] "GET /wp-json/oembed/1.0/embed?url=https%3A%2F%2Fsocialdigiinnovator.com%2Ftalk%2F HTTP/1.1" 200 2092 "-" "Mozilla/5.0 (Macintosh; Intel Mac OS X 10_13_6) AppleWebKit/537.36 (KHTML, like Gecko) Chrome/73.0.3669.0 Safari/537.36"
198.54.114.35 - - [22/May/2025:11:11:39 -0400] "POST /wp-cron.php?doing_wp_cron=1747926699.1855480670928955078125 HTTP/1.1" 200 0 "-" "WordPress/6.8.1; https://socialdigiinnovator.com"
49.51.245.241 - - [22/May/2025:11:11:34 -0400] "GET /wp-content/uploads/2022/09/7402118-scaled-822x822.jpg, HTTP/1.1" 301 0 "-" "Mozilla/5.0 (iPhone; CPU iPhone OS 13_2_3 like Mac OS X) AppleWebKit/605.1.15 (KHTML, like Gecko) Version/13.0.3 Mobile/15E148 Safari/604.1"
49.51.245.241 - - [22/May/2025:11:11:42 -0400] "GET /wp-content/uploads/2022/09/7402118-scaled-822x822.jpg HTTP/1.1" 200 53831 "https://socialdigiinnovator.com/wp-content/uploads/2022/09/7402118-scaled-822x822.jpg," "Mozilla/5.0 (iPhone; CPU iPhone OS 13_2_3 like Mac OS X) AppleWebKit/605.1.15 (KHTML, like Gecko) Version/13.0.3 Mobile/15E148 Safari/604.1"
198.54.114.35 - - [22/May/2025:11:17:59 -0400] "POST /wp-cron.php?doing_wp_cron=1747927079.6270089149475097656250 HTTP/1.1" 200 0 "-" "WordPress/6.8.1; https://socialdigiinnovator.com"
44.230.135.206 - - [22/May/2025:11:18:01 -0400] "GET /talk/ HTTP/1.1" 200 17808 "-" "Mozilla/5.0 (Macintosh; Intel Mac OS X 10_13_6) AppleWebKit/537.36 (KHTML, like Gecko) Chrome/73.0.3669.0 Safari/537.36"
52.42.22.47 - - [22/May/2025:11:18:06 -0400] "GET /wp-json/oembed/1.0/embed?url=https%3A%2F%2Fsocialdigiinnovator.com%2Ftalk%2F HTTP/1.1" 200 2092 "-" "Mozilla/5.0 (Macintosh; Intel Mac OS X 10_13_6) AppleWebKit/537.36 (KHTML, like Gecko) Chrome/73.0.3669.0 Safari/537.36"
47.250.185.25 - - [22/May/2025:11:20:51 -0400] "GET //cgi-bin/wp-login.php HTTP/1.1" 302 0 "http://www.socialdigiinnovator.com/" "Mozilla/5.0 (Windows NT 10.0; Win64; x64) AppleWebKit/537.36 (KHTML, like Gecko) Chrome/121.0.0.0 Safari/537.36"
198.54.114.35 - - [22/May/2025:11:20:59 -0400] "POST /wp-cron.php?doing_wp_cron=1747927258.9831380844116210937500 HTTP/1.1" 200 0 "-" "WordPress/6.8.1; https://socialdigiinnovator.com"
47.250.185.25 - - [22/May/2025:11:20:56 -0400] "GET /404 HTTP/1.1" 200 0 "http://www.socialdigiinnovator.com/" "Mozilla/5.0 (Windows NT 10.0; Win64; x64) AppleWebKit/537.36 (KHTML, like Gecko) Chrome/121.0.0.0 Safari/537.36"
198.54.114.35 - - [22/May/2025:11:23:37 -0400] "POST /wp-cron.php?doing_wp_cron=1747927416.9842329025268554687500 HTTP/1.1" 200 0 "-" "WordPress/6.8.1; https://socialdigiinnovator.com"
85.208.96.208 - - [22/May/2025:11:23:31 -0400] "GET /product/0011645432.html HTTP/1.1" 404 15046 "-" "Mozilla/5.0 (compatible; SemrushBot/7~bl; +http://www.semrush.com/bot.html)"
172.173.217.72 - - [22/May/2025:11:30:18 -0400] "GET /wp-content/uploads/2022/10/1-scaled.webp HTTP/1.1" 200 85260 "-" "Mozilla/5.0 (Windows NT 10.0; Win64; x64) AppleWebKit/537.36 (KHTML, like Gecko) Chrome/109.0.0.0 Safari/537.36"
47.250.185.25 - - [22/May/2025:11:40:21 -0400] "GET //ms.php HTTP/1.1" 200 0 "http://www.socialdigiinnovator.com/" "Mozilla/5.0 (Windows NT 10.0; Win64; x64) AppleWebKit/537.36 (KHTML, like Gecko) Chrome/121.0.0.0 Safari/537.36"
47.250.185.25 - - [22/May/2025:11:40:32 -0400] "GET //ms.php HTTP/1.1" 200 0 "http://www.socialdigiinnovator.com/" "Mozilla/5.0 (Windows NT 10.0; Win64; x64) AppleWebKit/537.36 (KHTML, like Gecko) Chrome/121.0.0.0 Safari/537.36"
35.155.15.70 - - [22/May/2025:11:42:48 -0400] "GET /talk HTTP/1.1" 200 0 "-" "Mozilla/5.0 (Macintosh; Intel Mac OS X 10_13_6) AppleWebKit/537.36 (KHTML, like Gecko) Chrome/73.0.3669.0 Safari/537.36"
44.241.103.176 - - [22/May/2025:11:42:58 -0400] "GET /talk HTTP/1.1" 200 0 "-" "ClickUpLinkUnfurler/1.0 (+https://clickup.com)"
198.54.114.35 - - [22/May/2025:11:58:03 -0400] "POST /wp-cron.php?doing_wp_cron=1747929483.2085759639739990234375 HTTP/1.1" 200 0 "-" "WordPress/6.8.1; https://socialdigiinnovator.com"
14.215.163.132 - - [22/May/2025:11:58:46 -0400] "GET / HTTP/1.1" 301 0 "http://www.socialdigiinnovator.com" "Mozilla/5.0 (iPhone; CPU iPhone OS 13_2_3 like Mac OS X) AppleWebKit/605.1.15 (KHTML, like Gecko) Version/13.0.3 Mobile/15E148 Safari/604.1"
14.215.163.132 - - [22/May/2025:11:58:51 -0400] "GET / HTTP/1.1" 200 26173 "https://www.socialdigiinnovator.com/" "Mozilla/5.0 (iPhone; CPU iPhone OS 13_2_3 like Mac OS X) AppleWebKit/605.1.15 (KHTML, like Gecko) Version/13.0.3 Mobile/15E148 Safari/604.1"
52.167.144.158 - - [22/May/2025:11:57:58 -0400] "GET /wp-sitemap-posts-page-1.xml HTTP/1.1" 200 687 "-" "Mozilla/5.0 AppleWebKit/537.36 (KHTML, like Gecko; compatible; bingbot/2.0; +http://www.bing.com/bingbot.htm) Chrome/116.0.1938.76 Safari/537.36"
198.54.114.35 - - [22/May/2025:11:58:48 -0400] "POST /wp-cron.php?doing_wp_cron=1747929528.7718110084533691406250 HTTP/1.1" 200 0 "-" "WordPress/6.8.1; https://socialdigiinnovator.com"
198.54.114.35 - - [22/May/2025:11:58:52 -0400] "POST /wp-cron.php?doing_wp_cron=1747929532.5702679157257080078125 HTTP/1.1" 200 0 "-" "WordPress/6.8.1; https://socialdigiinnovator.com"
198.54.114.35 - - [22/May/2025:12:07:33 -0400] "POST /wp-cron.php?doing_wp_cron=1747930053.0502560138702392578125 HTTP/1.1" 200 0 "-" "WordPress/6.8.1; https://socialdigiinnovator.com"
40.77.167.23 - - [22/May/2025:12:07:25 -0400] "GET /product/0012047796.html HTTP/1.1" 404 15050 "-" "Mozilla/5.0 AppleWebKit/537.36 (KHTML, like Gecko; compatible; bingbot/2.0; +http://www.bing.com/bingbot.htm) Chrome/116.0.1938.76 Safari/537.36"
85.208.96.206 - - [22/May/2025:12:16:35 -0400] "GET /slipoutsd32dcc/ddcc13473209.html HTTP/1.1" 404 15044 "-" "Mozilla/5.0 (compatible; SemrushBot/7~bl; +http://www.semrush.com/bot.html)"
198.54.114.35 - - [22/May/2025:12:16:50 -0400] "POST /wp-cron.php?doing_wp_cron=1747930608.3365910053253173828125 HTTP/1.1" 200 0 "-" "WordPress/6.8.1; https://socialdigiinnovator.com"
47.250.185.25 - - [22/May/2025:12:19:11 -0400] "GET //wp-includes/customize/wp-login.php HTTP/1.1" 200 0 "http://www.socialdigiinnovator.com/" "Mozilla/5.0 (Windows NT 10.0; Win64; x64) AppleWebKit/537.36 (KHTML, like Gecko) Chrome/121.0.0.0 Safari/537.36"
47.250.185.25 - - [22/May/2025:12:19:31 -0400] "GET //wp-includes/customize/wp-login.php HTTP/1.1" 200 0 "http://www.socialdigiinnovator.com/" "Mozilla/5.0 (Windows NT 10.0; Win64; x64) AppleWebKit/537.36 (KHTML, like Gecko) Chrome/121.0.0.0 Safari/537.36"
47.250.185.25 - - [22/May/2025:12:19:49 -0400] "GET //wp-includes/customize/wp-login.php HTTP/1.1" 302 0 "http://www.socialdigiinnovator.com/" "Mozilla/5.0 (Windows NT 10.0; Win64; x64) AppleWebKit/537.36 (KHTML, like Gecko) Chrome/121.0.0.0 Safari/537.36"
52.167.144.20 - - [22/May/2025:12:26:39 -0400] "GET /wp-content/uploads/2022/08/aa.mkv HTTP/1.1" 200 21490065 "-" "Mozilla/5.0 AppleWebKit/537.36 (KHTML, like Gecko; compatible; bingbot/2.0; +http://www.bing.com/bingbot.htm) Chrome/116.0.1938.76 Safari/537.36"
185.188.237.14 - - [22/May/2025:12:34:15 -0400] "GET /wp-admin/admin.php HTTP/1.1" 200 0 "-" "Mozilla/5.0 (Windows NT 10.0; Win64; x64) AppleWebKit/537.36 (KHTML, like Gecko) Chrome/115.0.0.0 Safari/537.36 Edg/115.0.1901.203"
198.54.114.35 - - [22/May/2025:12:34:21 -0400] "POST /wp-cron.php?doing_wp_cron=1747931660.9947900772094726562500 HTTP/1.1" 200 0 "-" "WordPress/6.8.1; https://socialdigiinnovator.com"
198.54.114.35 - - [22/May/2025:12:35:20 -0400] "POST /wp-cron.php?doing_wp_cron=1747931719.6583569049835205078125 HTTP/1.1" 200 0 "-" "WordPress/6.8.1; https://socialdigiinnovator.com"
52.167.144.218 - - [22/May/2025:12:35:17 -0400] "GET /product/0012397304.html HTTP/1.1" 404 15046 "-" "Mozilla/5.0 AppleWebKit/537.36 (KHTML, like Gecko; compatible; bingbot/2.0; +http://www.bing.com/bingbot.htm) Chrome/116.0.1938.76 Safari/537.36"
47.250.85.249 - - [22/May/2025:12:39:26 -0400] "GET /404 HTTP/1.1" 200 0 "http://www.socialdigiinnovator.com/" "Mozilla/5.0 (Windows NT 10.0; Win64; x64) AppleWebKit/537.36 (KHTML, like Gecko) Chrome/121.0.0.0 Safari/537.36"
47.250.85.249 - - [22/May/2025:12:38:46 -0400] "GET //wp-admin/maint/wp-login.php HTTP/1.1" 200 0 "http://www.socialdigiinnovator.com/" "Mozilla/5.0 (Windows NT 10.0; Win64; x64) AppleWebKit/537.36 (KHTML, like Gecko) Chrome/121.0.0.0 Safari/537.36"
47.250.85.249 - - [22/May/2025:12:39:02 -0400] "GET //wp-admin/maint/wp-login.php HTTP/1.1" 302 0 "http://www.socialdigiinnovator.com/" "Mozilla/5.0 (Windows NT 10.0; Win64; x64) AppleWebKit/537.36 (KHTML, like Gecko) Chrome/121.0.0.0 Safari/537.36"
47.250.85.249 - - [22/May/2025:12:39:21 -0400] "GET //wp-admin/maint/wp-login.php HTTP/1.1" 302 0 "http://www.socialdigiinnovator.com/" "Mozilla/5.0 (Windows NT 10.0; Win64; x64) AppleWebKit/537.36 (KHTML, like Gecko) Chrome/121.0.0.0 Safari/537.36"
198.54.114.35 - - [22/May/2025:12:39:28 -0400] "POST /wp-cron.php?doing_wp_cron=1747931968.5242140293121337890625 HTTP/1.1" 200 0 "-" "WordPress/6.8.1; https://socialdigiinnovator.com"
156.239.214.68 - - [22/May/2025:12:41:47 -0400] "POST /wp-login.php HTTP/1.1" 302 0 "https://socialdigiinnovator.com/wp-login.php" "Mozilla/5.0 (Windows NT 10.0; Win64; x64) AppleWebKit/537.36 (KHTML, like Gecko) Chrome/126.0.0.0 Safari/537.36"
156.239.214.68 - - [22/May/2025:12:41:47 -0400] "GET /404 HTTP/1.1" 404 15047 "-" "Apache-HttpClient/5.3.1 (Java/17.0.7)"
156.239.214.68 - - [22/May/2025:12:41:50 -0400] "GET /wp-login.php?redirect_to=https%3A%2F%2Fsocialdigiinnovator.com%2Fwp-admin%2F&reauth=1 HTTP/1.1" 302 0 "https://socialdigiinnovator.com/wp-login.php" "Mozilla/5.0 (Windows NT 10.0; Win64; x64) AppleWebKit/537.36 (KHTML, like Gecko) Chrome/126.0.0.0 Safari/537.36"
156.239.214.68 - - [22/May/2025:12:41:51 -0400] "GET /404 HTTP/1.1" 404 15044 "https://socialdigiinnovator.com/wp-login.php" "Mozilla/5.0 (Windows NT 10.0; Win64; x64) AppleWebKit/537.36 (KHTML, like Gecko) Chrome/126.0.0.0 Safari/537.36"
154.82.150.136 - - [22/May/2025:12:41:52 -0400] "POST /wp-login.php HTTP/1.1" 302 0 "https://socialdigiinnovator.com/wp-login.php" "Mozilla/5.0 (Windows NT 10.0; Win64; x64) AppleWebKit/537.36 (KHTML, like Gecko) Chrome/126.0.0.0 Safari/537.36"
154.86.112.85 - - [22/May/2025:12:41:59 -0400] "GET /wp-login.php?redirect_to=https%3A%2F%2Fsocialdigiinnovator.com%2Fwp-admin%2F&reauth=1 HTTP/1.1" 302 0 "https://socialdigiinnovator.com/wp-login.php" "Mozilla/5.0 (Windows NT 10.0; Win64; x64) AppleWebKit/537.36 (KHTML, like Gecko) Chrome/126.0.0.0 Safari/537.36"
154.86.112.85 - - [22/May/2025:12:41:59 -0400] "GET /404 HTTP/1.1" 404 15046 "https://socialdigiinnovator.com/wp-login.php" "Mozilla/5.0 (Windows NT 10.0; Win64; x64) AppleWebKit/537.36 (KHTML, like Gecko) Chrome/126.0.0.0 Safari/537.36"
198.54.114.35 - - [22/May/2025:12:41:46 -0400] "POST /wp-cron.php?doing_wp_cron=1747932106.1324601173400878906250 HTTP/1.1" 200 0 "-" "WordPress/6.8.1; https://socialdigiinnovator.com"
45.206.72.23 - - [22/May/2025:12:41:42 -0400] "GET /wp-json/wp/v2/users HTTP/1.1" 200 938 "https://socialdigiinnovator.com" "Mozilla/5.0 (Windows NT 10.0; Win64; x64) AppleWebKit/537.36 (KHTML, like Gecko) Chrome/126.0.0.0 Safari/537.36"
156.239.214.68 - - [22/May/2025:12:41:49 -0400] "GET /wp-admin/ HTTP/1.1" 302 0 "https://socialdigiinnovator.com/wp-login.php" "Mozilla/5.0 (Windows NT 10.0; Win64; x64) AppleWebKit/537.36 (KHTML, like Gecko) Chrome/126.0.0.0 Safari/537.36"
198.54.114.35 - - [22/May/2025:12:41:53 -0400] "POST /wp-cron.php?doing_wp_cron=1747932113.7270689010620117187500 HTTP/1.1" 200 0 "-" "WordPress/6.8.1; https://socialdigiinnovator.com"
154.82.150.136 - - [22/May/2025:12:41:53 -0400] "GET /404 HTTP/1.1" 404 15047 "-" "Apache-HttpClient/5.3.1 (Java/17.0.7)"
154.82.150.136 - - [22/May/2025:12:41:54 -0400] "GET /wp-admin/ HTTP/1.1" 302 0 "https://socialdigiinnovator.com/wp-login.php" "Mozilla/5.0 (Windows NT 10.0; Win64; x64) AppleWebKit/537.36 (KHTML, like Gecko) Chrome/126.0.0.0 Safari/537.36"
154.82.150.136 - - [22/May/2025:12:41:55 -0400] "GET /wp-login.php?redirect_to=https%3A%2F%2Fsocialdigiinnovator.com%2Fwp-admin%2F&reauth=1 HTTP/1.1" 302 0 "https://socialdigiinnovator.com/wp-login.php" "Mozilla/5.0 (Windows NT 10.0; Win64; x64) AppleWebKit/537.36 (KHTML, like Gecko) Chrome/126.0.0.0 Safari/537.36"
154.82.150.136 - - [22/May/2025:12:41:55 -0400] "GET /404 HTTP/1.1" 404 15045 "https://socialdigiinnovator.com/wp-login.php" "Mozilla/5.0 (Windows NT 10.0; Win64; x64) AppleWebKit/537.36 (KHTML, like Gecko) Chrome/126.0.0.0 Safari/537.36"
154.86.112.85 - - [22/May/2025:12:41:57 -0400] "POST /wp-login.php HTTP/1.1" 302 0 "https://socialdigiinnovator.com/wp-login.php" "Mozilla/5.0 (Windows NT 10.0; Win64; x64) AppleWebKit/537.36 (KHTML, like Gecko) Chrome/126.0.0.0 Safari/537.36"
154.86.112.85 - - [22/May/2025:12:41:57 -0400] "GET /404 HTTP/1.1" 404 15047 "-" "Apache-HttpClient/5.3.1 (Java/17.0.7)"
154.86.112.85 - - [22/May/2025:12:41:58 -0400] "GET /wp-admin/ HTTP/1.1" 302 0 "https://socialdigiinnovator.com/wp-login.php" "Mozilla/5.0 (Windows NT 10.0; Win64; x64) AppleWebKit/537.36 (KHTML, like Gecko) Chrome/126.0.0.0 Safari/537.36"
47.250.85.249 - - [22/May/2025:12:58:21 -0400] "GET //wp-admin/network/wp-login.php HTTP/1.1" 200 0 "http://www.socialdigiinnovator.com/" "Mozilla/5.0 (Windows NT 10.0; Win64; x64) AppleWebKit/537.36 (KHTML, like Gecko) Chrome/121.0.0.0 Safari/537.36"
198.54.114.35 - - [22/May/2025:12:59:05 -0400] "POST /wp-cron.php?doing_wp_cron=1747933145.2252409458160400390625 HTTP/1.1" 200 0 "-" "WordPress/6.8.1; https://socialdigiinnovator.com"
47.250.85.249 - - [22/May/2025:12:58:36 -0400] "GET //wp-admin/network/wp-login.php HTTP/1.1" 302 0 "http://www.socialdigiinnovator.com/" "Mozilla/5.0 (Windows NT 10.0; Win64; x64) AppleWebKit/537.36 (KHTML, like Gecko) Chrome/121.0.0.0 Safari/537.36"
47.250.85.249 - - [22/May/2025:12:58:57 -0400] "GET //wp-admin/network/wp-login.php HTTP/1.1" 302 0 "http://www.socialdigiinnovator.com/" "Mozilla/5.0 (Windows NT 10.0; Win64; x64) AppleWebKit/537.36 (KHTML, like Gecko) Chrome/121.0.0.0 Safari/537.36"
47.250.85.249 - - [22/May/2025:12:59:01 -0400] "GET /404 HTTP/1.1" 200 0 "http://www.socialdigiinnovator.com/" "Mozilla/5.0 (Windows NT 10.0; Win64; x64) AppleWebKit/537.36 (KHTML, like Gecko) Chrome/121.0.0.0 Safari/537.36"
198.54.114.35 - - [22/May/2025:13:18:19 -0400] "POST /wp-cron.php?doing_wp_cron=1747934298.9232618808746337890625 HTTP/1.1" 200 0 "-" "WordPress/6.8.1; https://socialdigiinnovator.com"
47.250.85.249 - - [22/May/2025:13:18:35 -0400] "GET //wp-admin/user/wp-login.php HTTP/1.1" 302 0 "http://www.socialdigiinnovator.com/" "Mozilla/5.0 (Windows NT 10.0; Win64; x64) AppleWebKit/537.36 (KHTML, like Gecko) Chrome/121.0.0.0 Safari/537.36"
47.250.85.249 - - [22/May/2025:13:17:57 -0400] "GET //wp-admin/user/wp-login.php HTTP/1.1" 200 0 "http://www.socialdigiinnovator.com/" "Mozilla/5.0 (Windows NT 10.0; Win64; x64) AppleWebKit/537.36 (KHTML, like Gecko) Chrome/121.0.0.0 Safari/537.36"
47.250.85.249 - - [22/May/2025:13:18:10 -0400] "GET //wp-admin/user/wp-login.php HTTP/1.1" 302 0 "http://www.socialdigiinnovator.com/" "Mozilla/5.0 (Windows NT 10.0; Win64; x64) AppleWebKit/537.36 (KHTML, like Gecko) Chrome/121.0.0.0 Safari/537.36"
47.250.85.249 - - [22/May/2025:13:18:16 -0400] "GET /404 HTTP/1.1" 200 0 "http://www.socialdigiinnovator.com/" "Mozilla/5.0 (Windows NT 10.0; Win64; x64) AppleWebKit/537.36 (KHTML, like Gecko) Chrome/121.0.0.0 Safari/537.36"
47.250.85.249 - - [22/May/2025:13:18:36 -0400] "GET /404 HTTP/1.1" 200 0 "http://www.socialdigiinnovator.com/" "Mozilla/5.0 (Windows NT 10.0; Win64; x64) AppleWebKit/537.36 (KHTML, like Gecko) Chrome/121.0.0.0 Safari/537.36"
198.54.114.35 - - [22/May/2025:13:24:20 -0400] "POST /wp-cron.php?doing_wp_cron=1747934660.4651329517364501953125 HTTP/1.1" 200 0 "-" "WordPress/6.8.1; https://socialdigiinnovator.com"
85.204.70.116 - - [22/May/2025:13:24:14 -0400] "GET / HTTP/1.1" 200 26177 "-" "Mozilla/5.0 (Windows NT 10.0; Win64; x64) AppleWebKit/537.36 (KHTML, like Gecko) Chrome/78.0.3904.108 Safari/537.36"
85.204.70.116 - - [22/May/2025:13:24:25 -0400] "GET //?author=2 HTTP/1.1" 403 1242 "-" "Mozilla/5.0 (Windows NT 10.0; Win64; x64) AppleWebKit/537.36 (KHTML, like Gecko) Chrome/78.0.3904.108 Safari/537.36"
85.204.70.116 - - [22/May/2025:13:24:25 -0400] "GET //wp-json/wp/v2/users/ HTTP/1.1" 200 938 "-" "Mozilla/5.0 (Windows NT 10.0; Win64; x64) AppleWebKit/537.36 (KHTML, like Gecko) Chrome/78.0.3904.108 Safari/537.36"
85.204.70.116 - - [22/May/2025:13:24:22 -0400] "GET //wp-includes/wlwmanifest.xml HTTP/1.1" 301 0 "-" "Mozilla/5.0 (Windows NT 10.0; Win64; x64) AppleWebKit/537.36 (KHTML, like Gecko) Chrome/78.0.3904.108 Safari/537.36"
85.204.70.116 - - [22/May/2025:13:24:23 -0400] "GET / HTTP/1.1" 200 26173 "-" "Mozilla/5.0 (Windows NT 10.0; Win64; x64) AppleWebKit/537.36 (KHTML, like Gecko) Chrome/78.0.3904.108 Safari/537.36"
85.204.70.116 - - [22/May/2025:13:24:25 -0400] "GET //?author=1 HTTP/1.1" 403 1242 "-" "Mozilla/5.0 (Windows NT 10.0; Win64; x64) AppleWebKit/537.36 (KHTML, like Gecko) Chrome/78.0.3904.108 Safari/537.36"
47.250.85.249 - - [22/May/2025:13:37:20 -0400] "GET //chosen.php HTTP/1.1" 200 0 "http://www.socialdigiinnovator.com/" "Mozilla/5.0 (Windows NT 10.0; Win64; x64) AppleWebKit/537.36 (KHTML, like Gecko) Chrome/121.0.0.0 Safari/537.36"
47.250.85.249 - - [22/May/2025:13:37:40 -0400] "GET //chosen.php HTTP/1.1" 301 0 "http://www.socialdigiinnovator.com/" "Mozilla/5.0 (Windows NT 10.0; Win64; x64) AppleWebKit/537.36 (KHTML, like Gecko) Chrome/121.0.0.0 Safari/537.36"
47.250.85.249 - - [22/May/2025:13:37:56 -0400] "GET //chosen.php HTTP/1.1" 301 0 "http://www.socialdigiinnovator.com/" "Mozilla/5.0 (Windows NT 10.0; Win64; x64) AppleWebKit/537.36 (KHTML, like Gecko) Chrome/121.0.0.0 Safari/537.36"
198.54.114.35 - - [22/May/2025:13:37:28 -0400] "POST /wp-cron.php?doing_wp_cron=1747935448.5967159271240234375000 HTTP/1.1" 200 0 "-" "WordPress/6.8.1; https://socialdigiinnovator.com"
198.54.114.35 - - [22/May/2025:13:37:41 -0400] "POST /wp-cron.php?doing_wp_cron=1747935460.9981830120086669921875 HTTP/1.1" 200 0 "-" "WordPress/6.8.1; https://socialdigiinnovator.com"
198.54.114.35 - - [22/May/2025:13:37:56 -0400] "POST /wp-cron.php?doing_wp_cron=1747935476.7656819820404052734375 HTTP/1.1" 200 0 "-" "WordPress/6.8.1; https://socialdigiinnovator.com"
198.54.114.35 - - [22/May/2025:13:47:18 -0400] "POST /wp-cron.php?doing_wp_cron=1747936038.5316569805145263671875 HTTP/1.1" 200 0 "-" "WordPress/6.8.1; https://socialdigiinnovator.com"
198.54.114.35 - - [22/May/2025:13:51:02 -0400] "POST /wp-cron.php?doing_wp_cron=1747936262.1966309547424316406250 HTTP/1.1" 200 0 "-" "WordPress/6.8.1; https://socialdigiinnovator.com"
103.19.49.224 - - [22/May/2025:13:50:57 -0400] "GET / HTTP/1.1" 200 26175 "-" "Mozilla/5.0 (Macintosh; Intel Mac OS X 10_11_1) AppleWebKit/601.2.4 (KHTML, like Gecko) Version/9.0.1 Safari/601.2.4 facebookexternalhit/1.1 Facebot Twitterbot/1.0"
150.109.230.210 - - [22/May/2025:13:51:31 -0400] "GET / HTTP/1.1" 200 26173 "http://socialdigiinnovator.com" "Mozilla/5.0 (iPhone; CPU iPhone OS 13_2_3 like Mac OS X) AppleWebKit/605.1.15 (KHTML, like Gecko) Version/13.0.3 Mobile/15E148 Safari/604.1"
45.157.54.22 - - [22/May/2025:13:44:35 -0400] "POST /xmlrpc.php HTTP/1.1" 403 1242 "-" "Mozilla/5.0 (Windows NT 10.0; Win64; x64) AppleWebKit/537.36 (KHTML, like Gecko) Chrome/127.0.0.0 Safari/537.36"
2a03:2880:f800:16:: - - [22/May/2025:13:47:08 -0400] "GET / HTTP/1.1" 200 26256 "-" "meta-externalagent/1.1 (+https://developers.facebook.com/docs/sharing/webmasters/crawler)"
185.191.171.9 - - [22/May/2025:13:58:06 -0400] "GET /pyraceae3b67e/bece97217.html HTTP/1.1" 404 15050 "-" "Mozilla/5.0 (compatible; SemrushBot/7~bl; +http://www.semrush.com/bot.html)"
198.54.114.35 - - [22/May/2025:13:58:12 -0400] "POST /wp-cron.php?doing_wp_cron=1747936692.0685698986053466796875 HTTP/1.1" 200 0 "-" "WordPress/6.8.1; https://socialdigiinnovator.com"
198.54.114.35 - - [22/May/2025:14:05:39 -0400] "POST /wp-cron.php?doing_wp_cron=1747937138.5377559661865234375000 HTTP/1.1" 200 0 "-" "WordPress/6.8.1; https://socialdigiinnovator.com"
3.221.222.168 - - [22/May/2025:14:05:34 -0400] "GET /technical-services/crm-customization-integrations-management/ HTTP/1.1" 200 16284 "-" "Mozilla/5.0 AppleWebKit/537.36 (KHTML, like Gecko; compatible; Amazonbot/0.1; +https://developer.amazon.com/support/amazonbot) Chrome/119.0.6045.214 Safari/537.36"
198.54.114.35 - - [22/May/2025:14:12:38 -0400] "POST /wp-cron.php?doing_wp_cron=1747937558.1665880680084228515625 HTTP/1.1" 200 0 "-" "WordPress/6.8.1; https://socialdigiinnovator.com"
47.82.60.14 - - [22/May/2025:14:12:34 -0400] "GET / HTTP/1.1" 200 26177 "https://socialdigiinnovator.com/" "Mozilla/5.0 (Windows NT 10.0; Win64; x64) AppleWebKit/537.36 (KHTML, like Gecko) Chrome/114.0.0.0 Safari/537.36 Edg/114.0.1823.43"
138.246.253.24 - - [22/May/2025:14:20:31 -0400] "GET /robots.txt HTTP/1.1" 200 102 "-" "Mozilla/5.0 (Windows NT 10.0; Win64; x64) AppleWebKit/537.36 (KHTML, like Gecko) Chrome/103.0.5060.134 Safari/537.36"
198.54.114.35 - - [22/May/2025:14:20:34 -0400] "POST /wp-cron.php?doing_wp_cron=1747938034.4130210876464843750000 HTTP/1.1" 200 0 "-" "WordPress/6.8.1; https://socialdigiinnovator.com"
198.54.114.35 - - [22/May/2025:14:26:14 -0400] "POST /wp-cron.php?doing_wp_cron=1747938374.3933091163635253906250 HTTP/1.1" 200 0 "-" "WordPress/6.8.1; https://socialdigiinnovator.com"
85.204.70.88 - - [22/May/2025:14:26:09 -0400] "GET / HTTP/1.1" 200 26173 "-" "Mozilla/5.0 (Windows NT 10.0; Win64; x64) AppleWebKit/537.36 (KHTML, like Gecko) Chrome/78.0.3904.108 Safari/537.36"
85.204.70.88 - - [22/May/2025:14:26:17 -0400] "GET //wp-includes/wlwmanifest.xml HTTP/1.1" 301 0 "-" "Mozilla/5.0 (Windows NT 10.0; Win64; x64) AppleWebKit/537.36 (KHTML, like Gecko) Chrome/78.0.3904.108 Safari/537.36"
85.204.70.88 - - [22/May/2025:14:26:19 -0400] "GET //?author=1 HTTP/1.1" 403 1242 "-" "Mozilla/5.0 (Windows NT 10.0; Win64; x64) AppleWebKit/537.36 (KHTML, like Gecko) Chrome/78.0.3904.108 Safari/537.36"
85.204.70.88 - - [22/May/2025:14:26:18 -0400] "GET / HTTP/1.1" 200 26177 "-" "Mozilla/5.0 (Windows NT 10.0; Win64; x64) AppleWebKit/537.36 (KHTML, like Gecko) Chrome/78.0.3904.108 Safari/537.36"
85.204.70.88 - - [22/May/2025:14:26:19 -0400] "GET //?author=2 HTTP/1.1" 403 1242 "-" "Mozilla/5.0 (Windows NT 10.0; Win64; x64) AppleWebKit/537.36 (KHTML, like Gecko) Chrome/78.0.3904.108 Safari/537.36"
85.204.70.88 - - [22/May/2025:14:26:19 -0400] "GET //wp-json/wp/v2/users/ HTTP/1.1" 200 938 "-" "Mozilla/5.0 (Windows NT 10.0; Win64; x64) AppleWebKit/537.36 (KHTML, like Gecko) Chrome/78.0.3904.108 Safari/537.36"
240e:379:74bf:5100:61e4:f973:742:bbe0 - - [22/May/2025:14:30:46 -0400] "POST /wp-login.php HTTP/1.1" 302 0 "-" "Mozilla/5.0 (Windows NT 6.1; Win64; x64) AppleWebKit/537.36 (KHTML, like Gecko) Chrome/92.0.4515.159 Safari/537.36"
198.54.114.35 - - [22/May/2025:14:32:19 -0400] "POST /wp-cron.php?doing_wp_cron=1747938739.8121280670166015625000 HTTP/1.1" 200 0 "-" "WordPress/6.8.1; https://socialdigiinnovator.com"
143.244.57.90 - - [22/May/2025:14:32:22 -0400] "GET / HTTP/1.1" 200 26097 "-" "Mozilla/5.0 (Windows NT 10.0; Win64; x64) AppleWebKit/537.36 (KHTML, like Gecko) Chrome/78.0.3904.108 Safari/537.36"
143.244.57.90 - - [22/May/2025:14:32:25 -0400] "GET //?author=1 HTTP/1.1" 403 1242 "-" "Mozilla/5.0 (Windows NT 10.0; Win64; x64) AppleWebKit/537.36 (KHTML, like Gecko) Chrome/78.0.3904.108 Safari/537.36"
104.239.90.185 - - [22/May/2025:14:32:19 -0400] "GET /wp-login.php HTTP/1.1" 302 0 "-" "Mozilla/5.0 (Windows NT 10.0; Win64; x64) AppleWebKit/537.36 (KHTML, like Gecko) Chrome/115.0.0.0 Safari/537.36 Edg/115.0.1901.203"
104.239.90.185 - - [22/May/2025:14:32:20 -0400] "GET /404 HTTP/1.1" 404 15047 "-" "Mozilla/5.0 (Windows NT 10.0; Win64; x64) AppleWebKit/537.36 (KHTML, like Gecko) Chrome/115.0.0.0 Safari/537.36 Edg/115.0.1901.203"
143.244.57.90 - - [22/May/2025:14:32:15 -0400] "GET / HTTP/1.1" 200 26175 "-" "Mozilla/5.0 (Windows NT 10.0; Win64; x64) AppleWebKit/537.36 (KHTML, like Gecko) Chrome/78.0.3904.108 Safari/537.36"
143.244.57.90 - - [22/May/2025:14:32:22 -0400] "GET //wp-includes/wlwmanifest.xml HTTP/1.1" 301 0 "-" "Mozilla/5.0 (Windows NT 10.0; Win64; x64) AppleWebKit/537.36 (KHTML, like Gecko) Chrome/78.0.3904.108 Safari/537.36"
143.244.57.90 - - [22/May/2025:14:32:25 -0400] "GET //?author=2 HTTP/1.1" 403 1242 "-" "Mozilla/5.0 (Windows NT 10.0; Win64; x64) AppleWebKit/537.36 (KHTML, like Gecko) Chrome/78.0.3904.108 Safari/537.36"
143.244.57.90 - - [22/May/2025:14:32:25 -0400] "GET //wp-json/wp/v2/users/ HTTP/1.1" 200 938 "-" "Mozilla/5.0 (Windows NT 10.0; Win64; x64) AppleWebKit/537.36 (KHTML, like Gecko) Chrome/78.0.3904.108 Safari/537.36"
2a03:2880:30ff:5:: - - [22/May/2025:14:37:13 -0400] "GET /wp-content/uploads/2022/08/cropped-cropped-Logo-Presentation-Final-06-2-300x241-2-50x50.png HTTP/1.1" 200 4278 "-" "facebookexternalhit/1.1 (+http://www.facebook.com/externalhit_uatext.php)"
149.57.176.34 - - [22/May/2025:14:45:49 -0400] "GET /wp-content/themes/phlox-pro/css/base.css?ver=5.17.6 HTTP/1.1" 200 18187 "https://socialdigiinnovator.com/technical-services/crm-customization-integrations-management/" "Mozilla/5.0 (X11; Linux x86_64) AppleWebKit/537.36 (KHTML, like Gecko) Chrome/134.0.0.0 Safari/537.36"
149.57.176.34 - - [22/May/2025:14:45:49 -0400] "GET /wp-includes/js/mediaelement/wp-mediaelement.min.css?ver=6.8.1 HTTP/1.1" 200 982 "https://socialdigiinnovator.com/technical-services/crm-customization-integrations-management/" "Mozilla/5.0 (X11; Linux x86_64) AppleWebKit/537.36 (KHTML, like Gecko) Chrome/134.0.0.0 Safari/537.36"
149.57.176.34 - - [22/May/2025:14:45:49 -0400] "GET /wp-content/plugins/elementor/assets/css/frontend.min.css?ver=3.29.0 HTTP/1.1" 200 6472 "https://socialdigiinnovator.com/technical-services/crm-customization-integrations-management/" "Mozilla/5.0 (X11; Linux x86_64) AppleWebKit/537.36 (KHTML, like Gecko) Chrome/134.0.0.0 Safari/537.36"
149.57.176.34 - - [22/May/2025:14:45:49 -0400] "GET /wp-content/uploads/elementor/google-fonts/css/quicksand.css?ver=1742243705 HTTP/1.1" 200 450 "https://socialdigiinnovator.com/technical-services/crm-customization-integrations-management/" "Mozilla/5.0 (X11; Linux x86_64) AppleWebKit/537.36 (KHTML, like Gecko) Chrome/134.0.0.0 Safari/537.36"
149.57.176.34 - - [22/May/2025:14:45:49 -0400] "GET /wp-content/uploads/2022/10/CRM-2048x1077.webp HTTP/1.1" 200 92110 "https://socialdigiinnovator.com/technical-services/crm-customization-integrations-management/" "Mozilla/5.0 (X11; Linux x86_64) AppleWebKit/537.36 (KHTML, like Gecko) Chrome/134.0.0.0 Safari/537.36"
149.57.176.34 - - [22/May/2025:14:45:49 -0400] "GET /wp-content/plugins/elementor/assets/lib/font-awesome/js/v4-shims.min.js?ver=3.29.0 HTTP/1.1" 304 0 "https://socialdigiinnovator.com/technical-services/crm-customization-integrations-management/" "Mozilla/5.0 (X11; Linux x86_64) AppleWebKit/537.36 (KHTML, like Gecko) Chrome/134.0.0.0 Safari/537.36"
149.57.176.34 - - [22/May/2025:14:45:49 -0400] "GET /wp-content/plugins/auxin-pro-tools/admin/assets/js/elementor/widgets.js?ver=1.9.5 HTTP/1.1" 200 394 "https://socialdigiinnovator.com/technical-services/crm-customization-integrations-management/" "Mozilla/5.0 (X11; Linux x86_64) AppleWebKit/537.36 (KHTML, like Gecko) Chrome/134.0.0.0 Safari/537.36"
149.57.176.34 - - [22/May/2025:14:45:50 -0400] "GET /wp-content/uploads/2022/08/cropped-cropped-Logo-Presentation-Final-06-2-300x241-2.png HTTP/1.1" 200 2382 "https://socialdigiinnovator.com/technical-services/crm-customization-integrations-management/" "Mozilla/5.0 (X11; Linux x86_64) AppleWebKit/537.36 (KHTML, like Gecko) Chrome/134.0.0.0 Safari/537.36"
149.57.176.34 - - [22/May/2025:14:45:51 -0400] "GET /wp-content/plugins/contact-form-7/includes/js/index.js?ver=6.0.6 HTTP/1.1" 304 0 "https://socialdigiinnovator.com/technical-services/crm-customization-integrations-management/" "Mozilla/5.0 (X11; Linux x86_64) AppleWebKit/537.36 (KHTML, like Gecko) Chrome/134.0.0.0 Safari/537.36"
149.57.176.34 - - [22/May/2025:14:45:51 -0400] "GET /wp-content/plugins/elementor/assets/js/frontend.min.js?ver=3.29.0 HTTP/1.1" 304 0 "https://socialdigiinnovator.com/technical-services/crm-customization-integrations-management/" "Mozilla/5.0 (X11; Linux x86_64) AppleWebKit/537.36 (KHTML, like Gecko) Chrome/134.0.0.0 Safari/537.36"
149.57.176.34 - - [22/May/2025:14:45:51 -0400] "GET /wp-content/plugins/elementor/assets/js/webpack.runtime.min.js?ver=3.29.0 HTTP/1.1" 304 0 "https://socialdigiinnovator.com/technical-services/crm-customization-integrations-management/" "Mozilla/5.0 (X11; Linux x86_64) AppleWebKit/537.36 (KHTML, like Gecko) Chrome/134.0.0.0 Safari/537.36"
149.57.176.34 - - [22/May/2025:14:45:51 -0400] "GET /wp-content/plugins/elementor-pro/assets/js/frontend.min.js?ver=3.29.0 HTTP/1.1" 200 6279 "https://socialdigiinnovator.com/technical-services/crm-customization-integrations-management/" "Mozilla/5.0 (X11; Linux x86_64) AppleWebKit/537.36 (KHTML, like Gecko) Chrome/134.0.0.0 Safari/537.36"
198.54.114.35 - - [22/May/2025:14:45:47 -0400] "POST /wp-cron.php?doing_wp_cron=1747939547.1755108833312988281250 HTTP/1.1" 200 0 "-" "WordPress/6.8.1; https://socialdigiinnovator.com"
149.57.176.34 - - [22/May/2025:14:45:40 -0400] "GET /technical-services/crm-customization-integrations-management HTTP/1.1" 301 0 "-" "Mozilla/5.0 (X11; Linux x86_64) AppleWebKit/537.36 (KHTML, like Gecko) Chrome/134.0.0.0 Safari/537.36"
149.57.176.34 - - [22/May/2025:14:45:47 -0400] "GET /technical-services/crm-customization-integrations-management/ HTTP/1.1" 200 16284 "-" "Mozilla/5.0 (X11; Linux x86_64) AppleWebKit/537.36 (KHTML, like Gecko) Chrome/134.0.0.0 Safari/537.36"
149.57.176.34 - - [22/May/2025:14:45:49 -0400] "GET /wp-content/themes/phlox-pro-child/style.css?ver=5.17.6 HTTP/1.1" 200 217 "https://socialdigiinnovator.com/technical-services/crm-customization-integrations-management/" "Mozilla/5.0 (X11; Linux x86_64) AppleWebKit/537.36 (KHTML, like Gecko) Chrome/134.0.0.0 Safari/537.36"
149.57.176.34 - - [22/May/2025:14:45:49 -0400] "GET /wp-content/uploads/elementor/css/post-3842.css?ver=1747767263 HTTP/1.1" 200 702 "https://socialdigiinnovator.com/technical-services/crm-customization-integrations-management/" "Mozilla/5.0 (X11; Linux x86_64) AppleWebKit/537.36 (KHTML, like Gecko) Chrome/134.0.0.0 Safari/537.36"
149.57.176.34 - - [22/May/2025:14:45:49 -0400] "GET /wp-content/uploads/elementor/google-fonts/css/robotoslab.css?ver=1742243687 HTTP/1.1" 200 703 "https://socialdigiinnovator.com/technical-services/crm-customization-integrations-management/" "Mozilla/5.0 (X11; Linux x86_64) AppleWebKit/537.36 (KHTML, like Gecko) Chrome/134.0.0.0 Safari/537.36"
149.57.176.34 - - [22/May/2025:14:45:51 -0400] "GET /wp-content/plugins/contact-form-7/includes/swv/js/index.js?ver=6.0.6 HTTP/1.1" 304 0 "https://socialdigiinnovator.com/technical-services/crm-customization-integrations-management/" "Mozilla/5.0 (X11; Linux x86_64) AppleWebKit/537.36 (KHTML, like Gecko) Chrome/134.0.0.0 Safari/537.36"
149.57.176.34 - - [22/May/2025:14:45:51 -0400] "GET /wp-content/plugins/elementor/assets/js/frontend-modules.min.js?ver=3.29.0 HTTP/1.1" 304 0 "https://socialdigiinnovator.com/technical-services/crm-customization-integrations-management/" "Mozilla/5.0 (X11; Linux x86_64) AppleWebKit/537.36 (KHTML, like Gecko) Chrome/134.0.0.0 Safari/537.36"
149.57.176.34 - - [22/May/2025:14:45:51 -0400] "GET /wp-content/plugins/elementor-pro/assets/js/webpack-pro.runtime.min.js?ver=3.29.0 HTTP/1.1" 304 0 "https://socialdigiinnovator.com/technical-services/crm-customization-integrations-management/" "Mozilla/5.0 (X11; Linux x86_64) AppleWebKit/537.36 (KHTML, like Gecko) Chrome/134.0.0.0 Safari/537.36"
149.57.176.34 - - [22/May/2025:14:45:52 -0400] "GET /wp-content/plugins/elementor/assets/js/shared-frontend-handlers.30dc2f9c080845a413a6.bundle.min.js HTTP/1.1" 304 0 "https://socialdigiinnovator.com/technical-services/crm-customization-integrations-management/" "Mozilla/5.0 (X11; Linux x86_64) AppleWebKit/537.36 (KHTML, like Gecko) Chrome/134.0.0.0 Safari/537.36"
149.57.176.34 - - [22/May/2025:14:45:51 -0400] "GET /wp-content/plugins/elementor-pro/assets/js/elements-handlers.min.js?ver=3.29.0 HTTP/1.1" 304 0 "https://socialdigiinnovator.com/technical-services/crm-customization-integrations-management/" "Mozilla/5.0 (X11; Linux x86_64) AppleWebKit/537.36 (KHTML, like Gecko) Chrome/134.0.0.0 Safari/537.36"
149.57.176.34 - - [22/May/2025:14:45:51 -0400] "GET /wp-content/uploads/elementor/google-fonts/fonts/ubuntu-4ics6kvjbnbylgokfw72.woff2 HTTP/1.1" 200 34852 "https://socialdigiinnovator.com/wp-content/uploads/elementor/google-fonts/css/ubuntu.css?ver=1742243701" "Mozilla/5.0 (X11; Linux x86_64) AppleWebKit/537.36 (KHTML, like Gecko) Chrome/134.0.0.0 Safari/537.36"
149.57.176.34 - - [22/May/2025:14:45:51 -0400] "GET /wp-content/uploads/elementor/google-fonts/fonts/ubuntu-4icv6kvjbnbylgoc1czjsgyn.woff2 HTTP/1.1" 200 38752 "https://socialdigiinnovator.com/wp-content/uploads/elementor/google-fonts/css/ubuntu.css?ver=1742243701" "Mozilla/5.0 (X11; Linux x86_64) AppleWebKit/537.36 (KHTML, like Gecko) Chrome/134.0.0.0 Safari/537.36"
149.57.176.34 - - [22/May/2025:14:45:52 -0400] "GET /wp-content/plugins/elementor/assets/js/section-frontend-handlers.d85ab872da118940910d.bundle.min.js HTTP/1.1" 304 0 "https://socialdigiinnovator.com/technical-services/crm-customization-integrations-management/" "Mozilla/5.0 (X11; Linux x86_64) AppleWebKit/537.36 (KHTML, like Gecko) Chrome/134.0.0.0 Safari/537.36"
198.54.114.35 - - [22/May/2025:14:50:37 -0400] "POST /wp-cron.php?doing_wp_cron=1747939836.5898149013519287109375 HTTP/1.1" 200 0 "-" "WordPress/6.8.1; https://socialdigiinnovator.com"
198.54.114.35 - - [22/May/2025:14:52:32 -0400] "POST /wp-cron.php?doing_wp_cron=1747939952.1206810474395751953125 HTTP/1.1" 200 0 "-" "WordPress/6.8.1; https://socialdigiinnovator.com"
