209.141.45.131 - - [23/May/2025:01:19:39 -0400] "GET /wp-login.php?wp_lang=e HTTP/1.1" 302 0 "-" "Mozilla/5.0 (Windows NT 6.1; WOW64) AppleWebKit/537.36 (KHTML, like Gecko) Chrome/36.0.1985.125 Safari/537.36"
198.54.114.35 - - [23/May/2025:01:27:53 -0400] "POST /wp-cron.php?doing_wp_cron=1747978073.3080229759216308593750 HTTP/1.1" 200 0 "-" "WordPress/6.8.1; https://socialsolargreen.com"
198.54.114.35 - - [23/May/2025:01:27:53 -0400] "POST /wp-admin/admin-ajax.php?action=async_litespeed&nonce=VvuG4JMKZ8R4g0i19sPNkrpDgB6tn6dr&litespeed_type=imgoptm HTTP/1.1" 200 5 "-" "WordPress/6.8.1; https://socialsolargreen.com"
5.180.44.194 - - [23/May/2025:02:06:36 -0400] "GET /wp-login.php HTTP/1.1" 302 0 "-" "Mozilla/5.0"
47.82.60.103 - - [23/May/2025:02:12:54 -0400] "GET / HTTP/1.1" 200 29803 "https://socialsolargreen.com/" "Mozilla/5.0 (Windows NT 10.0; Win64; x64) AppleWebKit/537.36 (KHTML, like Gecko) Chrome/114.0.0.0 Safari/537.36 Edg/114.0.1823.43"
209.141.45.131 - - [23/May/2025:01:19:46 -0400] "GET /404 HTTP/1.1" 404 22257 "-" "Mozilla/5.0 (Windows NT 6.1; WOW64) AppleWebKit/537.36 (KHTML, like Gecko) Chrome/36.0.1985.125 Safari/537.36"
34.136.119.126 - - [23/May/2025:01:27:47 -0400] "GET /media/system/js/core.js HTTP/1.1" 404 22479 "http://socialsolargreen.com/media/system/js/core.js" "Mozilla/5.0 (Macintosh; Intel Mac OS X 10_10_1) AppleWebKit/537.36 (KHTML, like Gecko) Chrome/39.0.2171.95 Safari/537.36"
34.136.119.126 - - [23/May/2025:01:27:55 -0400] "GET /wp-includes/js/jquery/jquery.js HTTP/1.1" 200 81316 "http://socialsolargreen.com/wp-includes/js/jquery/jquery.js" "Mozilla/5.0 (Macintosh; Intel Mac OS X 10_10_1) AppleWebKit/537.36 (KHTML, like Gecko) Chrome/39.0.2171.95 Safari/537.36"
170.39.218.60 - - [23/May/2025:02:08:45 -0400] "GET /wp-content/plugins/elementor/assets/lib/animations/styles/zoomIn.min.css?ver=3.28.4 HTTP/1.1" 200 106 "-" "Mozilla/5.0 (Windows NT 10.0; Win64; x64) AppleWebKit/537.36 Chrome/121.0.0.0"
198.54.114.35 - - [23/May/2025:02:16:58 -0400] "POST /wp-cron.php?doing_wp_cron=1747981018.5251059532165527343750 HTTP/1.1" 200 0 "-" "WordPress/6.8.1; https://socialsolargreen.com"
198.54.114.35 - - [23/May/2025:02:16:59 -0400] "POST /wp-cron.php?doing_wp_cron=1747981018.9128680229187011718750 HTTP/1.1" 200 0 "-" "WordPress/6.8.1; https://socialsolargreen.com"
198.54.114.35 - - [23/May/2025:02:16:59 -0400] "POST /wp-admin/admin-ajax.php?action=async_litespeed&nonce=E3Z5W3v4rQoswQNlaRRWCygHeVni8CmP&litespeed_type=imgoptm HTTP/1.1" 200 5 "-" "WordPress/6.8.1; https://socialsolargreen.com"
198.235.24.195 - - [23/May/2025:02:16:56 -0400] "GET /404 HTTP/1.1" 404 22258 "-" "Expanse, a Palo Alto Networks company, searches across the global IPv4 space multiple times per day to identify customers' presences on the Internet. If you would like to be excluded from our scans, please send IP addresses/domains to: scaninfo@paloaltonetworks.com"
170.39.218.60 - - [23/May/2025:02:24:35 -0400] "GET /wp-content/plugins/themesflat-addons-for-elementor/assets/css/tf-flex-slider.css?ver=6.8.1 HTTP/1.1" 200 1205 "-" "Mozilla/5.0 (Windows NT 10.0; Win64; x64) AppleWebKit/537.36 Chrome/121.0.0.0"
216.73.216.185 - - [23/May/2025:02:28:04 -0400] "GET /robots.txt HTTP/1.1" 304 0 "-" "Mozilla/5.0 AppleWebKit/537.36 (KHTML, like Gecko; compatible; ClaudeBot/1.0; +claudebot@anthropic.com)"
198.54.114.35 - - [23/May/2025:02:28:11 -0400] "POST /wp-admin/admin-ajax.php?action=async_litespeed&nonce=QDXwJB8j71envuUkwEwzTASJXN6U2FFF&litespeed_type=imgoptm HTTP/1.1" 200 5 "-" "WordPress/6.8.1; https://socialsolargreen.com"
198.235.24.195 - - [23/May/2025:02:16:54 -0400] "GET /wp-login.php HTTP/1.1" 302 0 "-" "Expanse, a Palo Alto Networks company, searches across the global IPv4 space multiple times per day to identify customers' presences on the Internet. If you would like to be excluded from our scans, please send IP addresses/domains to: scaninfo@paloaltonetworks.com"
114.119.165.200 - - [23/May/2025:02:26:56 -0400] "GET /become-a-partner/ HTTP/1.1" 200 24154 "https://socialsolargreen.com/become-a-partner" "Mozilla/5.0 (Linux; Android 7.0;) AppleWebKit/537.36 (KHTML, like Gecko) Mobile Safari/537.36 (compatible; PetalBot;+https://webmaster.petalsearch.com/site/petalbot)"
198.54.114.35 - - [23/May/2025:02:28:10 -0400] "POST /wp-cron.php?doing_wp_cron=1747981690.3805069923400878906250 HTTP/1.1" 200 0 "-" "WordPress/6.8.1; https://socialsolargreen.com"
216.73.216.185 - - [23/May/2025:02:28:04 -0400] "GET /about-us HTTP/1.1" 301 0 "-" "Mozilla/5.0 AppleWebKit/537.36 (KHTML, like Gecko; compatible; ClaudeBot/1.0; +claudebot@anthropic.com)"
216.73.216.185 - - [23/May/2025:02:28:10 -0400] "GET /about-us/ HTTP/1.1" 200 27279 "https://socialsolargreen.com/about-us" "Mozilla/5.0 AppleWebKit/537.36 (KHTML, like Gecko; compatible; ClaudeBot/1.0; +claudebot@anthropic.com)"
66.249.73.196 - - [23/May/2025:03:07:49 -0400] "GET /wp-content/plugins/themesflat-addons-for-elementor/assets/css/tf-flexslider.css?ver=6.8.1 HTTP/1.1" 200 898 "https://socialsolargreen.com/" "Mozilla/5.0 (Linux; Android 6.0.1; Nexus 5X Build/MMB29P) AppleWebKit/537.36 (KHTML, like Gecko) Chrome/136.0.7103.92 Mobile Safari/537.36 (compatible; Googlebot/2.1; +http://www.google.com/bot.html)"
66.249.73.197 - - [23/May/2025:03:07:50 -0400] "GET /wp-content/plugins/themesflat-addons-for-elementor/assets/js/jquery.flexslider-min.js?ver=6.8.1 HTTP/1.1" 200 5937 "https://socialsolargreen.com/" "Mozilla/5.0 (Linux; Android 6.0.1; Nexus 5X Build/MMB29P) AppleWebKit/537.36 (KHTML, like Gecko) Chrome/136.0.7103.92 Mobile Safari/537.36 (compatible; Googlebot/2.1; +http://www.google.com/bot.html)"
66.249.73.196 - - [23/May/2025:03:07:50 -0400] "GET /wp-content/uploads/elementor/css/post-17.css?ver=1733250155 HTTP/1.1" 200 5834 "https://socialsolargreen.com/" "Mozilla/5.0 (Linux; Android 6.0.1; Nexus 5X Build/MMB29P) AppleWebKit/537.36 (KHTML, like Gecko) Chrome/136.0.7103.92 Mobile Safari/537.36 (compatible; Googlebot/2.1; +http://www.google.com/bot.html)"
66.249.73.198 - - [23/May/2025:03:07:50 -0400] "GET /wp-content/plugins/elementor/assets/css/widget-image-carousel.min.css?ver=3.29.0 HTTP/1.1" 200 163 "https://socialsolargreen.com/" "Mozilla/5.0 (Linux; Android 6.0.1; Nexus 5X Build/MMB29P) AppleWebKit/537.36 (KHTML, like Gecko) Chrome/136.0.7103.92 Mobile Safari/537.36 (compatible; Googlebot/2.1; +http://www.google.com/bot.html)"
66.249.73.196 - - [23/May/2025:03:07:51 -0400] "GET /wp-content/plugins/elementor/assets/css/widget-counter.min.css?ver=3.29.0 HTTP/1.1" 200 234 "https://socialsolargreen.com/" "Mozilla/5.0 (Linux; Android 6.0.1; Nexus 5X Build/MMB29P) AppleWebKit/537.36 (KHTML, like Gecko) Chrome/136.0.7103.92 Mobile Safari/537.36 (compatible; Googlebot/2.1; +http://www.google.com/bot.html)"
66.249.73.196 - - [23/May/2025:03:07:52 -0400] "GET /wp-content/plugins/elementor/assets/lib/jquery-numerator/jquery-numerator.min.js?ver=0.2.1 HTTP/1.1" 200 677 "https://socialsolargreen.com/" "Mozilla/5.0 (Linux; Android 6.0.1; Nexus 5X Build/MMB29P) AppleWebKit/537.36 (KHTML, like Gecko) Chrome/136.0.7103.92 Mobile Safari/537.36 (compatible; Googlebot/2.1; +http://www.google.com/bot.html)"
66.249.73.197 - - [23/May/2025:03:07:52 -0400] "GET /wp-content/plugins/elementor/assets/lib/swiper/v8/swiper.min.js?ver=8.4.5 HTTP/1.1" 200 38152 "https://socialsolargreen.com/" "Mozilla/5.0 (Linux; Android 6.0.1; Nexus 5X Build/MMB29P) AppleWebKit/537.36 (KHTML, like Gecko) Chrome/136.0.7103.92 Mobile Safari/537.36 (compatible; Googlebot/2.1; +http://www.google.com/bot.html)"
66.249.73.196 - - [23/May/2025:03:08:01 -0400] "GET /wp-content/plugins/elementor/assets/js/counter.12335f45aaa79d244f24.bundle.min.js HTTP/1.1" 200 442 "https://socialsolargreen.com/" "Mozilla/5.0 (Linux; Android 6.0.1; Nexus 5X Build/MMB29P) AppleWebKit/537.36 (KHTML, like Gecko) Chrome/136.0.7103.92 Mobile Safari/537.36 (compatible; Googlebot/2.1; +http://www.google.com/bot.html)"
66.249.73.196 - - [23/May/2025:03:08:02 -0400] "GET /wp-content/plugins/elementor/assets/js/image-carousel.6167d20b95b33386757b.bundle.min.js HTTP/1.1" 200 256 "https://socialsolargreen.com/" "Mozilla/5.0 (Linux; Android 6.0.1; Nexus 5X Build/MMB29P) AppleWebKit/537.36 (KHTML, like Gecko) Chrome/136.0.7103.92 Mobile Safari/537.36 (compatible; Googlebot/2.1; +http://www.google.com/bot.html)"
198.54.114.35 - - [23/May/2025:03:08:01 -0400] "POST /wp-admin/admin-ajax.php?action=async_litespeed&nonce=f6xi5SEqPIXCQUz91zKIcxAUg9eSKmuI&litespeed_type=imgoptm HTTP/1.1" 200 0 "-" "WordPress/6.8.1; https://socialsolargreen.com"
66.249.73.196 - - [23/May/2025:03:07:47 -0400] "GET / HTTP/1.1" 200 29803 "-" "Mozilla/5.0 (Linux; Android 6.0.1; Nexus 5X Build/MMB29P) AppleWebKit/537.36 (KHTML, like Gecko) Chrome/136.0.7103.113 Mobile Safari/537.36 (compatible; Googlebot/2.1; +http://www.google.com/bot.html)"
66.249.73.197 - - [23/May/2025:03:07:49 -0400] "GET /wp-content/plugins/themesflat-addons-for-elementor/assets/css/tf-flex-slider.css?ver=6.8.1 HTTP/1.1" 200 1205 "https://socialsolargreen.com/" "Mozilla/5.0 (Linux; Android 6.0.1; Nexus 5X Build/MMB29P) AppleWebKit/537.36 (KHTML, like Gecko) Chrome/136.0.7103.92 Mobile Safari/537.36 (compatible; Googlebot/2.1; +http://www.google.com/bot.html)"
66.249.73.197 - - [23/May/2025:03:07:50 -0400] "GET /wp-content/plugins/themesflat-addons-for-elementor/assets/js/tf-flexslider.js?ver=6.8.1 HTTP/1.1" 200 838 "https://socialsolargreen.com/" "Mozilla/5.0 (Linux; Android 6.0.1; Nexus 5X Build/MMB29P) AppleWebKit/537.36 (KHTML, like Gecko) Chrome/136.0.7103.92 Mobile Safari/537.36 (compatible; Googlebot/2.1; +http://www.google.com/bot.html)"
66.249.73.196 - - [23/May/2025:03:07:50 -0400] "GET /wp-content/plugins/elementor/assets/lib/animations/styles/rotateInDownLeft.min.css?ver=3.29.0 HTTP/1.1" 200 213 "https://socialsolargreen.com/" "Mozilla/5.0 (Linux; Android 6.0.1; Nexus 5X Build/MMB29P) AppleWebKit/537.36 (KHTML, like Gecko) Chrome/136.0.7103.92 Mobile Safari/537.36 (compatible; Googlebot/2.1; +http://www.google.com/bot.html)"
66.249.73.197 - - [23/May/2025:03:07:51 -0400] "GET /wp-content/plugins/elementor/assets/css/conditionals/e-swiper.min.css?ver=3.29.0 HTTP/1.1" 200 699 "https://socialsolargreen.com/" "Mozilla/5.0 (Linux; Android 6.0.1; Nexus 5X Build/MMB29P) AppleWebKit/537.36 (KHTML, like Gecko) Chrome/136.0.7103.92 Mobile Safari/537.36 (compatible; Googlebot/2.1; +http://www.google.com/bot.html)"
66.249.73.196 - - [23/May/2025:03:07:51 -0400] "GET /wp-content/plugins/elementor/assets/lib/swiper/v8/css/swiper.min.css?ver=8.4.5 HTTP/1.1" 200 4248 "https://socialsolargreen.com/" "Mozilla/5.0 (Linux; Android 6.0.1; Nexus 5X Build/MMB29P) AppleWebKit/537.36 (KHTML, like Gecko) Chrome/136.0.7103.92 Mobile Safari/537.36 (compatible; Googlebot/2.1; +http://www.google.com/bot.html)"
198.54.114.35 - - [23/May/2025:03:08:00 -0400] "POST /wp-cron.php?doing_wp_cron=1747984080.0259959697723388671875 HTTP/1.1" 200 0 "-" "WordPress/6.8.1; https://socialsolargreen.com"
66.249.73.198 - - [23/May/2025:03:07:50 -0400] "GET /wp-content/plugins/elementor/assets/lib/swiper/swiper.min.js?ver=6.8.1 HTTP/1.1" 404 22456 "https://socialsolargreen.com/" "Mozilla/5.0 (Linux; Android 6.0.1; Nexus 5X Build/MMB29P) AppleWebKit/537.36 (KHTML, like Gecko) Chrome/136.0.7103.92 Mobile Safari/537.36 (compatible; Googlebot/2.1; +http://www.google.com/bot.html)"
114.119.132.68 - - [23/May/2025:03:12:47 -0400] "GET /residential/ HTTP/1.1" 200 28182 "https://socialsolargreen.com/things-to-look-for-in-solar-panels/" "Mozilla/5.0 (Linux; Android 7.0;) AppleWebKit/537.36 (KHTML, like Gecko) Mobile Safari/537.36 (compatible; PetalBot;+https://webmaster.petalsearch.com/site/petalbot)"
170.39.218.60 - - [23/May/2025:03:25:29 -0400] "GET /wp-content/plugins/elementskit-lite/libs/framework/assets/js/frontend-script.js?ver=3.5.1 HTTP/1.1" 200 40 "-" "Mozilla/5.0 (Macintosh; Intel Mac OS X 10_15_7) AppleWebKit/537.36 Chrome/120.0.0.0"
198.54.114.35 - - [23/May/2025:03:37:56 -0400] "POST /wp-cron.php?doing_wp_cron=1747985876.6324551105499267578125 HTTP/1.1" 200 0 "-" "WordPress/6.8.1; https://socialsolargreen.com"
198.54.114.35 - - [23/May/2025:03:44:05 -0400] "POST /wp-admin/admin-ajax.php?action=async_litespeed&nonce=phjtVkfHLKuGnJU4ZQUaJmky2WM6KuOb&litespeed_type=imgoptm HTTP/1.1" 200 5 "-" "WordPress/6.8.1; https://socialsolargreen.com"
66.249.73.202 - - [23/May/2025:03:44:00 -0400] "GET /mrvzdlqz-125411gh.php?archive HTTP/1.1" 404 22212 "-" "Mozilla/5.0 (Linux; Android 6.0.1; Nexus 5X Build/MMB29P) AppleWebKit/537.36 (KHTML, like Gecko) Chrome/136.0.7103.113 Mobile Safari/537.36 (compatible; Googlebot/2.1; +http://www.google.com/bot.html)"
198.54.114.35 - - [23/May/2025:03:37:56 -0400] "POST /wp-cron.php?doing_wp_cron=1747985875.9707450866699218750000 HTTP/1.1" 200 0 "-" "WordPress/6.8.1; https://socialsolargreen.com"
198.54.114.35 - - [23/May/2025:03:37:56 -0400] "POST /wp-admin/admin-ajax.php?action=async_litespeed&nonce=ewtUnmiu2o5DsjuwrZIeOIJ0egm1cyEs&litespeed_type=imgoptm HTTP/1.1" 200 5 "-" "WordPress/6.8.1; https://socialsolargreen.com"
66.249.73.196 - - [23/May/2025:03:37:50 -0400] "GET /mrvzdlqz-125411gh.php?gourmetism/Frankenia183436.html HTTP/1.1" 404 22211 "-" "Mozilla/5.0 (Linux; Android 6.0.1; Nexus 5X Build/MMB29P) AppleWebKit/537.36 (KHTML, like Gecko) Chrome/136.0.7103.113 Mobile Safari/537.36 (compatible; Googlebot/2.1; +http://www.google.com/bot.html)"
198.54.114.35 - - [23/May/2025:03:44:05 -0400] "POST /wp-cron.php?doing_wp_cron=1747986245.0335099697113037109375 HTTP/1.1" 200 0 "-" "WordPress/6.8.1; https://socialsolargreen.com"
198.54.114.35 - - [23/May/2025:03:44:05 -0400] "POST /wp-cron.php?doing_wp_cron=1747986245.0358879566192626953125 HTTP/1.1" 200 0 "-" "WordPress/6.8.1; https://socialsolargreen.com"
66.249.73.201 - - [23/May/2025:03:43:59 -0400] "GET /mrvzdlqz-125411gh.php?choosable-1962640-aLHUMcbZ/608160 HTTP/1.1" 404 22212 "-" "Mozilla/5.0 (Linux; Android 6.0.1; Nexus 5X Build/MMB29P) AppleWebKit/537.36 (KHTML, like Gecko) Chrome/136.0.7103.113 Mobile Safari/537.36 (compatible; Googlebot/2.1; +http://www.google.com/bot.html)"
5.188.86.66 - - [23/May/2025:03:50:59 -0400] "GET /xmlrpc.php HTTP/1.1" 405 46 "http://socialsolargreen.com/xmlrpc.php" "Mozilla/5.0 (X11; Linux x86_64) AppleWebKit/537.36 (KHTML, like Gecko) Chrome/91.0.4472.114 Safari/537.36"
198.54.114.35 - - [23/May/2025:03:51:01 -0400] "POST /wp-cron.php?doing_wp_cron=1747986661.6963028907775878906250 HTTP/1.1" 200 0 "-" "WordPress/6.8.1; https://socialsolargreen.com"
198.54.114.35 - - [23/May/2025:03:51:01 -0400] "POST /wp-cron.php?doing_wp_cron=1747986661.6969499588012695312500 HTTP/1.1" 200 0 "-" "WordPress/6.8.1; https://socialsolargreen.com"
5.188.86.70 - - [23/May/2025:03:50:58 -0400] "GET /xmlrpc.php HTTP/1.1" 405 46 "http://socialsolargreen.com/xmlrpc.php" "Mozilla/5.0 (Windows NT 6.3; WOW64; rv:43.0) Gecko/20100101 Firefox/43.0"
5.188.87.37 - - [23/May/2025:03:50:58 -0400] "GET /xmlrpc.php HTTP/1.1" 405 46 "http://socialsolargreen.com/xmlrpc.php" "Mozilla/5.0 (Windows NT 6.1; WOW64; rv:92.0) Gecko/20100101 Firefox/92.0"
198.54.114.35 - - [23/May/2025:03:51:02 -0400] "POST /wp-admin/admin-ajax.php?action=async_litespeed&nonce=y8rz3yyVVmtkkuPVwd6h1enPqrgTUzex&litespeed_type=imgoptm HTTP/1.1" 200 5 "-" "WordPress/6.8.1; https://socialsolargreen.com"
60.188.57.0 - - [23/May/2025:03:46:31 -0400] "GET / HTTP/1.1" 200 29803 "http://socialsolargreen.com" "Mozilla/5.0 (iPhone; CPU iPhone OS 13_2_3 like Mac OS X) AppleWebKit/605.1.15 (KHTML, like Gecko) Version/13.0.3 Mobile/15E148 Safari/604.1"
198.54.114.35 - - [23/May/2025:03:51:01 -0400] "POST /wp-cron.php?doing_wp_cron=1747986661.6979250907897949218750 HTTP/1.1" 200 0 "-" "WordPress/6.8.1; https://socialsolargreen.com"
5.188.86.66 - - [23/May/2025:03:50:59 -0400] "GET /xmlrpc.php HTTP/1.1" 405 46 "http://socialsolargreen.com/xmlrpc.php" "Mozilla/5.0 (Windows NT 10.0; Win64; x64) AppleWebKit/537.36 (KHTML, like Gecko) Chrome/97.0.4692.99 Safari/537.36"
34.42.10.247 - - [23/May/2025:04:12:26 -0400] "GET / HTTP/1.1" 200 29803 "-" "Mozilla/5.0 (Windows NT 10.0; Win64; x64) AppleWebKit/537.36 (KHTML, like Gecko) Chrome/78.0.3904.108 Safari/537.36"
34.42.10.247 - - [23/May/2025:04:12:26 -0400] "GET //wp-includes/wlwmanifest.xml HTTP/1.1" 301 0 "-" "Mozilla/5.0 (Windows NT 10.0; Win64; x64) AppleWebKit/537.36 (KHTML, like Gecko) Chrome/78.0.3904.108 Safari/537.36"
34.42.10.247 - - [23/May/2025:04:12:31 -0400] "GET / HTTP/1.1" 200 29803 "-" "Mozilla/5.0 (Windows NT 10.0; Win64; x64) AppleWebKit/537.36 (KHTML, like Gecko) Chrome/78.0.3904.108 Safari/537.36"
34.42.10.247 - - [23/May/2025:04:12:31 -0400] "GET //?author=2 HTTP/1.1" 301 0 "-" "Mozilla/5.0 (Windows NT 10.0; Win64; x64) AppleWebKit/537.36 (KHTML, like Gecko) Chrome/78.0.3904.108 Safari/537.36"
198.54.114.35 - - [23/May/2025:04:12:30 -0400] "POST /wp-cron.php?doing_wp_cron=1747987950.5733389854431152343750 HTTP/1.1" 200 0 "-" "WordPress/6.8.1; https://socialsolargreen.com"
34.42.10.247 - - [23/May/2025:04:12:31 -0400] "GET //?author=1 HTTP/1.1" 301 0 "-" "Mozilla/5.0 (Windows NT 10.0; Win64; x64) AppleWebKit/537.36 (KHTML, like Gecko) Chrome/78.0.3904.108 Safari/537.36"
198.54.114.35 - - [23/May/2025:04:12:31 -0400] "POST /wp-admin/admin-ajax.php?action=async_litespeed&nonce=0gHoLYZn6NK4UvO2wI3E64YvvWVsGigO&litespeed_type=imgoptm HTTP/1.1" 200 5 "-" "WordPress/6.8.1; https://socialsolargreen.com"
34.42.10.247 - - [23/May/2025:04:12:31 -0400] "GET //wp-json/wp/v2/users/ HTTP/1.1" 200 904 "-" "Mozilla/5.0 (Windows NT 10.0; Win64; x64) AppleWebKit/537.36 (KHTML, like Gecko) Chrome/78.0.3904.108 Safari/537.36"
198.54.114.35 - - [23/May/2025:04:19:51 -0400] "POST /wp-cron.php?doing_wp_cron=1747988391.6688311100006103515625 HTTP/1.1" 200 0 "-" "WordPress/6.8.1; https://socialsolargreen.com"
198.54.114.35 - - [23/May/2025:04:19:52 -0400] "POST /wp-admin/admin-ajax.php?action=async_litespeed&nonce=lfyAPX1Pv1fJJ6zwCxQxM7QU5o0oyqjg&litespeed_type=imgoptm HTTP/1.1" 200 5 "-" "WordPress/6.8.1; https://socialsolargreen.com"
66.249.73.200 - - [23/May/2025:04:19:48 -0400] "GET /mrvzdlqz-125411gh.php?EvUjAw/halved85169/14JAinlS HTTP/1.1" 404 22210 "-" "Mozilla/5.0 (Linux; Android 6.0.1; Nexus 5X Build/MMB29P) AppleWebKit/537.36 (KHTML, like Gecko) Chrome/136.0.7103.113 Mobile Safari/537.36 (compatible; Googlebot/2.1; +http://www.google.com/bot.html)"
47.79.3.216 - - [23/May/2025:04:23:45 -0400] "GET / HTTP/1.1" 200 29803 "https://socialsolargreen.com/" "Mozilla/5.0 (Windows NT 10.0; Win64; x64) AppleWebKit/537.36 (KHTML, like Gecko) Chrome/114.0.0.0 Safari/537.36 Edg/114.0.1823.43"