74.225.186.185 - - [22/May/2025:13:31:09 -0400] "GET /.well-known/ HTTP/1.1" 404 22257 "binance.com" "Mozilla/5.0 (Windows NT 10.0; Win64; x64) AppleWebKit/537.36 (KHTML, like Gecko) Chrome/90.0.4430.85 Safari/537.36"
51.222.253.20 - - [22/May/2025:13:55:54 -0400] "GET / HTTP/1.1" 200 29803 "-" "Mozilla/5.0 (compatible; AhrefsBot/7.0; +http://ahrefs.com/robot/)"
54.36.149.98 - - [22/May/2025:13:55:53 -0400] "GET /robots.txt HTTP/1.1" 200 102 "-" "Mozilla/5.0 (compatible; AhrefsBot/7.0; +http://ahrefs.com/robot/)"
47.82.61.222 - - [22/May/2025:13:56:31 -0400] "GET / HTTP/1.1" 200 29803 "https://socialsolargreen.com/" "Mozilla/5.0 (Windows NT 10.0; Win64; x64) AppleWebKit/537.36 (KHTML, like Gecko) Chrome/114.0.0.0 Safari/537.36 Edg/114.0.1823.43"
198.54.114.35 - - [22/May/2025:14:25:38 -0400] "POST /wp-cron.php?doing_wp_cron=1747938338.1480429172515869140625 HTTP/1.1" 200 0 "-" "WordPress/6.8.1; https://socialsolargreen.com"
43.135.144.126 - - [22/May/2025:14:25:34 -0400] "GET / HTTP/1.1" 301 0 "http://www.socialsolargreen.com" "Mozilla/5.0 (iPhone; CPU iPhone OS 13_2_3 like Mac OS X) AppleWebKit/605.1.15 (KHTML, like Gecko) Version/13.0.3 Mobile/15E148 Safari/604.1"
198.54.114.35 - - [22/May/2025:14:25:38 -0400] "POST /wp-admin/admin-ajax.php?action=async_litespeed&nonce=U05VhyJ9xSMEuQNtDlXoASth4R4oXRLf&litespeed_type=imgoptm HTTP/1.1" 200 5 "-" "WordPress/6.8.1; https://socialsolargreen.com"
43.135.144.126 - - [22/May/2025:14:25:39 -0400] "GET / HTTP/1.1" 200 29803 "https://www.socialsolargreen.com/" "Mozilla/5.0 (iPhone; CPU iPhone OS 13_2_3 like Mac OS X) AppleWebKit/605.1.15 (KHTML, like Gecko) Version/13.0.3 Mobile/15E148 Safari/604.1"
104.210.140.130 - - [22/May/2025:14:26:28 -0400] "GET /robots.txt HTTP/1.1" 304 0 "-" "Mozilla/5.0 (Macintosh; Intel Mac OS X 10_15_7) AppleWebKit/537.36 (KHTML, like Gecko) Chrome/131.0.0.0 Safari/537.36; compatible; OAI-SearchBot/1.0; +https://openai.com/searchbot"
198.54.114.35 - - [22/May/2025:14:25:38 -0400] "POST /wp-cron.php?doing_wp_cron=1747938338.5987501144409179687500 HTTP/1.1" 200 0 "-" "WordPress/6.8.1; https://socialsolargreen.com"
198.54.114.35 - - [22/May/2025:14:45:39 -0400] "POST /wp-cron.php?doing_wp_cron=1747939539.4062368869781494140625 HTTP/1.1" 200 0 "-" "WordPress/6.8.1; https://socialsolargreen.com"
198.54.114.35 - - [22/May/2025:14:45:39 -0400] "POST /wp-admin/admin-ajax.php?action=async_litespeed&nonce=08RKjxNlfj1vfjLKw5P1YZ4W8hOMV0TW&litespeed_type=imgoptm HTTP/1.1" 200 5 "-" "WordPress/6.8.1; https://socialsolargreen.com"
207.46.13.154 - - [22/May/2025:14:45:36 -0400] "GET /zIwJ-08ddeacf-920Dt HTTP/1.1" 404 22258 "-" "Mozilla/5.0 AppleWebKit/537.36 (KHTML, like Gecko; compatible; bingbot/2.0; +http://www.bing.com/bingbot.htm) Chrome/116.0.1938.76 Safari/537.36"
185.191.171.7 - - [22/May/2025:15:06:44 -0400] "GET / HTTP/1.1" 200 29803 "-" "Mozilla/5.0 (compatible; SemrushBot/7~bl; +http://www.semrush.com/bot.html)"
185.191.171.8 - - [22/May/2025:15:06:42 -0400] "GET /robots.txt HTTP/1.1" 304 0 "-" "Mozilla/5.0 (compatible; SemrushBot/7~bl; +http://www.semrush.com/bot.html)"
66.249.73.196 - - [22/May/2025:15:25:33 -0400] "GET /ads.txt HTTP/1.1" 404 22259 "-" "Mozilla/5.0 (compatible; Googlebot/2.1; +http://www.google.com/bot.html)"
222.79.103.59 - - [22/May/2025:15:11:23 -0400] "GET / HTTP/1.1" 200 29803 "http://socialsolargreen.com" "Mozilla/5.0 (iPhone; CPU iPhone OS 13_2_3 like Mac OS X) AppleWebKit/605.1.15 (KHTML, like Gecko) Version/13.0.3 Mobile/15E148 Safari/604.1"
198.54.114.35 - - [22/May/2025:15:25:36 -0400] "POST /wp-cron.php?doing_wp_cron=1747941936.7523980140686035156250 HTTP/1.1" 200 0 "-" "WordPress/6.8.1; https://socialsolargreen.com"
198.54.114.35 - - [22/May/2025:15:25:37 -0400] "POST /wp-admin/admin-ajax.php?action=async_litespeed&nonce=eB7oYHV0uu4fpubawhbJiJYkN9LNjQqx&litespeed_type=imgoptm HTTP/1.1" 200 5 "-" "WordPress/6.8.1; https://socialsolargreen.com"
198.54.114.35 - - [22/May/2025:15:40:06 -0400] "POST /wp-cron.php?doing_wp_cron=1747942805.9277989864349365234375 HTTP/1.1" 200 0 "-" "WordPress/6.8.1; https://socialsolargreen.com"
34.133.110.199 - - [22/May/2025:15:39:59 -0400] "HEAD /wordpress HTTP/1.1" 404 0 "http://socialsolargreen.com/wordpress" "Mozilla/5.0 (Windows NT 10.0; Win64; x64) AppleWebKit/537.36 (KHTML, like Gecko) Chrome/74.0.3729.169 Safari/537.36"
34.133.110.199 - - [22/May/2025:15:40:06 -0400] "HEAD / HTTP/1.1" 200 0 "http://socialsolargreen.com/" "Mozilla/5.0 (Windows NT 10.0; Win64; x64) AppleWebKit/537.36 (KHTML, like Gecko) Chrome/74.0.3729.169 Safari/537.36"
34.133.110.199 - - [22/May/2025:15:40:06 -0400] "HEAD /wp HTTP/1.1" 404 0 "http://socialsolargreen.com/wp" "Mozilla/5.0 (Windows NT 10.0; Win64; x64) AppleWebKit/537.36 (KHTML, like Gecko) Chrome/74.0.3729.169 Safari/537.36"
198.54.114.35 - - [22/May/2025:15:40:06 -0400] "POST /wp-admin/admin-ajax.php?action=async_litespeed&nonce=qEVqYII9FcuG2JSr4LBwjQ0uALKpjaMt&litespeed_type=imgoptm HTTP/1.1" 200 0 "-" "WordPress/6.8.1; https://socialsolargreen.com"
34.133.110.199 - - [22/May/2025:15:40:08 -0400] "HEAD /bk HTTP/1.1" 404 0 "http://socialsolargreen.com/bk" "Mozilla/5.0 (Windows NT 10.0; Win64; x64) AppleWebKit/537.36 (KHTML, like Gecko) Chrome/74.0.3729.169 Safari/537.36"
34.133.110.199 - - [22/May/2025:15:40:10 -0400] "HEAD /new HTTP/1.1" 404 0 "http://socialsolargreen.com/new" "Mozilla/5.0 (Windows NT 10.0; Win64; x64) AppleWebKit/537.36 (KHTML, like Gecko) Chrome/74.0.3729.169 Safari/537.36"
34.133.110.199 - - [22/May/2025:15:40:10 -0400] "HEAD /main HTTP/1.1" 404 0 "http://socialsolargreen.com/main" "Mozilla/5.0 (Windows NT 10.0; Win64; x64) AppleWebKit/537.36 (KHTML, like Gecko) Chrome/74.0.3729.169 Safari/537.36"
34.133.110.199 - - [22/May/2025:15:40:11 -0400] "HEAD /home HTTP/1.1" 301 0 "http://socialsolargreen.com/home" "Mozilla/5.0 (Windows NT 10.0; Win64; x64) AppleWebKit/537.36 (KHTML, like Gecko) Chrome/74.0.3729.169 Safari/537.36"
198.54.114.35 - - [22/May/2025:15:40:05 -0400] "POST /wp-cron.php?doing_wp_cron=1747942805.5677399635314941406250 HTTP/1.1" 200 0 "-" "WordPress/6.8.1; https://socialsolargreen.com"
34.133.110.199 - - [22/May/2025:15:40:07 -0400] "HEAD /bc HTTP/1.1" 404 0 "http://socialsolargreen.com/bc" "Mozilla/5.0 (Windows NT 10.0; Win64; x64) AppleWebKit/537.36 (KHTML, like Gecko) Chrome/74.0.3729.169 Safari/537.36"
34.133.110.199 - - [22/May/2025:15:40:08 -0400] "HEAD /backup HTTP/1.1" 404 0 "http://socialsolargreen.com/backup" "Mozilla/5.0 (Windows NT 10.0; Win64; x64) AppleWebKit/537.36 (KHTML, like Gecko) Chrome/74.0.3729.169 Safari/537.36"
34.133.110.199 - - [22/May/2025:15:40:09 -0400] "HEAD /old HTTP/1.1" 404 0 "http://socialsolargreen.com/old" "Mozilla/5.0 (Windows NT 10.0; Win64; x64) AppleWebKit/537.36 (KHTML, like Gecko) Chrome/74.0.3729.169 Safari/537.36"
34.133.110.199 - - [22/May/2025:15:40:11 -0400] "HEAD / HTTP/1.1" 200 0 "https://socialsolargreen.com/home" "Mozilla/5.0 (Windows NT 10.0; Win64; x64) AppleWebKit/537.36 (KHTML, like Gecko) Chrome/74.0.3729.169 Safari/537.36"
45.157.54.22 - - [22/May/2025:15:53:59 -0400] "GET /wp-content/plugins/wp-catcher/index.php HTTP/1.1" 403 1242 "-" "Mozilla/5.0 (Windows NT 10.0; Win64; x64) AppleWebKit/537.36 (KHTML, like Gecko) Chrome/127.0.0.0 Safari/537.36"
45.157.54.22 - - [22/May/2025:15:53:58 -0400] "GET /wp-content/themes/twentyseven/index.php HTTP/1.1" 403 1242 "-" "Mozilla/5.0 (Windows NT 10.0; Win64; x64) AppleWebKit/537.36 (KHTML, like Gecko) Chrome/127.0.0.0 Safari/537.36"
47.82.60.165 - - [22/May/2025:16:01:56 -0400] "GET / HTTP/1.1" 200 29803 "https://socialsolargreen.com/" "Mozilla/5.0 (Windows NT 10.0; Win64; x64) AppleWebKit/537.36 (KHTML, like Gecko) Chrome/114.0.0.0 Safari/537.36 Edg/114.0.1823.43"
198.54.114.35 - - [22/May/2025:16:11:07 -0400] "POST /wp-cron.php?doing_wp_cron=1747944667.5379381179809570312500 HTTP/1.1" 200 0 "-" "WordPress/6.8.1; https://socialsolargreen.com"
157.55.39.60 - - [22/May/2025:16:11:04 -0400] "GET /OPD5-ee1a4dfa-Ct0Mc HTTP/1.1" 301 0 "-" "Mozilla/5.0 AppleWebKit/537.36 (KHTML, like Gecko; compatible; bingbot/2.0; +http://www.bing.com/bingbot.htm) Chrome/116.0.1938.76 Safari/537.36"
43.173.1.57 - - [22/May/2025:16:16:11 -0400] "GET / HTTP/1.1" 200 29803 "http://socialsolargreen.com" "Mozilla/5.0 (iPhone; CPU iPhone OS 13_2_3 like Mac OS X) AppleWebKit/605.1.15 (KHTML, like Gecko) Version/13.0.3 Mobile/15E148 Safari/604.1"
137.226.113.44 - - [22/May/2025:16:16:28 -0400] "GET / HTTP/1.1" 301 0 "-" "Mozilla/5.0 researchscan.comsys.rwth-aachen.de"
137.226.113.44 - - [22/May/2025:16:16:29 -0400] "GET / HTTP/1.1" 200 29803 "https://www.socialsolargreen.com:443/" "Mozilla/5.0 researchscan.comsys.rwth-aachen.de"
198.54.114.35 - - [22/May/2025:16:11:08 -0400] "POST /wp-admin/admin-ajax.php?action=async_litespeed&nonce=7xV2EH1vavPPvpIcabdu0shbnKly6eSc&litespeed_type=imgoptm HTTP/1.1" 200 5 "-" "WordPress/6.8.1; https://socialsolargreen.com"
198.54.114.35 - - [22/May/2025:16:16:27 -0400] "POST /wp-cron.php?doing_wp_cron=1747944986.8854401111602783203125 HTTP/1.1" 200 0 "-" "WordPress/6.8.1; https://socialsolargreen.com"
137.226.113.44 - - [22/May/2025:16:16:23 -0400] "GET / HTTP/1.1" 301 0 "-" "Mozilla/5.0 researchscan.comsys.rwth-aachen.de"
137.226.113.44 - - [22/May/2025:16:16:27 -0400] "GET / HTTP/1.1" 200 29803 "https://www.socialsolargreen.com/" "Mozilla/5.0 researchscan.comsys.rwth-aachen.de"
198.54.114.35 - - [22/May/2025:16:16:27 -0400] "POST /wp-admin/admin-ajax.php?action=async_litespeed&nonce=XOrn1BoC2BLQk7rplB4GrGLyswk7nXUm&litespeed_type=imgoptm HTTP/1.1" 200 5 "-" "WordPress/6.8.1; https://socialsolargreen.com"
13.57.38.202 - - [22/May/2025:16:37:38 -0400] "GET / HTTP/1.1" 200 29803 "-" "Mozilla/5.0 (X11; Linux x86_64) AppleWebKit/537.36 (KHTML, like Gecko) Chrome/51.0.2704.103 Safari/537.36"
198.235.24.44 - - [22/May/2025:16:42:49 -0400] "GET / HTTP/1.1" 200 29803 "-" "Expanse, a Palo Alto Networks company, searches across the global IPv4 space multiple times per day to identify customers' presences on the Internet. If you would like to be excluded from our scans, please send IP addresses/domains to: scaninfo@paloaltonetworks.com"
54.90.244.132 - - [22/May/2025:16:43:59 -0400] "GET /things-to-look-for-in-solar-panels/ HTTP/1.1" 200 24808 "-" "Mozilla/5.0 AppleWebKit/537.36 (KHTML, like Gecko; compatible; Amazonbot/0.1; +https://developer.amazon.com/support/amazonbot) Chrome/119.0.6045.214 Safari/537.36"
157.55.39.16 - - [22/May/2025:16:59:39 -0400] "GET /wfj3-ffb35bad-Xob0S HTTP/1.1" 404 22259 "-" "Mozilla/5.0 AppleWebKit/537.36 (KHTML, like Gecko; compatible; bingbot/2.0; +http://www.bing.com/bingbot.htm) Chrome/116.0.1938.76 Safari/537.36"
198.54.114.35 - - [22/May/2025:16:59:42 -0400] "POST /wp-cron.php?doing_wp_cron=1747947582.5655429363250732421875 HTTP/1.1" 200 0 "-" "WordPress/6.8.1; https://socialsolargreen.com"
198.54.114.35 - - [22/May/2025:16:59:43 -0400] "POST /wp-cron.php?doing_wp_cron=1747947583.0280659198760986328125 HTTP/1.1" 200 0 "-" "WordPress/6.8.1; https://socialsolargreen.com"
198.54.114.35 - - [22/May/2025:16:59:43 -0400] "POST /wp-admin/admin-ajax.php?action=async_litespeed&nonce=yZDT3jFrBhoaQcm8BIFBWV1UOmntU1h6&litespeed_type=imgoptm HTTP/1.1" 200 5 "-" "WordPress/6.8.1; https://socialsolargreen.com"
198.54.114.35 - - [22/May/2025:17:47:21 -0400] "POST /wp-admin/admin-ajax.php?action=async_litespeed&nonce=aSGO9ab1C71eL93V2S94ippvqOzHMyFQ&litespeed_type=imgoptm HTTP/1.1" 200 5 "-" "WordPress/6.8.1; https://socialsolargreen.com"
195.20.18.145 - - [22/May/2025:17:47:15 -0400] "GET /elfinder/elfinder.html HTTP/1.1" 404 22259 "-" "ALittle Client"
198.54.114.35 - - [22/May/2025:17:47:20 -0400] "POST /wp-cron.php?doing_wp_cron=1747950440.2334659099578857421875 HTTP/1.1" 200 0 "-" "WordPress/6.8.1; https://socialsolargreen.com"
195.2.81.171 - - [22/May/2025:17:49:41 -0400] "GET / HTTP/1.1" 200 29803 "-" "Mozilla/5.0 (Macintosh; Intel Mac OS X 10_15_7) AppleWebKit/537.36 (KHTML, like Gecko) Chrome/133.0.0.0 Safari/537.36"
45.127.122.2 - - [22/May/2025:17:49:42 -0400] "POST / HTTP/1.1" 200 29801 "-" "Mozilla/5.0 (Macintosh; Intel Mac OS X 10_15_7) AppleWebKit/537.36 (KHTML, like Gecko) Chrome/133.0.0.0 Safari/537.36"
45.127.122.2 - - [22/May/2025:17:49:49 -0400] "POST / HTTP/1.1" 200 29801 "-" "Mozilla/5.0 (Windows NT 10.0; Win64; x64) AppleWebKit/537.36 (KHTML, like Gecko) Chrome/120.0.0.0 Safari/537.36"
195.2.81.171 - - [22/May/2025:17:49:51 -0400] "GET /blog/ HTTP/1.1" 200 23668 "-" "Mozilla/5.0 (Macintosh; Intel Mac OS X 10_15_7) AppleWebKit/537.36 (KHTML, like Gecko) Chrome/133.0.0.0 Safari/537.36"
45.127.122.2 - - [22/May/2025:17:49:55 -0400] "POST /blog/ HTTP/1.1" 200 23615 "-" "Mozilla/5.0 (Windows NT 10.0; Win64; x64) AppleWebKit/537.36 (KHTML, like Gecko) Chrome/120.0.0.0 Safari/537.36"
195.2.81.171 - - [22/May/2025:17:49:57 -0400] "GET /contact/ HTTP/1.1" 200 25278 "-" "Mozilla/5.0 (Macintosh; Intel Mac OS X 10_15_7) AppleWebKit/537.36 (KHTML, like Gecko) Chrome/133.0.0.0 Safari/537.36"
45.127.122.2 - - [22/May/2025:17:49:58 -0400] "POST /contact/ HTTP/1.1" 200 25230 "-" "Mozilla/5.0 (Macintosh; Intel Mac OS X 10_15_7) AppleWebKit/537.36 (KHTML, like Gecko) Chrome/133.0.0.0 Safari/537.36"
45.127.122.2 - - [22/May/2025:17:50:00 -0400] "POST /contact/ HTTP/1.1" 200 25230 "-" "Mozilla/5.0 (Windows NT 10.0; Win64; x64) AppleWebKit/537.36 (KHTML, like Gecko) Chrome/120.0.0.0 Safari/537.36"
45.127.122.2 - - [22/May/2025:17:50:05 -0400] "POST /contact/ HTTP/1.1" 200 25230 "-" "Mozilla/5.0 (Windows NT 10.0; Win64; x64) AppleWebKit/537.36 (KHTML, like Gecko) Chrome/120.0.0.0 Safari/537.36"
195.2.81.171 - - [22/May/2025:17:50:07 -0400] "GET /contact/ HTTP/1.1" 200 25278 "-" "Mozilla/5.0 (Macintosh; Intel Mac OS X 10_15_7) AppleWebKit/537.36 (KHTML, like Gecko) Chrome/133.0.0.0 Safari/537.36"
45.127.122.2 - - [22/May/2025:17:50:11 -0400] "POST /contact/ HTTP/1.1" 200 25230 "-" "Mozilla/5.0 (Windows NT 10.0; Win64; x64) AppleWebKit/537.36 (KHTML, like Gecko) Chrome/120.0.0.0 Safari/537.36"
45.95.146.83 - - [22/May/2025:17:59:48 -0400] "GET /blog/ HTTP/1.1" 200 23668 "https://socialsolargreen.com/blog/" "Mozilla/5.0 (Windows NT 10.0; Win64; x64) AppleWebKit/537.36 (KHTML, like Gecko) Chrome/130.0.0.0 Safari/537.36 CCleaner/130.0.0.0"
198.54.114.35 - - [22/May/2025:17:49:46 -0400] "POST /wp-cron.php?doing_wp_cron=1747950586.2721800804138183593750 HTTP/1.1" 200 0 "-" "WordPress/6.8.1; https://socialsolargreen.com"
198.54.114.35 - - [22/May/2025:17:49:46 -0400] "POST /wp-admin/admin-ajax.php?action=async_litespeed&nonce=3NeG3Ip4JrCGMDEkP27ophdCj0xs0jsF&litespeed_type=imgoptm HTTP/1.1" 200 5 "-" "WordPress/6.8.1; https://socialsolargreen.com"
45.127.122.2 - - [22/May/2025:17:49:53 -0400] "POST /blog/ HTTP/1.1" 200 23615 "-" "Mozilla/5.0 (Macintosh; Intel Mac OS X 10_15_7) AppleWebKit/537.36 (KHTML, like Gecko) Chrome/133.0.0.0 Safari/537.36"
45.127.122.2 - - [22/May/2025:17:50:03 -0400] "POST /contact/ HTTP/1.1" 200 25230 "-" "Mozilla/5.0 (Macintosh; Intel Mac OS X 10_15_7) AppleWebKit/537.36 (KHTML, like Gecko) Chrome/133.0.0.0 Safari/537.36"
45.127.122.2 - - [22/May/2025:17:50:08 -0400] "POST /contact/ HTTP/1.1" 200 25230 "-" "Mozilla/5.0 (Macintosh; Intel Mac OS X 10_15_7) AppleWebKit/537.36 (KHTML, like Gecko) Chrome/133.0.0.0 Safari/537.36"
45.127.122.2 - - [22/May/2025:17:50:13 -0400] "POST /contact/ HTTP/1.1" 200 25230 "-" "Mozilla/5.0 (Macintosh; Intel Mac OS X 10_15_7) AppleWebKit/537.36 (KHTML, like Gecko) Chrome/133.0.0.0 Safari/537.36"
45.127.122.2 - - [22/May/2025:17:50:15 -0400] "POST /contact/ HTTP/1.1" 200 25230 "-" "Mozilla/5.0 (Windows NT 10.0; Win64; x64) AppleWebKit/537.36 (KHTML, like Gecko) Chrome/120.0.0.0 Safari/537.36"
45.95.146.83 - - [22/May/2025:17:59:47 -0400] "GET / HTTP/1.1" 200 29803 "https://socialsolargreen.com/" "Mozilla/5.0 (Windows NT 10.0; Win64; x64) AppleWebKit/537.36 (KHTML, like Gecko) Chrome/130.0.0.0 Safari/537.36 CCleaner/130.0.0.0"
45.95.146.83 - - [22/May/2025:17:59:49 -0400] "GET /commercial/ HTTP/1.1" 200 23974 "https://socialsolargreen.com/commercial/" "Mozilla/5.0 (Windows NT 10.0; Win64; x64) AppleWebKit/537.36 (KHTML, like Gecko) Chrome/130.0.0.0 Safari/537.36 CCleaner/130.0.0.0"
52.167.144.65 - - [22/May/2025:18:06:18 -0400] "GET /robots.txt HTTP/1.1" 304 0 "-" "Mozilla/5.0 AppleWebKit/537.36 (KHTML, like Gecko; compatible; bingbot/2.0; +http://www.bing.com/bingbot.htm) Chrome/116.0.1938.76 Safari/537.36"
198.54.114.35 - - [22/May/2025:18:06:40 -0400] "POST /wp-cron.php?doing_wp_cron=1747951600.5112650394439697265625 HTTP/1.1" 200 0 "-" "WordPress/6.8.1; https://socialsolargreen.com"
198.54.114.35 - - [22/May/2025:18:06:41 -0400] "POST /wp-cron.php?doing_wp_cron=1747951601.2392220497131347656250 HTTP/1.1" 200 0 "-" "WordPress/6.8.1; https://socialsolargreen.com"
52.167.144.139 - - [22/May/2025:18:06:32 -0400] "GET /library.kwansei.ac.jp/ HTTP/1.1" 301 0 "-" "Mozilla/5.0 AppleWebKit/537.36 (KHTML, like Gecko; compatible; bingbot/2.0; +http://www.bing.com/bingbot.htm) Chrome/116.0.1938.76 Safari/537.36"
198.54.114.35 - - [22/May/2025:18:16:50 -0400] "POST /wp-cron.php?doing_wp_cron=1747952210.5226719379425048828125 HTTP/1.1" 200 0 "-" "WordPress/6.8.1; https://socialsolargreen.com"
94.191.43.82 - - [22/May/2025:18:16:59 -0400] "GET / HTTP/1.1" 200 29803 "https://www.socialsolargreen.com/" "Mozilla/5.0 (iPhone; CPU iPhone OS 13_2_3 like Mac OS X) AppleWebKit/605.1.15 (KHTML, like Gecko) Version/13.0.3 Mobile/15E148 Safari/604.1"
195.191.219.151 - - [22/May/2025:18:18:28 -0400] "GET /robots.txt HTTP/1.1" 200 102 "-" "Mozilla/5.0 (compatible; MJ12bot/v2.0.2; http://mj12bot.com/)"
195.191.219.151 - - [22/May/2025:18:18:29 -0400] "GET / HTTP/1.1" 200 29803 "-" "Mozilla/5.0 (compatible; MJ12bot/v2.0.2; http://mj12bot.com/)"
52.167.144.65 - - [22/May/2025:18:06:18 -0400] "GET /robots.txt HTTP/1.1" 301 0 "-" "Mozilla/5.0 AppleWebKit/537.36 (KHTML, like Gecko; compatible; bingbot/2.0; +http://www.bing.com/bingbot.htm) Chrome/116.0.1938.76 Safari/537.36"
198.54.114.35 - - [22/May/2025:18:06:41 -0400] "POST /wp-admin/admin-ajax.php?action=async_litespeed&nonce=kgifBt6q1yN5oct35ZhrIQGH6MXvKnxV&litespeed_type=imgoptm HTTP/1.1" 200 5 "-" "WordPress/6.8.1; https://socialsolargreen.com"
198.54.114.35 - - [22/May/2025:18:14:48 -0400] "POST /wp-cron.php?doing_wp_cron=1747952088.1293230056762695312500 HTTP/1.1" 200 0 "-" "WordPress/6.8.1; https://socialsolargreen.com"
198.54.114.35 - - [22/May/2025:18:14:49 -0400] "POST /wp-admin/admin-ajax.php?action=async_litespeed&nonce=3ZpNNu5J4GOpzPVRep5fUGv6zJrTx44W&litespeed_type=imgoptm HTTP/1.1" 200 5 "-" "WordPress/6.8.1; https://socialsolargreen.com"
40.77.167.54 - - [22/May/2025:18:14:43 -0400] "GET /?corner%2Fpython-opencv-video-capture_html HTTP/1.1" 200 29849 "-" "Mozilla/5.0 AppleWebKit/537.36 (KHTML, like Gecko; compatible; bingbot/2.0; +http://www.bing.com/bingbot.htm) Chrome/116.0.1938.76 Safari/537.36"
94.191.43.82 - - [22/May/2025:18:16:41 -0400] "GET / HTTP/1.1" 301 0 "http://www.socialsolargreen.com" "Mozilla/5.0 (iPhone; CPU iPhone OS 13_2_3 like Mac OS X) AppleWebKit/605.1.15 (KHTML, like Gecko) Version/13.0.3 Mobile/15E148 Safari/604.1"
198.54.114.35 - - [22/May/2025:18:16:51 -0400] "POST /wp-admin/admin-ajax.php?action=async_litespeed&nonce=QotymRBh0PYYv2d5UHHKPeBZOkc5F2Lm&litespeed_type=imgoptm HTTP/1.1" 200 5 "-" "WordPress/6.8.1; https://socialsolargreen.com"
195.191.219.151 - - [22/May/2025:18:18:29 -0400] "GET / HTTP/1.1" 200 29803 "-" "Mozilla/5.0 (compatible; MJ12bot/v2.0.2; http://mj12bot.com/)"
52.201.229.208 - - [22/May/2025:18:26:32 -0400] "GET /wp-login.php HTTP/1.1" 302 0 "-" "Mozilla/5.0"
198.54.114.35 - - [22/May/2025:18:44:38 -0400] "POST /wp-admin/admin-ajax.php?action=async_litespeed&nonce=1hzxkcZ5H0fNYkamKCyQBlRkXZ2TY443&litespeed_type=imgoptm HTTP/1.1" 200 5 "-" "WordPress/6.8.1; https://socialsolargreen.com"
198.54.114.35 - - [22/May/2025:18:44:38 -0400] "POST /wp-cron.php?doing_wp_cron=1747953877.7385489940643310546875 HTTP/1.1" 200 0 "-" "WordPress/6.8.1; https://socialsolargreen.com"
52.167.144.186 - - [22/May/2025:18:44:34 -0400] "GET /HSyE-9afbd-p1Eek HTTP/1.1" 404 22259 "-" "Mozilla/5.0 AppleWebKit/537.36 (KHTML, like Gecko; compatible; bingbot/2.0; +http://www.bing.com/bingbot.htm) Chrome/116.0.1938.76 Safari/537.36"
198.54.114.35 - - [22/May/2025:19:22:36 -0400] "POST /wp-cron.php?doing_wp_cron=1747956155.9095699787139892578125 HTTP/1.1" 200 0 "-" "WordPress/6.8.1; https://socialsolargreen.com"
52.167.144.180 - - [22/May/2025:19:22:31 -0400] "GET /encouragement/1076640 HTTP/1.1" 404 22259 "-" "Mozilla/5.0 AppleWebKit/537.36 (KHTML, like Gecko; compatible; bingbot/2.0; +http://www.bing.com/bingbot.htm) Chrome/116.0.1938.76 Safari/537.36"
51.75.131.26 - - [22/May/2025:19:33:59 -0400] "HEAD / HTTP/1.1" 200 0 "-" "Mozilla/5.0 (compatible; DomainChecker/1.0)"
198.54.114.35 - - [22/May/2025:19:22:35 -0400] "POST /wp-cron.php?doing_wp_cron=1747956155.5243179798126220703125 HTTP/1.1" 200 0 "-" "WordPress/6.8.1; https://socialsolargreen.com"
198.54.114.35 - - [22/May/2025:19:22:36 -0400] "POST /wp-admin/admin-ajax.php?action=async_litespeed&nonce=z4UVhh67XMandWZrZrPfEniYj7XhCqM7&litespeed_type=imgoptm HTTP/1.1" 200 5 "-" "WordPress/6.8.1; https://socialsolargreen.com"
51.91.12.152 - - [22/May/2025:19:33:33 -0400] "HEAD / HTTP/1.1" 200 0 "-" "Mozilla/5.0 (compatible; DomainChecker/1.0)"
170.39.217.202 - - [22/May/2025:19:50:17 -0400] "GET / HTTP/1.1" 200 29803 "-" "Mozilla/5.0 (Windows NT 10.0; Win64; x64) AppleWebKit/537.36 (KHTML, like Gecko) Chrome/91.0.4472.124 Safari/537.36"
147.185.132.43 - - [22/May/2025:20:08:33 -0400] "GET /wp-login.php HTTP/1.1" 302 0 "-" "Expanse, a Palo Alto Networks company, searches across the global IPv4 space multiple times per day to identify customers' presences on the Internet. If you would like to be excluded from our scans, please send IP addresses/domains to: scaninfo@paloaltonetworks.com"
198.54.114.35 - - [22/May/2025:20:08:37 -0400] "POST /wp-cron.php?doing_wp_cron=1747958917.6984500885009765625000 HTTP/1.1" 200 0 "-" "WordPress/6.8.1; https://socialsolargreen.com"
147.185.132.43 - - [22/May/2025:20:08:36 -0400] "GET /404 HTTP/1.1" 404 22258 "-" "Expanse, a Palo Alto Networks company, searches across the global IPv4 space multiple times per day to identify customers' presences on the Internet. If you would like to be excluded from our scans, please send IP addresses/domains to: scaninfo@paloaltonetworks.com"
198.54.114.35 - - [22/May/2025:20:08:38 -0400] "POST /wp-admin/admin-ajax.php?action=async_litespeed&nonce=ViVToSflHIWLmP8ayApC4o5AqW2IfLfu&litespeed_type=imgoptm HTTP/1.1" 200 5 "-" "WordPress/6.8.1; https://socialsolargreen.com"
47.79.119.52 - - [22/May/2025:20:09:05 -0400] "GET / HTTP/1.1" 200 29803 "https://socialsolargreen.com/" "Mozilla/5.0 (Windows NT 10.0; Win64; x64) AppleWebKit/537.36 (KHTML, like Gecko) Chrome/114.0.0.0 Safari/537.36 Edg/114.0.1823.43"
51.222.253.1 - - [22/May/2025:20:27:28 -0400] "GET /become-a-partner/ HTTP/1.1" 200 24154 "-" "Mozilla/5.0 (compatible; AhrefsBot/7.0; +http://ahrefs.com/robot/)"
199.244.88.232 - - [22/May/2025:20:29:42 -0400] "GET / HTTP/1.1" 200 29803 "http://socialsolargreen.com" "Mozilla/5.0 (X11; Linux x86_64) AppleWebKit/537.36 (KHTML, like Gecko) Chrome/105.0.0.0 Safari/537.36"
45.157.54.22 - - [22/May/2025:20:35:31 -0400] "POST /xmlrpc.php HTTP/1.1" 200 186 "-" "Mozilla/5.0 (Windows NT 10.0; Win64; x64) AppleWebKit/537.36 (KHTML, like Gecko) Chrome/127.0.0.0 Safari/537.36"
198.54.114.35 - - [22/May/2025:20:35:35 -0400] "POST /wp-cron.php?doing_wp_cron=1747960535.6043529510498046875000 HTTP/1.1" 200 0 "-" "WordPress/6.8.1; https://socialsolargreen.com"
198.54.114.35 - - [22/May/2025:20:35:35 -0400] "POST /wp-admin/admin-ajax.php?action=async_litespeed&nonce=5auLgYy1jtNQPRvMNfILin5A44SJyvVW&litespeed_type=imgoptm HTTP/1.1" 200 5 "-" "WordPress/6.8.1; https://socialsolargreen.com"
198.54.114.35 - - [22/May/2025:20:35:34 -0400] "POST /wp-cron.php?doing_wp_cron=1747960534.7132720947265625000000 HTTP/1.1" 200 0 "-" "WordPress/6.8.1; https://socialsolargreen.com"
198.54.114.35 - - [22/May/2025:20:47:05 -0400] "GET / HTTP/1.1" 200 29803 "-" "Mozilla/5.0 (Windows NT 10.0; Win64; x64; rv:122.0) Gecko/20100101 Firefox/122.0"
170.39.218.60 - - [22/May/2025:20:53:28 -0400] "GET /wp-content/plugins/elementskit-lite/widgets/init/assets/js/widget-scripts.js?ver=3.5.0 HTTP/1.1" 200 40425 "-" "Mozilla/5.0 (Macintosh; Intel Mac OS X 10_15_7) AppleWebKit/537.36 Chrome/120.0.0.0"
198.54.114.35 - - [22/May/2025:20:56:31 -0400] "POST /wp-cron.php?doing_wp_cron=1747961790.8213679790496826171875 HTTP/1.1" 200 0 "-" "WordPress/6.8.1; https://socialsolargreen.com"
198.54.114.35 - - [22/May/2025:20:56:31 -0400] "POST /wp-admin/admin-ajax.php?action=async_litespeed&nonce=jhyIy9ZbqamlAXpaZ6Htkq44OgsP6rpQ&litespeed_type=imgoptm HTTP/1.1" 200 5 "-" "WordPress/6.8.1; https://socialsolargreen.com"
43.166.132.142 - - [22/May/2025:20:56:27 -0400] "GET / HTTP/1.1" 301 0 "http://www.socialsolargreen.com" "Mozilla/5.0 (iPhone; CPU iPhone OS 13_2_3 like Mac OS X) AppleWebKit/605.1.15 (KHTML, like Gecko) Version/13.0.3 Mobile/15E148 Safari/604.1"
43.166.132.142 - - [22/May/2025:20:56:31 -0400] "GET / HTTP/1.1" 200 29803 "https://www.socialsolargreen.com/" "Mozilla/5.0 (iPhone; CPU iPhone OS 13_2_3 like Mac OS X) AppleWebKit/605.1.15 (KHTML, like Gecko) Version/13.0.3 Mobile/15E148 Safari/604.1"
82.156.68.74 - - [22/May/2025:21:26:33 -0400] "GET / HTTP/1.1" 200 29803 "http://socialsolargreen.com" "Mozilla/5.0 (iPhone; CPU iPhone OS 13_2_3 like Mac OS X) AppleWebKit/605.1.15 (KHTML, like Gecko) Version/13.0.3 Mobile/15E148 Safari/604.1"
47.79.3.237 - - [22/May/2025:21:37:26 -0400] "GET / HTTP/1.1" 200 29803 "https://socialsolargreen.com/" "Mozilla/5.0 (Windows NT 10.0; Win64; x64) AppleWebKit/537.36 (KHTML, like Gecko) Chrome/114.0.0.0 Safari/537.36 Edg/114.0.1823.43"
198.54.114.35 - - [22/May/2025:21:50:23 -0400] "POST /wp-cron.php?doing_wp_cron=1747965022.9813671112060546875000 HTTP/1.1" 200 0 "-" "WordPress/6.8.1; https://socialsolargreen.com"
198.54.114.35 - - [22/May/2025:21:50:23 -0400] "POST /wp-cron.php?doing_wp_cron=1747965023.3316090106964111328125 HTTP/1.1" 200 0 "-" "WordPress/6.8.1; https://socialsolargreen.com"
152.42.209.58 - - [22/May/2025:21:56:08 -0400] "GET /wp-login.php HTTP/1.1" 302 0 "-" "Mozilla/5.0 (X11; Linux x86_64; rv:121.0) Gecko/20100101 Firefox/121.0"
152.42.209.58 - - [22/May/2025:21:56:14 -0400] "GET /wp-login.php HTTP/1.1" 302 0 "-" "Mozilla/5.0 (Linux; Android 12; Redmi Note 9 Pro Build/SKQ1.211019.001; wv) AppleWebKit/537.36 (KHTML, like Gecko) Version/4.0 Chrome/126.0.6478.71 Mobile Safari/537.36"
152.42.209.58 - - [22/May/2025:21:56:14 -0400] "GET /404 HTTP/1.1" 404 22211 "-" "Mozilla/5.0 (Linux; Android 12; Redmi Note 9 Pro Build/SKQ1.211019.001; wv) AppleWebKit/537.36 (KHTML, like Gecko) Version/4.0 Chrome/126.0.6478.71 Mobile Safari/537.36"
152.42.209.58 - - [22/May/2025:21:56:22 -0400] "POST /wp-login.php HTTP/1.1" 302 0 "-" "Mozilla/5.0 (X11; Linux x86_64; rv:121.0) Gecko/20100101 Firefox/121.0"
198.54.114.35 - - [22/May/2025:21:50:23 -0400] "POST /wp-admin/admin-ajax.php?action=async_litespeed&nonce=atkGIQkxJceiswTuA2IIrceCbeWkAuzo&litespeed_type=imgoptm HTTP/1.1" 200 5 "-" "WordPress/6.8.1; https://socialsolargreen.com"
196.251.69.120 - - [22/May/2025:21:50:18 -0400] "POST /wp-confiq.php HTTP/1.1" 404 22211 "www.google.com" "Mozilla/6.4 (Windows NT 11.1) Gecko/2010102 Firefox/99.0"
198.54.114.35 - - [22/May/2025:21:56:18 -0400] "POST /wp-cron.php?doing_wp_cron=1747965378.5978870391845703125000 HTTP/1.1" 200 0 "-" "WordPress/6.8.1; https://socialsolargreen.com"
198.54.114.35 - - [22/May/2025:21:56:18 -0400] "POST /wp-cron.php?doing_wp_cron=1747965378.5982060432434082031250 HTTP/1.1" 200 0 "-" "WordPress/6.8.1; https://socialsolargreen.com"
198.54.114.35 - - [22/May/2025:21:56:19 -0400] "POST /wp-admin/admin-ajax.php?action=async_litespeed&nonce=qocjgectgHu4sk9Cl3RmwaBdhal2V8BQ&litespeed_type=imgoptm HTTP/1.1" 200 5 "-" "WordPress/6.8.1; https://socialsolargreen.com"
152.42.209.58 - - [22/May/2025:21:56:14 -0400] "GET /404 HTTP/1.1" 404 22258 "-" "Mozilla/5.0 (X11; Linux x86_64; rv:121.0) Gecko/20100101 Firefox/121.0"
152.42.209.58 - - [22/May/2025:21:56:22 -0400] "POST /wp-login.php HTTP/1.1" 302 0 "-" "Mozilla/5.0 (X11; Linux x86_64; rv:121.0) Gecko/20100101 Firefox/121.0"
152.42.209.58 - - [22/May/2025:21:56:22 -0400] "GET /404 HTTP/1.1" 404 22258 "-" "Mozilla/5.0 (X11; Linux x86_64; rv:121.0) Gecko/20100101 Firefox/121.0"
152.42.209.58 - - [22/May/2025:21:56:23 -0400] "GET /404 HTTP/1.1" 404 22258 "-" "Mozilla/5.0 (X11; Linux x86_64; rv:121.0) Gecko/20100101 Firefox/121.0"
185.21.13.119 - - [22/May/2025:22:29:35 -0400] "GET / HTTP/1.1" 200 29803 "-" "Mozilla/5.0 (Macintosh; Intel Mac OS X 10_15_7) AppleWebKit/537.36 (KHTML, like Gecko) Chrome/133.0.0.0 Safari/537.36"
195.36.26.89 - - [22/May/2025:22:29:42 -0400] "POST / HTTP/1.1" 200 29801 "-" "Mozilla/5.0 (Windows NT 10.0; Win64; x64) AppleWebKit/537.36 (KHTML, like Gecko) Chrome/120.0.0.0 Safari/537.36"
185.21.13.119 - - [22/May/2025:22:29:44 -0400] "GET /blog/ HTTP/1.1" 200 23668 "-" "Mozilla/5.0 (Macintosh; Intel Mac OS X 10_15_7) AppleWebKit/537.36 (KHTML, like Gecko) Chrome/133.0.0.0 Safari/537.36"
195.36.26.89 - - [22/May/2025:22:29:44 -0400] "POST /blog/ HTTP/1.1" 200 23615 "-" "Mozilla/5.0 (Macintosh; Intel Mac OS X 10_15_7) AppleWebKit/537.36 (KHTML, like Gecko) Chrome/133.0.0.0 Safari/537.36"
185.21.13.119 - - [22/May/2025:22:29:47 -0400] "GET /contact/ HTTP/1.1" 200 25278 "-" "Mozilla/5.0 (Macintosh; Intel Mac OS X 10_15_7) AppleWebKit/537.36 (KHTML, like Gecko) Chrome/133.0.0.0 Safari/537.36"
195.36.26.89 - - [22/May/2025:22:29:48 -0400] "POST /contact/ HTTP/1.1" 200 25227 "-" "Mozilla/5.0 (Macintosh; Intel Mac OS X 10_15_7) AppleWebKit/537.36 (KHTML, like Gecko) Chrome/133.0.0.0 Safari/537.36"
195.36.26.89 - - [22/May/2025:22:29:50 -0400] "POST /contact/ HTTP/1.1" 200 25227 "-" "Mozilla/5.0 (Windows NT 10.0; Win64; x64) AppleWebKit/537.36 (KHTML, like Gecko) Chrome/120.0.0.0 Safari/537.36"
195.36.26.89 - - [22/May/2025:22:29:51 -0400] "POST /contact/ HTTP/1.1" 200 25227 "-" "Mozilla/5.0 (Macintosh; Intel Mac OS X 10_15_7) AppleWebKit/537.36 (KHTML, like Gecko) Chrome/133.0.0.0 Safari/537.36"
195.36.26.89 - - [22/May/2025:22:30:00 -0400] "POST /contact/ HTTP/1.1" 200 25227 "-" "Mozilla/5.0 (Windows NT 10.0; Win64; x64) AppleWebKit/537.36 (KHTML, like Gecko) Chrome/120.0.0.0 Safari/537.36"
205.210.31.93 - - [22/May/2025:22:16:08 -0400] "GET / HTTP/1.1" 200 29803 "-" "Expanse, a Palo Alto Networks company, searches across the global IPv4 space multiple times per day to identify customers' presences on the Internet. If you would like to be excluded from our scans, please send IP addresses/domains to: scaninfo@paloaltonetworks.com"
103.108.230.31 - - [22/May/2025:22:28:37 -0400] "GET /wp-login.php HTTP/1.1" 302 0 "-" "Mozilla/5.0"
195.36.26.89 - - [22/May/2025:22:29:36 -0400] "POST / HTTP/1.1" 200 29801 "-" "Mozilla/5.0 (Macintosh; Intel Mac OS X 10_15_7) AppleWebKit/537.36 (KHTML, like Gecko) Chrome/133.0.0.0 Safari/537.36"
195.36.26.89 - - [22/May/2025:22:29:46 -0400] "POST /blog/ HTTP/1.1" 200 23615 "-" "Mozilla/5.0 (Windows NT 10.0; Win64; x64) AppleWebKit/537.36 (KHTML, like Gecko) Chrome/120.0.0.0 Safari/537.36"
195.36.26.89 - - [22/May/2025:22:29:53 -0400] "POST /contact/ HTTP/1.1" 200 25227 "-" "Mozilla/5.0 (Windows NT 10.0; Win64; x64) AppleWebKit/537.36 (KHTML, like Gecko) Chrome/120.0.0.0 Safari/537.36"
185.21.13.119 - - [22/May/2025:22:29:54 -0400] "GET /contact/ HTTP/1.1" 200 25278 "-" "Mozilla/5.0 (Macintosh; Intel Mac OS X 10_15_7) AppleWebKit/537.36 (KHTML, like Gecko) Chrome/133.0.0.0 Safari/537.36"
195.36.26.89 - - [22/May/2025:22:29:55 -0400] "POST /contact/ HTTP/1.1" 200 25227 "-" "Mozilla/5.0 (Macintosh; Intel Mac OS X 10_15_7) AppleWebKit/537.36 (KHTML, like Gecko) Chrome/133.0.0.0 Safari/537.36"
195.36.26.89 - - [22/May/2025:22:29:57 -0400] "POST /contact/ HTTP/1.1" 200 25227 "-" "Mozilla/5.0 (Windows NT 10.0; Win64; x64) AppleWebKit/537.36 (KHTML, like Gecko) Chrome/120.0.0.0 Safari/537.36"
195.36.26.89 - - [22/May/2025:22:29:59 -0400] "POST /contact/ HTTP/1.1" 200 25227 "-" "Mozilla/5.0 (Macintosh; Intel Mac OS X 10_15_7) AppleWebKit/537.36 (KHTML, like Gecko) Chrome/133.0.0.0 Safari/537.36"
36.72.216.240 - - [22/May/2025:22:42:07 -0400] "GET /wp-login.php HTTP/1.1" 302 0 "-" "Mozilla/5.0 (Windows NT 10.0; Win64; x64; rv:72.0) Gecko/20100101 Firefox/72.0"
36.72.216.240 - - [22/May/2025:22:42:09 -0400] "GET /404 HTTP/1.1" 404 22258 "-" "Mozilla/5.0 (Windows NT 10.0; Win64; x64; rv:72.0) Gecko/20100101 Firefox/72.0"
170.39.218.60 - - [22/May/2025:22:44:23 -0400] "GET /wp-content/plugins/elementskit-lite/widgets/init/assets/js/animate-circle.min.js?ver=3.5.1 HTTP/1.1" 200 393 "-" "Mozilla/5.0 (Windows NT 10.0; Win64; x64) AppleWebKit/537.36 Chrome/121.0.0.0"
49.51.233.95 - - [22/May/2025:22:46:24 -0400] "GET / HTTP/1.1" 200 29803 "http://socialsolargreen.com" "Mozilla/5.0 (iPhone; CPU iPhone OS 13_2_3 like Mac OS X) AppleWebKit/605.1.15 (KHTML, like Gecko) Version/13.0.3 Mobile/15E148 Safari/604.1"
196.16.110.148 - - [22/May/2025:22:49:40 -0400] "GET /wp-login.php HTTP/1.1" 302 0 "-" "Mozilla/5.0 (Windows NT 10.0; Win64; x64) AppleWebKit/537.36 (KHTML, like Gecko) Chrome/115.0.0.0 Safari/537.36 Edg/115.0.1901.203"
196.16.111.75 - - [22/May/2025:22:49:44 -0400] "GET /404 HTTP/1.1" 404 22258 "-" "Mozilla/5.0 (Windows NT 10.0; Win64; x64) AppleWebKit/537.36 (KHTML, like Gecko) Chrome/115.0.0.0 Safari/537.36 Edg/115.0.1901.203"
2602:fb54:646:: - - [22/May/2025:22:52:45 -0400] "GET /wp-login.php HTTP/1.1" 302 0 "-" "Mozilla/5.0 (Windows NT 10.0; Win64; x64) AppleWebKit/537.36"
196.16.109.143 - - [22/May/2025:22:49:40 -0400] "GET /wp-login.php HTTP/1.1" 302 0 "-" "Mozilla/5.0 (Windows NT 10.0; Win64; x64) AppleWebKit/537.36 (KHTML, like Gecko) Chrome/115.0.0.0 Safari/537.36 Edg/115.0.1901.203"
196.16.111.75 - - [22/May/2025:22:49:40 -0400] "GET /wp-login.php HTTP/1.1" 302 0 "-" "Mozilla/5.0 (Windows NT 10.0; Win64; x64) AppleWebKit/537.36 (KHTML, like Gecko) Chrome/115.0.0.0 Safari/537.36 Edg/115.0.1901.203"
196.16.109.143 - - [22/May/2025:22:49:44 -0400] "GET /404 HTTP/1.1" 404 22258 "-" "Mozilla/5.0 (Windows NT 10.0; Win64; x64) AppleWebKit/537.36 (KHTML, like Gecko) Chrome/115.0.0.0 Safari/537.36 Edg/115.0.1901.203"
196.16.110.148 - - [22/May/2025:22:49:44 -0400] "GET /404 HTTP/1.1" 404 22258 "-" "Mozilla/5.0 (Windows NT 10.0; Win64; x64) AppleWebKit/537.36 (KHTML, like Gecko) Chrome/115.0.0.0 Safari/537.36 Edg/115.0.1901.203"
2602:fb54:646:: - - [22/May/2025:22:52:47 -0400] "GET /404 HTTP/1.1" 404 22258 "-" "Mozilla/5.0 (Windows NT 10.0; Win64; x64) AppleWebKit/537.36"
45.55.243.161 - - [22/May/2025:23:03:08 -0400] "GET / HTTP/1.1" 200 29803 "-" "Mozilla/5.0 (X11; Linux x86_64) AppleWebKit/537.36 (KHTML, like Gecko) Chrome/135.0.0.0 Safari/537.36"
45.55.243.161 - - [22/May/2025:23:03:09 -0400] "GET /wp-content/uploads/2023/10/512X512-150x150.webp HTTP/1.1" 304 0 "https://socialsolargreen.com/" "Mozilla/5.0 (X11; Linux x86_64) AppleWebKit/537.36 (KHTML, like Gecko) Chrome/135.0.0.0 Safari/537.36"
43.155.27.244 - - [22/May/2025:23:01:31 -0400] "GET /wp-json/oembed/1.0/embed?url=https%3A%2F%2Fsocialsolargreen.com%2F&format=xml HTTP/1.1" 200 1026 "-" "Mozilla/5.0 (iPhone; CPU iPhone OS 13_2_3 like Mac OS X) AppleWebKit/605.1.15 (KHTML, like Gecko) Version/13.0.3 Mobile/15E148 Safari/604.1"
52.167.144.65 - - [22/May/2025:23:09:06 -0400] "GET /robots.txt HTTP/1.1" 304 0 "-" "Mozilla/5.0 AppleWebKit/537.36 (KHTML, like Gecko; compatible; bingbot/2.0; +http://www.bing.com/bingbot.htm) Chrome/116.0.1938.76 Safari/537.36"
198.54.114.35 - - [22/May/2025:23:09:17 -0400] "POST /wp-cron.php?doing_wp_cron=1747969757.3042590618133544921875 HTTP/1.1" 200 0 "-" "WordPress/6.8.1; https://socialsolargreen.com"
198.54.114.35 - - [22/May/2025:23:09:17 -0400] "POST /wp-cron.php?doing_wp_cron=1747969757.7574899196624755859375 HTTP/1.1" 200 0 "-" "WordPress/6.8.1; https://socialsolargreen.com"
198.54.114.35 - - [22/May/2025:23:09:18 -0400] "POST /wp-admin/admin-ajax.php?action=async_litespeed&nonce=Vc2VHuO9omy5sd7LyyEi25a5196sm7Xx&litespeed_type=imgoptm HTTP/1.1" 200 5 "-" "WordPress/6.8.1; https://socialsolargreen.com"
40.77.167.67 - - [22/May/2025:23:09:13 -0400] "GET /sodenkaracha/ HTTP/1.1" 404 22258 "-" "Mozilla/5.0 AppleWebKit/537.36 (KHTML, like Gecko; compatible; bingbot/2.0; +http://www.bing.com/bingbot.htm) Chrome/116.0.1938.76 Safari/537.36"
198.54.114.35 - - [22/May/2025:23:12:19 -0400] "POST /wp-admin/admin-ajax.php?action=async_litespeed&nonce=gQbD5ZJtjKRuLTXcIcQRgGLMBs7Mmoa1&litespeed_type=imgoptm HTTP/1.1" 200 5 "-" "WordPress/6.8.1; https://socialsolargreen.com"
40.77.167.67 - - [22/May/2025:23:12:15 -0400] "GET /biddernews/ HTTP/1.1" 404 22258 "-" "Mozilla/5.0 AppleWebKit/537.36 (KHTML, like Gecko; compatible; bingbot/2.0; +http://www.bing.com/bingbot.htm) Chrome/116.0.1938.76 Safari/537.36"
198.54.114.35 - - [22/May/2025:23:12:18 -0400] "POST /wp-cron.php?doing_wp_cron=1747969938.6231949329376220703125 HTTP/1.1" 200 0 "-" "WordPress/6.8.1; https://socialsolargreen.com"
43.159.136.201 - - [22/May/2025:23:12:32 -0400] "GET /wp-content/uploads/2023/10/512X512-300x300.webp HTTP/1.1" 200 18898 "-" "Mozilla/5.0 (iPhone; CPU iPhone OS 13_2_3 like Mac OS X) AppleWebKit/605.1.15 (KHTML, like Gecko) Version/13.0.3 Mobile/15E148 Safari/604.1"
170.39.218.60 - - [22/May/2025:23:15:52 -0400] "GET /wp-content/plugins/themesflat-addons-for-elementor/assets/js/anime.min.js?ver=6.8.1 HTTP/1.1" 200 4782 "-" "Mozilla/5.0 (Macintosh; Intel Mac OS X 10_15_7) AppleWebKit/537.36 Chrome/120.0.0.0"
43.130.67.6 - - [22/May/2025:23:21:21 -0400] "GET /wp-json/ HTTP/1.1" 200 404918 "-" "Mozilla/5.0 (iPhone; CPU iPhone OS 13_2_3 like Mac OS X) AppleWebKit/605.1.15 (KHTML, like Gecko) Version/13.0.3 Mobile/15E148 Safari/604.1"
198.54.114.35 - - [22/May/2025:23:30:30 -0400] "POST /wp-cron.php?doing_wp_cron=1747971029.8736739158630371093750 HTTP/1.1" 200 0 "-" "WordPress/6.8.1; https://socialsolargreen.com"
198.54.114.35 - - [22/May/2025:23:30:30 -0400] "POST /wp-admin/admin-ajax.php?action=async_litespeed&nonce=jxFzdJHrdq9cYSqrXOgo1j1WeUzhM3Oi&litespeed_type=imgoptm HTTP/1.1" 200 5 "-" "WordPress/6.8.1; https://socialsolargreen.com"
52.167.144.219 - - [22/May/2025:23:37:41 -0400] "GET /Project_gallery_img_01.jpg HTTP/1.1" 301 0 "-" "Mozilla/5.0 AppleWebKit/537.36 (KHTML, like Gecko; compatible; bingbot/2.0; +http://www.bing.com/bingbot.htm) Chrome/116.0.1938.76 Safari/537.36"
52.167.144.219 - - [22/May/2025:23:37:50 -0400] "GET /Project_gallery_img_01.jpg/ HTTP/1.1" 200 24321 "-" "Mozilla/5.0 AppleWebKit/537.36 (KHTML, like Gecko; compatible; bingbot/2.0; +http://www.bing.com/bingbot.htm) Chrome/116.0.1938.76 Safari/537.36"
198.54.114.35 - - [22/May/2025:23:46:04 -0400] "POST /wp-admin/admin-ajax.php?action=async_litespeed&nonce=qbgC8tY0b0anXm797wyrw7Jf9QpEptla&litespeed_type=imgoptm HTTP/1.1" 200 5 "-" "WordPress/6.8.1; https://socialsolargreen.com"
43.166.246.180 - - [22/May/2025:23:45:57 -0400] "GET /wp-json/wp/v2/pages/17 HTTP/1.1" 200 78718 "-" "Mozilla/5.0 (iPhone; CPU iPhone OS 13_2_3 like Mac OS X) AppleWebKit/605.1.15 (KHTML, like Gecko) Version/13.0.3 Mobile/15E148 Safari/604.1"
43.157.172.39 - - [22/May/2025:23:30:26 -0400] "GET /xmlrpc.php?rsd HTTP/1.1" 200 298 "-" "Mozilla/5.0 (iPhone; CPU iPhone OS 13_2_3 like Mac OS X) AppleWebKit/605.1.15 (KHTML, like Gecko) Version/13.0.3 Mobile/15E148 Safari/604.1"
47.82.60.101 - - [22/May/2025:23:36:21 -0400] "GET / HTTP/1.1" 200 29803 "https://socialsolargreen.com/" "Mozilla/5.0 (Windows NT 10.0; Win64; x64) AppleWebKit/537.36 (KHTML, like Gecko) Chrome/114.0.0.0 Safari/537.36 Edg/114.0.1823.43"
198.54.114.35 - - [22/May/2025:23:37:45 -0400] "POST /wp-cron.php?doing_wp_cron=1747971465.0024290084838867187500 HTTP/1.1" 200 0 "-" "WordPress/6.8.1; https://socialsolargreen.com"
198.54.114.35 - - [22/May/2025:23:37:45 -0400] "POST /wp-admin/admin-ajax.php?action=async_litespeed&nonce=U5wYJbHCgr7UJoEktIUBMK0Lh5B7g96K&litespeed_type=imgoptm HTTP/1.1" 200 5 "-" "WordPress/6.8.1; https://socialsolargreen.com"
198.54.114.35 - - [22/May/2025:23:46:03 -0400] "POST /wp-cron.php?doing_wp_cron=1747971963.6062779426574707031250 HTTP/1.1" 200 0 "-" "WordPress/6.8.1; https://socialsolargreen.com"
198.54.114.35 - - [23/May/2025:00:33:09 -0400] "POST /wp-cron.php?doing_wp_cron=1747974789.3284289836883544921875 HTTP/1.1" 200 0 "-" "WordPress/6.8.1; https://socialsolargreen.com"
198.54.114.35 - - [23/May/2025:00:33:09 -0400] "POST /wp-cron.php?doing_wp_cron=1747974789.6926870346069335937500 HTTP/1.1" 200 0 "-" "WordPress/6.8.1; https://socialsolargreen.com"
118.195.165.218 - - [23/May/2025:00:33:05 -0400] "GET / HTTP/1.1" 301 0 "http://www.socialsolargreen.com" "Mozilla/5.0 (iPhone; CPU iPhone OS 13_2_3 like Mac OS X) AppleWebKit/605.1.15 (KHTML, like Gecko) Version/13.0.3 Mobile/15E148 Safari/604.1"
198.54.114.35 - - [23/May/2025:00:38:13 -0400] "POST /wp-cron.php?doing_wp_cron=1747975093.6455709934234619140625 HTTP/1.1" 200 0 "-" "WordPress/6.8.1; https://socialsolargreen.com"
198.54.114.35 - - [23/May/2025:00:38:14 -0400] "POST /wp-admin/admin-ajax.php?action=async_litespeed&nonce=AGiGb8W0CmOh6Leh4YQ7NgmFS0zCTbgz&litespeed_type=imgoptm HTTP/1.1" 200 5 "-" "WordPress/6.8.1; https://socialsolargreen.com"
40.77.167.26 - - [23/May/2025:00:38:07 -0400] "GET /w2Pz-3c788eddb-jcI0I HTTP/1.1" 404 22258 "-" "Mozilla/5.0 AppleWebKit/537.36 (KHTML, like Gecko; compatible; bingbot/2.0; +http://www.bing.com/bingbot.htm) Chrome/116.0.1938.76 Safari/537.36"
157.55.39.193 - - [23/May/2025:00:38:43 -0400] "GET /RuOf-f3dce-PbblF HTTP/1.1" 404 22258 "-" "Mozilla/5.0 AppleWebKit/537.36 (KHTML, like Gecko; compatible; bingbot/2.0; +http://www.bing.com/bingbot.htm) Chrome/116.0.1938.76 Safari/537.36"
198.54.114.35 - - [23/May/2025:00:33:09 -0400] "POST /wp-admin/admin-ajax.php?action=async_litespeed&nonce=EXI61M4ozJMyalY9PzQwWavljLucHMhf&litespeed_type=imgoptm HTTP/1.1" 200 5 "-" "WordPress/6.8.1; https://socialsolargreen.com"
118.195.165.218 - - [23/May/2025:00:33:12 -0400] "GET / HTTP/1.1" 200 29803 "https://www.socialsolargreen.com/" "Mozilla/5.0 (iPhone; CPU iPhone OS 13_2_3 like Mac OS X) AppleWebKit/605.1.15 (KHTML, like Gecko) Version/13.0.3 Mobile/15E148 Safari/604.1"
198.54.114.35 - - [23/May/2025:00:38:44 -0400] "POST /wp-cron.php?doing_wp_cron=1747975123.8865718841552734375000 HTTP/1.1" 200 0 "-" "WordPress/6.8.1; https://socialsolargreen.com"
198.54.114.35 - - [23/May/2025:00:38:44 -0400] "POST /wp-admin/admin-ajax.php?action=async_litespeed&nonce=OD62n9ZwwqdooMwNJ06JM4PJAcOQ2G3I&litespeed_type=imgoptm HTTP/1.1" 200 5 "-" "WordPress/6.8.1; https://socialsolargreen.com"
198.54.114.35 - - [23/May/2025:00:55:10 -0400] "POST /wp-cron.php?doing_wp_cron=1747976110.2462968826293945312500 HTTP/1.1" 200 0 "-" "WordPress/6.8.1; https://socialsolargreen.com"
198.54.114.35 - - [23/May/2025:00:55:10 -0400] "POST /wp-admin/admin-ajax.php?action=async_litespeed&nonce=mGEhiskTx1UD9fqlchgNBOkK2xgKmXwD&litespeed_type=imgoptm HTTP/1.1" 200 5 "-" "WordPress/6.8.1; https://socialsolargreen.com"
52.167.144.158 - - [23/May/2025:00:55:07 -0400] "GET /w2Pz-637b2def-jrUdC HTTP/1.1" 404 22258 "-" "Mozilla/5.0 AppleWebKit/537.36 (KHTML, like Gecko; compatible; bingbot/2.0; +http://www.bing.com/bingbot.htm) Chrome/116.0.1938.76 Safari/537.36"
47.79.2.223 - - [23/May/2025:00:51:50 -0400] "GET / HTTP/1.1" 200 29803 "https://socialsolargreen.com/" "Mozilla/5.0 (Windows NT 10.0; Win64; x64) AppleWebKit/537.36 (KHTML, like Gecko) Chrome/114.0.0.0 Safari/537.36 Edg/114.0.1823.43"
66.249.69.141 - - [23/May/2025:00:57:35 -0400] "GET /robots.txt HTTP/1.1" 301 0 "-" "Mozilla/5.0 (compatible; Googlebot/2.1; +http://www.google.com/bot.html)"
198.54.114.35 - - [23/May/2025:00:57:39 -0400] "POST /wp-cron.php?doing_wp_cron=1747976259.2021589279174804687500 HTTP/1.1" 200 0 "-" "WordPress/6.8.1; https://socialsolargreen.com"
66.249.69.140 - - [23/May/2025:00:57:35 -0400] "GET / HTTP/1.1" 301 0 "-" "Mozilla/5.0 (Linux; Android 6.0.1; Nexus 5X Build/MMB29P) AppleWebKit/537.36 (KHTML, like Gecko) Chrome/136.0.7103.113 Mobile Safari/537.36 (compatible; Googlebot/2.1; +http://www.google.com/bot.html)"
66.249.73.197 - - [23/May/2025:00:57:35 -0400] "GET /robots.txt HTTP/1.1" 304 0 "-" "Mozilla/5.0 (compatible; Googlebot/2.1; +http://www.google.com/bot.html)"
198.54.114.35 - - [23/May/2025:00:57:39 -0400] "POST /wp-admin/admin-ajax.php?action=async_litespeed&nonce=ZVWhqbtcAinMJE4FP67O1sLN031rmABS&litespeed_type=imgoptm HTTP/1.1" 200 5 "-" "WordPress/6.8.1; https://socialsolargreen.com"
209.141.45.131 - - [23/May/2025:01:08:26 -0400] "POST /wp-json/sure-triggers/v1/automation/action HTTP/1.1" 404 114 "-" "Mozilla/5.0 (Macintosh; Intel Mac OS X 10_15_7) AppleWebKit/537.36 (KHTML, like Gecko) Chrome/113.0.0.0 Safari/537.36"
198.54.114.35 - - [23/May/2025:01:08:30 -0400] "POST /wp-admin/admin-ajax.php?action=async_litespeed&nonce=Mo5jx1FaOSxkMb8UDH6cyh1jgMYCPTrv&litespeed_type=imgoptm HTTP/1.1" 200 5 "-" "WordPress/6.8.1; https://socialsolargreen.com"
209.141.45.131 - - [23/May/2025:01:10:09 -0400] "GET / HTTP/1.1" 200 29803 "http://www.google.com.hk" "Mozilla/5.0 (Windows NT 6.1; WOW64) AppleWebKit/537.36 (KHTML, like Gecko) Chrome/42.0.2311.90 Safari/537.36"
198.54.114.35 - - [23/May/2025:01:12:08 -0400] "POST /wp-cron.php?doing_wp_cron=1747977128.7150790691375732421875 HTTP/1.1" 200 0 "-" "WordPress/6.8.1; https://socialsolargreen.com"
198.54.114.35 - - [23/May/2025:01:13:55 -0400] "POST /wp-cron.php?doing_wp_cron=1747977234.8733580112457275390625 HTTP/1.1" 200 0 "-" "WordPress/6.8.1; https://socialsolargreen.com"
198.54.114.35 - - [23/May/2025:01:13:55 -0400] "POST /wp-admin/admin-ajax.php?action=async_litespeed&nonce=hcTyrcAR9MxEG2kJZ5zNZ6NdFCqe16WU&litespeed_type=imgoptm HTTP/1.1" 200 5 "-" "WordPress/6.8.1; https://socialsolargreen.com"
209.141.45.131 - - [23/May/2025:01:14:00 -0400] "GET /author/si6gd/ HTTP/1.1" 200 23378 "http://www.google.com.hk" "Mozilla/5.0 (Windows NT 6.1; WOW64) AppleWebKit/537.36 (KHTML, like Gecko) Chrome/42.0.2311.90 Safari/537.36"
103.169.35.190 - - [23/May/2025:01:14:40 -0400] "GET / HTTP/1.1" 200 29803 "http://socialsolargreen.com" "Mozilla/5.0 (Windows NT 10.0; Win64; x64) AppleWebKit/537.36 (KHTML, like Gecko) Chrome/126.0.0.0 Safari/537.36 Edg/126.0.0.0"
198.54.114.35 - - [23/May/2025:01:14:41 -0400] "POST /wp-cron.php?doing_wp_cron=1747977281.2780909538269042968750 HTTP/1.1" 200 0 "-" "WordPress/6.8.1; https://socialsolargreen.com"
198.54.114.35 - - [23/May/2025:01:14:41 -0400] "POST /wp-admin/admin-ajax.php?action=async_litespeed&nonce=fBhMAAZ9Fy5GtdOX1lz6AHe5cXnvGtXC&litespeed_type=imgoptm HTTP/1.1" 200 5 "-" "WordPress/6.8.1; https://socialsolargreen.com"
209.141.45.131 - - [23/May/2025:01:16:01 -0400] "GET /wp-login.php?wp_lang=e HTTP/1.1" 302 0 "-" "Mozilla/5.0 (Windows NT 6.1; WOW64) AppleWebKit/537.36 (KHTML, like Gecko) Chrome/36.0.1985.125 Safari/537.36"
209.141.45.131 - - [23/May/2025:01:16:05 -0400] "GET /404 HTTP/1.1" 404 22257 "-" "Mozilla/5.0 (Windows NT 6.1; WOW64) AppleWebKit/537.36 (KHTML, like Gecko) Chrome/36.0.1985.125 Safari/537.36"
198.54.114.35 - - [23/May/2025:01:17:23 -0400] "POST /wp-cron.php?doing_wp_cron=1747977443.5087289810180664062500 HTTP/1.1" 200 0 "-" "WordPress/6.8.1; https://socialsolargreen.com"
198.54.114.35 - - [23/May/2025:01:17:24 -0400] "POST /wp-admin/admin-ajax.php?action=async_litespeed&nonce=IbA6HS4iK46TboU39KcdOhwb3C5PXap6&litespeed_type=imgoptm HTTP/1.1" 200 5 "-" "WordPress/6.8.1; https://socialsolargreen.com"
198.54.114.35 - - [23/May/2025:01:08:30 -0400] "POST /wp-cron.php?doing_wp_cron=1747976910.0883181095123291015625 HTTP/1.1" 200 0 "-" "WordPress/6.8.1; https://socialsolargreen.com"
209.141.45.131 - - [23/May/2025:01:11:58 -0400] "GET /wp-login.php?wp_lang=e HTTP/1.1" 302 0 "-" "Mozilla/5.0 (Windows NT 6.1; WOW64) AppleWebKit/537.36 (KHTML, like Gecko) Chrome/36.0.1985.125 Safari/537.36"
198.54.114.35 - - [23/May/2025:01:12:09 -0400] "POST /wp-admin/admin-ajax.php?action=async_litespeed&nonce=bWiQuZiQ4iftbrMYzephqpNuEn4QER13&litespeed_type=imgoptm HTTP/1.1" 200 5 "-" "WordPress/6.8.1; https://socialsolargreen.com"
209.141.45.131 - - [23/May/2025:01:12:07 -0400] "GET /404 HTTP/1.1" 404 22257 "-" "Mozilla/5.0 (Windows NT 6.1; WOW64) AppleWebKit/537.36 (KHTML, like Gecko) Chrome/36.0.1985.125 Safari/537.36"
209.141.45.131 - - [23/May/2025:01:13:51 -0400] "GET /?author=1 HTTP/1.1" 301 0 "http://www.google.com.hk" "Mozilla/5.0 (Windows NT 6.1; WOW64) AppleWebKit/537.36 (KHTML, like Gecko) Chrome/42.0.2311.90 Safari/537.36"
103.169.35.190 - - [23/May/2025:01:14:41 -0400] "GET /index.php?rest_route=/wp/v2/users HTTP/1.1" 200 904 "https://socialsolargreen.com" "Mozilla/5.0 (Macintosh; Intel Mac OS X 10_15_7; rv:129.0) Gecko/20100101 Firefox/129.0"
40.77.167.255 - - [23/May/2025:01:17:22 -0400] "GET /clankingness/inface868816.html HTTP/1.1" 301 0 "-" "Mozilla/5.0 AppleWebKit/537.36 (KHTML, like Gecko; compatible; bingbot/2.0; +http://www.bing.com/bingbot.htm) Chrome/116.0.1938.76 Safari/537.36"
198.54.114.35 - - [23/May/2025:01:17:44 -0400] "POST /wp-cron.php?doing_wp_cron=1747977464.2039070129394531250000 HTTP/1.1" 200 0 "-" "WordPress/6.8.1; https://socialsolargreen.com"
209.141.45.131 - - [23/May/2025:01:17:43 -0400] "GET /?author=2 HTTP/1.1" 404 22258 "http://www.google.com.hk" "Mozilla/5.0 (Windows NT 6.1; WOW64) AppleWebKit/537.36 (KHTML, like Gecko) Chrome/42.0.2311.90 Safari/537.36"
198.54.114.35 - - [23/May/2025:01:17:44 -0400] "POST /wp-admin/admin-ajax.php?action=async_litespeed&nonce=3Vdn2heTizRMggQNdpzCAs2iZdHxbCBd&litespeed_type=imgoptm HTTP/1.1" 200 5 "-" "WordPress/6.8.1; https://socialsolargreen.com"
