芝麻web文件管理V1.00
编辑当前文件:/home/sditechnicalteam/access-logs/client.socialdigiinnovator.com-ssl_log
198.54.114.35 - - [11/Jun/2025:07:58:50 -0400] "POST /wp-cron.php?doing_wp_cron=1749643130.2955899238586425781250 HTTP/1.1" 200 0 "-" "WordPress/6.8.1; https://client.socialdigiinnovator.com"
196.251.118.195 - - [11/Jun/2025:07:58:50 -0400] "GET /wp-content/themes/seotheme/db.php?u HTTP/1.1" 404 8471 "www.google.com" "Mozlila/5.0 (Linux; Android 7.0; SM-G892A Bulid/NRD90M; wv) AppleWebKit/537.36 (KHTML, like Gecko) Version/4.0 Chrome/60.0.3112.107 Moblie Safari/537.36"
196.251.118.195 - - [11/Jun/2025:07:58:50 -0400] "GET /efkwatrp.php?Fox=d3wL7 HTTP/1.1" 404 8469 "www.google.com" "Mozilla/5.0 (Linux; Android 7.0; SM-G892A Bulid/NRD90M; wv) AppleWebKit/537.36 (KHTML, like Gecko) Version/4.0 Chrome/60.0.3112.107 Moblie Safari/537.36"
196.251.118.195 - - [11/Jun/2025:07:58:51 -0400] "POST /alfacgiapi/perl.alfa HTTP/1.1" 404 8469 "www.google.com" "Mozlila/5.0 (Linux; Android 7.0; SM-G892A Bulid/NRD90M; wv) AppleWebKit/537.36 (KHTML, like Gecko) Version/4.0 Chrome/60.0.3112.107 Moblie Safari/537.36"
196.251.118.195 - - [11/Jun/2025:07:58:50 -0400] "GET /wp-content/plugins/apikey/apikey.php?test=hello HTTP/1.1" 404 8469 "-" "Mozlila/5.0 (Linux; Android 7.0; SM-G892A Bulid/NRD90M; wv) AppleWebKit/537.36 (KHTML, like Gecko) Version/4.0 Chrome/60.0.3112.107 Moblie Safari/537.36"
196.251.118.195 - - [11/Jun/2025:07:58:51 -0400] "GET /wp-content/themes/seotheme/db.php?u HTTP/1.1" 404 8469 "www.google.com" "Mozlila/5.0 (Linux; Android 7.0; SM-G892A Bulid/NRD90M; wv) AppleWebKit/537.36 (KHTML, like Gecko) Version/4.0 Chrome/60.0.3112.107 Moblie Safari/537.36"
198.54.114.35 - - [11/Jun/2025:08:02:41 -0400] "POST /wp-cron.php?doing_wp_cron=1749643361.2923710346221923828125 HTTP/1.1" 200 0 "-" "WordPress/6.8.1; https://client.socialdigiinnovator.com"
47.79.6.241 - - [11/Jun/2025:08:02:38 -0400] "GET / HTTP/1.1" 200 9214 "https://client.socialdigiinnovator.com/" "Mozilla/5.0 (Windows NT 10.0; Win64; x64) AppleWebKit/537.36 (KHTML, like Gecko) Chrome/114.0.0.0 Safari/537.36 Edg/114.0.1823.43"
124.248.184.195 - - [11/Jun/2025:07:58:15 -0400] "GET /wp-login.php HTTP/1.1" 302 0 "-" "Mozilla/5.0 (Windows NT 10.0; Win64; x64) AppleWebKit/537.36 (KHTML, like Gecko) Chrome/120.0.6099.71 Safari/537.36"
198.54.114.35 - - [11/Jun/2025:07:58:19 -0400] "POST /wp-cron.php?doing_wp_cron=1749643099.0328629016876220703125 HTTP/1.1" 200 0 "-" "WordPress/6.8.1; https://client.socialdigiinnovator.com"
124.248.184.195 - - [11/Jun/2025:07:58:17 -0400] "GET /404 HTTP/1.1" 404 8471 "-" "Mozilla/5.0 (Windows NT 10.0; Win64; x64) AppleWebKit/537.36 (KHTML, like Gecko) Chrome/120.0.6099.71 Safari/537.36"
196.251.118.195 - - [11/Jun/2025:07:58:50 -0400] "GET / HTTP/1.1" 200 9216 "-" "Mozlila/5.0 (Linux; Android 7.0; SM-G892A Bulid/NRD90M; wv) AppleWebKit/537.36 (KHTML, like Gecko) Version/4.0 Chrome/60.0.3112.107 Moblie Safari/537.36"
196.251.118.195 - - [11/Jun/2025:07:58:50 -0400] "GET /wp-content/plugins/fix/up.php HTTP/1.1" 404 8471 "-" "Mozilla/5.0 (Windows NT 10.0; Win64; x64) AppleWebKit/537.36 (KHTML, like Gecko) Chrome/85.0.4183.102 Safari/537.36"
196.251.118.195 - - [11/Jun/2025:07:58:50 -0400] "POST /ALFA_DATA/alfacgiapi/perl.alfa HTTP/1.1" 404 8471 "www.google.com" "Mozlila/5.0 (Linux; Android 7.0; SM-G892A Bulid/NRD90M; wv) AppleWebKit/537.36 (KHTML, like Gecko) Version/4.0 Chrome/60.0.3112.107 Moblie Safari/537.36"
196.251.118.195 - - [11/Jun/2025:07:58:51 -0400] "GET /plugins/content/apismtp/apismtp.php?test=hello HTTP/1.1" 404 8471 "-" "Mozlila/5.0 (Linux; Android 7.0; SM-G892A Bulid/NRD90M; wv) AppleWebKit/537.36 (KHTML, like Gecko) Version/4.0 Chrome/60.0.3112.107 Moblie Safari/537.36"
196.251.118.195 - - [11/Jun/2025:07:58:52 -0400] "GET /wp-content/plugins/apikey/apikey.php.suspected?test=hello HTTP/1.1" 404 8471 "-" "Mozlila/5.0 (Linux; Android 7.0; SM-G892A Bulid/NRD90M; wv) AppleWebKit/537.36 (KHTML, like Gecko) Version/4.0 Chrome/60.0.3112.107 Moblie Safari/537.36"
196.251.118.195 - - [11/Jun/2025:07:58:52 -0400] "GET /plugins/content/apismtp/apismtp.php.suspected?test=hello HTTP/1.1" 404 8471 "-" "Mozlila/5.0 (Linux; Android 7.0; SM-G892A Bulid/NRD90M; wv) AppleWebKit/537.36 (KHTML, like Gecko) Version/4.0 Chrome/60.0.3112.107 Moblie Safari/537.36"
2602:fb54:cce:: - - [11/Jun/2025:08:29:10 -0400] "GET /404 HTTP/1.1" 404 8469 "-" "Mozilla/5.0 (Windows NT 10.0; Win64; x64) AppleWebKit/537.36"
2602:fb54:cce:: - - [11/Jun/2025:08:29:08 -0400] "POST /wp-login.php HTTP/1.1" 302 0 "-" "Mozilla/5.0 (Windows NT 10.0; Win64; x64) AppleWebKit/537.36"
198.54.114.35 - - [11/Jun/2025:08:29:12 -0400] "POST /wp-cron.php?doing_wp_cron=1749644952.2647089958190917968750 HTTP/1.1" 200 0 "-" "WordPress/6.8.1; https://client.socialdigiinnovator.com"
117.150.202.201 - - [11/Jun/2025:09:14:38 -0400] "GET / HTTP/1.1" 200 9216 "-" "Mozilla/5.0 (Windows NT 5.1) AppleWebKit/537.36 (KHTML, like Gecko) Chrome/65.0.3325.146 Safari/537.36"
117.150.202.201 - - [11/Jun/2025:09:14:43 -0400] "GET /wp-content/plugins/elementor-pro/assets/css/frontend.min.css?ver=3.23.3 HTTP/1.1" 200 43433 "-" "Go-http-client/1.1"
117.150.202.201 - - [11/Jun/2025:09:15:17 -0400] "GET /wp-content/plugins/ultimate-member/assets/css/um-responsive.min.css?ver=2.10.4 HTTP/1.1" 200 1404 "-" "Go-http-client/1.1"
117.150.202.201 - - [11/Jun/2025:09:15:18 -0400] "GET /wp-includes/js/underscore.min.js?ver=1.13.7 HTTP/1.1" 200 7185 "-" "Go-http-client/1.1"
117.150.202.201 - - [11/Jun/2025:09:15:19 -0400] "GET /wp-content/plugins/ultimate-member/assets/libs/um-confirm/um-confirm.min.js?ver=1.0 HTTP/1.1" 200 730 "-" "Go-http-client/1.1"
117.150.202.201 - - [11/Jun/2025:09:15:20 -0400] "GET /wp-content/plugins/ultimate-member/assets/libs/select2/i18n/en.js?ver=4.0.13 HTTP/1.1" 200 395 "-" "Go-http-client/1.1"
117.150.202.201 - - [11/Jun/2025:09:15:21 -0400] "GET /wp-content/plugins/ultimate-member/assets/css/common.min.css?ver=2.10.4 HTTP/1.1" 200 209 "-" "Go-http-client/1.1"
117.150.202.201 - - [11/Jun/2025:09:15:23 -0400] "GET /wp-content/plugins/ultimate-member/assets/js/um-profile.min.js?ver=2.10.4 HTTP/1.1" 200 1039 "-" "Go-http-client/1.1"
117.150.202.201 - - [11/Jun/2025:09:15:26 -0400] "GET /wp-content/plugins/ultimate-member/assets/libs/pickadate/default.time.min.css?ver=3.6.2 HTTP/1.1" 200 393 "-" "Go-http-client/1.1"
117.150.202.201 - - [11/Jun/2025:09:15:28 -0400] "GET /wp-content/plugins/ultimate-member/assets/libs/select2/select2.min.css?ver=4.0.13 HTTP/1.1" 200 1800 "-" "Go-http-client/1.1"
117.150.202.201 - - [11/Jun/2025:09:15:29 -0400] "GET /wp-content/plugins/ultimate-member/assets/libs/legacy/fonticons/fonticons-fa.min.css?ver=2.10.4 HTTP/1.1" 200 4321 "-" "Go-http-client/1.1"
117.150.202.201 - - [11/Jun/2025:09:15:31 -0400] "GET /wp-content/plugins/ultimate-member/assets/libs/cropper/cropper.min.css?ver=1.6.1 HTTP/1.1" 200 1140 "-" "Go-http-client/1.1"
117.150.202.201 - - [11/Jun/2025:09:15:32 -0400] "GET /wp-includes/js/jquery/jquery-migrate.min.js?ver=3.4.1 HTTP/1.1" 200 4678 "-" "Go-http-client/1.1"
117.150.202.201 - - [11/Jun/2025:09:15:33 -0400] "GET /wp-content/plugins/ultimate-member/assets/libs/cropper/cropper.min.js?ver=1.6.1 HTTP/1.1" 200 11772 "-" "Go-http-client/1.1"
117.150.202.201 - - [11/Jun/2025:09:15:36 -0400] "GET /wp-content/themes/hello-elementor/assets/css/theme.css?ver=3.4.4 HTTP/1.1" 200 1126 "-" "Go-http-client/1.1"
117.150.202.201 - - [11/Jun/2025:09:15:36 -0400] "GET /wp-content/plugins/ultimate-member/assets/libs/um-confirm/um-confirm.min.css?ver=1.0 HTTP/1.1" 200 281 "-" "Go-http-client/1.1"
117.150.202.201 - - [11/Jun/2025:09:15:36 -0400] "GET /wp-content/plugins/ultimate-member/assets/css/um-fontawesome.min.css?ver=6.5.2 HTTP/1.1" 200 37154 "-" "Go-http-client/1.1"
117.150.202.201 - - [11/Jun/2025:09:15:50 -0400] "GET /wp-content/plugins/ultimate-member/assets/css/um-styles.min.css?ver=2.10.4 HTTP/1.1" 200 3647 "-" "Go-http-client/1.1"
117.150.202.201 - - [11/Jun/2025:09:15:52 -0400] "GET /wp-includes/js/dist/hooks.min.js?ver=4d63a3d491d11ffd8ac6 HTTP/1.1" 200 1571 "-" "Go-http-client/1.1"
117.150.202.201 - - [11/Jun/2025:09:15:53 -0400] "GET /wp-content/plugins/ultimate-member/assets/js/um-functions.min.js?ver=2.10.4 HTTP/1.1" 200 2948 "-" "Go-http-client/1.1"
117.150.202.201 - - [11/Jun/2025:09:15:54 -0400] "GET /wp-content/plugins/dynamic-content-for-elementor/assets/css/style.min.css?ver=2.12.3 HTTP/1.1" 200 1535 "-" "Go-http-client/1.1"
117.150.202.201 - - [11/Jun/2025:09:15:56 -0400] "GET /wp-content/plugins/ultimate-member/assets/libs/pickadate/picker.min.js?ver=3.6.2 HTTP/1.1" 200 3073 "-" "Go-http-client/1.1"
117.150.202.201 - - [11/Jun/2025:09:15:58 -0400] "GET /wp-content/plugins/ultimate-member/assets/js/um-modal.min.js?ver=2.10.4 HTTP/1.1" 200 1208 "-" "Go-http-client/1.1"
198.54.114.35 - - [11/Jun/2025:09:14:41 -0400] "POST /wp-cron.php?doing_wp_cron=1749647681.4168610572814941406250 HTTP/1.1" 200 0 "-" "WordPress/6.8.1; https://client.socialdigiinnovator.com"
117.150.202.201 - - [11/Jun/2025:09:15:03 -0400] "GET /wp-content/plugins/ultimate-member/assets/libs/raty/um-raty.min.css?ver=2.6.0 HTTP/1.1" 200 330 "-" "Go-http-client/1.1"
117.150.202.201 - - [11/Jun/2025:09:15:19 -0400] "GET /wp-content/plugins/ultimate-member/assets/js/common-frontend.min.js?ver=2.10.4 HTTP/1.1" 200 588 "-" "Go-http-client/1.1"
117.150.202.201 - - [11/Jun/2025:09:15:21 -0400] "GET /wp-content/uploads/elementor/css/post-153.css?ver=1726303077 HTTP/1.1" 200 193 "-" "Go-http-client/1.1"
117.150.202.201 - - [11/Jun/2025:09:15:22 -0400] "GET /wp-content/uploads/elementor/google-fonts/css/robotoslab.css?ver=1742261609 HTTP/1.1" 200 707 "-" "Go-http-client/1.1"
117.150.202.201 - - [11/Jun/2025:09:15:24 -0400] "GET /wp-content/plugins/ultimate-member/assets/js/um-account.min.js?ver=2.10.4 HTTP/1.1" 200 679 "-" "Go-http-client/1.1"
117.150.202.201 - - [11/Jun/2025:09:15:25 -0400] "GET /wp-content/themes/hello-elementor/assets/css/header-footer.css?ver=3.4.4 HTTP/1.1" 200 1261 "-" "Go-http-client/1.1"
117.150.202.201 - - [11/Jun/2025:09:15:27 -0400] "GET /wp-content/plugins/dynamic-content-for-elementor/assets/css/animations.css?ver=2.12.3 HTTP/1.1" 200 1524 "-" "Go-http-client/1.1"
117.150.202.201 - - [11/Jun/2025:09:15:31 -0400] "GET /wp-content/plugins/ultimate-member/assets/css/um-old-default.min.css?ver=2.10.4 HTTP/1.1" 200 984 "-" "Go-http-client/1.1"
117.150.202.201 - - [11/Jun/2025:09:15:32 -0400] "GET /wp-includes/js/wp-util.min.js?ver=6.8.1 HTTP/1.1" 200 690 "-" "Go-http-client/1.1"
117.150.202.201 - - [11/Jun/2025:09:15:59 -0400] "GET /wp-content/plugins/ultimate-member/assets/libs/fileupload/fileupload.js?ver=2.10.4 HTTP/1.1" 200 3191 "-" "Go-http-client/1.1"
117.150.202.201 - - [11/Jun/2025:09:16:02 -0400] "GET /wp-content/uploads/2022/04/Logo_Job-removebg-preview-Custom-2-150x150.png HTTP/1.1" 200 11638 "-" "Go-http-client/1.1"
198.54.114.35 - - [11/Jun/2025:09:16:04 -0400] "POST /wp-cron.php?doing_wp_cron=1749647764.3514759540557861328125 HTTP/1.1" 200 0 "-" "WordPress/6.8.1; https://client.socialdigiinnovator.com"
117.150.202.201 - - [11/Jun/2025:09:16:04 -0400] "GET /register/ HTTP/1.1" 200 9270 "-" "Go-http-client/1.1"
117.150.202.201 - - [11/Jun/2025:09:16:11 -0400] "GET /wp-content/plugins/dynamic-content-for-elementor/assets/css/dynamic-visibility.min.css?ver=2.12.3 HTTP/1.1" 200 419 "-" "Go-http-client/1.1"
117.150.202.201 - - [11/Jun/2025:09:16:13 -0400] "GET /wp-content/plugins/elementor/assets/lib/eicons/css/elementor-icons.min.css?ver=5.40.0 HTTP/1.1" 200 3983 "-" "Go-http-client/1.1"
117.150.202.201 - - [11/Jun/2025:09:16:14 -0400] "GET /wp-includes/js/dist/i18n.min.js?ver=5e580eb46a90c2b997e6 HTTP/1.1" 200 3542 "-" "Go-http-client/1.1"
117.150.202.201 - - [11/Jun/2025:09:16:15 -0400] "GET /wp-content/plugins/ultimate-member/assets/libs/pickadate/picker.date.min.js?ver=3.6.2 HTTP/1.1" 200 4219 "-" "Go-http-client/1.1"
117.150.202.201 - - [11/Jun/2025:09:16:16 -0400] "GET /wp-content/plugins/elementor/assets/js/frontend.min.js?ver=3.29.2 HTTP/1.1" 200 10288 "-" "Go-http-client/1.1"
117.150.202.201 - - [11/Jun/2025:09:16:20 -0400] "GET /wp-content/uploads/elementor/css/post-4.css?ver=1726303080 HTTP/1.1" 200 334 "-" "Go-http-client/1.1"
117.150.202.201 - - [11/Jun/2025:09:16:20 -0400] "GET /wp-includes/css/dashicons.min.css?ver=6.8.1 HTTP/1.1" 200 35110 "-" "Go-http-client/1.1"
117.150.202.201 - - [11/Jun/2025:09:16:30 -0400] "GET /wp-content/plugins/elementor/assets/css/widget-image.min.css?ver=3.29.2 HTTP/1.1" 200 254 "-" "Go-http-client/1.1"
117.150.202.201 - - [11/Jun/2025:09:16:30 -0400] "GET /wp-content/plugins/ultimate-member/assets/js/um-responsive.min.js?ver=2.10.4 HTTP/1.1" 200 183 "-" "Go-http-client/1.1"
117.150.202.201 - - [11/Jun/2025:09:16:44 -0400] "GET /wp-content/plugins/ultimate-member/assets/libs/jquery-form/jquery-form.min.js?ver=2.10.4 HTTP/1.1" 200 5219 "-" "Go-http-client/1.1"
117.150.202.201 - - [11/Jun/2025:09:16:45 -0400] "GET /wp-content/plugins/ultimate-member/assets/css/um-misc.min.css?ver=2.10.4 HTTP/1.1" 200 506 "-" "Go-http-client/1.1"
117.150.202.201 - - [11/Jun/2025:09:16:45 -0400] "GET /wp-content/plugins/elementor/assets/js/webpack.runtime.min.js?ver=3.29.2 HTTP/1.1" 200 2319 "-" "Go-http-client/1.1"
117.150.202.201 - - [11/Jun/2025:09:16:48 -0400] "GET /wp-content/plugins/ultimate-member/assets/js/um-gdpr.min.js?ver=2.10.4 HTTP/1.1" 200 200 "-" "Go-http-client/1.1"
117.150.202.201 - - [11/Jun/2025:09:16:48 -0400] "GET /wp-content/plugins/ultimate-member/assets/js/um-scripts.min.js?ver=2.10.4 HTTP/1.1" 200 2878 "-" "Go-http-client/1.1"
117.150.202.201 - - [11/Jun/2025:09:16:49 -0400] "GET /wp-content/plugins/elementor-pro/assets/js/elements-handlers.min.js?ver=3.23.3 HTTP/1.1" 200 9628 "-" "Go-http-client/1.1"
117.150.202.201 - - [11/Jun/2025:09:16:51 -0400] "GET /wp-content/plugins/ultimate-member/assets/css/um-fileupload.min.css?ver=2.10.4 HTTP/1.1" 200 686 "-" "Go-http-client/1.1"
117.150.202.201 - - [11/Jun/2025:09:16:58 -0400] "GET /wp-includes/js/jquery/ui/core.min.js?ver=1.13.3 HTTP/1.1" 200 6812 "-" "Go-http-client/1.1"
117.150.202.201 - - [11/Jun/2025:09:17:00 -0400] "GET /wp-content/plugins/elementor/assets/css/frontend.min.css?ver=3.29.2 HTTP/1.1" 200 6472 "-" "Go-http-client/1.1"
117.150.202.201 - - [11/Jun/2025:09:17:03 -0400] "GET /wp-content/plugins/ultimate-member/assets/css/um-modal.min.css?ver=2.10.4 HTTP/1.1" 200 734 "-" "Go-http-client/1.1"
117.150.202.201 - - [11/Jun/2025:09:17:04 -0400] "GET /wp-content/plugins/ultimate-member/assets/css/um-account.min.css?ver=2.10.4 HTTP/1.1" 200 921 "-" "Go-http-client/1.1"
117.150.202.201 - - [11/Jun/2025:09:16:00 -0400] "GET /wp-content/plugins/elementor-pro/assets/js/webpack-pro.runtime.min.js?ver=3.23.3 HTTP/1.1" 200 2548 "-" "Go-http-client/1.1"
117.150.202.201 - - [11/Jun/2025:09:16:01 -0400] "GET /wp-content/plugins/ultimate-member/assets/css/um-profile.min.css?ver=2.10.4 HTTP/1.1" 200 1726 "-" "Go-http-client/1.1"
117.150.202.201 - - [11/Jun/2025:09:16:07 -0400] "GET /password-reset/ HTTP/1.1" 200 9195 "-" "Go-http-client/1.1"
117.150.202.201 - - [11/Jun/2025:09:16:12 -0400] "GET /wp-content/plugins/ultimate-member/assets/js/um-conditional.min.js?ver=2.10.4 HTTP/1.1" 200 2173 "-" "Go-http-client/1.1"
117.150.202.201 - - [11/Jun/2025:09:16:18 -0400] "GET /wp-content/plugins/elementor-pro/assets/js/frontend.min.js?ver=3.23.3 HTTP/1.1" 200 6464 "-" "Go-http-client/1.1"
117.150.202.201 - - [11/Jun/2025:09:16:23 -0400] "GET /wp-content/plugins/ultimate-member/assets/libs/jquery-ui/jquery-ui.min.css?ver=1.13.2 HTTP/1.1" 200 7087 "-" "Go-http-client/1.1"
117.150.202.201 - - [11/Jun/2025:09:16:25 -0400] "GET /wp-content/plugins/ultimate-member/assets/libs/select2/select2.full.min.js?ver=4.0.13 HTTP/1.1" 200 20518 "-" "Go-http-client/1.1"
117.150.202.201 - - [11/Jun/2025:09:16:29 -0400] "GET /wp-content/themes/hello-elementor/assets/css/reset.css?ver=3.4.4 HTTP/1.1" 200 1581 "-" "Go-http-client/1.1"
117.150.202.201 - - [11/Jun/2025:09:16:30 -0400] "GET /wp-content/plugins/ultimate-member/assets/js/common.min.js?ver=2.10.4 HTTP/1.1" 200 825 "-" "Go-http-client/1.1"
117.150.202.201 - - [11/Jun/2025:09:16:31 -0400] "GET /wp-content/plugins/elementor/assets/js/frontend-modules.min.js?ver=3.29.2 HTTP/1.1" 200 14423 "-" "Go-http-client/1.1"
117.150.202.201 - - [11/Jun/2025:09:16:33 -0400] "GET /wp-content/themes/hello-elementor-child/style.css?ver=6.8.1 HTTP/1.1" 200 194 "-" "Go-http-client/1.1"
117.150.202.201 - - [11/Jun/2025:09:16:33 -0400] "GET /wp-content/plugins/ultimate-member/assets/libs/pickadate/default.min.css?ver=3.6.2 HTTP/1.1" 200 574 "-" "Go-http-client/1.1"
117.150.202.201 - - [11/Jun/2025:09:16:35 -0400] "GET /wp-includes/js/jquery/jquery.min.js?ver=3.7.1 HTTP/1.1" 200 29744 "-" "Go-http-client/1.1"
117.150.202.201 - - [11/Jun/2025:09:16:39 -0400] "GET /wp-content/uploads/elementor/google-fonts/css/roboto.css?ver=1742261590 HTTP/1.1" 200 1876 "-" "Go-http-client/1.1"
117.150.202.201 - - [11/Jun/2025:09:16:43 -0400] "GET /wp-content/plugins/ultimate-member/assets/libs/tipsy/tipsy.min.js?ver=1.0.0a HTTP/1.1" 200 1448 "-" "Go-http-client/1.1"
117.150.202.201 - - [11/Jun/2025:09:16:46 -0400] "GET /wp-content/themes/hello-elementor/style.css?ver=6.8.1 HTTP/1.1" 200 558 "-" "Go-http-client/1.1"
117.150.202.201 - - [11/Jun/2025:09:16:47 -0400] "GET /wp-content/plugins/ultimate-member/assets/libs/tipsy/tipsy.min.css?ver=1.0.0a HTTP/1.1" 200 309 "-" "Go-http-client/1.1"
117.150.202.201 - - [11/Jun/2025:09:16:53 -0400] "GET /wp-content/plugins/ultimate-member/assets/libs/legacy/fonticons/fonticons-ii.min.css?ver=2.10.4 HTTP/1.1" 200 4994 "-" "Go-http-client/1.1"
117.150.202.201 - - [11/Jun/2025:09:16:56 -0400] "GET /wp-content/plugins/ultimate-member/assets/libs/pickadate/picker.time.min.js?ver=3.6.2 HTTP/1.1" 200 3097 "-" "Go-http-client/1.1"
117.150.202.201 - - [11/Jun/2025:09:16:57 -0400] "GET /wp-content/plugins/ultimate-member/assets/libs/raty/um-raty.min.js?ver=2.6.0 HTTP/1.1" 200 2907 "-" "Go-http-client/1.1"
117.150.202.201 - - [11/Jun/2025:09:17:04 -0400] "GET /wp-content/plugins/ultimate-member/assets/libs/pickadate/default.date.min.css?ver=3.6.2 HTTP/1.1" 200 765 "-" "Go-http-client/1.1"
222.186.56.115 - - [11/Jun/2025:09:45:46 -0400] "GET /statics/img/login_bg.jpg HTTP/1.1" 404 8469 "http://client.socialdigiinnovator.com" "Mozilla/5.0 (compatible; Baiduspider/2.0; +http://www.baidu.com/search/spider.html\xa3\xa9"
198.54.114.35 - - [11/Jun/2025:09:45:51 -0400] "POST /wp-cron.php?doing_wp_cron=1749649551.6409909725189208984375 HTTP/1.1" 200 0 "-" "WordPress/6.8.1; https://client.socialdigiinnovator.com"
198.54.114.35 - - [11/Jun/2025:10:26:37 -0400] "POST /wp-cron.php?doing_wp_cron=1749651997.7269079685211181640625 HTTP/1.1" 200 0 "-" "WordPress/6.8.1; https://client.socialdigiinnovator.com"
43.130.228.73 - - [11/Jun/2025:10:26:34 -0400] "GET / HTTP/1.1" 200 9216 "http://client.socialdigiinnovator.com" "Mozilla/5.0 (iPhone; CPU iPhone OS 13_2_3 like Mac OS X) AppleWebKit/605.1.15 (KHTML, like Gecko) Version/13.0.3 Mobile/15E148 Safari/604.1"
35.94.127.30 - - [11/Jun/2025:10:35:16 -0400] "GET /robots.txt HTTP/1.1" 302 0 "-" "Mozilla/5.0 (compatible; wpbot/1.3; +https://forms.gle/ajBaxygz9jSR8p8G9)"
35.94.127.30 - - [11/Jun/2025:10:35:18 -0400] "GET /?redirect_to=https%3A%2F%2Fclient.socialdigiinnovator.com%2Frobots.txt HTTP/1.1" 200 9211 "-" "Mozilla/5.0 (compatible; wpbot/1.3; +https://forms.gle/ajBaxygz9jSR8p8G9)"
35.94.127.30 - - [11/Jun/2025:10:35:19 -0400] "GET /?redirect_to=https%3A%2F%2Fclient.socialdigiinnovator.com%2Frobots.txt HTTP/1.1" 200 9212 "-" "Mozilla/5.0 (compatible; wpbot/1.3; +https://forms.gle/ajBaxygz9jSR8p8G9)"
198.54.114.35 - - [11/Jun/2025:10:35:18 -0400] "POST /wp-cron.php?doing_wp_cron=1749652518.3286221027374267578125 HTTP/1.1" 200 0 "-" "WordPress/6.8.1; https://client.socialdigiinnovator.com"
89.116.24.237 - - [11/Jun/2025:11:04:00 -0400] "GET /wp-login.php HTTP/1.1" 302 0 "https://www.google.com/" "Mozilla/5.0 (Windows NT 10.0; Win64; x64) AppleWebKit/537.36 (KHTML, like Gecko) Chrome/121.0.0.0 Safari/537.36"
198.54.114.35 - - [11/Jun/2025:11:04:04 -0400] "POST /wp-cron.php?doing_wp_cron=1749654244.3064169883728027343750 HTTP/1.1" 200 0 "-" "WordPress/6.8.1; https://client.socialdigiinnovator.com"
89.116.24.237 - - [11/Jun/2025:11:04:02 -0400] "GET /404 HTTP/1.1" 404 8471 "https://www.google.com/" "Mozilla/5.0 (Windows NT 10.0; Win64; x64) AppleWebKit/537.36 (KHTML, like Gecko) Chrome/121.0.0.0 Safari/537.36"
198.54.114.35 - - [11/Jun/2025:11:39:42 -0400] "POST /wp-cron.php?doing_wp_cron=1749656381.9850881099700927734375 HTTP/1.1" 200 0 "-" "WordPress/6.8.1; https://client.socialdigiinnovator.com"
40.77.167.62 - - [11/Jun/2025:11:40:00 -0400] "GET /sitemaps.xml HTTP/1.1" 404 8469 "-" "Mozilla/5.0 AppleWebKit/537.36 (KHTML, like Gecko; compatible; bingbot/2.0; +http://www.bing.com/bingbot.htm) Chrome/116.0.1938.76 Safari/537.36"
207.46.13.229 - - [11/Jun/2025:11:39:38 -0400] "GET /robots.txt HTTP/1.1" 302 0 "-" "Mozilla/5.0 AppleWebKit/537.36 (KHTML, like Gecko; compatible; bingbot/2.0; +http://www.bing.com/bingbot.htm) Chrome/116.0.1938.76 Safari/537.36"
207.46.13.229 - - [11/Jun/2025:11:39:42 -0400] "GET /?redirect_to=https%3A%2F%2Fclient.socialdigiinnovator.com%2Frobots.txt HTTP/1.1" 200 9211 "-" "Mozilla/5.0 AppleWebKit/537.36 (KHTML, like Gecko; compatible; bingbot/2.0; +http://www.bing.com/bingbot.htm) Chrome/116.0.1938.76 Safari/537.36"
194.233.70.142 - - [11/Jun/2025:11:47:59 -0400] "GET /404 HTTP/1.1" 404 8469 "-" "Mozila/5.0"
194.233.70.142 - - [11/Jun/2025:11:47:57 -0400] "GET /wp-login.php HTTP/1.1" 302 0 "-" "Mozila/5.0"
198.54.114.35 - - [11/Jun/2025:11:48:00 -0400] "POST /wp-cron.php?doing_wp_cron=1749656880.6479918956756591796875 HTTP/1.1" 200 0 "-" "WordPress/6.8.1; https://client.socialdigiinnovator.com"
2a09:bac1:34c0:28::3c1:3e - - [11/Jun/2025:12:28:55 -0400] "POST /wp-login.php HTTP/1.1" 302 0 "-" "Mozilla"
2a09:bac1:34c0:28::3c1:3e - - [11/Jun/2025:12:28:57 -0400] "GET /404 HTTP/1.1" 404 8469 "-" "Mozilla"
198.54.114.35 - - [11/Jun/2025:12:28:58 -0400] "POST /wp-cron.php?doing_wp_cron=1749659338.7433409690856933593750 HTTP/1.1" 200 0 "-" "WordPress/6.8.1; https://client.socialdigiinnovator.com"
52.167.144.216 - - [11/Jun/2025:12:42:30 -0400] "GET /sitemaps.xml HTTP/1.1" 404 8471 "-" "Mozilla/5.0 AppleWebKit/537.36 (KHTML, like Gecko; compatible; bingbot/2.0; +http://www.bing.com/bingbot.htm) Chrome/116.0.1938.76 Safari/537.36"
198.54.114.35 - - [11/Jun/2025:12:42:34 -0400] "POST /wp-cron.php?doing_wp_cron=1749660153.8978290557861328125000 HTTP/1.1" 200 0 "-" "WordPress/6.8.1; https://client.socialdigiinnovator.com"
104.28.202.178 - - [11/Jun/2025:13:27:38 -0400] "GET /wp-login.php HTTP/1.1" 302 0 "http://client.socialdigiinnovator.com/wp-admin/" "Mozilla/5.0 (Windows NT 10.0; Win64; x64) AppleWebKit/537.36 (KHTML, like Gecko) Chrome/90.0.4430.85 Safari/537.36"
198.54.114.35 - - [11/Jun/2025:13:27:42 -0400] "POST /wp-cron.php?doing_wp_cron=1749662862.2044699192047119140625 HTTP/1.1" 200 0 "-" "WordPress/6.8.1; https://client.socialdigiinnovator.com"
104.28.202.178 - - [11/Jun/2025:13:27:43 -0400] "POST /404/wp-login.php HTTP/1.1" 302 0 "http://client.socialdigiinnovator.com/wp-admin/" "Mozilla/5.0 (Windows NT 10.0; Win64; x64) AppleWebKit/537.36 (KHTML, like Gecko) Chrome/90.0.4430.85 Safari/537.36"
104.28.202.178 - - [11/Jun/2025:13:27:43 -0400] "GET /404 HTTP/1.1" 404 8471 "http://client.socialdigiinnovator.com/wp-admin/" "Mozilla/5.0 (Windows NT 10.0; Win64; x64) AppleWebKit/537.36 (KHTML, like Gecko) Chrome/90.0.4430.85 Safari/537.36"
104.28.202.178 - - [11/Jun/2025:13:27:44 -0400] "GET /404/wp-admin/ HTTP/1.1" 404 8471 "www.google.com" "Mozilla/5.0 (Windows NT 10.0; Win64; x64) AppleWebKit/537.36 (KHTML, like Gecko) Chrome/90.0.4430.85 Safari/537.36"
198.54.114.35 - - [11/Jun/2025:13:28:47 -0400] "POST /wp-cron.php?doing_wp_cron=1749662927.2760748863220214843750 HTTP/1.1" 200 0 "-" "WordPress/6.8.1; https://client.socialdigiinnovator.com"
196.251.72.18 - - [11/Jun/2025:13:28:48 -0400] "GET /wp-admin/ HTTP/1.1" 302 0 "-" "-"
196.251.72.18 - - [11/Jun/2025:13:28:48 -0400] "GET /wp-login.php?redirect_to=https%3A%2F%2Fclient.socialdigiinnovator.com%2Fwp-admin%2F&reauth=1 HTTP/1.1" 302 0 "-" "-"
196.251.72.18 - - [11/Jun/2025:13:28:48 -0400] "GET /404 HTTP/1.1" 404 8469 "-" "-"
196.251.72.18 - - [11/Jun/2025:13:28:49 -0400] "GET /wordpress HTTP/1.1" 404 8471 "-" "-"
196.251.72.18 - - [11/Jun/2025:13:28:50 -0400] "GET /wp-admin/setup-config.php HTTP/1.1" 403 1242 "-" "-"
196.251.72.18 - - [11/Jun/2025:13:28:50 -0400] "GET /wp-admin/install.php HTTP/1.1" 200 442 "-" "-"
196.251.72.18 - - [11/Jun/2025:13:28:52 -0400] "GET /old HTTP/1.1" 404 8469 "-" "-"
196.251.72.18 - - [11/Jun/2025:13:28:53 -0400] "GET /test HTTP/1.1" 404 8471 "-" "-"
196.251.72.18 - - [11/Jun/2025:13:28:54 -0400] "GET /main HTTP/1.1" 404 8471 "-" "-"
196.251.72.18 - - [11/Jun/2025:13:28:54 -0400] "GET /prod HTTP/1.1" 404 8469 "-" "-"
196.251.72.18 - - [11/Jun/2025:13:28:55 -0400] "GET /backup HTTP/1.1" 404 8471 "-" "-"
196.251.72.18 - - [11/Jun/2025:13:28:56 -0400] "GET /protal HTTP/1.1" 404 8471 "-" "-"
196.251.72.18 - - [11/Jun/2025:13:28:56 -0400] "GET /wp-content HTTP/1.1" 301 795 "-" "-"
196.251.72.18 - - [11/Jun/2025:13:28:57 -0400] "GET /wp-content/ HTTP/1.1" 403 1242 "-" "-"
196.251.72.18 - - [11/Jun/2025:13:28:57 -0400] "GET /core HTTP/1.1" 404 8471 "-" "-"
196.251.72.18 - - [11/Jun/2025:13:28:57 -0400] "GET /staging HTTP/1.1" 404 8471 "-" "-"
196.251.72.18 - - [11/Jun/2025:13:28:58 -0400] "GET /wp-includes HTTP/1.1" 301 795 "-" "-"
196.251.72.18 - - [11/Jun/2025:13:28:58 -0400] "GET /wp-includes/ HTTP/1.1" 403 1242 "-" "-"
196.251.72.18 - - [11/Jun/2025:13:28:59 -0400] "GET /wp-admin/ HTTP/1.1" 302 0 "-" "-"
104.28.202.178 - - [11/Jun/2025:13:27:40 -0400] "GET /404 HTTP/1.1" 404 8471 "http://client.socialdigiinnovator.com/wp-admin/" "Mozilla/5.0 (Windows NT 10.0; Win64; x64) AppleWebKit/537.36 (KHTML, like Gecko) Chrome/90.0.4430.85 Safari/537.36"
196.251.72.18 - - [11/Jun/2025:13:28:47 -0400] "GET / HTTP/1.1" 200 9216 "-" "-"
196.251.72.18 - - [11/Jun/2025:13:28:47 -0400] "GET /wp-admin HTTP/1.1" 301 795 "-" "-"
196.251.72.18 - - [11/Jun/2025:13:28:50 -0400] "GET /wp HTTP/1.1" 404 8469 "-" "-"
196.251.72.18 - - [11/Jun/2025:13:28:51 -0400] "GET /blog HTTP/1.1" 404 8471 "-" "-"
196.251.72.18 - - [11/Jun/2025:13:28:52 -0400] "GET /new HTTP/1.1" 404 8471 "-" "-"
196.251.72.18 - - [11/Jun/2025:13:28:53 -0400] "GET /newsite HTTP/1.1" 404 8471 "-" "-"
196.251.72.18 - - [11/Jun/2025:13:28:55 -0400] "GET /dev HTTP/1.1" 404 8471 "-" "-"
196.251.72.18 - - [11/Jun/2025:13:28:58 -0400] "GET /testing HTTP/1.1" 404 8471 "-" "-"
196.251.72.18 - - [11/Jun/2025:13:28:59 -0400] "GET /admin HTTP/1.1" 302 0 "-" "-"
196.251.72.18 - - [11/Jun/2025:13:28:59 -0400] "GET /wp-login.php?redirect_to=https%3A%2F%2Fclient.socialdigiinnovator.com%2Fwp-admin%2F&reauth=1 HTTP/1.1" 302 0 "-" "-"
196.251.72.18 - - [11/Jun/2025:13:29:00 -0400] "GET /404 HTTP/1.1" 404 8471 "-" "-"
187.33.153.161 - - [11/Jun/2025:13:45:20 -0400] "GET /wp-login.php HTTP/1.1" 302 0 "-" "Mozilla/5.0 (Windows NT 10.0) AppleWebKit/537.36 (KHTML, like Gecko) Chrome/107.0.5304.63 Safari/537.36"
187.33.153.161 - - [11/Jun/2025:13:45:26 -0400] "GET /wp-login.php HTTP/1.1" 302 0 "-" "Mozilla/5.0 (Windows NT 6.3; Win64; x64) AppleWebKit/537.36 (KHTML, like Gecko) Chrome/107.0.5304.62 Safari/537.36"
187.33.153.161 - - [11/Jun/2025:13:45:26 -0400] "GET /404 HTTP/1.1" 404 8471 "-" "Mozilla/5.0 (Windows NT 6.3; Win64; x64) AppleWebKit/537.36 (KHTML, like Gecko) Chrome/107.0.5304.62 Safari/537.36"
187.33.153.161 - - [11/Jun/2025:13:45:27 -0400] "GET /wp-login.php HTTP/1.1" 302 0 "-" "Mozilla/5.0 (Windows NT 10.0; Win64; x64) AppleWebKit/537.36 (KHTML, like Gecko) Chrome/107.0.5304.62 Safari/537.36"
187.33.153.161 - - [11/Jun/2025:13:45:27 -0400] "GET /404 HTTP/1.1" 404 8471 "-" "Mozilla/5.0 (Windows NT 10.0; Win64; x64) AppleWebKit/537.36 (KHTML, like Gecko) Chrome/107.0.5304.62 Safari/537.36"
187.33.153.161 - - [11/Jun/2025:13:45:28 -0400] "GET /wp-login.php HTTP/1.1" 302 0 "-" "Mozilla/5.0 (Windows NT 10.0; WOW64) AppleWebKit/537.36 (KHTML, like Gecko) Chrome/106.0.5249.65 Safari/537.36"
187.33.153.161 - - [11/Jun/2025:13:45:28 -0400] "GET /404 HTTP/1.1" 404 8469 "-" "Mozilla/5.0 (Windows NT 10.0; WOW64) AppleWebKit/537.36 (KHTML, like Gecko) Chrome/106.0.5249.65 Safari/537.36"
198.54.114.35 - - [11/Jun/2025:13:45:23 -0400] "POST /wp-cron.php?doing_wp_cron=1749663923.4938409328460693359375 HTTP/1.1" 200 0 "-" "WordPress/6.8.1; https://client.socialdigiinnovator.com"
187.33.153.161 - - [11/Jun/2025:13:45:22 -0400] "GET /404 HTTP/1.1" 404 8471 "-" "Mozilla/5.0 (Windows NT 10.0) AppleWebKit/537.36 (KHTML, like Gecko) Chrome/107.0.5304.63 Safari/537.36"
187.33.153.161 - - [11/Jun/2025:13:45:25 -0400] "GET /wp-login.php HTTP/1.1" 302 0 "-" "Mozilla/5.0 (Windows NT 10.0; Win64; x64) AppleWebKit/537.36 (KHTML, like Gecko) Chrome/104.0.5112.81 Safari/537.36"
187.33.153.161 - - [11/Jun/2025:13:45:25 -0400] "GET /404 HTTP/1.1" 404 8471 "-" "Mozilla/5.0 (Windows NT 10.0; Win64; x64) AppleWebKit/537.36 (KHTML, like Gecko) Chrome/104.0.5112.81 Safari/537.36"
198.54.114.35 - - [11/Jun/2025:16:31:24 -0400] "POST /wp-cron.php?doing_wp_cron=1749673884.3818559646606445312500 HTTP/1.1" 200 0 "-" "WordPress/6.8.1; https://client.socialdigiinnovator.com"
198.54.114.35 - - [11/Jun/2025:16:31:24 -0400] "POST /wp-cron.php?doing_wp_cron=1749673884.3818550109863281250000 HTTP/1.1" 200 0 "-" "WordPress/6.8.1; https://client.socialdigiinnovator.com"
196.251.83.161 - - [11/Jun/2025:16:31:21 -0400] "GET /wp-content/plugins/fix/up.php HTTP/1.1" 404 8471 "-" "Mozilla/5.0 (Windows NT 10.0; Win64; x64) AppleWebKit/537.36 (KHTML, like Gecko) Chrome/85.0.4183.102 Safari/537.36"
196.251.83.161 - - [11/Jun/2025:16:31:21 -0400] "GET /wp-content/themes/seotheme/db.php?u HTTP/1.1" 404 8471 "www.google.com" "Mozlila/5.0 (Linux; Android 7.0; SM-G892A Bulid/NRD90M; wv) AppleWebKit/537.36 (KHTML, like Gecko) Version/4.0 Chrome/60.0.3112.107 Moblie Safari/537.36"
196.251.83.161 - - [11/Jun/2025:16:31:21 -0400] "POST /ALFA_DATA/alfacgiapi/perl.alfa HTTP/1.1" 404 8471 "www.google.com" "Mozlila/5.0 (Linux; Android 7.0; SM-G892A Bulid/NRD90M; wv) AppleWebKit/537.36 (KHTML, like Gecko) Version/4.0 Chrome/60.0.3112.107 Moblie Safari/537.36"
196.251.83.161 - - [11/Jun/2025:16:31:21 -0400] "GET /darhnkta.php?Fox=d3wL7 HTTP/1.1" 404 8471 "www.google.com" "Mozilla/5.0 (Linux; Android 7.0; SM-G892A Bulid/NRD90M; wv) AppleWebKit/537.36 (KHTML, like Gecko) Version/4.0 Chrome/60.0.3112.107 Moblie Safari/537.36"
196.251.83.161 - - [11/Jun/2025:16:31:25 -0400] "GET /wp-content/themes/seotheme/db.php?u HTTP/1.1" 404 8469 "www.google.com" "Mozlila/5.0 (Linux; Android 7.0; SM-G892A Bulid/NRD90M; wv) AppleWebKit/537.36 (KHTML, like Gecko) Version/4.0 Chrome/60.0.3112.107 Moblie Safari/537.36"
196.251.83.161 - - [11/Jun/2025:16:31:25 -0400] "POST /alfacgiapi/perl.alfa HTTP/1.1" 404 8471 "www.google.com" "Mozlila/5.0 (Linux; Android 7.0; SM-G892A Bulid/NRD90M; wv) AppleWebKit/537.36 (KHTML, like Gecko) Version/4.0 Chrome/60.0.3112.107 Moblie Safari/537.36"
196.251.83.161 - - [11/Jun/2025:16:31:25 -0400] "GET /wp-content/plugins/apikey/apikey.php?test=hello HTTP/1.1" 404 8471 "-" "Mozlila/5.0 (Linux; Android 7.0; SM-G892A Bulid/NRD90M; wv) AppleWebKit/537.36 (KHTML, like Gecko) Version/4.0 Chrome/60.0.3112.107 Moblie Safari/537.36"
196.251.83.161 - - [11/Jun/2025:16:31:26 -0400] "GET /plugins/content/apismtp/apismtp.php?test=hello HTTP/1.1" 404 8471 "-" "Mozlila/5.0 (Linux; Android 7.0; SM-G892A Bulid/NRD90M; wv) AppleWebKit/537.36 (KHTML, like Gecko) Version/4.0 Chrome/60.0.3112.107 Moblie Safari/537.36"
196.251.83.161 - - [11/Jun/2025:16:31:27 -0400] "GET /wp-content/plugins/apikey/apikey.php.suspected?test=hello HTTP/1.1" 404 8471 "-" "Mozlila/5.0 (Linux; Android 7.0; SM-G892A Bulid/NRD90M; wv) AppleWebKit/537.36 (KHTML, like Gecko) Version/4.0 Chrome/60.0.3112.107 Moblie Safari/537.36"
196.251.83.161 - - [11/Jun/2025:16:31:28 -0400] "GET /plugins/content/apismtp/apismtp.php.suspected?test=hello HTTP/1.1" 404 8471 "-" "Mozlila/5.0 (Linux; Android 7.0; SM-G892A Bulid/NRD90M; wv) AppleWebKit/537.36 (KHTML, like Gecko) Version/4.0 Chrome/60.0.3112.107 Moblie Safari/537.36"
196.251.83.161 - - [11/Jun/2025:16:31:21 -0400] "GET / HTTP/1.1" 200 9216 "-" "Mozlila/5.0 (Linux; Android 7.0; SM-G892A Bulid/NRD90M; wv) AppleWebKit/537.36 (KHTML, like Gecko) Version/4.0 Chrome/60.0.3112.107 Moblie Safari/537.36"
198.54.114.35 - - [11/Jun/2025:16:46:53 -0400] "POST /wp-cron.php?doing_wp_cron=1749674813.0935840606689453125000 HTTP/1.1" 200 0 "-" "WordPress/6.8.1; https://client.socialdigiinnovator.com"
45.95.214.205 - - [11/Jun/2025:16:46:47 -0400] "GET /assets/images/accesson.php HTTP/1.1" 404 8471 "-" "Mozilla/5.0 (Windows NT 10.0; Win64; x64; rv:81.0) Gecko/20100101 Firefox/81.0"
198.54.114.35 - - [11/Jun/2025:17:05:19 -0400] "POST /wp-cron.php?doing_wp_cron=1749675919.6687259674072265625000 HTTP/1.1" 200 0 "-" "WordPress/6.8.1; https://client.socialdigiinnovator.com"
2602:fb54:646:: - - [11/Jun/2025:17:05:18 -0400] "GET /404 HTTP/1.1" 404 8469 "-" "Mozilla/5.0 (Windows NT 10.0; Win64; x64) AppleWebKit/537.36"
2602:fb54:646:: - - [11/Jun/2025:17:05:14 -0400] "POST /wp-login.php HTTP/1.1" 302 0 "-" "Mozilla/5.0 (Windows NT 10.0; Win64; x64) AppleWebKit/537.36"
2602:fb54:646:: - - [11/Jun/2025:17:59:27 -0400] "POST /wp-login.php HTTP/1.1" 302 0 "-" "Mozilla/5.0 (Windows NT 10.0; Win64; x64) AppleWebKit/537.36"
198.54.114.35 - - [11/Jun/2025:17:59:30 -0400] "POST /wp-cron.php?doing_wp_cron=1749679170.6911039352416992187500 HTTP/1.1" 200 0 "-" "WordPress/6.8.1; https://client.socialdigiinnovator.com"
2602:fb54:646:: - - [11/Jun/2025:17:59:29 -0400] "GET /404 HTTP/1.1" 404 8471 "-" "Mozilla/5.0 (Windows NT 10.0; Win64; x64) AppleWebKit/537.36"
198.54.114.35 - - [11/Jun/2025:18:12:51 -0400] "POST /wp-cron.php?doing_wp_cron=1749679971.1778099536895751953125 HTTP/1.1" 200 0 "-" "WordPress/6.8.1; https://client.socialdigiinnovator.com"
216.244.66.226 - - [11/Jun/2025:18:12:48 -0400] "GET /robots.txt HTTP/1.1" 302 0 "-" "Mozilla/5.0 (compatible; DotBot/1.2; +https://opensiteexplorer.org/dotbot; help@moz.com)"
216.244.66.226 - - [11/Jun/2025:18:12:51 -0400] "GET /?redirect_to=https%3A%2F%2Fclient.socialdigiinnovator.com%2Frobots.txt HTTP/1.1" 200 9212 "-" "Mozilla/5.0 (compatible; DotBot/1.2; +https://opensiteexplorer.org/dotbot; help@moz.com)"
198.54.114.35 - - [11/Jun/2025:18:39:28 -0400] "POST /wp-cron.php?doing_wp_cron=1749681568.0369269847869873046875 HTTP/1.1" 200 0 "-" "WordPress/6.8.1; https://client.socialdigiinnovator.com"
110.249.201.57 - - [11/Jun/2025:18:39:25 -0400] "GET /robots.txt HTTP/1.1" 302 0 "-" "Mozilla/5.0 (Linux; Android 5.0) AppleWebKit/537.36 (KHTML, like Gecko) Mobile Safari/537.36 (compatible; Bytespider; https://zhanzhang.toutiao.com/)"
110.249.202.163 - - [11/Jun/2025:18:44:06 -0400] "GET /wp-content/uploads/2022/04/Logo_Job-removebg-preview-Custom-2-150x150.png HTTP/1.1" 200 11638 "-" "Mozilla/5.0 (Linux; Android 5.0) AppleWebKit/537.36 (KHTML, like Gecko) Mobile Safari/537.36 (compatible; Bytespider; https://zhanzhang.toutiao.com/)"