芝麻web文件管理V1.00
编辑当前文件:/home/sditechnicalteam/access-logs/ppclaunchers.com.sdipmtools.com-ssl_log
185.247.137.138 - - [30/May/2025:05:30:33 -0400] "GET / HTTP/1.1" 200 22384 "https://www.ppclaunchers.com" "Mozilla/5.0 (compatible; InternetMeasurement/1.0; +https://internet-measurement.com/)"
157.245.243.118 - - [30/May/2025:05:30:36 -0400] "GET /favicon.ico HTTP/1.1" 404 1251 "-" "Mozilla/5.0 (compatible; InternetMeasurement/1.0; +https://internet-measurement.com/)"
198.54.116.161 - - [30/May/2025:05:30:32 -0400] "POST /wp-cron.php?doing_wp_cron=1748597432.2917940616607666015625 HTTP/1.1" 200 0 "-" "WordPress/6.8.1; https://ppclaunchers.com"
185.247.137.138 - - [30/May/2025:05:30:28 -0400] "GET / HTTP/1.1" 301 0 "-" "Mozilla/5.0 (compatible; InternetMeasurement/1.0; +https://internet-measurement.com/)"
198.54.116.161 - - [30/May/2025:05:30:32 -0400] "POST /wp-admin/admin-ajax.php?action=async_litespeed&nonce=zRtQ9j79Y19yzSp1I0iLO4KoL6ULabNC&litespeed_type=imgoptm HTTP/1.1" 200 21 "-" "WordPress/6.8.1; https://ppclaunchers.com"
185.247.137.6 - - [30/May/2025:05:30:35 -0400] "GET /favicon.ico HTTP/1.1" 404 1251 "-" "Mozilla/5.0 (compatible; InternetMeasurement/1.0; +https://internet-measurement.com/)"
198.54.116.161 - - [30/May/2025:06:07:23 -0400] "POST /wp-cron.php?doing_wp_cron=1748599643.5330889225006103515625 HTTP/1.1" 200 0 "-" "WordPress/6.8.1; https://ppclaunchers.com"
43.156.168.214 - - [30/May/2025:06:07:21 -0400] "GET / HTTP/1.1" 301 0 "http://www.ppclaunchers.com" "Mozilla/5.0 (iPhone; CPU iPhone OS 13_2_3 like Mac OS X) AppleWebKit/605.1.15 (KHTML, like Gecko) Version/13.0.3 Mobile/15E148 Safari/604.1"
198.54.116.161 - - [30/May/2025:06:07:23 -0400] "POST /wp-admin/admin-ajax.php?action=async_litespeed&nonce=Ije5QEEpE5oOIdh0kG3ZjjHPjtiBAK1k&litespeed_type=imgoptm HTTP/1.1" 200 21 "-" "WordPress/6.8.1; https://ppclaunchers.com"
43.156.168.214 - - [30/May/2025:06:07:26 -0400] "GET / HTTP/1.1" 200 22384 "https://www.ppclaunchers.com/" "Mozilla/5.0 (iPhone; CPU iPhone OS 13_2_3 like Mac OS X) AppleWebKit/605.1.15 (KHTML, like Gecko) Version/13.0.3 Mobile/15E148 Safari/604.1"
43.157.158.178 - - [30/May/2025:06:19:50 -0400] "GET / HTTP/1.1" 200 22384 "-" "Mozilla/5.0 (iPhone; CPU iPhone OS 13_2_3 like Mac OS X) AppleWebKit/605.1.15 (KHTML, like Gecko) Version/13.0.3 Mobile/15E148 Safari/604.1"
43.166.134.114 - - [30/May/2025:06:31:27 -0400] "GET / HTTP/1.1" 200 22384 "-" "Mozilla/5.0 (iPhone; CPU iPhone OS 13_2_3 like Mac OS X) AppleWebKit/605.1.15 (KHTML, like Gecko) Version/13.0.3 Mobile/15E148 Safari/604.1"
68.65.121.149 - - [30/May/2025:06:16:46 -0400] "POST /wp-login.php HTTP/1.1" 302 0 "https://ppclaunchers.com" "Mozilla/5.0 (Windows NT 11.0; Win64; x64) AppleWebKit/537.36 (KHTML, like Gecko) Chrome/126.0.0.0 Safari/537.36"
198.54.116.161 - - [30/May/2025:06:16:47 -0400] "POST /wp-cron.php?doing_wp_cron=1748600207.6130499839782714843750 HTTP/1.1" 200 0 "-" "WordPress/6.8.1; https://ppclaunchers.com"
198.54.116.161 - - [30/May/2025:06:16:47 -0400] "POST /wp-admin/admin-ajax.php?action=async_litespeed&nonce=CrqEQSVozjIIMeO5zltnunxjezfaGB3s&litespeed_type=imgoptm HTTP/1.1" 200 21 "-" "WordPress/6.8.1; https://ppclaunchers.com"
68.65.121.149 - - [30/May/2025:06:16:47 -0400] "GET /404 HTTP/1.1" 404 12463 "https://ppclaunchers.com" "Mozilla/5.0 (Windows NT 11.0; Win64; x64) AppleWebKit/537.36 (KHTML, like Gecko) Chrome/126.0.0.0 Safari/537.36"
43.130.102.223 - - [30/May/2025:06:41:49 -0400] "GET / HTTP/1.1" 200 22384 "-" "Mozilla/5.0 (iPhone; CPU iPhone OS 13_2_3 like Mac OS X) AppleWebKit/605.1.15 (KHTML, like Gecko) Version/13.0.3 Mobile/15E148 Safari/604.1"
43.166.239.145 - - [30/May/2025:06:51:18 -0400] "GET / HTTP/1.1" 200 22384 "-" "Mozilla/5.0 (iPhone; CPU iPhone OS 13_2_3 like Mac OS X) AppleWebKit/605.1.15 (KHTML, like Gecko) Version/13.0.3 Mobile/15E148 Safari/604.1"
52.138.142.160 - - [30/May/2025:06:57:53 -0400] "GET /wp-content/plugins/hellopress/wp_filemanager.php HTTP/1.1" 404 48462 "-" "-"
52.138.142.160 - - [30/May/2025:06:57:57 -0400] "GET /wikindex.php HTTP/1.1" 404 48462 "-" "-"
52.138.142.160 - - [30/May/2025:06:58:01 -0400] "GET /xl2023.php HTTP/1.1" 404 48462 "-" "-"
52.138.142.160 - - [30/May/2025:06:58:02 -0400] "GET /wp-atom.php HTTP/1.1" 301 0 "-" "-"
52.138.142.160 - - [30/May/2025:06:58:04 -0400] "GET /class.php HTTP/1.1" 404 48462 "-" "-"
52.138.142.160 - - [30/May/2025:06:58:05 -0400] "GET /wp-files.php?p= HTTP/1.1" 301 0 "-" "-"
52.138.142.160 - - [30/May/2025:06:58:05 -0400] "GET /wp-files.php HTTP/1.1" 404 48462 "-" "-"
52.138.142.160 - - [30/May/2025:06:58:07 -0400] "GET /bless.php HTTP/1.1" 404 48462 "-" "-"
52.138.142.160 - - [30/May/2025:06:58:08 -0400] "GET /about.php?p= HTTP/1.1" 301 0 "-" "-"
52.138.142.160 - - [30/May/2025:06:58:08 -0400] "GET /about.php HTTP/1.1" 404 48462 "-" "-"
52.138.142.160 - - [30/May/2025:06:58:09 -0400] "GET /options-discussion.php HTTP/1.1" 404 48462 "-" "-"
52.138.142.160 - - [30/May/2025:06:58:10 -0400] "GET /tiny.php?p= HTTP/1.1" 301 0 "-" "-"
52.138.142.160 - - [30/May/2025:06:58:11 -0400] "GET /license.php HTTP/1.1" 404 48462 "-" "-"
52.138.142.160 - - [30/May/2025:06:58:12 -0400] "GET /test.php HTTP/1.1" 404 48462 "-" "-"
52.138.142.160 - - [30/May/2025:06:58:13 -0400] "GET /ethan.php HTTP/1.1" 404 48462 "-" "-"
198.54.116.161 - - [30/May/2025:06:58:16 -0400] "POST /wp-cron.php?doing_wp_cron=1748602696.1054100990295410156250 HTTP/1.1" 200 0 "-" "WordPress/6.8.1; https://ppclaunchers.com"
52.138.142.160 - - [30/May/2025:06:58:18 -0400] "GET /bs1.php HTTP/1.1" 404 48462 "-" "-"
198.54.116.161 - - [30/May/2025:06:57:55 -0400] "POST /wp-cron.php?doing_wp_cron=1748602675.9176309108734130859375 HTTP/1.1" 200 0 "-" "WordPress/6.8.1; https://ppclaunchers.com"
198.54.116.161 - - [30/May/2025:06:57:56 -0400] "POST /wp-admin/admin-ajax.php?action=async_litespeed&nonce=Q9Y8Mu1Benc1NJ3yAqb0eUHds0XvJsxp&litespeed_type=imgoptm HTTP/1.1" 200 21 "-" "WordPress/6.8.1; https://ppclaunchers.com"
52.138.142.160 - - [30/May/2025:06:57:57 -0400] "GET /wp_wrong_datlib.php HTTP/1.1" 404 48462 "-" "-"
52.138.142.160 - - [30/May/2025:06:57:58 -0400] "GET /4price.php HTTP/1.1" 404 48462 "-" "-"
52.138.142.160 - - [30/May/2025:06:57:59 -0400] "GET /utchiha.php HTTP/1.1" 404 48462 "-" "-"
52.138.142.160 - - [30/May/2025:06:58:00 -0400] "GET /plugin.php HTTP/1.1" 404 48462 "-" "-"
52.138.142.160 - - [30/May/2025:06:58:00 -0400] "GET /db.php HTTP/1.1" 404 48462 "-" "-"
52.138.142.160 - - [30/May/2025:06:58:02 -0400] "GET /feed/atom/ HTTP/1.1" 302 498 "-" "-"
52.138.142.160 - - [30/May/2025:06:58:02 -0400] "GET / HTTP/1.1" 200 121002 "-" "-"
52.138.142.160 - - [30/May/2025:06:58:03 -0400] "GET /wp-head.php HTTP/1.1" 404 48462 "-" "-"
52.138.142.160 - - [30/May/2025:06:58:03 -0400] "GET /0x.php HTTP/1.1" 404 48462 "-" "-"
52.138.142.160 - - [30/May/2025:06:58:06 -0400] "GET /alfanew.php7 HTTP/1.1" 404 48462 "-" "-"
52.138.142.160 - - [30/May/2025:06:58:07 -0400] "GET /upload.php HTTP/1.1" 404 48462 "-" "-"
52.138.142.160 - - [30/May/2025:06:58:10 -0400] "GET /tiny.php HTTP/1.1" 404 48462 "-" "-"
52.138.142.160 - - [30/May/2025:06:58:11 -0400] "GET /gif.php HTTP/1.1" 404 48462 "-" "-"
52.138.142.160 - - [30/May/2025:06:58:14 -0400] "GET /defaults.php HTTP/1.1" 404 48462 "-" "-"
52.138.142.160 - - [30/May/2025:06:58:14 -0400] "GET /network.php HTTP/1.1" 404 48462 "-" "-"
52.138.142.160 - - [30/May/2025:06:58:15 -0400] "GET /mycommand.php HTTP/1.1" 404 48462 "-" "-"
52.138.142.160 - - [30/May/2025:06:58:15 -0400] "GET /web.php HTTP/1.1" 404 48462 "-" "-"
198.54.116.161 - - [30/May/2025:06:58:16 -0400] "POST /wp-admin/admin-ajax.php?action=async_litespeed&nonce=uXTdSe390dXPJnXnrMx0c4Iyv7TJFCoZ&litespeed_type=imgoptm HTTP/1.1" 200 21 "-" "WordPress/6.8.1; https://ppclaunchers.com"
52.138.142.160 - - [30/May/2025:06:58:16 -0400] "GET /wp-admin.php HTTP/1.1" 404 48462 "-" "-"
52.138.142.160 - - [30/May/2025:06:58:17 -0400] "GET /update-core.php HTTP/1.1" 404 48462 "-" "-"
198.54.116.161 - - [30/May/2025:07:37:43 -0400] "POST /wp-cron.php?doing_wp_cron=1748605063.4308180809020996093750 HTTP/1.1" 200 0 "-" "WordPress/6.8.1; https://ppclaunchers.com"
87.236.176.249 - - [30/May/2025:07:37:45 -0400] "GET /favicon.ico HTTP/1.1" 404 1251 "-" "Mozilla/5.0 (compatible; InternetMeasurement/1.0; +https://internet-measurement.com/)"
64.227.110.161 - - [30/May/2025:07:37:45 -0400] "GET /favicon.ico HTTP/1.1" 404 1251 "-" "Mozilla/5.0 (compatible; InternetMeasurement/1.0; +https://internet-measurement.com/)"
185.247.137.101 - - [30/May/2025:07:37:41 -0400] "GET / HTTP/1.1" 301 0 "http://www.ppclaunchers.com" "Mozilla/5.0 (compatible; InternetMeasurement/1.0; +https://internet-measurement.com/)"
198.54.116.161 - - [30/May/2025:07:37:43 -0400] "POST /wp-admin/admin-ajax.php?action=async_litespeed&nonce=LMNcNoVmCryp6Wi7EDrKF4PV05vBc3vH&litespeed_type=imgoptm HTTP/1.1" 200 21 "-" "WordPress/6.8.1; https://ppclaunchers.com"
185.247.137.101 - - [30/May/2025:07:37:44 -0400] "GET / HTTP/1.1" 200 22384 "https://www.ppclaunchers.com/" "Mozilla/5.0 (compatible; InternetMeasurement/1.0; +https://internet-measurement.com/)"
185.247.137.195 - - [30/May/2025:07:37:45 -0400] "GET /favicon.ico HTTP/1.1" 404 1251 "-" "Mozilla/5.0 (compatible; InternetMeasurement/1.0; +https://internet-measurement.com/)"
64.227.109.89 - - [30/May/2025:07:37:45 -0400] "GET /favicon.ico HTTP/1.1" 404 1251 "-" "Mozilla/5.0 (compatible; InternetMeasurement/1.0; +https://internet-measurement.com/)"
198.54.116.161 - - [30/May/2025:08:42:21 -0400] "POST /wp-cron.php?doing_wp_cron=1748608941.3051791191101074218750 HTTP/1.1" 200 0 "-" "WordPress/6.8.1; https://ppclaunchers.com"
69.171.230.113 - - [30/May/2025:08:42:19 -0400] "GET /robots.txt HTTP/1.1" 200 67 "-" "facebookexternalhit/1.1 (+http://www.facebook.com/externalhit_uatext.php)"
198.54.116.161 - - [30/May/2025:08:42:21 -0400] "POST /wp-admin/admin-ajax.php?action=async_litespeed&nonce=hWp9VP7v74hm6F0cw6aftFjRwQmybxco&litespeed_type=imgoptm HTTP/1.1" 200 21 "-" "WordPress/6.8.1; https://ppclaunchers.com"
66.29.141.204 - - [30/May/2025:09:10:23 -0400] "POST /wp-login.php HTTP/1.1" 302 0 "https://ppclaunchers.com" "Mozilla/5.0 (Windows NT 10.0; Win64; x64; rv:125.0.1) Gecko/20100101 Firefox/125.0.1"
66.29.141.204 - - [30/May/2025:09:10:25 -0400] "GET /404 HTTP/1.1" 404 10983 "https://ppclaunchers.com" "Mozilla/5.0 (Windows NT 10.0; Win64; x64; rv:125.0.1) Gecko/20100101 Firefox/125.0.1"
198.54.116.161 - - [30/May/2025:09:10:26 -0400] "POST /wp-admin/admin-ajax.php?action=async_litespeed&nonce=ziKtxHorTU4pyhcNUb1wcr6yB4dkcbaD&litespeed_type=imgoptm HTTP/1.1" 200 21 "-" "WordPress/6.8.1; https://ppclaunchers.com"
198.54.116.161 - - [30/May/2025:09:14:53 -0400] "POST /wp-admin/admin-ajax.php?action=async_litespeed&nonce=J8I65F7lKQA1wbnSpplXYa4atfhls8DB&litespeed_type=imgoptm HTTP/1.1" 200 21 "-" "WordPress/6.8.1; https://ppclaunchers.com"
198.54.116.161 - - [30/May/2025:09:10:25 -0400] "POST /wp-cron.php?doing_wp_cron=1748610625.8920760154724121093750 HTTP/1.1" 200 0 "-" "WordPress/6.8.1; https://ppclaunchers.com"
198.54.116.161 - - [30/May/2025:09:14:53 -0400] "POST /wp-cron.php?doing_wp_cron=1748610893.4235720634460449218750 HTTP/1.1" 200 0 "-" "WordPress/6.8.1; https://ppclaunchers.com"
69.171.249.4 - - [30/May/2025:09:14:52 -0400] "GET /robots.txt HTTP/1.1" 301 0 "-" "facebookexternalhit/1.1 (+http://www.facebook.com/externalhit_uatext.php)"
69.171.249.4 - - [30/May/2025:09:14:53 -0400] "GET /robots.txt HTTP/1.1" 200 67 "-" "facebookexternalhit/1.1 (+http://www.facebook.com/externalhit_uatext.php)"
159.65.238.47 - - [30/May/2025:10:09:50 -0400] "GET / HTTP/1.1" 200 22384 "-" "Mozilla/5.0 (X11; Linux x86_64) AppleWebKit/537.36 (KHTML, like Gecko) Chrome/135.0.0.0 Safari/537.36"
159.65.238.47 - - [30/May/2025:10:09:52 -0400] "GET /favicon.ico HTTP/1.1" 404 1251 "https://ppclaunchers.com/" "Mozilla/5.0 (X11; Linux x86_64) AppleWebKit/537.36 (KHTML, like Gecko) Chrome/135.0.0.0 Safari/537.36"
165.232.176.166 - - [30/May/2025:10:27:45 -0400] "GET /.git/config HTTP/1.1" 403 1242 "-" "Mozilla/5.0 (Linux; Android 8.0.0; LLD-L31) AppleWebKit/537.36 (KHTML, like Gecko) Chrome/73.0.3683.90 Mobile Safari/537.36"
170.39.218.58 - - [30/May/2025:10:48:45 -0400] "GET / HTTP/1.1" 200 22384 "-" "Mozilla/5.0 (Windows NT 10.0; Win64; x64) AppleWebKit/537.36 Chrome/121.0.0.0"
8.217.209.55 - - [30/May/2025:11:01:42 -0400] "GET /robots.txt HTTP/1.1" 200 67 "-" "AliyunSecBot/Aliyun (AliyunSecBot@service.alibaba.com)"
8.217.211.241 - - [30/May/2025:11:01:43 -0400] "GET / HTTP/1.1" 200 18473 "-" "AliyunSecBot/Aliyun (AliyunSecBot@service.alibaba.com)"
45.157.54.23 - - [30/May/2025:11:13:50 -0400] "GET /wp-admin/includes/hello_dolly_v2.php HTTP/1.1" 404 48462 "-" "Mozilla/5.0 (Windows NT 10.0; Win64; x64) AppleWebKit/537.36 (KHTML, like Gecko) Chrome/127.0.0.0 Safari/537.36"