194.163.152.77 - - [30/May/2025:15:49:40 -0400] "GET //socialsolargreen.com/wp-content/plugins/elementor-pro/assets/js/frontend.min.js HTTP/1.1" 301 0 "-" "Mozilla/5.0 (Linux; U; Android 1.5; de-de; HTC Magic Build/PLAT-RC33) AppleWebKit/528.5 (KHTML, like Gecko) Version/3.1.2 Mobile Safari/525.20.1 FirePHP/0.3"
194.163.152.77 - - [30/May/2025:15:49:40 -0400] "GET //socialsolargreen.com/wp-content/plugins/elementor/assets/lib/swiper/v8/swiper.min.js HTTP/1.1" 301 0 "-" "Mozilla/5.0 (Macintosh; U; Intel Mac OS X 10.6; en-US; rv:1.9.2.14) Gecko/20110218 AlexaToolbar/alxf-2.0 Firefox/3.6.14"
194.163.152.77 - - [30/May/2025:15:49:40 -0400] "GET //socialsolargreen.com/wp-content/plugins/elementor/assets/lib/jquery-numerator/jquery-numerator.min.js HTTP/1.1" 301 0 "-" "Mozilla/4.0 (PSP (PlayStation Portable); 2.00)"
198.54.114.35 - - [30/May/2025:15:49:40 -0400] "POST /wp-admin/admin-ajax.php?action=async_litespeed&nonce=dHTDfPW2ZYzm0uKVQp7wSyBIRwxGX6VZ&litespeed_type=imgoptm HTTP/1.1" 200 5 "-" "WordPress/6.8.1; https://socialsolargreen.com"
194.163.152.77 - - [30/May/2025:15:49:41 -0400] "GET //socialsolargreen.com/wp-content/plugins/themesflat-addons-for-elementor/assets/js/anime.min.js HTTP/1.1" 301 0 "-" "Mozilla/5.0 (X11; Linux i686; rv:6.0a2) Gecko/20110615 Firefox/6.0a2 Iceweasel/6.0a2"
194.163.152.77 - - [30/May/2025:15:49:41 -0400] "GET //socialsolargreen.com/wp-content/plugins/themesflat-addons-for-elementor/assets/js/tf-flexslider.js HTTP/1.1" 301 0 "-" "Mozilla/5.0 (Windows NT 5.1) AppleWebKit/537.36 (KHTML, like Gecko) MxBrowser/4.5.10.7000 Chrome/30.0.1551.0 Safari/537.36"
198.54.114.35 - - [30/May/2025:15:53:52 -0400] "POST /wp-cron.php?doing_wp_cron=1748634832.0011389255523681640625 HTTP/1.1" 200 0 "-" "WordPress/6.8.1; https://socialsolargreen.com"
198.54.114.35 - - [30/May/2025:15:53:52 -0400] "POST /wp-admin/admin-ajax.php?action=async_litespeed&nonce=mNlh6IXEYQmrqBjs8eHjc3d11CR5z08C&litespeed_type=imgoptm HTTP/1.1" 200 5 "-" "WordPress/6.8.1; https://socialsolargreen.com"
102.130.117.188 - - [30/May/2025:15:56:09 -0400] "POST /wp-login.php HTTP/1.1" 302 0 "https://socialsolargreen.com" "Mozilla/5.0 (Windows NT 10.0; Win64; x64) AppleWebKit/537.36 (KHTML, like Gecko) Chrome/126.0.0.0 Safari/537.36 Edg/126.0.0.0"
102.130.117.188 - - [30/May/2025:15:56:11 -0400] "GET /404 HTTP/1.1" 404 22253 "https://socialsolargreen.com" "Mozilla/5.0 (Windows NT 10.0; Win64; x64) AppleWebKit/537.36 (KHTML, like Gecko) Chrome/126.0.0.0 Safari/537.36 Edg/126.0.0.0"
194.163.152.77 - - [30/May/2025:15:49:39 -0400] "GET //socialsolargreen.com/wp-includes/js/dist/hooks.min.js HTTP/1.1" 301 0 "-" "Mozilla/5.0 (X11; Linux x86_64; rv:10.0.1) Gecko/20100101 Firefox/10.0.1"
194.163.152.77 - - [30/May/2025:15:49:39 -0400] "GET //socialsolargreen.com/wp-content/themes/astra/assets/js/minified/frontend.min.js HTTP/1.1" 301 0 "-" "Mozilla/5.0 (Macintosh; Intel Mac OS X 10_13_6) AppleWebKit/605.1.15 (KHTML, like Gecko) Version/12.0.2 Safari/605.1.15"
194.163.152.77 - - [30/May/2025:15:49:40 -0400] "GET /wp-emoji-release.min.js HTTP/1.1" 404 22253 "-" "Mozilla/5.0 (X11; Linux x86_64) AppleWebKit/537.4 (KHTML like Gecko) Chrome/22.0.1229.56 Safari/537.4"
194.163.152.77 - - [30/May/2025:15:49:39 -0400] "GET //socialsolargreen.com/wp-content/plugins/themesflat-addons-for-elementor/assets/js/jquery.flexslider-min.js HTTP/1.1" 301 0 "-" "Mozilla/5.0 (Macintosh; U; PPC Mac OS X; en) AppleWebKit/418.8 (KHTML, like Gecko) Safari/419.3"
194.163.152.77 - - [30/May/2025:15:49:39 -0400] "GET //socialsolargreen.com/wp-content/plugins/themesflat-addons-for-elementor/assets/js/textanimation.js HTTP/1.1" 301 0 "-" "Mozilla/5.0 (Linux; Android 9; moto x4) AppleWebKit/537.36 (KHTML, like Gecko) Chrome/74.0.3729.157 Mobile Safari/537.36"
194.163.152.77 - - [30/May/2025:15:49:39 -0400] "GET //socialsolargreen.com/wp-content/plugins/elementor/assets/js/frontend-modules.min.js HTTP/1.1" 301 0 "-" "Mozilla/5.0 (Macintosh; Intel Mac OS X 10_11_1) AppleWebKit/537.36 (KHTML, like Gecko) Chrome/77.0.3833.99 Safari/537.36"
198.54.114.35 - - [30/May/2025:15:49:40 -0400] "POST /wp-cron.php?doing_wp_cron=1748634579.9866120815277099609375 HTTP/1.1" 200 0 "-" "WordPress/6.8.1; https://socialsolargreen.com"
194.163.152.77 - - [30/May/2025:15:49:40 -0400] "GET //socialsolargreen.com/wp-content/plugins/elementor-pro/assets/js/webpack-pro.runtime.min.js HTTP/1.1" 301 0 "-" "P3P Validator"
194.163.152.77 - - [30/May/2025:15:49:40 -0400] "GET //socialsolargreen.com/wp-content/plugins/elementskit-lite/libs/framework/assets/js/frontend-script.js HTTP/1.1" 301 0 "-" "iTunes/4.2 (Macintosh; U; PPC Mac OS X 10.2)"
194.163.152.77 - - [30/May/2025:15:49:40 -0400] "GET //socialsolargreen.com/wp-content/plugins/elementskit-lite/widgets/init/assets/js/animate-circle.min.js HTTP/1.1" 301 0 "-" "Mozilla/5.0 (Windows NT 6.3; Win64; x64) AppleWebKit/537.36 (KHTML, like Gecko) Chrome/78.0.3875.0 Safari/537.36"
194.163.152.77 - - [30/May/2025:15:49:40 -0400] "GET //socialsolargreen.com/wp-content/plugins/elementskit-lite/widgets/init/assets/js/elementor.js HTTP/1.1" 301 0 "-" "Mozilla/4.77 [en] (X11; I; IRIX;64 6.5 IP30)"
194.163.152.77 - - [30/May/2025:15:49:41 -0400] "GET //socialsolargreen.com/wp-content/plugins/elementor/assets/lib/swiper/swiper.min.js HTTP/1.1" 301 0 "-" "Mozilla/5.0 (Macintosh; Intel Mac OS X 10_13_4) AppleWebKit/537.36 (KHTML, like Gecko) Chrome/76.0.3809.100 Safari/537.36"
194.163.152.77 - - [30/May/2025:15:49:41 -0400] "GET //socialsolargreen.com/wp-includes/js/dist/i18n.min.js HTTP/1.1" 301 0 "-" "Mozilla/5.0 (Linux; Android 9; ASUS_X00QD) AppleWebKit/537.36 (KHTML, like Gecko) Chrome/76.0.3809.111 Mobile Safari/537.36"
195.20.18.145 - - [30/May/2025:15:53:50 -0400] "GET /elfinder/src/connectors/php/connector.php HTTP/1.1" 404 22474 "-" "ALittle Client"
198.54.114.35 - - [30/May/2025:16:11:18 -0400] "POST /wp-cron.php?doing_wp_cron=1748635877.9016211032867431640625 HTTP/1.1" 200 0 "-" "WordPress/6.8.1; https://socialsolargreen.com"
198.54.114.35 - - [30/May/2025:16:11:18 -0400] "POST /wp-cron.php?doing_wp_cron=1748635878.1965188980102539062500 HTTP/1.1" 200 0 "-" "WordPress/6.8.1; https://socialsolargreen.com"
40.77.167.241 - - [30/May/2025:16:11:15 -0400] "GET /public/pre_scr/index.html HTTP/1.1" 301 0 "-" "Mozilla/5.0 AppleWebKit/537.36 (KHTML, like Gecko; compatible; bingbot/2.0; +http://www.bing.com/bingbot.htm) Chrome/116.0.1938.76 Safari/537.36"
198.54.114.35 - - [30/May/2025:16:12:55 -0400] "POST /wp-cron.php?doing_wp_cron=1748635975.1112730503082275390625 HTTP/1.1" 200 0 "-" "WordPress/6.8.1; https://socialsolargreen.com"
198.54.120.17 - - [30/May/2025:16:12:54 -0400] "GET /404 HTTP/1.1" 404 22253 "https://socialsolargreen.com" "Mozilla/5.0 (Macintosh; Intel Mac OS X 10_15_7; rv:126.0) Gecko/20100101 Firefox/126.0"
198.54.114.35 - - [30/May/2025:16:11:18 -0400] "POST /wp-admin/admin-ajax.php?action=async_litespeed&nonce=UbkkFJoZKgjrNbz5C0Z3FqS0qyC9GAHo&litespeed_type=imgoptm HTTP/1.1" 200 5 "-" "WordPress/6.8.1; https://socialsolargreen.com"
198.54.120.17 - - [30/May/2025:16:12:53 -0400] "POST /wp-login.php HTTP/1.1" 302 0 "https://socialsolargreen.com" "Mozilla/5.0 (Macintosh; Intel Mac OS X 10_15_7; rv:126.0) Gecko/20100101 Firefox/126.0"
198.54.114.35 - - [30/May/2025:16:12:55 -0400] "POST /wp-admin/admin-ajax.php?action=async_litespeed&nonce=I6HqXXVWcXqeAvC8T8cLCi2AJTsVsmFQ&litespeed_type=imgoptm HTTP/1.1" 200 5 "-" "WordPress/6.8.1; https://socialsolargreen.com"
198.54.114.35 - - [30/May/2025:16:34:16 -0400] "POST /wp-cron.php?doing_wp_cron=1748637256.5152249336242675781250 HTTP/1.1" 200 0 "-" "WordPress/6.8.1; https://socialsolargreen.com"
43.167.241.46 - - [30/May/2025:16:34:13 -0400] "GET / HTTP/1.1" 301 0 "http://www.socialsolargreen.com" "Mozilla/5.0 (iPhone; CPU iPhone OS 13_2_3 like Mac OS X) AppleWebKit/605.1.15 (KHTML, like Gecko) Version/13.0.3 Mobile/15E148 Safari/604.1"
198.54.114.35 - - [30/May/2025:16:34:17 -0400] "POST /wp-admin/admin-ajax.php?action=async_litespeed&nonce=fpPnmD6hwod63r18z6QW5yX9KXwY9Jtu&litespeed_type=imgoptm HTTP/1.1" 200 5 "-" "WordPress/6.8.1; https://socialsolargreen.com"
198.54.114.35 - - [30/May/2025:16:35:41 -0400] "POST /wp-cron.php?doing_wp_cron=1748637341.2569320201873779296875 HTTP/1.1" 200 0 "-" "WordPress/6.8.1; https://socialsolargreen.com"
52.167.144.19 - - [30/May/2025:16:35:39 -0400] "GET /japanese_extension/ HTTP/1.1" 301 0 "-" "Mozilla/5.0 AppleWebKit/537.36 (KHTML, like Gecko; compatible; bingbot/2.0; +http://www.bing.com/bingbot.htm) Chrome/116.0.1938.76 Safari/537.36"
43.167.241.46 - - [30/May/2025:16:34:18 -0400] "GET / HTTP/1.1" 200 29842 "https://www.socialsolargreen.com/" "Mozilla/5.0 (iPhone; CPU iPhone OS 13_2_3 like Mac OS X) AppleWebKit/605.1.15 (KHTML, like Gecko) Version/13.0.3 Mobile/15E148 Safari/604.1"
198.54.114.35 - - [30/May/2025:16:35:41 -0400] "POST /wp-admin/admin-ajax.php?action=async_litespeed&nonce=vWw7kxdxamFTtDpiyuW8VzXLPDjaeGNy&litespeed_type=imgoptm HTTP/1.1" 200 5 "-" "WordPress/6.8.1; https://socialsolargreen.com"
198.54.114.126 - - [30/May/2025:16:45:56 -0400] "POST /wp-login.php HTTP/1.1" 302 0 "https://socialsolargreen.com" "Mozilla/5.0 (Windows NT 11.0; Win64; x64; rv:126.0) Gecko/20100101 Firefox/126.0"
178.20.42.24 - - [30/May/2025:16:42:10 -0400] "GET / HTTP/1.1" 200 29842 "-" "Mozilla/5.0 (Windows NT 11.0; Win64; x64) AppleWebKit/537.36 (KHTML, like Gecko) Chrome/136.0.7103.49 Safari/537.36"
198.54.114.35 - - [30/May/2025:16:44:01 -0400] "POST /wp-cron.php?doing_wp_cron=1748637840.8685359954833984375000 HTTP/1.1" 200 0 "-" "WordPress/6.8.1; https://socialsolargreen.com"
198.54.114.35 - - [30/May/2025:16:44:01 -0400] "POST /wp-admin/admin-ajax.php?action=async_litespeed&nonce=YBYHrrmU1hzD072W9qh5wZQFrpEvJOSu&litespeed_type=imgoptm HTTP/1.1" 200 5 "-" "WordPress/6.8.1; https://socialsolargreen.com"
2602:fb54:9fa:: - - [30/May/2025:16:43:59 -0400] "GET /wp-content/plugins/HelloDollyV2/hello_dolly_v2.php HTTP/1.1" 404 22455 "www.google.com" "Mozilla/5.0 (Linux; Android 7.0; SM-G892A Build/NRD90M; wv) AppleWebKit/537.36 (KHTML, like Gecko) Version/4.0 Chrome/60.0.3112.107 Mobile Safari/537.36"
198.54.114.126 - - [30/May/2025:16:45:57 -0400] "GET /404 HTTP/1.1" 404 22253 "https://socialsolargreen.com" "Mozilla/5.0 (Windows NT 11.0; Win64; x64; rv:126.0) Gecko/20100101 Firefox/126.0"
51.81.182.241 - - [30/May/2025:17:02:18 -0400] "POST /wp-login.php HTTP/1.1" 302 0 "https://socialsolargreen.com" "Mozilla/5.0 (Macintosh; Intel Mac OS X 10_15_7; rv:127.0) Gecko/20100101 Firefox/127.0"
51.81.182.241 - - [30/May/2025:17:02:20 -0400] "GET /404 HTTP/1.1" 404 22253 "https://socialsolargreen.com" "Mozilla/5.0 (Macintosh; Intel Mac OS X 10_15_7; rv:127.0) Gecko/20100101 Firefox/127.0"
198.54.114.35 - - [30/May/2025:17:06:19 -0400] "POST /wp-cron.php?doing_wp_cron=1748639179.4646019935607910156250 HTTP/1.1" 200 0 "-" "WordPress/6.8.1; https://socialsolargreen.com"
198.54.114.35 - - [30/May/2025:17:06:20 -0400] "POST /wp-admin/admin-ajax.php?action=async_litespeed&nonce=rcjVnjoqqNqu8REhf52ocZUWDEKp6XTH&litespeed_type=imgoptm HTTP/1.1" 200 5 "-" "WordPress/6.8.1; https://socialsolargreen.com"
196.251.85.138 - - [30/May/2025:17:06:22 -0400] "GET /about-us/ HTTP/1.1" 200 27280 "-" "Mozilla/5.0 (Windows NT 6.1; WOW64; Trident/7.0; TNJB; rv:11.0) like Gecko"
107.174.244.98 - - [30/May/2025:17:06:23 -0400] "GET / HTTP/1.1" 200 29842 "-" "Mozilla/5.0 (Linux; Android 4.4.3; KFTHWI Build/KTU84M) AppleWebKit/537.36 (KHTML, like Gecko) Version/4.0 Chrome/34.0.0.0 Safari/537.36"
198.23.221.59 - - [30/May/2025:17:06:23 -0400] "GET /about-us/ HTTP/1.1" 200 27280 "-" "Mozilla/5.0 (compatible; MSIE 10.0; Windows NT 6.1; Win64; x64; Trident/7.0)"
198.23.221.59 - - [30/May/2025:17:06:24 -0400] "POST /about-us/ HTTP/1.1" 200 27234 "https://socialsolargreen.com/about-us/" "Mozilla/5.0 (compatible; MSIE 10.0; Windows NT 6.1; Win64; x64; Trident/7.0)"
196.251.85.138 - - [30/May/2025:17:06:16 -0400] "GET / HTTP/1.1" 200 29842 "-" "Mozilla/5.0 (Windows NT 6.1; WOW64; Trident/7.0; TNJB; rv:11.0) like Gecko"
196.251.85.138 - - [30/May/2025:17:06:16 -0400] "GET /tel:03111355554 HTTP/1.1" 404 22252 "-" "Mozilla/5.0 (Windows NT 6.1; WOW64; Trident/7.0; TNJB; rv:11.0) like Gecko"
196.251.85.138 - - [30/May/2025:17:06:21 -0400] "GET / HTTP/1.1" 200 29842 "-" "Mozilla/5.0 (Windows NT 6.1; WOW64; Trident/7.0; TNJB; rv:11.0) like Gecko"
204.137.14.68 - - [30/May/2025:17:06:23 -0400] "GET / HTTP/1.1" 200 29842 "-" "Mozilla/5.0 (compatible; MSIE 9.0; Windows NT 6.1; WOW64; Trident/5.0; SLCC2; .NET CLR 2.0.50727; .NET CLR 3.5.30729; .NET CLR 3.0.30729; .NET4.0C; .NET4.0E)"
107.174.244.98 - - [30/May/2025:17:06:23 -0400] "POST / HTTP/1.1" 200 29727 "https://socialsolargreen.com" "Mozilla/5.0 (Linux; Android 4.4.3; KFTHWI Build/KTU84M) AppleWebKit/537.36 (KHTML, like Gecko) Version/4.0 Chrome/34.0.0.0 Safari/537.36"
204.137.14.68 - - [30/May/2025:17:06:24 -0400] "POST / HTTP/1.1" 200 29790 "https://socialsolargreen.com/" "Mozilla/5.0 (compatible; MSIE 9.0; Windows NT 6.1; WOW64; Trident/5.0; SLCC2; .NET CLR 2.0.50727; .NET CLR 3.5.30729; .NET CLR 3.0.30729; .NET4.0C; .NET4.0E)"