52.138.141.254 - - [30/May/2025:10:04:16 -0400] "GET /cgi-bin/404.php HTTP/1.1" 404 22253 "-" "-"
52.138.141.254 - - [30/May/2025:10:04:20 -0400] "GET /wp-includes/wp-activate.php HTTP/1.1" 404 22252 "-" "-"
52.138.141.254 - - [30/May/2025:10:04:22 -0400] "GET /wp-content/upgrade/function.php HTTP/1.1" 404 22474 "-" "-"
52.138.141.254 - - [30/May/2025:10:04:23 -0400] "GET /wp-admin/css/license.php HTTP/1.1" 404 22474 "-" "-"
52.138.141.254 - - [30/May/2025:10:04:24 -0400] "GET /wp-content/radio.php HTTP/1.1" 404 22253 "-" "-"
52.138.141.254 - - [30/May/2025:10:04:25 -0400] "GET /wp-content/plugins/dropdown.php HTTP/1.1" 404 22474 "-" "-"
52.138.141.254 - - [30/May/2025:10:04:27 -0400] "GET /.tmb/admin.php HTTP/1.1" 404 22253 "-" "-"
52.138.141.254 - - [30/May/2025:10:04:28 -0400] "GET /.tmb/wp-login.php HTTP/1.1" 302 0 "-" "-"
52.138.141.254 - - [30/May/2025:10:04:30 -0400] "GET /404 HTTP/1.1" 404 22253 "-" "-"
52.138.141.254 - - [30/May/2025:10:04:31 -0400] "GET /cgi-bin/plugins.php HTTP/1.1" 404 22253 "-" "-"
52.138.141.254 - - [30/May/2025:10:04:34 -0400] "GET /contents.php/lv.php HTTP/1.1" 404 22253 "-" "-"
52.138.141.254 - - [30/May/2025:10:04:34 -0400] "GET /css/admin.php HTTP/1.1" 404 22253 "-" "-"
52.138.141.254 - - [30/May/2025:10:04:36 -0400] "GET /erin1.PhP7 HTTP/1.1" 404 22253 "-" "-"
52.138.141.254 - - [30/May/2025:10:04:37 -0400] "GET /fosil.php HTTP/1.1" 404 22253 "-" "-"
52.138.141.254 - - [30/May/2025:10:04:37 -0400] "GET /fresh: HTTP/1.1" 404 22253 "-" "-"
198.54.114.35 - - [30/May/2025:10:04:39 -0400] "POST /wp-admin/admin-ajax.php?action=async_litespeed&nonce=AO5swGwm7ojCIErS9TIEt1oRgTFckwqV&litespeed_type=imgoptm HTTP/1.1" 200 5 "-" "WordPress/6.8.1; https://socialsolargreen.com"
52.138.141.254 - - [30/May/2025:10:04:40 -0400] "GET /ioxi002.PhP7 HTTP/1.1" 404 22252 "-" "-"
52.138.141.254 - - [30/May/2025:10:04:43 -0400] "GET /randkeyword.PhP7 HTTP/1.1" 404 22253 "-" "-"
52.138.141.254 - - [30/May/2025:10:04:32 -0400] "GET /class.api.php HTTP/1.1" 404 22253 "-" "-"
52.138.141.254 - - [30/May/2025:10:04:33 -0400] "GET /cms.php?cmsinc=login HTTP/1.1" 404 22253 "-" "-"
52.138.141.254 - - [30/May/2025:10:04:35 -0400] "GET /daddy.php HTTP/1.1" 404 22253 "-" "-"
52.138.141.254 - - [30/May/2025:10:04:36 -0400] "GET /ee.php HTTP/1.1" 404 22253 "-" "-"
52.138.141.254 - - [30/May/2025:10:04:38 -0400] "GET /images/content.php HTTP/1.1" 404 22253 "-" "-"
198.54.114.35 - - [30/May/2025:10:04:39 -0400] "POST /wp-cron.php?doing_wp_cron=1748613879.2433519363403320312500 HTTP/1.1" 200 0 "-" "WordPress/6.8.1; https://socialsolargreen.com"
52.138.141.254 - - [30/May/2025:10:04:39 -0400] "GET /indeex.php HTTP/1.1" 404 22253 "-" "-"
52.138.141.254 - - [30/May/2025:10:04:40 -0400] "GET /gel4y.php HTTP/1.1" 404 22253 "-" "-"
52.138.141.254 - - [30/May/2025:10:04:40 -0400] "GET /input.php HTTP/1.1" 404 22252 "-" "-"
52.138.141.254 - - [30/May/2025:10:04:41 -0400] "GET /main.php HTTP/1.1" 404 22252 "-" "-"
52.138.141.254 - - [30/May/2025:10:04:42 -0400] "GET /menu.php HTTP/1.1" 404 22253 "-" "-"
52.138.141.254 - - [30/May/2025:10:04:42 -0400] "GET /pylSE9O2gWV.php HTTP/1.1" 404 22253 "-" "-"
186.209.113.104 - - [30/May/2025:10:18:42 -0400] "POST /wp-login.php HTTP/1.1" 302 0 "https://socialsolargreen.com" "Mozilla/5.0 (Macintosh; Intel Mac OS X 10_15_7) AppleWebKit/537.36 (KHTML, like Gecko) Chrome/116.0.5845.96 Safari/537.36"
198.54.114.35 - - [30/May/2025:10:18:45 -0400] "POST /wp-admin/admin-ajax.php?action=async_litespeed&nonce=raAP8lOuVpdutRXtoTJiYUfmiemapGii&litespeed_type=imgoptm HTTP/1.1" 200 5 "-" "WordPress/6.8.1; https://socialsolargreen.com"
186.209.113.104 - - [30/May/2025:10:18:44 -0400] "GET /404 HTTP/1.1" 404 22253 "https://socialsolargreen.com" "Mozilla/5.0 (Macintosh; Intel Mac OS X 10_15_7) AppleWebKit/537.36 (KHTML, like Gecko) Chrome/116.0.5845.96 Safari/537.36"
198.54.114.35 - - [30/May/2025:10:18:45 -0400] "POST /wp-cron.php?doing_wp_cron=1748614724.8338470458984375000000 HTTP/1.1" 200 0 "-" "WordPress/6.8.1; https://socialsolargreen.com"
198.54.114.35 - - [30/May/2025:10:18:45 -0400] "POST /wp-cron.php?doing_wp_cron=1748614725.1116271018981933593750 HTTP/1.1" 200 0 "-" "WordPress/6.8.1; https://socialsolargreen.com"
185.252.31.27 - - [30/May/2025:10:36:45 -0400] "POST /wp-login.php HTTP/1.1" 302 0 "https://socialsolargreen.com" "Mozilla/5.0 (Windows NT 10.0; Win64; x64) AppleWebKit/537.36 (KHTML, like Gecko) Chrome/115.0.5790.171 Safari/537.36 Edg/115.0.1901.203"
185.252.31.27 - - [30/May/2025:10:36:46 -0400] "GET /404 HTTP/1.1" 404 22253 "https://socialsolargreen.com" "Mozilla/5.0 (Windows NT 10.0; Win64; x64) AppleWebKit/537.36 (KHTML, like Gecko) Chrome/115.0.5790.171 Safari/537.36 Edg/115.0.1901.203"
198.54.114.35 - - [30/May/2025:10:37:45 -0400] "POST /wp-cron.php?doing_wp_cron=1748615865.7125599384307861328125 HTTP/1.1" 200 0 "-" "WordPress/6.8.1; https://socialsolargreen.com"
40.77.167.70 - - [30/May/2025:10:37:44 -0400] "GET /learn-more/sun-care/ HTTP/1.1" 301 0 "-" "Mozilla/5.0 AppleWebKit/537.36 (KHTML, like Gecko; compatible; bingbot/2.0; +http://www.bing.com/bingbot.htm) Chrome/116.0.1938.76 Safari/537.36"
198.54.114.35 - - [30/May/2025:10:37:46 -0400] "POST /wp-admin/admin-ajax.php?action=async_litespeed&nonce=jH7EVnagioPRBfzUr5VAkrhawlwFplYL&litespeed_type=imgoptm HTTP/1.1" 200 5 "-" "WordPress/6.8.1; https://socialsolargreen.com"
198.54.114.35 - - [30/May/2025:10:41:26 -0400] "POST /wp-admin/admin-ajax.php?action=async_litespeed&nonce=3ccUMh3CoEYCFCvhomMzms7CRoV40tBb&litespeed_type=imgoptm HTTP/1.1" 200 5 "-" "WordPress/6.8.1; https://socialsolargreen.com"
198.44.189.86 - - [30/May/2025:10:41:27 -0400] "GET //wp-json/wp/v2/users/ HTTP/1.1" 200 904 "-" "Mozilla/5.0 (Windows NT 10.0; Win64; x64) AppleWebKit/537.36 (KHTML, like Gecko) Chrome/80.0.3987.149 Safari/537.36"
165.232.176.166 - - [30/May/2025:10:44:21 -0400] "GET /.git/config HTTP/1.1" 403 1242 "-" "Mozilla/5.0 (Linux; Android 9; SM-N950U) AppleWebKit/537.36 (KHTML, like Gecko) Chrome/76.0.3809.89 Mobile Safari/537.36"
198.44.189.86 - - [30/May/2025:10:41:23 -0400] "GET / HTTP/1.1" 200 29842 "-" "Mozilla/5.0 (Windows NT 10.0; Win64; x64) AppleWebKit/537.36 (KHTML, like Gecko) Chrome/80.0.3987.149 Safari/537.36"
198.54.114.35 - - [30/May/2025:10:41:26 -0400] "POST /wp-cron.php?doing_wp_cron=1748616085.8881049156188964843750 HTTP/1.1" 200 0 "-" "WordPress/6.8.1; https://socialsolargreen.com"
198.44.189.86 - - [30/May/2025:10:41:24 -0400] "GET //wp-includes/wlwmanifest.xml HTTP/1.1" 301 0 "-" "Mozilla/5.0 (Windows NT 10.0; Win64; x64) AppleWebKit/537.36 (KHTML, like Gecko) Chrome/80.0.3987.149 Safari/537.36"
198.44.189.86 - - [30/May/2025:10:41:26 -0400] "GET / HTTP/1.1" 200 29842 "-" "Mozilla/5.0 (Windows NT 10.0; Win64; x64) AppleWebKit/537.36 (KHTML, like Gecko) Chrome/80.0.3987.149 Safari/537.36"
198.44.189.86 - - [30/May/2025:10:41:27 -0400] "GET //?author=1 HTTP/1.1" 301 0 "-" "Mozilla/5.0 (Windows NT 10.0; Win64; x64) AppleWebKit/537.36 (KHTML, like Gecko) Chrome/80.0.3987.149 Safari/537.36"
198.44.189.86 - - [30/May/2025:10:41:27 -0400] "GET //?author=2 HTTP/1.1" 301 0 "-" "Mozilla/5.0 (Windows NT 10.0; Win64; x64) AppleWebKit/537.36 (KHTML, like Gecko) Chrome/80.0.3987.149 Safari/537.36"
91.151.95.70 - - [30/May/2025:10:54:26 -0400] "POST /wp-login.php HTTP/1.1" 302 0 "https://socialsolargreen.com" "Mozilla/5.0 (Windows NT 10.0; Win64; x64; rv:129.0) Gecko/20100101 Firefox/129.0"
91.151.95.70 - - [30/May/2025:10:54:27 -0400] "GET /404 HTTP/1.1" 404 22253 "https://socialsolargreen.com" "Mozilla/5.0 (Windows NT 10.0; Win64; x64; rv:129.0) Gecko/20100101 Firefox/129.0"
156.241.137.2 - - [30/May/2025:11:10:40 -0400] "GET /404 HTTP/1.1" 404 22253 "-" "Mozilla"
198.54.114.35 - - [30/May/2025:11:11:15 -0400] "POST /wp-cron.php?doing_wp_cron=1748617874.9926419258117675781250 HTTP/1.1" 200 0 "-" "WordPress/6.8.1; https://socialsolargreen.com"
198.54.114.35 - - [30/May/2025:11:11:15 -0400] "POST /wp-admin/admin-ajax.php?action=async_litespeed&nonce=vgDyhHZdOwZYj4xczSfoE1gDPLdGYvJ0&litespeed_type=imgoptm HTTP/1.1" 200 5 "-" "WordPress/6.8.1; https://socialsolargreen.com"
165.22.146.113 - - [30/May/2025:11:12:10 -0400] "POST /wp-login.php HTTP/1.1" 302 0 "https://socialsolargreen.com" "Mozilla/5.0 (Windows NT 11.0; Win64; x64; rv:126.0) Gecko/20100101 Firefox/126.0"
34.211.115.120 - - [30/May/2025:11:10:00 -0400] "HEAD / HTTP/1.1" 200 0 "-" "Mozilla/5.0 (Macintosh; U; Intel Mac OS X 10_6_6; it-it) AppleWebKit/533.20.25 (KHTML, like Gecko) Version/5.0.4 Safari/533.20.27"
156.241.137.2 - - [30/May/2025:11:10:39 -0400] "POST /wp-login.php HTTP/1.1" 302 0 "-" "Mozilla"
43.156.202.34 - - [30/May/2025:11:11:13 -0400] "GET / HTTP/1.1" 301 0 "http://www.socialsolargreen.com" "Mozilla/5.0 (iPhone; CPU iPhone OS 13_2_3 like Mac OS X) AppleWebKit/605.1.15 (KHTML, like Gecko) Version/13.0.3 Mobile/15E148 Safari/604.1"
43.156.202.34 - - [30/May/2025:11:11:16 -0400] "GET / HTTP/1.1" 200 29842 "https://www.socialsolargreen.com/" "Mozilla/5.0 (iPhone; CPU iPhone OS 13_2_3 like Mac OS X) AppleWebKit/605.1.15 (KHTML, like Gecko) Version/13.0.3 Mobile/15E148 Safari/604.1"
165.22.146.113 - - [30/May/2025:11:12:10 -0400] "GET /404 HTTP/1.1" 404 22253 "https://socialsolargreen.com" "Mozilla/5.0 (Windows NT 11.0; Win64; x64; rv:126.0) Gecko/20100101 Firefox/126.0"
198.54.114.35 - - [30/May/2025:11:27:28 -0400] "POST /wp-cron.php?doing_wp_cron=1748618848.2315039634704589843750 HTTP/1.1" 200 0 "-" "WordPress/6.8.1; https://socialsolargreen.com"
198.54.114.35 - - [30/May/2025:11:27:28 -0400] "POST /wp-cron.php?doing_wp_cron=1748618848.5872120857238769531250 HTTP/1.1" 200 0 "-" "WordPress/6.8.1; https://socialsolargreen.com"
198.54.114.35 - - [30/May/2025:11:27:28 -0400] "POST /wp-admin/admin-ajax.php?action=async_litespeed&nonce=wt65joHsFMJFb7lvUhfOE3zEckERI5Ld&litespeed_type=imgoptm HTTP/1.1" 200 5 "-" "WordPress/6.8.1; https://socialsolargreen.com"
2602:fb54:303:: - - [30/May/2025:11:27:26 -0400] "GET /wp-content/plugins/HelloDollyV2/hello_dolly_v2.php HTTP/1.1" 404 22454 "www.google.com" "Mozilla/5.0 (Linux; Android 7.0; SM-G892A Build/NRD90M; wv) AppleWebKit/537.36 (KHTML, like Gecko) Version/4.0 Chrome/60.0.3112.107 Mobile Safari/537.36"
198.54.114.35 - - [30/May/2025:11:27:48 -0400] "POST /wp-cron.php?doing_wp_cron=1748618868.4370660781860351562500 HTTP/1.1" 200 0 "-" "WordPress/6.8.1; https://socialsolargreen.com"
2602:fb54:303:: - - [30/May/2025:11:27:48 -0400] "GET /wp-content/themes/hello_dolly_v2.php HTTP/1.1" 404 22454 "www.google.com" "Mozilla/5.0 (Linux; Android 7.0; SM-G892A Build/NRD90M; wv) AppleWebKit/537.36 (KHTML, like Gecko) Version/4.0 Chrome/60.0.3112.107 Mobile Safari/537.36"
2602:fb54:303:: - - [30/May/2025:11:28:33 -0400] "GET /adrivz1.php HTTP/1.1" 404 22207 "www.google.com" "Mozilla/5.0 (Linux; Android 7.0; SM-G892A Build/NRD90M; wv) AppleWebKit/537.36 (KHTML, like Gecko) Version/4.0 Chrome/60.0.3112.107 Mobile Safari/537.36"
66.249.70.39 - - [30/May/2025:11:29:34 -0400] "GET /robots.txt HTTP/1.1" 200 102 "-" "Mozilla/5.0 (compatible; Googlebot/2.1; +http://www.google.com/bot.html)"
66.249.70.38 - - [30/May/2025:11:29:34 -0400] "GET /ads.txt HTTP/1.1" 404 22253 "-" "Mozilla/5.0 (compatible; Googlebot/2.1; +http://www.google.com/bot.html)"
198.54.114.35 - - [30/May/2025:11:27:48 -0400] "POST /wp-admin/admin-ajax.php?action=async_litespeed&nonce=uVqQ1ivsMsF2c6vSPk8BD1ojfiy0jWwp&litespeed_type=imgoptm HTTP/1.1" 200 5 "-" "WordPress/6.8.1; https://socialsolargreen.com"
2602:fb54:303:: - - [30/May/2025:11:28:08 -0400] "GET /.adrivz.php HTTP/1.1" 404 22207 "www.google.com" "Mozilla/5.0 (Linux; Android 7.0; SM-G892A Build/NRD90M; wv) AppleWebKit/537.36 (KHTML, like Gecko) Version/4.0 Chrome/60.0.3112.107 Mobile Safari/537.36"
198.54.114.35 - - [30/May/2025:11:29:35 -0400] "POST /wp-cron.php?doing_wp_cron=1748618974.9420969486236572265625 HTTP/1.1" 200 0 "-" "WordPress/6.8.1; https://socialsolargreen.com"
198.54.114.35 - - [30/May/2025:11:29:35 -0400] "POST /wp-admin/admin-ajax.php?action=async_litespeed&nonce=3bc3MPLYWR67bZaasXGvHn66JywDDDPj&litespeed_type=imgoptm HTTP/1.1" 200 5 "-" "WordPress/6.8.1; https://socialsolargreen.com"
2001:1bb0:e000:1e::38b - - [30/May/2025:11:30:24 -0400] "GET /404 HTTP/1.1" 404 22253 "https://socialsolargreen.com" "Mozilla/5.0 (Macintosh; Intel Mac OS X 10.15; rv:126.0) Gecko/20100101 Firefox/126.0"
2001:1bb0:e000:1e::38b - - [30/May/2025:11:30:23 -0400] "POST /wp-login.php HTTP/1.1" 302 0 "https://socialsolargreen.com" "Mozilla/5.0 (Macintosh; Intel Mac OS X 10.15; rv:126.0) Gecko/20100101 Firefox/126.0"
198.54.114.35 - - [30/May/2025:11:30:24 -0400] "POST /wp-cron.php?doing_wp_cron=1748619024.2461240291595458984375 HTTP/1.1" 200 0 "-" "WordPress/6.8.1; https://socialsolargreen.com"
198.54.114.35 - - [30/May/2025:11:30:24 -0400] "POST /wp-admin/admin-ajax.php?action=async_litespeed&nonce=Zo5Vxx4X95aunY5Yw6xkwcsdLwHkWtBz&litespeed_type=imgoptm HTTP/1.1" 200 5 "-" "WordPress/6.8.1; https://socialsolargreen.com"
52.167.144.213 - - [30/May/2025:11:37:11 -0400] "GET /article/list?ja.wikibooks.org/wiki/%E3%83%A1%E3%82%A4%E3%83%B3%E3%83%9A%E3%83%BC%E3%82%B8 HTTP/1.1" 301 0 "-" "Mozilla/5.0 AppleWebKit/537.36 (KHTML, like Gecko; compatible; bingbot/2.0; +http://www.bing.com/bingbot.htm) Chrome/116.0.1938.76 Safari/537.36"
198.54.114.35 - - [30/May/2025:11:37:13 -0400] "POST /wp-admin/admin-ajax.php?action=async_litespeed&nonce=up0HYSTtFmZWeRP7R1K7D9vxsbrhSR5c&litespeed_type=imgoptm HTTP/1.1" 200 5 "-" "WordPress/6.8.1; https://socialsolargreen.com"
107.151.209.173 - - [30/May/2025:11:43:22 -0400] "GET //wp-includes/wlwmanifest.xml HTTP/1.1" 301 0 "-" "Mozilla/5.0 (Windows NT 10.0; Win64; x64) AppleWebKit/537.36 (KHTML, like Gecko) Chrome/80.0.3987.149 Safari/537.36"
107.151.209.173 - - [30/May/2025:11:43:24 -0400] "GET / HTTP/1.1" 200 29842 "-" "Mozilla/5.0 (Windows NT 10.0; Win64; x64) AppleWebKit/537.36 (KHTML, like Gecko) Chrome/80.0.3987.149 Safari/537.36"
198.54.114.35 - - [30/May/2025:11:43:24 -0400] "POST /wp-admin/admin-ajax.php?action=async_litespeed&nonce=wvrTljO2bgREwamIUkvW0s3eGIoFDNTK&litespeed_type=imgoptm HTTP/1.1" 200 5 "-" "WordPress/6.8.1; https://socialsolargreen.com"
107.151.209.173 - - [30/May/2025:11:43:24 -0400] "GET //?author=1 HTTP/1.1" 301 0 "-" "Mozilla/5.0 (Windows NT 10.0; Win64; x64) AppleWebKit/537.36 (KHTML, like Gecko) Chrome/80.0.3987.149 Safari/537.36"
107.151.209.173 - - [30/May/2025:11:43:25 -0400] "GET //wp-json/wp/v2/users/ HTTP/1.1" 200 904 "-" "Mozilla/5.0 (Windows NT 10.0; Win64; x64) AppleWebKit/537.36 (KHTML, like Gecko) Chrome/80.0.3987.149 Safari/537.36"
47.128.20.207 - - [30/May/2025:11:43:32 -0400] "GET /franchise-registration/ HTTP/1.1" 200 23708 "-" "Mozilla/5.0 (Linux; Android 5.0) AppleWebKit/537.36 (KHTML, like Gecko) Mobile Safari/537.36 (compatible; Bytespider; spider-feedback@bytedance.com)"
47.128.20.207 - - [30/May/2025:11:43:33 -0400] "GET /wp-content/plugins/elementor/assets/lib/font-awesome/css/regular.min.css?ver=6.8.1 HTTP/1.1" 200 283 "https://socialsolargreen.com/franchise-registration/" "Mozilla/5.0 (Linux; Android 5.0) AppleWebKit/537.36 (KHTML, like Gecko) Mobile Safari/537.36 (compatible; Bytespider; spider-feedback@bytedance.com)"
47.128.20.207 - - [30/May/2025:11:43:33 -0400] "GET /wp-content/themes/astra/style.css?ver=6.8.1 HTTP/1.1" 200 1688 "https://socialsolargreen.com/franchise-registration/" "Mozilla/5.0 (Linux; Android 5.0) AppleWebKit/537.36 (KHTML, like Gecko) Mobile Safari/537.36 (compatible; Bytespider; spider-feedback@bytedance.com)"
47.128.20.207 - - [30/May/2025:11:43:33 -0400] "GET /wp-content/plugins/elementor/assets/lib/animations/styles/slideInLeft.min.css?ver=3.29.1 HTTP/1.1" 200 153 "https://socialsolargreen.com/franchise-registration/" "Mozilla/5.0 (Linux; Android 5.0) AppleWebKit/537.36 (KHTML, like Gecko) Mobile Safari/537.36 (compatible; Bytespider; spider-feedback@bytedance.com)"
47.128.20.207 - - [30/May/2025:11:43:33 -0400] "GET /wp-content/plugins/elementor/assets/css/frontend.min.css?ver=3.29.1 HTTP/1.1" 200 6472 "https://socialsolargreen.com/franchise-registration/" "Mozilla/5.0 (Linux; Android 5.0) AppleWebKit/537.36 (KHTML, like Gecko) Mobile Safari/537.36 (compatible; Bytespider; spider-feedback@bytedance.com)"
47.128.20.207 - - [30/May/2025:11:43:33 -0400] "GET /wp-content/plugins/elementor/assets/lib/animations/styles/zoomIn.min.css?ver=3.29.1 HTTP/1.1" 200 106 "https://socialsolargreen.com/franchise-registration/" "Mozilla/5.0 (Linux; Android 5.0) AppleWebKit/537.36 (KHTML, like Gecko) Mobile Safari/537.36 (compatible; Bytespider; spider-feedback@bytedance.com)"
47.128.20.207 - - [30/May/2025:11:43:33 -0400] "GET /wp-content/plugins/elementor/assets/css/conditionals/apple-webkit.min.css?ver=3.29.1 HTTP/1.1" 200 472 "https://socialsolargreen.com/franchise-registration/" "Mozilla/5.0 (Linux; Android 5.0) AppleWebKit/537.36 (KHTML, like Gecko) Mobile Safari/537.36 (compatible; Bytespider; spider-feedback@bytedance.com)"
198.54.114.35 - - [30/May/2025:11:37:12 -0400] "POST /wp-cron.php?doing_wp_cron=1748619432.6542699337005615234375 HTTP/1.1" 200 0 "-" "WordPress/6.8.1; https://socialsolargreen.com"
47.128.51.166 - - [30/May/2025:11:39:37 -0400] "GET /robots.txt HTTP/1.1" 200 102 "-" "Mozilla/5.0 (Linux; Android 5.0) AppleWebKit/537.36 (KHTML, like Gecko) Mobile Safari/537.36 (compatible; Bytespider; spider-feedback@bytedance.com)"
107.151.209.173 - - [30/May/2025:11:43:21 -0400] "GET / HTTP/1.1" 200 29842 "-" "Mozilla/5.0 (Windows NT 10.0; Win64; x64) AppleWebKit/537.36 (KHTML, like Gecko) Chrome/80.0.3987.149 Safari/537.36"
198.54.114.35 - - [30/May/2025:11:43:24 -0400] "POST /wp-cron.php?doing_wp_cron=1748619803.8518528938293457031250 HTTP/1.1" 200 0 "-" "WordPress/6.8.1; https://socialsolargreen.com"
107.151.209.173 - - [30/May/2025:11:43:25 -0400] "GET //?author=2 HTTP/1.1" 301 0 "-" "Mozilla/5.0 (Windows NT 10.0; Win64; x64) AppleWebKit/537.36 (KHTML, like Gecko) Chrome/80.0.3987.149 Safari/537.36"
47.128.20.207 - - [30/May/2025:11:43:33 -0400] "GET /wp-content/themes/astra/assets/css/minified/main.min.css?ver=4.11.1 HTTP/1.1" 200 8478 "https://socialsolargreen.com/franchise-registration/" "Mozilla/5.0 (Linux; Android 5.0) AppleWebKit/537.36 (KHTML, like Gecko) Mobile Safari/537.36 (compatible; Bytespider; spider-feedback@bytedance.com)"
47.128.20.207 - - [30/May/2025:11:43:33 -0400] "GET /wp-content/plugins/themesflat-addons-for-elementor/assets/css/tf-header-footer.css?ver=6.8.1 HTTP/1.1" 200 174 "https://socialsolargreen.com/franchise-registration/" "Mozilla/5.0 (Linux; Android 5.0) AppleWebKit/537.36 (KHTML, like Gecko) Mobile Safari/537.36 (compatible; Bytespider; spider-feedback@bytedance.com)"
47.128.20.207 - - [30/May/2025:11:43:33 -0400] "GET /wp-content/plugins/elementor/assets/lib/animations/styles/e-animation-grow.min.css?ver=3.29.1 HTTP/1.1" 200 198 "https://socialsolargreen.com/franchise-registration/" "Mozilla/5.0 (Linux; Android 5.0) AppleWebKit/537.36 (KHTML, like Gecko) Mobile Safari/537.36 (compatible; Bytespider; spider-feedback@bytedance.com)"
47.128.20.207 - - [30/May/2025:11:43:33 -0400] "GET /wp-content/themes/astra-child/style.css?ver=6.8.1 HTTP/1.1" 200 184 "https://socialsolargreen.com/franchise-registration/" "Mozilla/5.0 (Linux; Android 5.0) AppleWebKit/537.36 (KHTML, like Gecko) Mobile Safari/537.36 (compatible; Bytespider; spider-feedback@bytedance.com)"
47.128.20.207 - - [30/May/2025:11:43:33 -0400] "GET /wp-content/plugins/elementor/assets/lib/font-awesome/css/all.min.css?ver=6.8.1 HTTP/1.1" 200 12380 "https://socialsolargreen.com/franchise-registration/" "Mozilla/5.0 (Linux; Android 5.0) AppleWebKit/537.36 (KHTML, like Gecko) Mobile Safari/537.36 (compatible; Bytespider; spider-feedback@bytedance.com)"
47.128.20.207 - - [30/May/2025:11:43:33 -0400] "GET /wp-content/plugins/elementor/assets/css/widget-social-icons.min.css?ver=3.29.1 HTTP/1.1" 200 1069 "https://socialsolargreen.com/franchise-registration/" "Mozilla/5.0 (Linux; Android 5.0) AppleWebKit/537.36 (KHTML, like Gecko) Mobile Safari/537.36 (compatible; Bytespider; spider-feedback@bytedance.com)"
47.128.20.207 - - [30/May/2025:11:43:33 -0400] "GET /wp-content/plugins/elementor/assets/css/widget-icon-list.min.css?ver=3.29.1 HTTP/1.1" 200 958 "https://socialsolargreen.com/franchise-registration/" "Mozilla/5.0 (Linux; Android 5.0) AppleWebKit/537.36 (KHTML, like Gecko) Mobile Safari/537.36 (compatible; Bytespider; spider-feedback@bytedance.com)"
47.128.20.207 - - [30/May/2025:11:43:33 -0400] "GET /wp-content/plugins/elementor/assets/css/widget-image.min.css?ver=3.29.1 HTTP/1.1" 200 254 "https://socialsolargreen.com/franchise-registration/" "Mozilla/5.0 (Linux; Android 5.0) AppleWebKit/537.36 (KHTML, like Gecko) Mobile Safari/537.36 (compatible; Bytespider; spider-feedback@bytedance.com)"
47.128.20.207 - - [30/May/2025:11:43:33 -0400] "GET /wp-content/plugins/elementor-pro/assets/css/widget-form.min.css?ver=3.25.4 HTTP/1.1" 200 1403 "https://socialsolargreen.com/franchise-registration/" "Mozilla/5.0 (Linux; Android 5.0) AppleWebKit/537.36 (KHTML, like Gecko) Mobile Safari/537.36 (compatible; Bytespider; spider-feedback@bytedance.com)"
47.128.20.207 - - [30/May/2025:11:43:33 -0400] "GET /wp-content/plugins/elementor/assets/lib/animations/styles/e-animation-float.min.css?ver=3.29.1 HTTP/1.1" 200 244 "https://socialsolargreen.com/franchise-registration/" "Mozilla/5.0 (Linux; Android 5.0) AppleWebKit/537.36 (KHTML, like Gecko) Mobile Safari/537.36 (compatible; Bytespider; spider-feedback@bytedance.com)"
47.128.20.207 - - [30/May/2025:11:43:33 -0400] "GET /wp-content/plugins/elementskit-lite/widgets/init/assets/css/responsive.css?ver=3.5.2 HTTP/1.1" 200 2859 "https://socialsolargreen.com/franchise-registration/" "Mozilla/5.0 (Linux; Android 5.0) AppleWebKit/537.36 (KHTML, like Gecko) Mobile Safari/537.36 (compatible; Bytespider; spider-feedback@bytedance.com)"
47.128.20.207 - - [30/May/2025:11:43:33 -0400] "GET /wp-content/plugins/elementor-pro/assets/css/widget-share-buttons.min.css?ver=3.25.4 HTTP/1.1" 200 2097 "https://socialsolargreen.com/franchise-registration/" "Mozilla/5.0 (Linux; Android 5.0) AppleWebKit/537.36 (KHTML, like Gecko) Mobile Safari/537.36 (compatible; Bytespider; spider-feedback@bytedance.com)"
47.128.20.207 - - [30/May/2025:11:43:33 -0400] "GET /wp-content/plugins/elementor/assets/lib/font-awesome/css/fontawesome.min.css?ver=5.15.3 HTTP/1.1" 200 12164 "https://socialsolargreen.com/franchise-registration/" "Mozilla/5.0 (Linux; Android 5.0) AppleWebKit/537.36 (KHTML, like Gecko) Mobile Safari/537.36 (compatible; Bytespider; spider-feedback@bytedance.com)"
47.128.20.207 - - [30/May/2025:11:43:33 -0400] "GET /wp-content/plugins/elementor/assets/lib/font-awesome/css/solid.min.css?ver=5.15.3 HTTP/1.1" 200 286 "https://socialsolargreen.com/franchise-registration/" "Mozilla/5.0 (Linux; Android 5.0) AppleWebKit/537.36 (KHTML, like Gecko) Mobile Safari/537.36 (compatible; Bytespider; spider-feedback@bytedance.com)"
47.128.20.207 - - [30/May/2025:11:43:33 -0400] "GET /wp-content/plugins/elementor/assets/lib/font-awesome/css/brands.min.css?ver=5.15.3 HTTP/1.1" 200 284 "https://socialsolargreen.com/franchise-registration/" "Mozilla/5.0 (Linux; Android 5.0) AppleWebKit/537.36 (KHTML, like Gecko) Mobile Safari/537.36 (compatible; Bytespider; spider-feedback@bytedance.com)"
47.128.20.207 - - [30/May/2025:11:43:33 -0400] "GET /wp-content/plugins/elementor-pro/assets/css/conditionals/popup.min.css?ver=3.25.4 HTTP/1.1" 200 322 "https://socialsolargreen.com/franchise-registration/" "Mozilla/5.0 (Linux; Android 5.0) AppleWebKit/537.36 (KHTML, like Gecko) Mobile Safari/537.36 (compatible; Bytespider; spider-feedback@bytedance.com)"
47.128.20.207 - - [30/May/2025:11:43:33 -0400] "GET /wp-content/plugins/elementskit-lite/widgets/init/assets/css/widget-styles.css?ver=3.5.2 HTTP/1.1" 200 48421 "https://socialsolargreen.com/franchise-registration/" "Mozilla/5.0 (Linux; Android 5.0) AppleWebKit/537.36 (KHTML, like Gecko) Mobile Safari/537.36 (compatible; Bytespider; spider-feedback@bytedance.com)"
47.128.20.207 - - [30/May/2025:11:43:33 -0400] "GET /wp-content/uploads/elementor/css/post-287.css?ver=1733250155 HTTP/1.1" 200 1383 "https://socialsolargreen.com/franchise-registration/" "Mozilla/5.0 (Linux; Android 5.0) AppleWebKit/537.36 (KHTML, like Gecko) Mobile Safari/537.36 (compatible; Bytespider; spider-feedback@bytedance.com)"
47.128.20.207 - - [30/May/2025:11:43:33 -0400] "GET /wp-content/uploads/elementor/css/post-9.css?ver=1733250152 HTTP/1.1" 200 1393 "https://socialsolargreen.com/franchise-registration/" "Mozilla/5.0 (Linux; Android 5.0) AppleWebKit/537.36 (KHTML, like Gecko) Mobile Safari/537.36 (compatible; Bytespider; spider-feedback@bytedance.com)"
47.128.20.207 - - [30/May/2025:11:43:33 -0400] "GET /wp-content/plugins/elementor/assets/css/widget-text-editor.min.css?ver=3.29.1 HTTP/1.1" 200 208 "https://socialsolargreen.com/franchise-registration/" "Mozilla/5.0 (Linux; Android 5.0) AppleWebKit/537.36 (KHTML, like Gecko) Mobile Safari/537.36 (compatible; Bytespider; spider-feedback@bytedance.com)"
47.128.20.207 - - [30/May/2025:11:43:33 -0400] "GET /wp-content/plugins/elementor/assets/css/widget-heading.min.css?ver=3.29.1 HTTP/1.1" 200 154 "https://socialsolargreen.com/franchise-registration/" "Mozilla/5.0 (Linux; Android 5.0) AppleWebKit/537.36 (KHTML, like Gecko) Mobile Safari/537.36 (compatible; Bytespider; spider-feedback@bytedance.com)"
47.128.20.207 - - [30/May/2025:11:43:33 -0400] "GET /wp-content/plugins/elementor/assets/lib/eicons/css/elementor-icons.min.css?ver=5.40.0 HTTP/1.1" 200 3983 "https://socialsolargreen.com/franchise-registration/" "Mozilla/5.0 (Linux; Android 5.0) AppleWebKit/537.36 (KHTML, like Gecko) Mobile Safari/537.36 (compatible; Bytespider; spider-feedback@bytedance.com)"
47.128.20.207 - - [30/May/2025:11:43:33 -0400] "GET /wp-content/plugins/elementskit-lite/modules/elementskit-icon-pack/assets/css/ekiticons.css?ver=3.5.2 HTTP/1.1" 200 11776 "https://socialsolargreen.com/franchise-registration/" "Mozilla/5.0 (Linux; Android 5.0) AppleWebKit/537.36 (KHTML, like Gecko) Mobile Safari/537.36 (compatible; Bytespider; spider-feedback@bytedance.com)"
47.128.20.207 - - [30/May/2025:11:43:33 -0400] "GET /wp-content/uploads/elementor/google-fonts/css/mulish.css?ver=1742262170 HTTP/1.1" 200 727 "https://socialsolargreen.com/franchise-registration/" "Mozilla/5.0 (Linux; Android 5.0) AppleWebKit/537.36 (KHTML, like Gecko) Mobile Safari/537.36 (compatible; Bytespider; spider-feedback@bytedance.com)"
47.128.20.207 - - [30/May/2025:11:43:33 -0400] "GET /wp-content/uploads/elementor/google-fonts/css/nunitosans.css?ver=1742262148 HTTP/1.1" 200 837 "https://socialsolargreen.com/franchise-registration/" "Mozilla/5.0 (Linux; Android 5.0) AppleWebKit/537.36 (KHTML, like Gecko) Mobile Safari/537.36 (compatible; Bytespider; spider-feedback@bytedance.com)"
47.128.20.207 - - [30/May/2025:11:43:34 -0400] "GET /wp-content/uploads/2023/10/footer-logo-1-768x256.webp HTTP/1.1" 200 31222 "https://socialsolargreen.com/franchise-registration/" "Mozilla/5.0 (Linux; Android 5.0) AppleWebKit/537.36 (KHTML, like Gecko) Mobile Safari/537.36 (compatible; Bytespider; spider-feedback@bytedance.com)"
47.128.20.207 - - [30/May/2025:11:43:35 -0400] "GET /wp-content/uploads/2023/09/footer-bg.png HTTP/1.1" 200 36076 "https://socialsolargreen.com/wp-content/uploads/elementor/css/post-287.css?ver=1733250155" "Mozilla/5.0 (Linux; Android 5.0) AppleWebKit/537.36 (KHTML, like Gecko) Mobile Safari/537.36 (compatible; Bytespider; spider-feedback@bytedance.com)"
47.128.20.207 - - [30/May/2025:11:43:33 -0400] "GET /wp-content/uploads/elementor/css/post-142.css?ver=1733250155 HTTP/1.1" 200 2139 "https://socialsolargreen.com/franchise-registration/" "Mozilla/5.0 (Linux; Android 5.0) AppleWebKit/537.36 (KHTML, like Gecko) Mobile Safari/537.36 (compatible; Bytespider; spider-feedback@bytedance.com)"
47.128.20.207 - - [30/May/2025:11:43:33 -0400] "GET /wp-content/uploads/elementor/css/post-520.css?ver=1733749757 HTTP/1.1" 200 1237 "https://socialsolargreen.com/franchise-registration/" "Mozilla/5.0 (Linux; Android 5.0) AppleWebKit/537.36 (KHTML, like Gecko) Mobile Safari/537.36 (compatible; Bytespider; spider-feedback@bytedance.com)"
47.128.20.207 - - [30/May/2025:11:43:34 -0400] "GET /wp-content/uploads/2023/09/Innovative-Solution.png HTTP/1.1" 200 9517 "https://socialsolargreen.com/franchise-registration/" "Mozilla/5.0 (Linux; Android 5.0) AppleWebKit/537.36 (KHTML, like Gecko) Mobile Safari/537.36 (compatible; Bytespider; spider-feedback@bytedance.com)"
47.128.20.207 - - [30/May/2025:11:43:34 -0400] "GET /wp-content/uploads/2023/10/logo.webp HTTP/1.1" 200 11844 "https://socialsolargreen.com/franchise-registration/" "Mozilla/5.0 (Linux; Android 5.0) AppleWebKit/537.36 (KHTML, like Gecko) Mobile Safari/537.36 (compatible; Bytespider; spider-feedback@bytedance.com)"
47.128.20.207 - - [30/May/2025:11:43:34 -0400] "GET /wp-content/uploads/2023/10/male-business-partner-1.webp HTTP/1.1" 200 37000 "https://socialsolargreen.com/wp-content/uploads/elementor/css/post-520.css?ver=1733749757" "Mozilla/5.0 (Linux; Android 5.0) AppleWebKit/537.36 (KHTML, like Gecko) Mobile Safari/537.36 (compatible; Bytespider; spider-feedback@bytedance.com)"
160.25.166.79 - - [30/May/2025:11:48:35 -0400] "POST /wp-login.php HTTP/1.1" 302 0 "https://socialsolargreen.com" "Mozilla/5.0 (Windows NT 10.0; Win64; x64) AppleWebKit/537.36 (KHTML, like Gecko) Chrome/126.0.0.0 Safari/537.36"
160.25.166.79 - - [30/May/2025:11:48:36 -0400] "GET /404 HTTP/1.1" 404 22253 "https://socialsolargreen.com" "Mozilla/5.0 (Windows NT 10.0; Win64; x64) AppleWebKit/537.36 (KHTML, like Gecko) Chrome/126.0.0.0 Safari/537.36"
52.164.186.238 - - [30/May/2025:11:58:22 -0400] "GET /wp-content/themes/seotheme/mar.php HTTP/1.1" 404 22474 "-" "-"
52.164.186.238 - - [30/May/2025:11:58:24 -0400] "GET /wp-content/plugins/revslider/includes/external/page/index.php HTTP/1.1" 301 0 "-" "-"
52.164.186.238 - - [30/May/2025:11:58:24 -0400] "GET /wp-content/plugins/revslider/includes/external/page/ HTTP/1.1" 404 22474 "-" "-"
52.164.186.238 - - [30/May/2025:11:58:26 -0400] "GET /wp-admin/css/index.php HTTP/1.1" 301 0 "-" "-"
52.164.186.238 - - [30/May/2025:11:58:28 -0400] "GET /cgi-bin/xmrlpc.php HTTP/1.1" 404 22253 "-" "-"
52.164.186.238 - - [30/May/2025:11:58:29 -0400] "GET /wp-includes/about.php HTTP/1.1" 404 22253 "-" "-"
52.164.186.238 - - [30/May/2025:11:58:29 -0400] "GET /wp-content/plugins/index.php HTTP/1.1" 403 1242 "-" "-"
52.164.186.238 - - [30/May/2025:11:58:30 -0400] "GET /wp-includes/SimplePie/about.php HTTP/1.1" 404 22473 "-" "-"
52.164.186.238 - - [30/May/2025:11:58:31 -0400] "GET /wp-admin/images/index.php HTTP/1.1" 301 0 "-" "-"
52.164.186.238 - - [30/May/2025:11:58:31 -0400] "GET /wp-admin/images/ HTTP/1.1" 200 2710 "-" "-"
52.164.186.238 - - [30/May/2025:11:58:33 -0400] "GET /.well-known/pki-validation/cloud.php HTTP/1.1" 404 1251 "-" "-"
52.164.186.238 - - [30/May/2025:11:58:37 -0400] "GET /wp-content/themes/about.php HTTP/1.1" 404 22474 "-" "-"
198.54.114.35 - - [30/May/2025:11:58:39 -0400] "POST /wp-admin/admin-ajax.php?action=async_litespeed&nonce=qHBEiHHVQLU2jaGwqtWu2jPCUoIAhGRS&litespeed_type=imgoptm HTTP/1.1" 200 5 "-" "WordPress/6.8.1; https://socialsolargreen.com"
198.54.114.35 - - [30/May/2025:11:58:21 -0400] "POST /wp-cron.php?doing_wp_cron=1748620701.4613299369812011718750 HTTP/1.1" 200 0 "-" "WordPress/6.8.1; https://socialsolargreen.com"
198.54.114.35 - - [30/May/2025:11:58:22 -0400] "POST /wp-admin/admin-ajax.php?action=async_litespeed&nonce=hD5pe96GiB5SMDDkLBbRNqWzNC1DYGvQ&litespeed_type=imgoptm HTTP/1.1" 200 5 "-" "WordPress/6.8.1; https://socialsolargreen.com"
52.164.186.238 - - [30/May/2025:11:58:19 -0400] "GET /wp-content/plugins/hellopress/wp_filemanager.php HTTP/1.1" 404 22474 "-" "-"
52.164.186.238 - - [30/May/2025:11:58:23 -0400] "GET /wp-admin/js/widgets/cloud.php HTTP/1.1" 404 22474 "-" "-"
52.164.186.238 - - [30/May/2025:11:58:24 -0400] "GET /.well-known/pki-validation/about.php HTTP/1.1" 404 1251 "-" "-"
52.164.186.238 - - [30/May/2025:11:58:25 -0400] "GET /cgi-bin/about.php HTTP/1.1" 404 22253 "-" "-"
52.164.186.238 - - [30/May/2025:11:58:26 -0400] "GET /wp-admin/css/ HTTP/1.1" 200 3028 "-" "-"
52.164.186.238 - - [30/May/2025:11:58:26 -0400] "GET /.well-known/admin.php HTTP/1.1" 404 22253 "-" "-"
52.164.186.238 - - [30/May/2025:11:58:27 -0400] "GET /.well-known/pki-validation/file.php HTTP/1.1" 404 1251 "-" "-"
52.164.186.238 - - [30/May/2025:11:58:28 -0400] "GET /wp-content/about.php HTTP/1.1" 404 22253 "-" "-"
52.164.186.238 - - [30/May/2025:11:58:30 -0400] "GET /.well-known/about.php HTTP/1.1" 404 22253 "-" "-"
52.164.186.238 - - [30/May/2025:11:58:31 -0400] "GET /wp-includes/ID3/about.php HTTP/1.1" 404 22474 "-" "-"
52.164.186.238 - - [30/May/2025:11:58:32 -0400] "GET /wp-admin/includes/about.php HTTP/1.1" 404 22474 "-" "-"
52.164.186.238 - - [30/May/2025:11:58:33 -0400] "GET /wp-includes/widgets/about.php HTTP/1.1" 404 22474 "-" "-"
52.164.186.238 - - [30/May/2025:11:58:33 -0400] "GET /wp-includes/Requests/about.php HTTP/1.1" 404 22474 "-" "-"
52.164.186.238 - - [30/May/2025:11:58:34 -0400] "GET /wp-admin/js/widgets/about.php7 HTTP/1.1" 404 22474 "-" "-"
52.164.186.238 - - [30/May/2025:11:58:35 -0400] "GET /wordpress/wp-includes/IXR/allez.php HTTP/1.1" 404 22474 "-" "-"
52.164.186.238 - - [30/May/2025:11:58:35 -0400] "GET /wp-content/plugins/WordPressCore/include.php HTTP/1.1" 404 22474 "-" "-"
52.164.186.238 - - [30/May/2025:11:58:37 -0400] "GET /wp-admin/user/xmrlpc.php HTTP/1.1" 404 22474 "-" "-"
52.164.186.238 - - [30/May/2025:11:58:38 -0400] "GET /wp-admin/js/about.php HTTP/1.1" 404 22474 "-" "-"
198.54.114.35 - - [30/May/2025:11:58:39 -0400] "POST /wp-cron.php?doing_wp_cron=1748620719.1351559162139892578125 HTTP/1.1" 200 0 "-" "WordPress/6.8.1; https://socialsolargreen.com"
52.164.186.238 - - [30/May/2025:11:58:39 -0400] "GET /wp-content/plugins/pwnd/pwnd.php HTTP/1.1" 404 22474 "-" "-"
52.164.186.238 - - [30/May/2025:11:58:40 -0400] "GET /wp-includes/block-patterns/about.php HTTP/1.1" 404 22473 "-" "-"
2602:fb54:35c:: - - [30/May/2025:12:02:37 -0400] "GET /wp-content/plugins/HelloDollyV2/hello_dolly_v2.php HTTP/1.1" 404 22454 "www.google.com" "Mozlila/5.0 (Linux; Android 7.0; SM-G892A Bulid/NRD90M; wv) AppleWebKit/537.36 (KHTML, like Gecko) Version/4.0 Chrome/60.0.3112.107 Moblie Safari/537.36"
2602:fb54:35c:: - - [30/May/2025:12:03:17 -0400] "GET /wp-content/themes/hello_dolly_v2.php HTTP/1.1" 404 22454 "www.google.com" "Mozlila/5.0 (Linux; Android 7.0; SM-G892A Bulid/NRD90M; wv) AppleWebKit/537.36 (KHTML, like Gecko) Version/4.0 Chrome/60.0.3112.107 Moblie Safari/537.36"
134.209.104.76 - - [30/May/2025:12:06:36 -0400] "POST /wp-login.php HTTP/1.1" 302 0 "https://socialsolargreen.com" "Mozilla/5.0 (Windows NT 10.0; Win64; x64; rv:127.0) Gecko/20100101 Firefox/127.0"
134.209.104.76 - - [30/May/2025:12:06:37 -0400] "GET /404 HTTP/1.1" 404 22253 "https://socialsolargreen.com" "Mozilla/5.0 (Windows NT 10.0; Win64; x64; rv:127.0) Gecko/20100101 Firefox/127.0"
4.247.140.211 - - [30/May/2025:12:16:53 -0400] "GET /wp-admin/css/ HTTP/1.1" 200 2998 "binance.com" "Mozilla/5.0 (Windows NT 10.0; Win64; x64) AppleWebKit/537.36 (KHTML, like Gecko) Chrome/90.0.4430.85 Safari/537.36"
4.247.140.211 - - [30/May/2025:12:17:36 -0400] "GET /wp-content/uploads/ HTTP/1.1" 200 698 "binance.com" "Mozilla/5.0 (Windows NT 10.0; Win64; x64) AppleWebKit/537.36 (KHTML, like Gecko) Chrome/90.0.4430.85 Safari/537.36"
4.247.140.211 - - [30/May/2025:12:17:57 -0400] "GET /wp-content/upgrade/ HTTP/1.1" 200 549 "binance.com" "Mozilla/5.0 (Windows NT 10.0; Win64; x64) AppleWebKit/537.36 (KHTML, like Gecko) Chrome/90.0.4430.85 Safari/537.36"
198.54.114.35 - - [30/May/2025:12:18:06 -0400] "POST /wp-admin/admin-ajax.php?action=async_litespeed&nonce=NALCwNMgbRskYT2d1MYMWgmUut24OKf2&litespeed_type=imgoptm HTTP/1.1" 200 5 "-" "WordPress/6.8.1; https://socialsolargreen.com"
4.247.140.211 - - [30/May/2025:12:18:04 -0400] "GET /wp-content/languages/ HTTP/1.1" 404 22253 "binance.com" "Mozilla/5.0 (Windows NT 10.0; Win64; x64) AppleWebKit/537.36 (KHTML, like Gecko) Chrome/90.0.4430.85 Safari/537.36"
4.247.140.211 - - [30/May/2025:12:18:25 -0400] "GET /wp-admin/includes/ HTTP/1.1" 200 4160 "binance.com" "Mozilla/5.0 (Windows NT 10.0; Win64; x64) AppleWebKit/537.36 (KHTML, like Gecko) Chrome/90.0.4430.85 Safari/537.36"
198.54.114.35 - - [30/May/2025:12:19:16 -0400] "POST /wp-cron.php?doing_wp_cron=1748621955.8606889247894287109375 HTTP/1.1" 200 0 "-" "WordPress/6.8.1; https://socialsolargreen.com"
4.247.140.211 - - [30/May/2025:12:19:15 -0400] "GET /wp-admin/network/ HTTP/1.1" 302 0 "binance.com" "Mozilla/5.0 (Windows NT 10.0; Win64; x64) AppleWebKit/537.36 (KHTML, like Gecko) Chrome/90.0.4430.85 Safari/537.36"
198.54.114.35 - - [30/May/2025:12:19:16 -0400] "POST /wp-admin/admin-ajax.php?action=async_litespeed&nonce=DxBiU1dzEirhKROLAGpORRuAZZg5wy6I&litespeed_type=imgoptm HTTP/1.1" 200 5 "-" "WordPress/6.8.1; https://socialsolargreen.com"
4.247.140.211 - - [30/May/2025:12:19:26 -0400] "GET /wp-admin/user/ HTTP/1.1" 302 0 "binance.com" "Mozilla/5.0 (Windows NT 10.0; Win64; x64) AppleWebKit/537.36 (KHTML, like Gecko) Chrome/90.0.4430.85 Safari/537.36"
4.247.140.211 - - [30/May/2025:12:19:26 -0400] "GET /404 HTTP/1.1" 404 22253 "binance.com" "Mozilla/5.0 (Windows NT 10.0; Win64; x64) AppleWebKit/537.36 (KHTML, like Gecko) Chrome/90.0.4430.85 Safari/537.36"
4.247.140.211 - - [30/May/2025:12:19:35 -0400] "GET /wp-admin/css/ HTTP/1.1" 200 2998 "binance.com" "Mozilla/5.0 (Windows NT 10.0; Win64; x64) AppleWebKit/537.36 (KHTML, like Gecko) Chrome/90.0.4430.85 Safari/537.36"
4.247.140.211 - - [30/May/2025:12:19:48 -0400] "GET /wp-admin/css/colors/blue/ HTTP/1.1" 200 736 "binance.com" "Mozilla/5.0 (Windows NT 10.0; Win64; x64) AppleWebKit/537.36 (KHTML, like Gecko) Chrome/90.0.4430.85 Safari/537.36"
4.247.140.211 - - [30/May/2025:12:17:06 -0400] "GET /wp-content/uploads/2025/05/ HTTP/1.1" 200 556 "binance.com" "Mozilla/5.0 (Windows NT 10.0; Win64; x64) AppleWebKit/537.36 (KHTML, like Gecko) Chrome/90.0.4430.85 Safari/537.36"
4.247.140.211 - - [30/May/2025:12:17:21 -0400] "GET /wp-content/uploads/2025/04/ HTTP/1.1" 200 556 "binance.com" "Mozilla/5.0 (Windows NT 10.0; Win64; x64) AppleWebKit/537.36 (KHTML, like Gecko) Chrome/90.0.4430.85 Safari/537.36"
198.54.114.35 - - [30/May/2025:12:18:06 -0400] "POST /wp-cron.php?doing_wp_cron=1748621886.0683929920196533203125 HTTP/1.1" 200 0 "-" "WordPress/6.8.1; https://socialsolargreen.com"
4.247.140.211 - - [30/May/2025:12:18:45 -0400] "GET /wp-admin/includes/ HTTP/1.1" 200 4123 "binance.com" "Mozilla/5.0 (Windows NT 10.0; Win64; x64) AppleWebKit/537.36 (KHTML, like Gecko) Chrome/90.0.4430.85 Safari/537.36"
4.247.140.211 - - [30/May/2025:12:18:53 -0400] "GET /wp-admin/maint/ HTTP/1.1" 200 627 "binance.com" "Mozilla/5.0 (Windows NT 10.0; Win64; x64) AppleWebKit/537.36 (KHTML, like Gecko) Chrome/90.0.4430.85 Safari/537.36"
4.247.140.211 - - [30/May/2025:12:19:05 -0400] "GET /wp-admin/maint/ HTTP/1.1" 200 627 "binance.com" "Mozilla/5.0 (Windows NT 10.0; Win64; x64) AppleWebKit/537.36 (KHTML, like Gecko) Chrome/90.0.4430.85 Safari/537.36"
4.247.140.211 - - [30/May/2025:12:19:16 -0400] "GET /wp-login.php?redirect_to=https%3A%2F%2Fsocialsolargreen.com%2Fwp-admin%2Fnetwork%2F&reauth=1 HTTP/1.1" 302 0 "binance.com" "Mozilla/5.0 (Windows NT 10.0; Win64; x64) AppleWebKit/537.36 (KHTML, like Gecko) Chrome/90.0.4430.85 Safari/537.36"
4.247.140.211 - - [30/May/2025:12:19:16 -0400] "GET /404 HTTP/1.1" 404 22253 "binance.com" "Mozilla/5.0 (Windows NT 10.0; Win64; x64) AppleWebKit/537.36 (KHTML, like Gecko) Chrome/90.0.4430.85 Safari/537.36"
4.247.140.211 - - [30/May/2025:12:19:26 -0400] "GET /wp-login.php?redirect_to=https%3A%2F%2Fsocialsolargreen.com%2Fwp-admin%2Fuser%2F&reauth=1 HTTP/1.1" 302 0 "binance.com" "Mozilla/5.0 (Windows NT 10.0; Win64; x64) AppleWebKit/537.36 (KHTML, like Gecko) Chrome/90.0.4430.85 Safari/537.36"
4.247.140.211 - - [30/May/2025:12:19:41 -0400] "GET /wp-admin/css/colors/ HTTP/1.1" 200 1114 "binance.com" "Mozilla/5.0 (Windows NT 10.0; Win64; x64) AppleWebKit/537.36 (KHTML, like Gecko) Chrome/90.0.4430.85 Safari/537.36"
52.169.122.245 - - [30/May/2025:12:20:07 -0400] "GET /wp-content/plugins/hellopress/wp_filemanager.php HTTP/1.1" 404 22474 "-" "-"
52.169.122.245 - - [30/May/2025:12:20:10 -0400] "GET /.well-known/acme-challenge/ HTTP/1.1" 404 22252 "-" "-"
52.169.122.245 - - [30/May/2025:12:20:14 -0400] "GET /.well-known/afcsthua.php HTTP/1.1" 404 22252 "-" "-"
52.169.122.245 - - [30/May/2025:12:20:14 -0400] "GET /.well-known/apap.php HTTP/1.1" 404 22252 "-" "-"
52.169.122.245 - - [30/May/2025:12:20:16 -0400] "GET /.well-known/bqdoemhl.php HTTP/1.1" 404 22252 "-" "-"
52.169.122.245 - - [30/May/2025:12:20:18 -0400] "GET /.well-known/eror.php HTTP/1.1" 404 22253 "-" "-"
52.169.122.245 - - [30/May/2025:12:20:20 -0400] "GET /.well-known/fm.php HTTP/1.1" 404 22252 "-" "-"
52.169.122.245 - - [30/May/2025:12:20:20 -0400] "GET /.well-known/gecko-litespeed.php HTTP/1.1" 404 22252 "-" "-"
52.169.122.245 - - [30/May/2025:12:20:21 -0400] "GET /.well-known/index.php HTTP/1.1" 301 0 "-" "-"
52.169.122.245 - - [30/May/2025:12:20:21 -0400] "GET /.well-known/ HTTP/1.1" 404 22253 "-" "-"
52.169.122.245 - - [30/May/2025:12:20:25 -0400] "GET /.well-known/oduexytv.php HTTP/1.1" 404 22253 "-" "-"
52.169.122.245 - - [30/May/2025:12:20:26 -0400] "GET /.well-known/pki-validation/about.php HTTP/1.1" 404 1251 "-" "-"
52.169.122.245 - - [30/May/2025:12:20:26 -0400] "GET /.well-known/pki-validation/about.php?p= HTTP/1.1" 404 1251 "-" "-"
52.169.122.245 - - [30/May/2025:12:20:27 -0400] "GET /.well-known/worksec.php HTTP/1.1" 404 22253 "-" "-"
52.169.122.245 - - [30/May/2025:12:20:28 -0400] "GET /404 HTTP/1.1" 404 22253 "-" "-"
52.169.122.245 - - [30/May/2025:12:20:28 -0400] "GET /.well-known/xin1.php HTTP/1.1" 404 22253 "-" "-"
52.169.122.245 - - [30/May/2025:12:20:29 -0400] "GET /.well-known/zwso.php HTTP/1.1" 404 22253 "-" "-"
4.247.140.211 - - [30/May/2025:12:20:30 -0400] "GET /wp-admin/css/colors/ectoplasm/ HTTP/1.1" 200 736 "binance.com" "Mozilla/5.0 (Windows NT 10.0; Win64; x64) AppleWebKit/537.36 (KHTML, like Gecko) Chrome/90.0.4430.85 Safari/537.36"
52.169.122.245 - - [30/May/2025:12:20:32 -0400] "GET /404.php HTTP/1.1" 404 22252 "-" "-"
52.169.122.245 - - [30/May/2025:12:20:32 -0400] "GET /aa.php HTTP/1.1" 404 22253 "-" "-"
52.169.122.245 - - [30/May/2025:12:20:34 -0400] "GET /about.php?p= HTTP/1.1" 301 0 "-" "-"
52.169.122.245 - - [30/May/2025:12:20:34 -0400] "GET /about.php HTTP/1.1" 404 22253 "-" "-"
4.247.140.211 - - [30/May/2025:12:21:01 -0400] "GET /wp-admin/css/colors/midnight/ HTTP/1.1" 200 744 "binance.com" "Mozilla/5.0 (Windows NT 10.0; Win64; x64) AppleWebKit/537.36 (KHTML, like Gecko) Chrome/90.0.4430.85 Safari/537.36"
4.247.140.211 - - [30/May/2025:12:21:16 -0400] "GET /wp-admin/css/colors/modern/ HTTP/1.1" 200 725 "binance.com" "Mozilla/5.0 (Windows NT 10.0; Win64; x64) AppleWebKit/537.36 (KHTML, like Gecko) Chrome/90.0.4430.85 Safari/537.36"
4.247.140.211 - - [30/May/2025:12:22:14 -0400] "GET /wp-admin/css/colors/sunrise/%20 HTTP/1.1" 301 0 "binance.com" "Mozilla/5.0 (Windows NT 10.0; Win64; x64) AppleWebKit/537.36 (KHTML, like Gecko) Chrome/90.0.4430.85 Safari/537.36"
4.247.140.211 - - [30/May/2025:12:22:43 -0400] "GET /wp-admin/images/ HTTP/1.1" 200 2762 "binance.com" "Mozilla/5.0 (Windows NT 10.0; Win64; x64) AppleWebKit/537.36 (KHTML, like Gecko) Chrome/90.0.4430.85 Safari/537.36"
4.247.140.211 - - [30/May/2025:12:23:03 -0400] "GET /wp-admin/js/ HTTP/1.1" 200 3506 "binance.com" "Mozilla/5.0 (Windows NT 10.0; Win64; x64) AppleWebKit/537.36 (KHTML, like Gecko) Chrome/90.0.4430.85 Safari/537.36"
4.247.140.211 - - [30/May/2025:12:23:11 -0400] "GET /wp-admin/js/widgets/ HTTP/1.1" 200 1274 "binance.com" "Mozilla/5.0 (Windows NT 10.0; Win64; x64) AppleWebKit/537.36 (KHTML, like Gecko) Chrome/90.0.4430.85 Safari/537.36"
4.247.140.211 - - [30/May/2025:12:23:33 -0400] "GET /wp-includes/ HTTP/1.1" 200 8655 "binance.com" "Mozilla/5.0 (Windows NT 10.0; Win64; x64) AppleWebKit/537.36 (KHTML, like Gecko) Chrome/90.0.4430.85 Safari/537.36"
4.247.140.211 - - [30/May/2025:12:20:08 -0400] "GET /wp-admin/css/colors/coffee/ HTTP/1.1" 200 748 "binance.com" "Mozilla/5.0 (Windows NT 10.0; Win64; x64) AppleWebKit/537.36 (KHTML, like Gecko) Chrome/90.0.4430.85 Safari/537.36"
52.169.122.245 - - [30/May/2025:12:20:13 -0400] "GET /.well-known/admin.php HTTP/1.1" 404 22253 "-" "-"
52.169.122.245 - - [30/May/2025:12:20:15 -0400] "GET /.well-known/awraulub.php HTTP/1.1" 404 22252 "-" "-"
52.169.122.245 - - [30/May/2025:12:20:17 -0400] "GET /.well-known/cihjbmjk.php HTTP/1.1" 404 22253 "-" "-"
52.169.122.245 - - [30/May/2025:12:20:18 -0400] "GET /.well-known/classwithtostring.php HTTP/1.1" 404 22253 "-" "-"
52.169.122.245 - - [30/May/2025:12:20:19 -0400] "GET /.well-known/esjmskva.php HTTP/1.1" 404 22253 "-" "-"
52.169.122.245 - - [30/May/2025:12:20:22 -0400] "GET /.well-known/info.php HTTP/1.1" 404 22253 "-" "-"
52.169.122.245 - - [30/May/2025:12:20:23 -0400] "GET /.well-known/ktlldmmx.php HTTP/1.1" 404 22253 "-" "-"
52.169.122.245 - - [30/May/2025:12:20:24 -0400] "GET /.well-known/mfeypwze.php HTTP/1.1" 404 22253 "-" "-"
52.169.122.245 - - [30/May/2025:12:20:24 -0400] "GET /.well-known/nzhlgkwk.php HTTP/1.1" 404 22253 "-" "-"
52.169.122.245 - - [30/May/2025:12:20:26 -0400] "GET /.well-known/pki-validation/file.php HTTP/1.1" 404 1251 "-" "-"
52.169.122.245 - - [30/May/2025:12:20:26 -0400] "GET /.well-known/pki-validation/xmrlpc.php?p= HTTP/1.1" 404 1251 "-" "-"
52.169.122.245 - - [30/May/2025:12:20:26 -0400] "GET /.well-known/tiny.php HTTP/1.1" 404 22253 "-" "-"
52.169.122.245 - - [30/May/2025:12:20:28 -0400] "GET /.well-known/wp-login.php HTTP/1.1" 302 0 "-" "-"
52.169.122.245 - - [30/May/2025:12:20:29 -0400] "GET /1.php HTTP/1.1" 404 22252 "-" "-"
52.169.122.245 - - [30/May/2025:12:20:30 -0400] "GET /2index.php HTTP/1.1" 404 22252 "-" "-"
52.169.122.245 - - [30/May/2025:12:20:31 -0400] "GET /404.php HTTP/1.1" 404 22252 "-" "-"
52.169.122.245 - - [30/May/2025:12:20:31 -0400] "GET /404.php?p= HTTP/1.1" 301 0 "-" "-"
52.169.122.245 - - [30/May/2025:12:20:33 -0400] "GET /about.php HTTP/1.1" 404 22253 "-" "-"
52.169.122.245 - - [30/May/2025:12:20:33 -0400] "GET /about.php?525 HTTP/1.1" 404 22253 "-" "-"
52.169.122.245 - - [30/May/2025:12:20:34 -0400] "GET /about/function.php HTTP/1.1" 404 22253 "-" "-"
4.247.140.211 - - [30/May/2025:12:20:43 -0400] "GET /wp-admin/css/colors/light/ HTTP/1.1" 200 744 "binance.com" "Mozilla/5.0 (Windows NT 10.0; Win64; x64) AppleWebKit/537.36 (KHTML, like Gecko) Chrome/90.0.4430.85 Safari/537.36"
4.247.140.211 - - [30/May/2025:12:21:40 -0400] "GET /wp-admin/css/colors/ocean/ HTTP/1.1" 200 745 "binance.com" "Mozilla/5.0 (Windows NT 10.0; Win64; x64) AppleWebKit/537.36 (KHTML, like Gecko) Chrome/90.0.4430.85 Safari/537.36"
198.54.114.35 - - [30/May/2025:12:22:15 -0400] "POST /wp-cron.php?doing_wp_cron=1748622135.7155840396881103515625 HTTP/1.1" 200 0 "-" "WordPress/6.8.1; https://socialsolargreen.com"
4.247.140.211 - - [30/May/2025:12:22:16 -0400] "GET /wp-admin/css/colors/sunrise/ HTTP/1.1" 200 738 "binance.com" "Mozilla/5.0 (Windows NT 10.0; Win64; x64) AppleWebKit/537.36 (KHTML, like Gecko) Chrome/90.0.4430.85 Safari/537.36"
198.54.114.35 - - [30/May/2025:12:22:16 -0400] "POST /wp-admin/admin-ajax.php?action=async_litespeed&nonce=LZKgXw1rhp7pJUDbDnc3d9M9UzJPVgMW&litespeed_type=imgoptm HTTP/1.1" 200 5 "-" "WordPress/6.8.1; https://socialsolargreen.com"
4.247.140.211 - - [30/May/2025:12:24:08 -0400] "GET /wp-includes/block-bindings.php HTTP/1.1" 200 0 "binance.com" "Mozilla/5.0 (Windows NT 10.0; Win64; x64) AppleWebKit/537.36 (KHTML, like Gecko) Chrome/90.0.4430.85 Safari/537.36"
4.247.140.211 - - [30/May/2025:12:24:38 -0400] "GET /wp-includes/block-template-utils.php HTTP/1.1" 200 0 "binance.com" "Mozilla/5.0 (Windows NT 10.0; Win64; x64) AppleWebKit/537.36 (KHTML, like Gecko) Chrome/90.0.4430.85 Safari/537.36"
4.247.140.211 - - [30/May/2025:12:24:59 -0400] "GET /wp-includes/class-avif-info.php HTTP/1.1" 200 0 "binance.com" "Mozilla/5.0 (Windows NT 10.0; Win64; x64) AppleWebKit/537.36 (KHTML, like Gecko) Chrome/90.0.4430.85 Safari/537.36"
4.247.140.211 - - [30/May/2025:12:23:52 -0400] "GET /wp-includes/ HTTP/1.1" 200 8655 "binance.com" "Mozilla/5.0 (Windows NT 10.0; Win64; x64) AppleWebKit/537.36 (KHTML, like Gecko) Chrome/90.0.4430.85 Safari/537.36"
4.247.140.211 - - [30/May/2025:12:24:29 -0400] "GET /wp-includes/block-editor.php HTTP/1.1" 200 0 "binance.com" "Mozilla/5.0 (Windows NT 10.0; Win64; x64) AppleWebKit/537.36 (KHTML, like Gecko) Chrome/90.0.4430.85 Safari/537.36"
4.247.140.211 - - [30/May/2025:12:24:48 -0400] "GET /wp-includes/block-template.php HTTP/1.1" 200 0 "binance.com" "Mozilla/5.0 (Windows NT 10.0; Win64; x64) AppleWebKit/537.36 (KHTML, like Gecko) Chrome/90.0.4430.85 Safari/537.36"
4.247.140.211 - - [30/May/2025:12:25:37 -0400] "GET /wp-includes/class-wp-block-editor-context.php HTTP/1.1" 200 0 "binance.com" "Mozilla/5.0 (Windows NT 10.0; Win64; x64) AppleWebKit/537.36 (KHTML, like Gecko) Chrome/90.0.4430.85 Safari/537.36"
4.247.140.211 - - [30/May/2025:12:26:09 -0400] "GET /wp-includes/class-wp-block-metadata-registry.php HTTP/1.1" 200 0 "binance.com" "Mozilla/5.0 (Windows NT 10.0; Win64; x64) AppleWebKit/537.36 (KHTML, like Gecko) Chrome/90.0.4430.85 Safari/537.36"
4.247.140.211 - - [30/May/2025:12:26:26 -0400] "GET /wp-includes/class-wp-block-parser-frame.php HTTP/1.1" 200 0 "binance.com" "Mozilla/5.0 (Windows NT 10.0; Win64; x64) AppleWebKit/537.36 (KHTML, like Gecko) Chrome/90.0.4430.85 Safari/537.36"
4.247.140.211 - - [30/May/2025:12:27:33 -0400] "GET /wp-includes/class-wp-classic-to-block-menu-converter.php HTTP/1.1" 200 0 "binance.com" "Mozilla/5.0 (Windows NT 10.0; Win64; x64) AppleWebKit/537.36 (KHTML, like Gecko) Chrome/90.0.4430.85 Safari/537.36"
