4.247.140.211 - - [30/May/2025:12:27:58 -0400] "GET /wp-includes/class-wp-duotone.php HTTP/1.1" 200 0 "binance.com" "Mozilla/5.0 (Windows NT 10.0; Win64; x64) AppleWebKit/537.36 (KHTML, like Gecko) Chrome/90.0.4430.85 Safari/537.36"
4.247.140.211 - - [30/May/2025:12:28:50 -0400] "GET /wp-includes/class-wp-exception.php HTTP/1.1" 200 0 "binance.com" "Mozilla/5.0 (Windows NT 10.0; Win64; x64) AppleWebKit/537.36 (KHTML, like Gecko) Chrome/90.0.4430.85 Safari/537.36"
4.247.140.211 - - [30/May/2025:12:29:16 -0400] "GET /wp-includes/class-wp-http.php HTTP/1.1" 200 6 "binance.com" "Mozilla/5.0 (Windows NT 10.0; Win64; x64) AppleWebKit/537.36 (KHTML, like Gecko) Chrome/90.0.4430.85 Safari/537.36"
4.247.140.211 - - [30/May/2025:12:29:41 -0400] "GET /wp-includes/class-wp-navigation-fallback.php HTTP/1.1" 200 0 "binance.com" "Mozilla/5.0 (Windows NT 10.0; Win64; x64) AppleWebKit/537.36 (KHTML, like Gecko) Chrome/90.0.4430.85 Safari/537.36"
4.247.140.211 - - [30/May/2025:12:30:20 -0400] "GET /wp-includes/class-wp-phpmailer.php HTTP/1.1" 500 0 "binance.com" "Mozilla/5.0 (Windows NT 10.0; Win64; x64) AppleWebKit/537.36 (KHTML, like Gecko) Chrome/90.0.4430.85 Safari/537.36"
4.247.140.211 - - [30/May/2025:12:32:12 -0400] "GET /wp-includes/class-wp-styles.php HTTP/1.1" 500 0 "binance.com" "Mozilla/5.0 (Windows NT 10.0; Win64; x64) AppleWebKit/537.36 (KHTML, like Gecko) Chrome/90.0.4430.85 Safari/537.36"
4.247.140.211 - - [30/May/2025:12:33:59 -0400] "GET /wp-includes/class-wp-token-map.php HTTP/1.1" 200 0 "binance.com" "Mozilla/5.0 (Windows NT 10.0; Win64; x64) AppleWebKit/537.36 (KHTML, like Gecko) Chrome/90.0.4430.85 Safari/537.36"
4.247.140.211 - - [30/May/2025:12:34:51 -0400] "GET /wp-includes/class-wpdb.php HTTP/1.1" 200 0 "binance.com" "Mozilla/5.0 (Windows NT 10.0; Win64; x64) AppleWebKit/537.36 (KHTML, like Gecko) Chrome/90.0.4430.85 Safari/537.36"
4.247.140.211 - - [30/May/2025:12:35:14 -0400] "GET /wp-includes/fonts.php HTTP/1.1" 200 0 "binance.com" "Mozilla/5.0 (Windows NT 10.0; Win64; x64) AppleWebKit/537.36 (KHTML, like Gecko) Chrome/90.0.4430.85 Safari/537.36"
4.247.140.211 - - [30/May/2025:12:35:31 -0400] "GET /wp-includes/global-styles-and-settings.php HTTP/1.1" 200 0 "binance.com" "Mozilla/5.0 (Windows NT 10.0; Win64; x64) AppleWebKit/537.36 (KHTML, like Gecko) Chrome/90.0.4430.85 Safari/537.36"
4.247.140.211 - - [30/May/2025:12:25:06 -0400] "GET /wp-includes/class-wp-block-bindings-registry.php HTTP/1.1" 200 0 "binance.com" "Mozilla/5.0 (Windows NT 10.0; Win64; x64) AppleWebKit/537.36 (KHTML, like Gecko) Chrome/90.0.4430.85 Safari/537.36"
4.247.140.211 - - [30/May/2025:12:25:23 -0400] "GET /wp-includes/class-wp-block-bindings-source.php HTTP/1.1" 200 0 "binance.com" "Mozilla/5.0 (Windows NT 10.0; Win64; x64) AppleWebKit/537.36 (KHTML, like Gecko) Chrome/90.0.4430.85 Safari/537.36"
4.247.140.211 - - [30/May/2025:12:26:19 -0400] "GET /wp-includes/class-wp-block-parser-block.php HTTP/1.1" 200 0 "binance.com" "Mozilla/5.0 (Windows NT 10.0; Win64; x64) AppleWebKit/537.36 (KHTML, like Gecko) Chrome/90.0.4430.85 Safari/537.36"
4.247.140.211 - - [30/May/2025:12:26:48 -0400] "GET /wp-includes/class-wp-block-template.php HTTP/1.1" 200 0 "binance.com" "Mozilla/5.0 (Windows NT 10.0; Win64; x64) AppleWebKit/537.36 (KHTML, like Gecko) Chrome/90.0.4430.85 Safari/537.36"
4.247.140.211 - - [30/May/2025:12:27:10 -0400] "GET /wp-includes/class-wp-block-templates-registry.php HTTP/1.1" 200 0 "binance.com" "Mozilla/5.0 (Windows NT 10.0; Win64; x64) AppleWebKit/537.36 (KHTML, like Gecko) Chrome/90.0.4430.85 Safari/537.36"
4.247.140.211 - - [30/May/2025:12:27:46 -0400] "GET /wp-includes/class-wp-dependencies.php HTTP/1.1" 200 0 "binance.com" "Mozilla/5.0 (Windows NT 10.0; Win64; x64) AppleWebKit/537.36 (KHTML, like Gecko) Chrome/90.0.4430.85 Safari/537.36"
4.247.140.211 - - [30/May/2025:12:30:34 -0400] "GET /wp-includes/class-wp-plugin-dependencies.php HTTP/1.1" 200 0 "binance.com" "Mozilla/5.0 (Windows NT 10.0; Win64; x64) AppleWebKit/537.36 (KHTML, like Gecko) Chrome/90.0.4430.85 Safari/537.36"
4.247.140.211 - - [30/May/2025:12:31:11 -0400] "GET /wp-includes/class-wp-script-modules.php HTTP/1.1" 200 0 "binance.com" "Mozilla/5.0 (Windows NT 10.0; Win64; x64) AppleWebKit/537.36 (KHTML, like Gecko) Chrome/90.0.4430.85 Safari/537.36"
4.247.140.211 - - [30/May/2025:12:31:47 -0400] "GET /wp-includes/class-wp-scripts.php HTTP/1.1" 500 0 "binance.com" "Mozilla/5.0 (Windows NT 10.0; Win64; x64) AppleWebKit/537.36 (KHTML, like Gecko) Chrome/90.0.4430.85 Safari/537.36"
4.247.140.211 - - [30/May/2025:12:32:02 -0400] "GET /wp-includes/class-wp-speculation-rules.php HTTP/1.1" 200 0 "binance.com" "Mozilla/5.0 (Windows NT 10.0; Win64; x64) AppleWebKit/537.36 (KHTML, like Gecko) Chrome/90.0.4430.85 Safari/537.36"
4.247.140.211 - - [30/May/2025:12:32:23 -0400] "GET /wp-includes/class-wp-textdomain-registry.php HTTP/1.1" 200 0 "binance.com" "Mozilla/5.0 (Windows NT 10.0; Win64; x64) AppleWebKit/537.36 (KHTML, like Gecko) Chrome/90.0.4430.85 Safari/537.36"
4.247.140.211 - - [30/May/2025:12:32:50 -0400] "GET /wp-includes/class-wp-theme-json-data.php HTTP/1.1" 200 0 "binance.com" "Mozilla/5.0 (Windows NT 10.0; Win64; x64) AppleWebKit/537.36 (KHTML, like Gecko) Chrome/90.0.4430.85 Safari/537.36"
4.247.140.211 - - [30/May/2025:12:33:11 -0400] "GET /wp-includes/class-wp-theme-json-resolver.php HTTP/1.1" 200 0 "binance.com" "Mozilla/5.0 (Windows NT 10.0; Win64; x64) AppleWebKit/537.36 (KHTML, like Gecko) Chrome/90.0.4430.85 Safari/537.36"
4.247.140.211 - - [30/May/2025:12:33:34 -0400] "GET /wp-includes/class-wp-theme-json-schema.php HTTP/1.1" 200 0 "binance.com" "Mozilla/5.0 (Windows NT 10.0; Win64; x64) AppleWebKit/537.36 (KHTML, like Gecko) Chrome/90.0.4430.85 Safari/537.36"
4.247.140.211 - - [30/May/2025:12:33:51 -0400] "GET /wp-includes/class-wp-theme-json.php HTTP/1.1" 200 0 "binance.com" "Mozilla/5.0 (Windows NT 10.0; Win64; x64) AppleWebKit/537.36 (KHTML, like Gecko) Chrome/90.0.4430.85 Safari/537.36"
4.247.140.211 - - [30/May/2025:12:34:21 -0400] "GET /wp-includes/class-wp-url-pattern-prefixer.php HTTP/1.1" 200 0 "binance.com" "Mozilla/5.0 (Windows NT 10.0; Win64; x64) AppleWebKit/537.36 (KHTML, like Gecko) Chrome/90.0.4430.85 Safari/537.36"
4.247.140.211 - - [30/May/2025:12:36:25 -0400] "GET /wp-includes/robots-template.php HTTP/1.1" 200 0 "binance.com" "Mozilla/5.0 (Windows NT 10.0; Win64; x64) AppleWebKit/537.36 (KHTML, like Gecko) Chrome/90.0.4430.85 Safari/537.36"
4.247.140.211 - - [30/May/2025:12:36:09 -0400] "GET /wp-includes/https-migration.php HTTP/1.1" 200 0 "binance.com" "Mozilla/5.0 (Windows NT 10.0; Win64; x64) AppleWebKit/537.36 (KHTML, like Gecko) Chrome/90.0.4430.85 Safari/537.36"
4.247.140.211 - - [30/May/2025:12:35:57 -0400] "GET /wp-includes/https-detection.php HTTP/1.1" 200 0 "binance.com" "Mozilla/5.0 (Windows NT 10.0; Win64; x64) AppleWebKit/537.36 (KHTML, like Gecko) Chrome/90.0.4430.85 Safari/537.36"
4.247.140.211 - - [30/May/2025:12:36:48 -0400] "GET /wp-includes/script-modules.php HTTP/1.1" 200 0 "binance.com" "Mozilla/5.0 (Windows NT 10.0; Win64; x64) AppleWebKit/537.36 (KHTML, like Gecko) Chrome/90.0.4430.85 Safari/537.36"
4.247.140.211 - - [30/May/2025:12:37:02 -0400] "GET /wp-includes/speculative-loading.php HTTP/1.1" 200 0 "binance.com" "Mozilla/5.0 (Windows NT 10.0; Win64; x64) AppleWebKit/537.36 (KHTML, like Gecko) Chrome/90.0.4430.85 Safari/537.36"
4.247.140.211 - - [30/May/2025:12:37:19 -0400] "GET /wp-includes/style-engine.php HTTP/1.1" 200 0 "binance.com" "Mozilla/5.0 (Windows NT 10.0; Win64; x64) AppleWebKit/537.36 (KHTML, like Gecko) Chrome/90.0.4430.85 Safari/537.36"
4.247.140.211 - - [30/May/2025:12:38:05 -0400] "GET /wp-includes/template-canvas.php HTTP/1.1" 500 0 "binance.com" "Mozilla/5.0 (Windows NT 10.0; Win64; x64) AppleWebKit/537.36 (KHTML, like Gecko) Chrome/90.0.4430.85 Safari/537.36"
4.247.140.211 - - [30/May/2025:12:38:29 -0400] "GET /wp-includes/theme-previews.php HTTP/1.1" 200 0 "binance.com" "Mozilla/5.0 (Windows NT 10.0; Win64; x64) AppleWebKit/537.36 (KHTML, like Gecko) Chrome/90.0.4430.85 Safari/537.36"
4.247.140.211 - - [30/May/2025:12:38:50 -0400] "GET /wp-includes/theme-templates.php HTTP/1.1" 200 0 "binance.com" "Mozilla/5.0 (Windows NT 10.0; Win64; x64) AppleWebKit/537.36 (KHTML, like Gecko) Chrome/90.0.4430.85 Safari/537.36"
4.247.140.211 - - [30/May/2025:12:39:10 -0400] "GET /wp-includes/ID3/ HTTP/1.1" 200 1369 "binance.com" "Mozilla/5.0 (Windows NT 10.0; Win64; x64) AppleWebKit/537.36 (KHTML, like Gecko) Chrome/90.0.4430.85 Safari/537.36"
4.247.140.211 - - [30/May/2025:12:39:32 -0400] "GET /wp-includes/ID3/ HTTP/1.1" 200 1369 "binance.com" "Mozilla/5.0 (Windows NT 10.0; Win64; x64) AppleWebKit/537.36 (KHTML, like Gecko) Chrome/90.0.4430.85 Safari/537.36"
4.247.140.211 - - [30/May/2025:12:40:01 -0400] "GET /wp-includes/IXR/ HTTP/1.1" 200 1221 "binance.com" "Mozilla/5.0 (Windows NT 10.0; Win64; x64) AppleWebKit/537.36 (KHTML, like Gecko) Chrome/90.0.4430.85 Safari/537.36"
4.247.140.211 - - [30/May/2025:12:40:41 -0400] "GET /wp-includes/PHPMailer/ HTTP/1.1" 200 713 "binance.com" "Mozilla/5.0 (Windows NT 10.0; Win64; x64) AppleWebKit/537.36 (KHTML, like Gecko) Chrome/90.0.4430.85 Safari/537.36"
4.247.140.211 - - [30/May/2025:12:41:42 -0400] "GET /wp-includes/Text/Diff/ HTTP/1.1" 200 706 "binance.com" "Mozilla/5.0 (Windows NT 10.0; Win64; x64) AppleWebKit/537.36 (KHTML, like Gecko) Chrome/90.0.4430.85 Safari/537.36"
103.13.112.160 - - [30/May/2025:12:42:00 -0400] "POST /wp-login.php HTTP/1.1" 302 0 "https://socialsolargreen.com" "Mozilla/5.0 (Macintosh; Intel Mac OS X 14.5) AppleWebKit/618.3.5 (KHTML, like Gecko) Version/17.4 Safari/618.3.5"
198.54.114.35 - - [30/May/2025:12:42:03 -0400] "POST /wp-cron.php?doing_wp_cron=1748623322.9469718933105468750000 HTTP/1.1" 200 0 "-" "WordPress/6.8.1; https://socialsolargreen.com"
198.54.114.35 - - [30/May/2025:12:42:03 -0400] "POST /wp-admin/admin-ajax.php?action=async_litespeed&nonce=pJFl8WiG2096yXgWISLPjObp57e2yUa3&litespeed_type=imgoptm HTTP/1.1" 200 5 "-" "WordPress/6.8.1; https://socialsolargreen.com"
4.247.140.211 - - [30/May/2025:12:43:00 -0400] "GET /wp-includes/Text/Diff/Renderer/ HTTP/1.1" 200 635 "binance.com" "Mozilla/5.0 (Windows NT 10.0; Win64; x64) AppleWebKit/537.36 (KHTML, like Gecko) Chrome/90.0.4430.85 Safari/537.36"
198.54.114.35 - - [30/May/2025:12:43:05 -0400] "POST /wp-cron.php?doing_wp_cron=1748623385.7270209789276123046875 HTTP/1.1" 200 0 "-" "WordPress/6.8.1; https://socialsolargreen.com"
198.54.114.35 - - [30/May/2025:12:43:06 -0400] "POST /wp-admin/admin-ajax.php?action=async_litespeed&nonce=aAanATDJ2cuduOTY8mBQwVIfzox9DEUt&litespeed_type=imgoptm HTTP/1.1" 200 5 "-" "WordPress/6.8.1; https://socialsolargreen.com"
4.247.140.211 - - [30/May/2025:12:43:21 -0400] "GET /wp-includes/blocks/ HTTP/1.1" 200 6 "binance.com" "Mozilla/5.0 (Windows NT 10.0; Win64; x64) AppleWebKit/537.36 (KHTML, like Gecko) Chrome/90.0.4430.85 Safari/537.36"
4.247.140.211 - - [30/May/2025:12:43:53 -0400] "GET /wp-includes/pomo/ HTTP/1.1" 200 1107 "binance.com" "Mozilla/5.0 (Windows NT 10.0; Win64; x64) AppleWebKit/537.36 (KHTML, like Gecko) Chrome/90.0.4430.85 Safari/537.36"
4.247.140.211 - - [30/May/2025:12:45:04 -0400] "GET /wp-includes/sitemaps/providers/ HTTP/1.1" 200 732 "binance.com" "Mozilla/5.0 (Windows NT 10.0; Win64; x64) AppleWebKit/537.36 (KHTML, like Gecko) Chrome/90.0.4430.85 Safari/537.36"
4.247.140.211 - - [30/May/2025:12:45:31 -0400] "GET /wp-includes/widgets/ HTTP/1.1" 200 1583 "binance.com" "Mozilla/5.0 (Windows NT 10.0; Win64; x64) AppleWebKit/537.36 (KHTML, like Gecko) Chrome/90.0.4430.85 Safari/537.36"
4.247.140.211 - - [30/May/2025:12:45:54 -0400] "GET /wp-includes/widgets/class-wp-widget-block.php HTTP/1.1" 500 0 "binance.com" "Mozilla/5.0 (Windows NT 10.0; Win64; x64) AppleWebKit/537.36 (KHTML, like Gecko) Chrome/90.0.4430.85 Safari/537.36"
4.247.140.211 - - [30/May/2025:12:46:05 -0400] "GET /wp-includes/css/ HTTP/1.1" 200 1965 "binance.com" "Mozilla/5.0 (Windows NT 10.0; Win64; x64) AppleWebKit/537.36 (KHTML, like Gecko) Chrome/90.0.4430.85 Safari/537.36"
4.247.140.211 - - [30/May/2025:12:39:44 -0400] "GET /wp-includes/IXR/ HTTP/1.1" 200 1221 "binance.com" "Mozilla/5.0 (Windows NT 10.0; Win64; x64) AppleWebKit/537.36 (KHTML, like Gecko) Chrome/90.0.4430.85 Safari/537.36"
4.247.140.211 - - [30/May/2025:12:40:20 -0400] "GET /wp-includes/PHPMailer/ HTTP/1.1" 200 713 "binance.com" "Mozilla/5.0 (Windows NT 10.0; Win64; x64) AppleWebKit/537.36 (KHTML, like Gecko) Chrome/90.0.4430.85 Safari/537.36"
4.247.140.211 - - [30/May/2025:12:41:11 -0400] "GET /wp-includes/Text/ HTTP/1.1" 200 723 "binance.com" "Mozilla/5.0 (Windows NT 10.0; Win64; x64) AppleWebKit/537.36 (KHTML, like Gecko) Chrome/90.0.4430.85 Safari/537.36"
4.247.140.211 - - [30/May/2025:12:41:23 -0400] "GET /wp-includes/Text/ HTTP/1.1" 200 723 "binance.com" "Mozilla/5.0 (Windows NT 10.0; Win64; x64) AppleWebKit/537.36 (KHTML, like Gecko) Chrome/90.0.4430.85 Safari/537.36"
198.54.114.35 - - [30/May/2025:12:42:02 -0400] "POST /wp-cron.php?doing_wp_cron=1748623322.6478130817413330078125 HTTP/1.1" 200 0 "-" "WordPress/6.8.1; https://socialsolargreen.com"
103.13.112.160 - - [30/May/2025:12:42:01 -0400] "GET /404 HTTP/1.1" 404 22253 "https://socialsolargreen.com" "Mozilla/5.0 (Macintosh; Intel Mac OS X 14.5) AppleWebKit/618.3.5 (KHTML, like Gecko) Version/17.4 Safari/618.3.5"
4.247.140.211 - - [30/May/2025:12:42:22 -0400] "GET /wp-includes/Text/Diff/ HTTP/1.1" 200 706 "binance.com" "Mozilla/5.0 (Windows NT 10.0; Win64; x64) AppleWebKit/537.36 (KHTML, like Gecko) Chrome/90.0.4430.85 Safari/537.36"
49.51.245.241 - - [30/May/2025:12:42:34 -0400] "GET / HTTP/1.1" 200 29842 "http://socialsolargreen.com" "Mozilla/5.0 (iPhone; CPU iPhone OS 13_2_3 like Mac OS X) AppleWebKit/605.1.15 (KHTML, like Gecko) Version/13.0.3 Mobile/15E148 Safari/604.1"
4.247.140.211 - - [30/May/2025:12:42:38 -0400] "GET /wp-includes/Text/Diff/Engine/ HTTP/1.1" 200 715 "binance.com" "Mozilla/5.0 (Windows NT 10.0; Win64; x64) AppleWebKit/537.36 (KHTML, like Gecko) Chrome/90.0.4430.85 Safari/537.36"
4.247.140.211 - - [30/May/2025:12:42:51 -0400] "GET /wp-includes/Text/Diff/Engine/ HTTP/1.1" 200 715 "binance.com" "Mozilla/5.0 (Windows NT 10.0; Win64; x64) AppleWebKit/537.36 (KHTML, like Gecko) Chrome/90.0.4430.85 Safari/537.36"
52.167.144.172 - - [30/May/2025:12:43:05 -0400] "GET /NNlo-eabeaf-kaIKg HTTP/1.1" 404 22253 "-" "Mozilla/5.0 AppleWebKit/537.36 (KHTML, like Gecko; compatible; bingbot/2.0; +http://www.bing.com/bingbot.htm) Chrome/116.0.1938.76 Safari/537.36"
4.247.140.211 - - [30/May/2025:12:43:13 -0400] "GET /wp-includes/Text/Diff/Renderer/ HTTP/1.1" 200 635 "binance.com" "Mozilla/5.0 (Windows NT 10.0; Win64; x64) AppleWebKit/537.36 (KHTML, like Gecko) Chrome/90.0.4430.85 Safari/537.36"
4.247.140.211 - - [30/May/2025:12:43:29 -0400] "GET /wp-includes/pomo/ HTTP/1.1" 200 1107 "binance.com" "Mozilla/5.0 (Windows NT 10.0; Win64; x64) AppleWebKit/537.36 (KHTML, like Gecko) Chrome/90.0.4430.85 Safari/537.36"
4.247.140.211 - - [30/May/2025:12:44:25 -0400] "GET /wp-includes/sitemaps/ HTTP/1.1" 200 1141 "binance.com" "Mozilla/5.0 (Windows NT 10.0; Win64; x64) AppleWebKit/537.36 (KHTML, like Gecko) Chrome/90.0.4430.85 Safari/537.36"
4.247.140.211 - - [30/May/2025:12:44:45 -0400] "GET /wp-includes/sitemaps/ HTTP/1.1" 200 1141 "binance.com" "Mozilla/5.0 (Windows NT 10.0; Win64; x64) AppleWebKit/537.36 (KHTML, like Gecko) Chrome/90.0.4430.85 Safari/537.36"
4.247.140.211 - - [30/May/2025:12:45:14 -0400] "GET /wp-includes/sitemaps/providers/ HTTP/1.1" 200 732 "binance.com" "Mozilla/5.0 (Windows NT 10.0; Win64; x64) AppleWebKit/537.36 (KHTML, like Gecko) Chrome/90.0.4430.85 Safari/537.36"
4.247.140.211 - - [30/May/2025:12:45:20 -0400] "GET /wp-includes/widgets/ HTTP/1.1" 200 1583 "binance.com" "Mozilla/5.0 (Windows NT 10.0; Win64; x64) AppleWebKit/537.36 (KHTML, like Gecko) Chrome/90.0.4430.85 Safari/537.36"
4.247.140.211 - - [30/May/2025:12:46:28 -0400] "GET /wp-includes/fonts/ HTTP/1.1" 200 1249 "binance.com" "Mozilla/5.0 (Windows NT 10.0; Win64; x64) AppleWebKit/537.36 (KHTML, like Gecko) Chrome/90.0.4430.85 Safari/537.36"
4.247.140.211 - - [30/May/2025:12:47:01 -0400] "GET /wp-includes/fonts/class-wp-font-collection.php HTTP/1.1" 200 0 "binance.com" "Mozilla/5.0 (Windows NT 10.0; Win64; x64) AppleWebKit/537.36 (KHTML, like Gecko) Chrome/90.0.4430.85 Safari/537.36"
4.247.140.211 - - [30/May/2025:12:47:13 -0400] "GET /wp-includes/fonts/class-wp-font-face-resolver.php HTTP/1.1" 200 0 "binance.com" "Mozilla/5.0 (Windows NT 10.0; Win64; x64) AppleWebKit/537.36 (KHTML, like Gecko) Chrome/90.0.4430.85 Safari/537.36"
4.247.140.211 - - [30/May/2025:12:48:08 -0400] "GET /wp-includes/fonts/class-wp-font-library.php HTTP/1.1" 200 0 "binance.com" "Mozilla/5.0 (Windows NT 10.0; Win64; x64) AppleWebKit/537.36 (KHTML, like Gecko) Chrome/90.0.4430.85 Safari/537.36"
4.247.140.211 - - [30/May/2025:12:48:29 -0400] "GET /wp-includes/fonts/class-wp-font-utils.php HTTP/1.1" 200 0 "binance.com" "Mozilla/5.0 (Windows NT 10.0; Win64; x64) AppleWebKit/537.36 (KHTML, like Gecko) Chrome/90.0.4430.85 Safari/537.36"
4.247.140.211 - - [30/May/2025:12:48:41 -0400] "GET /wp-includes/images/ HTTP/1.1" 200 1663 "binance.com" "Mozilla/5.0 (Windows NT 10.0; Win64; x64) AppleWebKit/537.36 (KHTML, like Gecko) Chrome/90.0.4430.85 Safari/537.36"
4.247.140.211 - - [30/May/2025:12:49:01 -0400] "GET /wp-includes/images/crystal/ HTTP/1.1" 200 1186 "binance.com" "Mozilla/5.0 (Windows NT 10.0; Win64; x64) AppleWebKit/537.36 (KHTML, like Gecko) Chrome/90.0.4430.85 Safari/537.36"
4.247.140.211 - - [30/May/2025:12:50:14 -0400] "GET /wp-includes/js/%20 HTTP/1.1" 301 0 "binance.com" "Mozilla/5.0 (Windows NT 10.0; Win64; x64) AppleWebKit/537.36 (KHTML, like Gecko) Chrome/90.0.4430.85 Safari/537.36"
4.247.140.211 - - [30/May/2025:12:50:14 -0400] "GET /wp-includes/js/ HTTP/1.1" 200 3978 "binance.com" "Mozilla/5.0 (Windows NT 10.0; Win64; x64) AppleWebKit/537.36 (KHTML, like Gecko) Chrome/90.0.4430.85 Safari/537.36"
4.247.140.211 - - [30/May/2025:12:50:52 -0400] "GET /wp-includes/js/codemirror/ HTTP/1.1" 200 1135 "binance.com" "Mozilla/5.0 (Windows NT 10.0; Win64; x64) AppleWebKit/537.36 (KHTML, like Gecko) Chrome/90.0.4430.85 Safari/537.36"
4.247.140.211 - - [30/May/2025:12:50:59 -0400] "GET /wp-includes/js/plupload/ HTTP/1.1" 200 1187 "binance.com" "Mozilla/5.0 (Windows NT 10.0; Win64; x64) AppleWebKit/537.36 (KHTML, like Gecko) Chrome/90.0.4430.85 Safari/537.36"
4.247.140.211 - - [30/May/2025:12:46:14 -0400] "GET /wp-includes/css/dist/ HTTP/1.1" 200 1158 "binance.com" "Mozilla/5.0 (Windows NT 10.0; Win64; x64) AppleWebKit/537.36 (KHTML, like Gecko) Chrome/90.0.4430.85 Safari/537.36"
4.247.140.211 - - [30/May/2025:12:46:22 -0400] "GET /wp-includes/fonts/ HTTP/1.1" 200 1249 "binance.com" "Mozilla/5.0 (Windows NT 10.0; Win64; x64) AppleWebKit/537.36 (KHTML, like Gecko) Chrome/90.0.4430.85 Safari/537.36"
4.247.140.211 - - [30/May/2025:12:47:57 -0400] "GET /wp-includes/fonts/class-wp-font-face.php HTTP/1.1" 200 0 "binance.com" "Mozilla/5.0 (Windows NT 10.0; Win64; x64) AppleWebKit/537.36 (KHTML, like Gecko) Chrome/90.0.4430.85 Safari/537.36"
4.247.140.211 - - [30/May/2025:12:49:12 -0400] "GET /wp-includes/images/media/ HTTP/1.1" 200 1260 "binance.com" "Mozilla/5.0 (Windows NT 10.0; Win64; x64) AppleWebKit/537.36 (KHTML, like Gecko) Chrome/90.0.4430.85 Safari/537.36"
4.247.140.211 - - [30/May/2025:12:49:36 -0400] "GET /wp-includes/images/smilies/ HTTP/1.1" 200 1436 "binance.com" "Mozilla/5.0 (Windows NT 10.0; Win64; x64) AppleWebKit/537.36 (KHTML, like Gecko) Chrome/90.0.4430.85 Safari/537.36"
198.54.114.35 - - [30/May/2025:12:49:54 -0400] "POST /wp-cron.php?doing_wp_cron=1748623794.6588070392608642578125 HTTP/1.1" 200 0 "-" "WordPress/6.8.1; https://socialsolargreen.com"
198.54.114.35 - - [30/May/2025:12:49:55 -0400] "POST /wp-admin/admin-ajax.php?action=async_litespeed&nonce=F3e0WITIGyLDJjbcGFeIUUwMR79VKIzI&litespeed_type=imgoptm HTTP/1.1" 200 5 "-" "WordPress/6.8.1; https://socialsolargreen.com"
4.247.140.211 - - [30/May/2025:12:49:52 -0400] "GET /wp-includes/images/wlw/ HTTP/1.1" 404 22474 "binance.com" "Mozilla/5.0 (Windows NT 10.0; Win64; x64) AppleWebKit/537.36 (KHTML, like Gecko) Chrome/90.0.4430.85 Safari/537.36"
4.247.140.211 - - [30/May/2025:12:51:05 -0400] "GET /.well-known/ HTTP/1.1" 404 22253 "binance.com" "Mozilla/5.0 (Windows NT 10.0; Win64; x64) AppleWebKit/537.36 (KHTML, like Gecko) Chrome/90.0.4430.85 Safari/537.36"
2604:a880:400:d1::899:4001 - - [30/May/2025:13:18:10 -0400] "POST /wp-login.php HTTP/1.1" 302 0 "https://socialsolargreen.com" "Mozilla/5.0 (Macintosh; Intel Mac OS X 10_15_7; rv:125.0.1) Gecko/20100101 Firefox/125.0.1"
52.167.144.235 - - [30/May/2025:13:19:08 -0400] "GET /Ll4A-8adafdca-HdMzq HTTP/1.1" 301 0 "-" "Mozilla/5.0 AppleWebKit/537.36 (KHTML, like Gecko; compatible; bingbot/2.0; +http://www.bing.com/bingbot.htm) Chrome/116.0.1938.76 Safari/537.36"
2604:a880:400:d1::899:4001 - - [30/May/2025:13:18:12 -0400] "GET /404 HTTP/1.1" 404 22253 "https://socialsolargreen.com" "Mozilla/5.0 (Macintosh; Intel Mac OS X 10_15_7; rv:125.0.1) Gecko/20100101 Firefox/125.0.1"
198.54.114.35 - - [30/May/2025:13:19:10 -0400] "POST /wp-cron.php?doing_wp_cron=1748625550.0923531055450439453125 HTTP/1.1" 200 0 "-" "WordPress/6.8.1; https://socialsolargreen.com"
198.54.114.35 - - [30/May/2025:13:19:10 -0400] "POST /wp-admin/admin-ajax.php?action=async_litespeed&nonce=Zk8nRVHkHavdFjtXcevXvTJhIdNzgjQs&litespeed_type=imgoptm HTTP/1.1" 200 5 "-" "WordPress/6.8.1; https://socialsolargreen.com"
198.54.114.35 - - [30/May/2025:13:51:14 -0400] "POST /wp-cron.php?doing_wp_cron=1748627473.9846899509429931640625 HTTP/1.1" 200 0 "-" "WordPress/6.8.1; https://socialsolargreen.com"
2600:3c00::f03c:93ff:fe5a:c926 - - [30/May/2025:13:53:50 -0400] "POST /wp-login.php HTTP/1.1" 302 0 "https://socialsolargreen.com" "Mozilla/5.0 (Macintosh; Intel Mac OS X 14_6) AppleWebKit/605.1.15 (KHTML, like Gecko) Version/17.5 Safari/605.1.15"
198.54.114.35 - - [30/May/2025:13:53:52 -0400] "POST /wp-cron.php?doing_wp_cron=1748627632.2631518840789794921875 HTTP/1.1" 200 0 "-" "WordPress/6.8.1; https://socialsolargreen.com"
198.54.114.35 - - [30/May/2025:13:57:28 -0400] "POST /wp-cron.php?doing_wp_cron=1748627848.4100770950317382812500 HTTP/1.1" 200 0 "-" "WordPress/6.8.1; https://socialsolargreen.com"
198.54.114.35 - - [30/May/2025:13:51:14 -0400] "POST /wp-cron.php?doing_wp_cron=1748627474.3507809638977050781250 HTTP/1.1" 200 0 "-" "WordPress/6.8.1; https://socialsolargreen.com"
52.167.144.18 - - [30/May/2025:13:51:10 -0400] "GET /WLya-dcec4caca-NUhdv HTTP/1.1" 301 0 "-" "Mozilla/5.0 AppleWebKit/537.36 (KHTML, like Gecko; compatible; bingbot/2.0; +http://www.bing.com/bingbot.htm) Chrome/116.0.1938.76 Safari/537.36"
198.54.114.35 - - [30/May/2025:13:51:14 -0400] "POST /wp-admin/admin-ajax.php?action=async_litespeed&nonce=pkkJjle1OVNfgtEt6nHfABFmjwwMBNg3&litespeed_type=imgoptm HTTP/1.1" 200 5 "-" "WordPress/6.8.1; https://socialsolargreen.com"
198.54.114.35 - - [30/May/2025:13:53:52 -0400] "POST /wp-admin/admin-ajax.php?action=async_litespeed&nonce=Pa6Qg8CQRXbhugmpxssZSS3SGNecJ4bH&litespeed_type=imgoptm HTTP/1.1" 200 5 "-" "WordPress/6.8.1; https://socialsolargreen.com"
2600:3c00::f03c:93ff:fe5a:c926 - - [30/May/2025:13:53:51 -0400] "GET /404 HTTP/1.1" 404 22253 "https://socialsolargreen.com" "Mozilla/5.0 (Macintosh; Intel Mac OS X 14_6) AppleWebKit/605.1.15 (KHTML, like Gecko) Version/17.5 Safari/605.1.15"
52.167.144.16 - - [30/May/2025:13:57:26 -0400] "GET /OPD5-4bb3bcadb-CroYl HTTP/1.1" 301 0 "-" "Mozilla/5.0 AppleWebKit/537.36 (KHTML, like Gecko; compatible; bingbot/2.0; +http://www.bing.com/bingbot.htm) Chrome/116.0.1938.76 Safari/537.36"
198.54.114.35 - - [30/May/2025:13:57:28 -0400] "POST /wp-admin/admin-ajax.php?action=async_litespeed&nonce=SVomPskyWVkjNGBG1gQYts53fvO4v9CC&litespeed_type=imgoptm HTTP/1.1" 200 5 "-" "WordPress/6.8.1; https://socialsolargreen.com"
38.57.3.35 - - [30/May/2025:14:11:46 -0400] "POST /wp-login.php HTTP/1.1" 302 0 "https://socialsolargreen.com" "Mozilla/5.0 (Macintosh; Intel Mac OS X 10_15_7; rv:129.0) Gecko/20100101 Firefox/129.0"
198.54.114.35 - - [30/May/2025:14:17:07 -0400] "POST /wp-cron.php?doing_wp_cron=1748629026.9804658889770507812500 HTTP/1.1" 200 0 "-" "WordPress/6.8.1; https://socialsolargreen.com"
38.57.3.35 - - [30/May/2025:14:11:47 -0400] "GET /404 HTTP/1.1" 404 22253 "https://socialsolargreen.com" "Mozilla/5.0 (Macintosh; Intel Mac OS X 10_15_7; rv:129.0) Gecko/20100101 Firefox/129.0"
52.167.144.65 - - [30/May/2025:14:17:06 -0400] "GET /robots.txt HTTP/1.1" 304 0 "-" "Mozilla/5.0 AppleWebKit/537.36 (KHTML, like Gecko; compatible; bingbot/2.0; +http://www.bing.com/bingbot.htm) Chrome/116.0.1938.76 Safari/537.36"
198.54.114.35 - - [30/May/2025:14:17:07 -0400] "POST /wp-admin/admin-ajax.php?action=async_litespeed&nonce=b9aKXofNoaHQWqAzDLZ7tJbp18KiLUyw&litespeed_type=imgoptm HTTP/1.1" 200 5 "-" "WordPress/6.8.1; https://socialsolargreen.com"
52.167.144.219 - - [30/May/2025:14:17:05 -0400] "GET /TaDA-f0db-LocfY HTTP/1.1" 404 22253 "-" "Mozilla/5.0 AppleWebKit/537.36 (KHTML, like Gecko; compatible; bingbot/2.0; +http://www.bing.com/bingbot.htm) Chrome/116.0.1938.76 Safari/537.36"
198.54.114.35 - - [30/May/2025:14:27:38 -0400] "POST /wp-admin/admin-ajax.php?action=async_litespeed&nonce=4Cftn70uihOPSjHfXLQ2PyTYfGgB6cL1&litespeed_type=imgoptm HTTP/1.1" 200 5 "-" "WordPress/6.8.1; https://socialsolargreen.com"
45.95.214.132 - - [30/May/2025:14:27:35 -0400] "GET /assets/images/accesson.php HTTP/1.1" 404 22475 "-" "Mozilla/5.0 (Windows NT 10.0; Win64; x64; rv:81.0) Gecko/20100101 Firefox/81.0"
2a01:4f8:2190:15dc::2 - - [30/May/2025:14:29:18 -0400] "POST /wp-login.php HTTP/1.1" 302 0 "https://socialsolargreen.com" "Mozilla/5.0 (Macintosh; Intel Mac OS X 10_15_7; rv:126.0) Gecko/20100101 Firefox/126.0"
2a01:4f8:2190:15dc::2 - - [30/May/2025:14:29:19 -0400] "GET /404 HTTP/1.1" 404 22253 "https://socialsolargreen.com" "Mozilla/5.0 (Macintosh; Intel Mac OS X 10_15_7; rv:126.0) Gecko/20100101 Firefox/126.0"
54.226.56.8 - - [30/May/2025:14:35:35 -0400] "GET / HTTP/1.1" 200 29842 "-" "Mozilla/5.0 (Linux; U; Android 10; zh-Hans-CN; SPN-AL00 Build/HUAWEISPN-AL00) AppleWebKit/537.36 (KHTML, like Gecko) Version/4.0 Chrome/78.0.3904.108 Quark/5.4.9.201 Mobile Safari/537.36"
198.54.114.35 - - [30/May/2025:14:27:37 -0400] "POST /wp-cron.php?doing_wp_cron=1748629657.5008020401000976562500 HTTP/1.1" 200 0 "-" "WordPress/6.8.1; https://socialsolargreen.com"
104.210.140.132 - - [30/May/2025:14:28:05 -0400] "GET /robots.txt HTTP/1.1" 200 102 "-" "Mozilla/5.0 (Macintosh; Intel Mac OS X 10_15_7) AppleWebKit/537.36 (KHTML, like Gecko) Chrome/131.0.0.0 Safari/537.36; compatible; OAI-SearchBot/1.0; +https://openai.com/searchbot"
198.54.114.35 - - [30/May/2025:14:42:49 -0400] "POST /wp-admin/admin-ajax.php?action=async_litespeed&nonce=hRqdkHE11Uoh7Yq8RiP2aegInRebxWeR&litespeed_type=imgoptm HTTP/1.1" 200 5 "-" "WordPress/6.8.1; https://socialsolargreen.com"
31.10.57.8 - - [30/May/2025:14:42:51 -0400] "POST / HTTP/1.1" 200 29790 "-" "Mozilla/5.0 (Windows NT 10.0; Win64; x64) AppleWebKit/537.36 (KHTML, like Gecko) Chrome/120.0.0.0 Safari/537.36"
212.34.154.131 - - [30/May/2025:14:42:53 -0400] "GET /blog/ HTTP/1.1" 200 23660 "-" "Mozilla/5.0 (Macintosh; Intel Mac OS X 10_15_7) AppleWebKit/537.36 (KHTML, like Gecko) Chrome/133.0.0.0 Safari/537.36"
31.10.57.8 - - [30/May/2025:14:42:59 -0400] "POST /contact/ HTTP/1.1" 200 25227 "-" "Mozilla/5.0 (Macintosh; Intel Mac OS X 10_15_7) AppleWebKit/537.36 (KHTML, like Gecko) Chrome/133.0.0.0 Safari/537.36"
31.10.57.8 - - [30/May/2025:14:43:02 -0400] "POST /contact/ HTTP/1.1" 200 25227 "-" "Mozilla/5.0 (Macintosh; Intel Mac OS X 10_15_7) AppleWebKit/537.36 (KHTML, like Gecko) Chrome/133.0.0.0 Safari/537.36"
212.34.154.131 - - [30/May/2025:14:43:05 -0400] "GET /contact/ HTTP/1.1" 200 25277 "-" "Mozilla/5.0 (Macintosh; Intel Mac OS X 10_15_7) AppleWebKit/537.36 (KHTML, like Gecko) Chrome/133.0.0.0 Safari/537.36"
31.10.57.8 - - [30/May/2025:14:43:06 -0400] "POST /contact/ HTTP/1.1" 200 25227 "-" "Mozilla/5.0 (Macintosh; Intel Mac OS X 10_15_7) AppleWebKit/537.36 (KHTML, like Gecko) Chrome/133.0.0.0 Safari/537.36"
31.10.57.8 - - [30/May/2025:14:43:07 -0400] "POST /contact/ HTTP/1.1" 200 25227 "-" "Mozilla/5.0 (Windows NT 10.0; Win64; x64) AppleWebKit/537.36 (KHTML, like Gecko) Chrome/120.0.0.0 Safari/537.36"
31.10.57.8 - - [30/May/2025:14:43:08 -0400] "POST /contact/ HTTP/1.1" 200 25227 "-" "Mozilla/5.0 (Macintosh; Intel Mac OS X 10_15_7) AppleWebKit/537.36 (KHTML, like Gecko) Chrome/133.0.0.0 Safari/537.36"
31.10.57.8 - - [30/May/2025:14:43:10 -0400] "POST /contact/ HTTP/1.1" 200 25227 "-" "Mozilla/5.0 (Windows NT 10.0; Win64; x64) AppleWebKit/537.36 (KHTML, like Gecko) Chrome/120.0.0.0 Safari/537.36"
212.34.154.131 - - [30/May/2025:14:42:46 -0400] "GET / HTTP/1.1" 200 29842 "-" "Mozilla/5.0 (Macintosh; Intel Mac OS X 10_15_7) AppleWebKit/537.36 (KHTML, like Gecko) Chrome/133.0.0.0 Safari/537.36"
198.54.114.35 - - [30/May/2025:14:42:49 -0400] "POST /wp-cron.php?doing_wp_cron=1748630569.0270988941192626953125 HTTP/1.1" 200 0 "-" "WordPress/6.8.1; https://socialsolargreen.com"
31.10.57.8 - - [30/May/2025:14:42:47 -0400] "POST / HTTP/1.1" 200 29790 "-" "Mozilla/5.0 (Macintosh; Intel Mac OS X 10_15_7) AppleWebKit/537.36 (KHTML, like Gecko) Chrome/133.0.0.0 Safari/537.36"
31.10.57.8 - - [30/May/2025:14:42:55 -0400] "POST /blog/ HTTP/1.1" 200 23612 "-" "Mozilla/5.0 (Macintosh; Intel Mac OS X 10_15_7) AppleWebKit/537.36 (KHTML, like Gecko) Chrome/133.0.0.0 Safari/537.36"
31.10.57.8 - - [30/May/2025:14:42:57 -0400] "POST /blog/ HTTP/1.1" 200 23612 "-" "Mozilla/5.0 (Windows NT 10.0; Win64; x64) AppleWebKit/537.36 (KHTML, like Gecko) Chrome/120.0.0.0 Safari/537.36"
212.34.154.131 - - [30/May/2025:14:42:58 -0400] "GET /contact/ HTTP/1.1" 200 25277 "-" "Mozilla/5.0 (Macintosh; Intel Mac OS X 10_15_7) AppleWebKit/537.36 (KHTML, like Gecko) Chrome/133.0.0.0 Safari/537.36"
31.10.57.8 - - [30/May/2025:14:43:00 -0400] "POST /contact/ HTTP/1.1" 200 25227 "-" "Mozilla/5.0 (Windows NT 10.0; Win64; x64) AppleWebKit/537.36 (KHTML, like Gecko) Chrome/120.0.0.0 Safari/537.36"
31.10.57.8 - - [30/May/2025:14:43:03 -0400] "POST /contact/ HTTP/1.1" 200 25227 "-" "Mozilla/5.0 (Windows NT 10.0; Win64; x64) AppleWebKit/537.36 (KHTML, like Gecko) Chrome/120.0.0.0 Safari/537.36"
103.106.104.116 - - [30/May/2025:14:46:40 -0400] "POST /wp-login.php HTTP/1.1" 302 0 "https://socialsolargreen.com" "Mozilla/5.0 (Windows NT 10.0; Win64; x64) AppleWebKit/537.36 (KHTML, like Gecko) Chrome/112.0.5615.138 Safari/537.36"
103.106.104.116 - - [30/May/2025:14:46:41 -0400] "GET /404 HTTP/1.1" 404 22253 "https://socialsolargreen.com" "Mozilla/5.0 (Windows NT 10.0; Win64; x64) AppleWebKit/537.36 (KHTML, like Gecko) Chrome/112.0.5615.138 Safari/537.36"
114.55.74.90 - - [30/May/2025:15:04:11 -0400] "POST /wp-login.php HTTP/1.1" 302 0 "https://socialsolargreen.com" "Mozilla/5.0 (Windows NT 10.0; Win64; x64; rv:128.0) Gecko/20100101 Firefox/128.0"
198.54.114.35 - - [30/May/2025:15:04:15 -0400] "POST /wp-cron.php?doing_wp_cron=1748631854.9489979743957519531250 HTTP/1.1" 200 0 "-" "WordPress/6.8.1; https://socialsolargreen.com"
198.54.114.35 - - [30/May/2025:15:04:15 -0400] "POST /wp-cron.php?doing_wp_cron=1748631855.2883079051971435546875 HTTP/1.1" 200 0 "-" "WordPress/6.8.1; https://socialsolargreen.com"
198.54.114.35 - - [30/May/2025:15:04:15 -0400] "POST /wp-admin/admin-ajax.php?action=async_litespeed&nonce=pS1cI479tSHj9hpH93wJgw9bZNukVW0i&litespeed_type=imgoptm HTTP/1.1" 200 5 "-" "WordPress/6.8.1; https://socialsolargreen.com"
114.55.74.90 - - [30/May/2025:15:04:13 -0400] "GET /404 HTTP/1.1" 404 22253 "https://socialsolargreen.com" "Mozilla/5.0 (Windows NT 10.0; Win64; x64; rv:128.0) Gecko/20100101 Firefox/128.0"
182.44.10.67 - - [30/May/2025:15:11:01 -0400] "GET / HTTP/1.1" 200 29842 "http://socialsolargreen.com" "Mozilla/5.0 (iPhone; CPU iPhone OS 13_2_3 like Mac OS X) AppleWebKit/605.1.15 (KHTML, like Gecko) Version/13.0.3 Mobile/15E148 Safari/604.1"
162.0.209.174 - - [30/May/2025:15:21:37 -0400] "POST /wp-login.php HTTP/1.1" 302 0 "https://socialsolargreen.com" "Mozilla/5.0 (Macintosh; Intel Mac OS X 13.3; rv:126.0) Gecko/20100101 Firefox/126.0"
162.0.209.174 - - [30/May/2025:15:21:39 -0400] "GET /404 HTTP/1.1" 404 22253 "https://socialsolargreen.com" "Mozilla/5.0 (Macintosh; Intel Mac OS X 13.3; rv:126.0) Gecko/20100101 Firefox/126.0"
47.236.12.137 - - [30/May/2025:15:38:56 -0400] "GET /404 HTTP/1.1" 404 22253 "https://socialsolargreen.com" "Mozilla/5.0 (Macintosh; Intel Mac OS X 14.3) AppleWebKit/614.31.14 (KHTML, like Gecko) Version/17.0.96 Safari/614.31.14"
198.44.189.86 - - [30/May/2025:15:48:22 -0400] "GET /wp-login.php HTTP/1.1" 302 0 "-" "Mozilla/5.0"
194.163.152.77 - - [30/May/2025:15:48:39 -0400] "GET //socialsolargreen.com/wp-content/plugins/elementskit-lite/libs/framework/assets/js/frontend-script.js HTTP/1.1" 301 0 "-" "Mozilla/5.0 (iPad; U; CPU iPad OS 5_0_1 like Mac OS X; en-us) AppleWebKit/535.1+ (KHTML like Gecko) Version/7.2.0.0 Safari/6533.18.5"
194.163.152.77 - - [30/May/2025:15:48:40 -0400] "GET //socialsolargreen.com/wp-content/plugins/elementskit-lite/widgets/init/assets/js/widget-scripts.js HTTP/1.1" 301 0 "-" "MOT-V177/0.1.75 UP.Browser/6.2.3.9.c.12 (GUI) MMP/2.0 UP.Link/6.3.1.13.0"
194.163.152.77 - - [30/May/2025:15:48:39 -0400] "GET //socialsolargreen.com/wp-includes/js/dist/i18n.min.js HTTP/1.1" 301 0 "-" "Mozilla/5.0 (Linux; Android 9; SAMSUNG SM-G965U Build/PPR1.180610.011) AppleWebKit/537.36 (KHTML, like Gecko) SamsungBrowser/9.0 Chrome/67.0.3396.87 Mobile Safari/537.36"
194.163.152.77 - - [30/May/2025:15:48:39 -0400] "GET //socialsolargreen.com/wp-content/themes/astra/assets/js/minified/frontend.min.js HTTP/1.1" 301 0 "-" "Mozilla/5.0 (Linux; Android 8.1.0; LM-X210CMR) AppleWebKit/537.36 (KHTML, like Gecko) Chrome/76.0.3809.111 Mobile Safari/537.36"
194.163.152.77 - - [30/May/2025:15:48:40 -0400] "GET //socialsolargreen.com/wp-content/plugins/elementor/assets/lib/jquery-numerator/jquery-numerator.min.js HTTP/1.1" 301 0 "-" "Mozilla/5.0 (Linux; Android 8.0.0; SM-G965U) AppleWebKit/537.36 (KHTML, like Gecko) Chrome/76.0.3809.89 Mobile Safari/537.36"
194.163.152.77 - - [30/May/2025:15:48:39 -0400] "GET //socialsolargreen.com/wp-content/plugins/elementor/assets/js/frontend.min.js HTTP/1.1" 301 0 "-" "Mozilla/5.0 (Windows Phone 10.0; Android 4.2.1; DEVICE INFO) AppleWebKit/537.36 (KHTML, like Gecko) Chrome/39.0.2171.71 Mobile Safari/537.36 Edge/12.0"
194.163.152.77 - - [30/May/2025:15:48:42 -0400] "GET //socialsolargreen.com/wp-content/plugins/elementor-pro/assets/js/webpack-pro.runtime.min.js HTTP/1.1" 301 0 "-" "Mozilla/4.8 [en] (X11; U; SunOS; 5.7 sun4u)"
194.163.152.77 - - [30/May/2025:15:48:39 -0400] "GET //socialsolargreen.com/wp-content/plugins/themesflat-addons-for-elementor/assets/js/jquery.flexslider-min.js HTTP/1.1" 301 0 "-" "Mozilla/5.0 (Windows; U; Windows NT 6.0; en-US) AppleWebKit/527 (KHTML, like Gecko, Safari/419.3) Arora/0.6 (Change: )"
194.163.152.77 - - [30/May/2025:15:48:39 -0400] "GET //socialsolargreen.com/wp-content/plugins/elementor/assets/js/frontend-modules.min.js HTTP/1.1" 301 0 "-" "Mozilla/5.0 (X11; Linux i686; rv:12.0) Gecko/20100101 Firefox/12.0"
194.163.152.77 - - [30/May/2025:15:48:42 -0400] "GET //socialsolargreen.com/wp-content/plugins/elementor/assets/lib/swiper/swiper.min.js HTTP/1.1" 301 0 "-" "Mozilla/5.0 (Linux; Android 9; POCO F1) AppleWebKit/537.36 (KHTML, like Gecko) Chrome/76.0.3809.111 Mobile Safari/537.36"
198.54.114.35 - - [30/May/2025:15:48:42 -0400] "POST /wp-cron.php?doing_wp_cron=1748634522.5569489002227783203125 HTTP/1.1" 200 0 "-" "WordPress/6.8.1; https://socialsolargreen.com"
198.54.114.35 - - [30/May/2025:15:48:42 -0400] "POST /wp-cron.php?doing_wp_cron=1748634522.5567629337310791015625 HTTP/1.1" 200 0 "-" "WordPress/6.8.1; https://socialsolargreen.com"
194.163.152.77 - - [30/May/2025:15:48:43 -0400] "GET //socialsolargreen.com/wp-content/plugins/elementskit-lite/widgets/init/assets/js/elementor.js HTTP/1.1" 200 0 "-" "Mozilla/5.0 (Linux; Android 8.0.0; Moto Z2 Play) AppleWebKit/537.36 (KHTML, like Gecko) Chrome/76.0.3809.111 Mobile Safari/537.36"
194.163.152.77 - - [30/May/2025:15:48:40 -0400] "GET /wp-emoji-release.min.js HTTP/1.1" 200 0 "-" "Mozilla/5.0 (Linux; Android 9; ONEPLUS A6003) AppleWebKit/537.36 (KHTML, like Gecko) Chrome/76.0.3809.89 Mobile Safari/537.36"
47.236.12.137 - - [30/May/2025:15:38:52 -0400] "POST /wp-login.php HTTP/1.1" 302 0 "https://socialsolargreen.com" "Mozilla/5.0 (Macintosh; Intel Mac OS X 14.3) AppleWebKit/614.31.14 (KHTML, like Gecko) Version/17.0.96 Safari/614.31.14"
198.44.189.86 - - [30/May/2025:15:48:19 -0400] "GET /wp-login.php HTTP/1.1" 302 0 "-" "Mozilla/5.0"
194.163.152.77 - - [30/May/2025:15:48:26 -0400] "GET / HTTP/1.1" 200 29842 "-" "Mozilla/5.0 (Windows NT 10.0; WOW64) AppleWebKit/537.36 (KHTML, like Gecko) Chrome/64.0.3282.119 Safari/537.36"
194.163.152.77 - - [30/May/2025:15:48:41 -0400] "GET //socialsolargreen.com/wp-content/plugins/elementskit-lite/widgets/init/assets/js/animate-circle.min.js HTTP/1.1" 301 0 "-" "Mozilla/5.0 (Windows NT 10.0; Win64; x64) AppleWebKit/537.36 (KHTML, like Gecko) Chrome/73.0.3683.103 Safari/537.36 OPR/60.0.3255.83"
194.163.152.77 - - [30/May/2025:15:48:39 -0400] "GET //socialsolargreen.com/wp-includes/js/jquery/jquery-migrate.min.js HTTP/1.1" 301 0 "-" "Mozilla/5.0 (X11; Linux x86_64) AppleWebKit/604.1 (KHTML, like Gecko) Version/11.0 Safari/604.1 Ubuntu/17.04 (3.24.1-0ubuntu1) Epiphany/3.24.1"
194.163.152.77 - - [30/May/2025:15:48:41 -0400] "GET //socialsolargreen.com/wp-includes/js/jquery/ui/core.min.js HTTP/1.1" 301 0 "-" "Mozilla/5.0 (Linux; Android 8.1.0; Moto G (5S) Plus) AppleWebKit/537.36 (KHTML, like Gecko) Chrome/75.0.3770.101 Mobile Safari/537.36"
194.163.152.77 - - [30/May/2025:15:48:41 -0400] "GET //socialsolargreen.com/wp-content/plugins/themesflat-addons-for-elementor/assets/js/anime.min.js HTTP/1.1" 301 0 "-" "facebookexternalhit/1.1 (+http://www.facebook.com/externalhit_uatext.php)"
194.163.152.77 - - [30/May/2025:15:48:39 -0400] "GET //socialsolargreen.com/wp-content/themes/astra/assets/js/minified/flexibility.min.js HTTP/1.1" 301 0 "-" "Mozilla/5.0 (X11; U; Linux i686; en-US; rv:1.9.0.8) Gecko Galeon/2.0.6 (Ubuntu 2.0.6-2)"
194.163.152.77 - - [30/May/2025:15:48:39 -0400] "GET //socialsolargreen.com/wp-includes/js/dist/hooks.min.js HTTP/1.1" 301 0 "-" "Mozilla/5.0 (Macintosh; Intel Mac OS X 10_14_5) AppleWebKit/537.36 (KHTML, like Gecko) Chrome/73.0.3683.103 Whale/1.5.75.9 Safari/537.36"
194.163.152.77 - - [30/May/2025:15:48:39 -0400] "GET //socialsolargreen.com/wp-content/plugins/themesflat-addons-for-elementor/assets/js/tf-flexslider.js HTTP/1.1" 301 0 "-" "Mozilla/5.0 (Linux; U; Android 1.0; en-us; dream) AppleWebKit/525.10 (KHTML, like Gecko) Version/3.0.4 Mobile Safari/523.12.2"
194.163.152.77 - - [30/May/2025:15:48:39 -0400] "GET //socialsolargreen.com/wp-content/plugins/elementor-pro/assets/js/elements-handlers.min.js HTTP/1.1" 301 0 "-" "Mozilla/5.0 (Linux; Android 9; SM-G965F) AppleWebKit/537.36 (KHTML, like Gecko) Chrome/76.0.3809.111 Mobile Safari/537.36"
194.163.152.77 - - [30/May/2025:15:48:40 -0400] "GET //socialsolargreen.com/wp-content/plugins/themesflat-addons-for-elementor/assets/js/textanimation.js HTTP/1.1" 301 0 "-" "Mozilla/5.0 (Linux; Android 9; EML-L29) AppleWebKit/537.36 (KHTML, like Gecko) Chrome/76.0.3809.111 Mobile Safari/537.36"
194.163.152.77 - - [30/May/2025:15:48:39 -0400] "GET //socialsolargreen.com/wp-includes/js/jquery/jquery.min.js HTTP/1.1" 301 0 "-" "Mozilla/5.0 (Linux U; en-US) AppleWebKit/528.5 (KHTML, like Gecko, Safari/528.5 ) Version/4.0 Kindle/3.0 (screen 600x800; rotate)"
194.163.152.77 - - [30/May/2025:15:48:43 -0400] "GET //socialsolargreen.com/wp-content/plugins/elementor/assets/js/webpack.runtime.min.js HTTP/1.1" 200 0 "-" "Mozilla/5.0 (Windows NT 10.0; Win64; x64) AppleWebKit/537.36 (KHTML, like Gecko) Chrome/60.0.3112.113 Safari/537.36"
198.54.114.35 - - [30/May/2025:15:48:43 -0400] "POST /wp-admin/admin-ajax.php?action=async_litespeed&nonce=ckZYqCaHXHHpmGA76VNGE4EbkmiUkfkl&litespeed_type=imgoptm HTTP/1.1" 200 5 "-" "WordPress/6.8.1; https://socialsolargreen.com"
194.163.152.77 - - [30/May/2025:15:48:54 -0400] "GET //socialsolargreen.com/wp-content/plugins/elementor-pro/assets/js/elements-handlers.min.js HTTP/1.1" 301 0 "-" "Mozilla/5.0 (Windows NT 10.0; Win64; x64) AppleWebKit/537.36 (KHTML, like Gecko) Chrome/75.0.3770.100 Safari/537.36 OPR/62.0.3331.72"
194.163.152.77 - - [30/May/2025:15:48:54 -0400] "GET //socialsolargreen.com/wp-content/plugins/themesflat-addons-for-elementor/assets/js/jquery.flexslider-min.js HTTP/1.1" 301 0 "-" "Mozilla/5.0 (Windows NT 10.0; Win64; x64) AppleWebKit/537.36 (KHTML, like Gecko) Chrome/72.0.3626.121 Safari/537.36"
194.163.152.77 - - [30/May/2025:15:48:55 -0400] "GET //socialsolargreen.com/wp-content/plugins/elementor/assets/lib/jquery-numerator/jquery-numerator.min.js HTTP/1.1" 301 0 "-" "Mozilla/5.0 (Linux; Android 9; SM-N950F) AppleWebKit/537.36 (KHTML, like Gecko) Chrome/76.0.3809.111 Mobile Safari/537.36"
194.163.152.77 - - [30/May/2025:15:48:55 -0400] "GET //socialsolargreen.com/wp-includes/js/dist/hooks.min.js HTTP/1.1" 301 0 "-" "Mozilla/5.0 (Linux; Android 8.0.0; MI 6) AppleWebKit/537.36 (KHTML, like Gecko) Chrome/75.0.3770.101 Mobile Safari/537.36"
194.163.152.77 - - [30/May/2025:15:48:54 -0400] "GET /wp-emoji-release.min.js HTTP/1.1" 404 22253 "-" "Mozilla/5.0 (X11; CrOS i686 2268.111.0) AppleWebKit/536.11 (KHTML, like Gecko) Chrome/20.0.1132.57 Safari/536.11"
194.163.152.77 - - [30/May/2025:15:48:55 -0400] "GET /default.js HTTP/1.1" 404 22253 "-" "Mozilla/5.0 (Windows NT 6.1; Win64; x64) AppleWebKit/537.36 (KHTML, like Gecko) Chrome/72.0.3626.121 Safari/537.36"
194.163.152.77 - - [30/May/2025:15:48:57 -0400] "GET //socialsolargreen.com/wp-content/plugins/elementskit-lite/libs/framework/assets/js/frontend-script.js HTTP/1.1" 301 0 "-" "Mozilla/5.0 (iPhone; CPU iPhone OS 9_2 like Mac OS X) AppleWebKit/601.1.46 (KHTML, like Gecko) Version/9.0 Mobile/13C75 Safari/601.1"
194.163.152.77 - - [30/May/2025:15:48:57 -0400] "GET //socialsolargreen.com/wp-content/themes/astra/assets/js/minified/frontend.min.js HTTP/1.1" 301 0 "-" "Mozilla/5.0 (Windows NT 10.0; WOW64) AppleWebKit/537.36 (KHTML, like Gecko) Chrome/72.0.3626.121 YaBrowser/19.3.1.828 Yowser/2.5 Safari/537.36"
194.163.152.77 - - [30/May/2025:15:48:57 -0400] "GET //socialsolargreen.com/wp-content/themes/astra/assets/js/minified/flexibility.min.js HTTP/1.1" 301 0 "-" "Mozilla/5.0 (X11; Linux x86_64)AppleWebKit/537.36 (KHTML, like Gecko) Chrome/64.0.3282.39 Safari/537.36"
194.163.152.77 - - [30/May/2025:15:48:57 -0400] "GET //socialsolargreen.com/wp-content/plugins/themesflat-addons-for-elementor/assets/js/tf-flexslider.js HTTP/1.1" 301 0 "-" "Mozilla/5.0 (Macintosh; Intel Mac OS X 10_9_3) AppleWebKit/537.75.14 (KHTML, like Gecko) Version/7.0.3 Safari/7046A194A"
194.163.152.77 - - [30/May/2025:15:48:57 -0400] "GET //socialsolargreen.com/wp-content/plugins/elementskit-lite/widgets/init/assets/js/animate-circle.min.js HTTP/1.1" 301 0 "-" "Mozilla/5.0 (X11; U; Linux i686; en-gb) AppleWebKit/534.35 (KHTML, like Gecko) Chrome/11.0.696.65 Safari/534.35 Puffin/2.0.5603M"
194.163.152.77 - - [30/May/2025:15:48:57 -0400] "GET //socialsolargreen.com/wp-content/plugins/elementor/assets/lib/swiper/v8/swiper.min.js HTTP/1.1" 301 0 "-" "Mozilla/5.0 (Windows NT 6.3; WOW64) AppleWebKit/537.36 (KHTML, like Gecko) Chrome/61.0.3163.79 Safari/537.36 Maxthon/5.2.7.5000"
194.163.152.77 - - [30/May/2025:15:48:58 -0400] "GET //socialsolargreen.com/wp-content/plugins/elementor-pro/assets/js/frontend.min.js HTTP/1.1" 301 0 "-" "Opera/9.80 (Android 4.0.4; Linux; Opera Mobi/ADR-1205181138; U; pl) Presto/2.10.254 Version/12.00"
194.163.152.77 - - [30/May/2025:15:48:42 -0400] "GET /default.js HTTP/1.1" 404 0 "-" "Mozilla/5.0 (Macintosh; Intel Mac OS X 10_13_6) AppleWebKit/605.1.15 (KHTML, like Gecko) Version/12.0.1 Safari/605.1.15"
194.163.152.77 - - [30/May/2025:15:48:55 -0400] "GET //socialsolargreen.com/wp-content/plugins/elementskit-lite/widgets/init/assets/js/widget-scripts.js HTTP/1.1" 301 0 "-" "Mozilla/4.0 (compatible; MSIE 5.5; Windows NT 5.0 )"
194.163.152.77 - - [30/May/2025:15:48:55 -0400] "GET //socialsolargreen.com/wp-includes/js/jquery/jquery.min.js HTTP/1.1" 301 0 "-" "Mozilla/5.0 (Windows NT 10.0; Win64; x64; rv:57.0) Gecko/20100101 Firefox/57.0"
194.163.152.77 - - [30/May/2025:15:48:55 -0400] "GET //socialsolargreen.com/wp-content/plugins/themesflat-addons-for-elementor/assets/js/anime.min.js HTTP/1.1" 301 0 "-" "FeedFetcher-Google; ( http://www.google.com/feedfetcher.html)"
194.163.152.77 - - [30/May/2025:15:48:55 -0400] "GET //socialsolargreen.com/wp-content/plugins/elementor/assets/lib/swiper/swiper.min.js HTTP/1.1" 301 0 "-" "Mozilla/5.0 (Linux; Android 8.0.0; LG-H932) AppleWebKit/537.36 (KHTML, like Gecko) Chrome/76.0.3809.111 Mobile Safari/537.36"
194.163.152.77 - - [30/May/2025:15:48:55 -0400] "GET //socialsolargreen.com/wp-includes/js/jquery/ui/core.min.js HTTP/1.1" 301 0 "-" "Mozilla/5.0 (compatible; Konqueror/3.5; NetBSD 4.0_RC3; X11) KHTML/3.5.7 (like Gecko)"
194.163.152.77 - - [30/May/2025:15:48:55 -0400] "GET //socialsolargreen.com/wp-includes/js/dist/i18n.min.js HTTP/1.1" 301 0 "-" "Mozilla/5.0 (X11; U; Linux x86_64; en-US) AppleWebKit/534.15 (KHTML, like Gecko) Chrome/10.0.613.0 Safari/534.15"
194.163.152.77 - - [30/May/2025:15:48:55 -0400] "GET //socialsolargreen.com/wp-content/plugins/elementor/assets/js/frontend-modules.min.js HTTP/1.1" 301 0 "-" "Mozilla/5.0 (Macintosh; U; Intel Mac OS X 10.6; en-US; rv:1.9.2.14) Gecko/20110218 AlexaToolbar/alxf-2.0 Firefox/3.6.14"
194.163.152.77 - - [30/May/2025:15:48:55 -0400] "GET //socialsolargreen.com/wp-content/plugins/elementor/assets/js/webpack.runtime.min.js HTTP/1.1" 301 0 "-" "Mozilla/5.0 (X11; Linux x86_64) AppleWebKit/537.36 (KHTML, like Gecko) Chrome/76.0.3809.89 Safari/537.36"
194.163.152.77 - - [30/May/2025:15:48:55 -0400] "GET //socialsolargreen.com/wp-content/plugins/elementskit-lite/widgets/init/assets/js/elementor.js HTTP/1.1" 301 0 "-" "Mozilla/5.0 (X11; U; Linux i686; en-US; rv:1.9.0.11) Gecko/2009060309 Ubuntu/9.10 (karmic) Firefox/3.0.11"
194.163.152.77 - - [30/May/2025:15:48:56 -0400] "GET //socialsolargreen.com/wp-includes/js/jquery/jquery-migrate.min.js HTTP/1.1" 301 0 "-" "Mozilla/5.0 (Macintosh; Intel Mac OS X 10_13_6) AppleWebKit/537.36 (KHTML, like Gecko) Chrome/74.0.3729.169 Safari/537.36"
194.163.152.77 - - [30/May/2025:15:48:56 -0400] "GET //socialsolargreen.com/wp-content/plugins/elementor/assets/js/frontend.min.js HTTP/1.1" 301 0 "-" "Mozilla/5.0 (WindowsCE 6.0; rv:2.0.1) Gecko/20100101 Firefox/4.0.1"
194.163.152.77 - - [30/May/2025:15:48:57 -0400] "GET //socialsolargreen.com/wp-content/plugins/themesflat-addons-for-elementor/assets/js/textanimation.js HTTP/1.1" 301 0 "-" "Mozilla/5.0 (Macintosh; Intel Mac OS X 10_14_3) AppleWebKit/537.36 (KHTML, like Gecko) Chrome/74.0.3729.157 Safari/537.36"
194.163.152.77 - - [30/May/2025:15:48:57 -0400] "GET //socialsolargreen.com/wp-content/plugins/elementor-pro/assets/js/webpack-pro.runtime.min.js HTTP/1.1" 301 0 "-" "Mozilla/5.0 (Linux; Android 9; COL-L29) AppleWebKit/537.36 (KHTML, like Gecko) Chrome/76.0.3809.111 Mobile Safari/537.36"
194.163.152.77 - - [30/May/2025:15:49:39 -0400] "GET //socialsolargreen.com/wp-content/themes/astra/assets/js/minified/flexibility.min.js HTTP/1.1" 301 0 "-" "Mozilla/5.0 (Linux; Android 5.1.1; SM-E700H) AppleWebKit/537.36 (KHTML, like Gecko) Chrome/74.0.3729.157 Mobile Safari/537.36"
194.163.152.77 - - [30/May/2025:15:49:39 -0400] "GET //socialsolargreen.com/wp-includes/js/jquery/ui/core.min.js HTTP/1.1" 301 0 "-" "Mozilla/5.0 (compatible; MSIE 10.0; Windows Phone 8.0; Trident/6.0; IEMobile/10.0; ARM; Touch)"
194.163.152.77 - - [30/May/2025:15:49:39 -0400] "GET //socialsolargreen.com/wp-includes/js/jquery/jquery.min.js HTTP/1.1" 301 0 "-" "Mozilla/5.0 (Windows NT 10.0; Win64; x64) AppleWebKit/537.36 (KHTML, like Gecko) Chrome/75.0.3770.90 Safari/537.36"
194.163.152.77 - - [30/May/2025:15:49:40 -0400] "GET /default.js HTTP/1.1" 404 22253 "-" "Mozilla/5.0 (X11; U; Linux i686; en-US; rv:1.8.1.16) Gecko/20080716 (Gentoo) Galeon/2.0.6"
194.163.152.77 - - [30/May/2025:15:49:39 -0400] "GET //socialsolargreen.com/wp-includes/js/jquery/jquery-migrate.min.js HTTP/1.1" 301 0 "-" "Mozilla/5.0 (Windows NT 10.0; Win64; x64) AppleWebKit/537.36 (KHTML, like Gecko) Chrome/78.0.3881.0 Safari/537.36"
194.163.152.77 - - [30/May/2025:15:49:39 -0400] "GET //socialsolargreen.com/wp-content/plugins/elementor-pro/assets/js/elements-handlers.min.js HTTP/1.1" 301 0 "-" "Mozilla/5.0 (X11; Linux x86_64) AppleWebKit/537.36 (KHTML, like Gecko) Ubuntu Chromium/67.0.3396.99 Chrome/67.0.3396.99 Safari/537.36"
194.163.152.77 - - [30/May/2025:15:49:40 -0400] "GET //socialsolargreen.com/wp-content/plugins/elementor/assets/js/frontend.min.js HTTP/1.1" 301 0 "-" "Mozilla/5.0 (Windows NT 6.1; Win64; x64) AppleWebKit/537.36 (KHTML, like Gecko) Chrome/76.0.3809.87 Safari/537.36"
194.163.152.77 - - [30/May/2025:15:49:40 -0400] "GET //socialsolargreen.com/wp-content/plugins/elementskit-lite/widgets/init/assets/js/widget-scripts.js HTTP/1.1" 301 0 "-" "Mozilla/5.0 (Macintosh; Intel Mac OS X 10_14_5) AppleWebKit/537.36 (KHTML, like Gecko) Chrome/78.0.3880.0 Safari/537.36"
194.163.152.77 - - [30/May/2025:15:49:40 -0400] "GET //socialsolargreen.com/wp-content/plugins/elementor/assets/js/webpack.runtime.min.js HTTP/1.1" 301 0 "-" "Mozilla/4.0 (compatible; MSIE 6.0; j2me) ReqwirelessWeb/3.5"
