芝麻web文件管理V1.00
编辑当前文件:/home/sditechnicalteam/access-logs/client.socialdigiinnovator.com-ssl_log
196.251.83.161 - - [20/May/2025:09:35:50 -0400] "GET / HTTP/1.1" 200 0 "-" "Mozlila/5.0 (Linux; Android 7.0; SM-G892A Bulid/NRD90M; wv) AppleWebKit/537.36 (KHTML, like Gecko) Version/4.0 Chrome/60.0.3112.107 Moblie Safari/537.36"
196.251.83.161 - - [20/May/2025:09:35:51 -0400] "POST /wp-plain.php HTTP/1.1" 200 0 "www.google.com" "Mozilla/5.0 (Linux; Android 7.0; SM-G892A Bulid/NRD90M; wv) AppleWebKit/537.36 (KHTML, like Gecko) Version/4.0 Chrome/60.0.3112.107 Moblie Safari/537.36"
196.251.83.161 - - [20/May/2025:09:35:55 -0400] "GET /wp-content/plugins/dzs-zoomsounds/savepng.php?location=1877.php HTTP/1.1" 200 0 "-" "Mozilla/5.0 (Windows NT 10.0; Win64; x64) AppleWebKit/537.36 (KHTML, like Gecko) Chrome/85.0.4183.102 Safari/537.36"
196.251.83.161 - - [20/May/2025:09:35:57 -0400] "GET /wp-content/themes/seotheme/db.php?u HTTP/1.1" 200 0 "www.google.com" "Mozlila/5.0 (Linux; Android 7.0; SM-G892A Bulid/NRD90M; wv) AppleWebKit/537.36 (KHTML, like Gecko) Version/4.0 Chrome/60.0.3112.107 Moblie Safari/537.36"
196.251.83.161 - - [20/May/2025:09:35:51 -0400] "POST /ALFA_DATA/alfacgiapi/perl.alfa HTTP/1.1" 404 8477 "www.google.com" "Mozlila/5.0 (Linux; Android 7.0; SM-G892A Bulid/NRD90M; wv) AppleWebKit/537.36 (KHTML, like Gecko) Version/4.0 Chrome/60.0.3112.107 Moblie Safari/537.36"
196.251.83.161 - - [20/May/2025:09:36:00 -0400] "GET /wp-content/plugins/dzs-zoomsounds/savepng.php?location=1877.php HTTP/1.1" 404 8477 "-" "Mozilla/5.0 (Windows NT 10.0; Win64; x64) AppleWebKit/537.36 (KHTML, like Gecko) Chrome/85.0.4183.102 Safari/537.36"
196.251.83.161 - - [20/May/2025:09:36:03 -0400] "POST /alfacgiapi/perl.alfa HTTP/1.1" 404 8477 "www.google.com" "Mozlila/5.0 (Linux; Android 7.0; SM-G892A Bulid/NRD90M; wv) AppleWebKit/537.36 (KHTML, like Gecko) Version/4.0 Chrome/60.0.3112.107 Moblie Safari/537.36"
196.251.83.161 - - [20/May/2025:09:36:04 -0400] "GET /wp-content/plugins/apikey/apikey.php?test=hello HTTP/1.1" 404 8477 "-" "Mozlila/5.0 (Linux; Android 7.0; SM-G892A Bulid/NRD90M; wv) AppleWebKit/537.36 (KHTML, like Gecko) Version/4.0 Chrome/60.0.3112.107 Moblie Safari/537.36"
196.251.83.161 - - [20/May/2025:09:36:04 -0400] "GET /wp-content/themes/seotheme/db.php?u HTTP/1.1" 404 8476 "www.google.com" "Mozlila/5.0 (Linux; Android 7.0; SM-G892A Bulid/NRD90M; wv) AppleWebKit/537.36 (KHTML, like Gecko) Version/4.0 Chrome/60.0.3112.107 Moblie Safari/537.36"
196.251.83.161 - - [20/May/2025:09:36:07 -0400] "GET /wp-content/plugins/apikey/apikey.php.suspected?test=hello HTTP/1.1" 404 8477 "-" "Mozlila/5.0 (Linux; Android 7.0; SM-G892A Bulid/NRD90M; wv) AppleWebKit/537.36 (KHTML, like Gecko) Version/4.0 Chrome/60.0.3112.107 Moblie Safari/537.36"
196.251.83.161 - - [20/May/2025:09:36:08 -0400] "GET /plugins/content/apismtp/apismtp.php.suspected?test=hello HTTP/1.1" 404 8476 "-" "Mozlila/5.0 (Linux; Android 7.0; SM-G892A Bulid/NRD90M; wv) AppleWebKit/537.36 (KHTML, like Gecko) Version/4.0 Chrome/60.0.3112.107 Moblie Safari/537.36"
196.251.73.28 - - [20/May/2025:09:51:46 -0400] "GET /wp-admin/install.php HTTP/1.1" 200 442 "-" "-"
198.54.114.35 - - [20/May/2025:10:06:41 -0400] "POST /wp-cron.php?doing_wp_cron=1747750001.5896470546722412109375 HTTP/1.1" 200 0 "-" "WordPress/6.8.1; https://client.socialdigiinnovator.com"
156.242.39.196 - - [20/May/2025:10:06:42 -0400] "GET /wp-login.php?redirect_to=https%3A%2F%2Fclient.socialdigiinnovator.com%2Fwp-admin%2Fadmin.php&reauth=1 HTTP/1.1" 302 0 "-" "Mozilla/5.0 (Windows NT 10.0; Win64; x64) AppleWebKit/537.36 (KHTML, like Gecko) Chrome/115.0.0.0 Safari/537.36 Edg/115.0.1901.203"
66.249.72.135 - - [20/May/2025:10:14:31 -0400] "GET /wp-login.php?redirect_to=https%3A%2F%2Fclient.socialdigiinnovator.com%2Fwp-admin%2F&reauth=1 HTTP/1.1" 302 0 "-" "Mozilla/5.0 (Linux; Android 6.0.1; Nexus 5X Build/MMB29P) AppleWebKit/537.36 (KHTML, like Gecko) Chrome/136.0.7103.113 Mobile Safari/537.36 (compatible; Googlebot/2.1; +http://www.google.com/bot.html)"
139.228.37.98 - - [20/May/2025:09:07:12 -0400] "GET /wp-login.php HTTP/1.1" 302 771 "-" "python-requests/2.31.0"
196.251.83.161 - - [20/May/2025:09:35:50 -0400] "GET /wp-content/plugins/dzs-zoomsounds/savepng.php?location=1877.php HTTP/1.1" 200 0 "-" "Mozilla/5.0 (Windows NT 10.0; Win64; x64) AppleWebKit/537.36 (KHTML, like Gecko) Chrome/85.0.4183.102 Safari/537.36"
196.251.83.161 - - [20/May/2025:09:35:51 -0400] "GET /wp-content/themes/seotheme/db.php?u HTTP/1.1" 200 0 "www.google.com" "Mozlila/5.0 (Linux; Android 7.0; SM-G892A Bulid/NRD90M; wv) AppleWebKit/537.36 (KHTML, like Gecko) Version/4.0 Chrome/60.0.3112.107 Moblie Safari/537.36"
198.54.114.35 - - [20/May/2025:09:36:00 -0400] "POST /wp-cron.php?doing_wp_cron=1747748159.9541549682617187500000 HTTP/1.1" 200 0 "-" "WordPress/6.8.1; https://client.socialdigiinnovator.com"
198.54.114.35 - - [20/May/2025:09:36:00 -0400] "POST /wp-cron.php?doing_wp_cron=1747748159.9522049427032470703125 HTTP/1.1" 200 0 "-" "WordPress/6.8.1; https://client.socialdigiinnovator.com"
196.251.83.161 - - [20/May/2025:09:35:56 -0400] "GET / HTTP/1.1" 200 0 "-" "Mozlila/5.0 (Linux; Android 7.0; SM-G892A Bulid/NRD90M; wv) AppleWebKit/537.36 (KHTML, like Gecko) Version/4.0 Chrome/60.0.3112.107 Moblie Safari/537.36"
196.251.83.161 - - [20/May/2025:09:36:01 -0400] "GET / HTTP/1.1" 200 9192 "-" "Mozlila/5.0 (Linux; Android 7.0; SM-G892A Bulid/NRD90M; wv) AppleWebKit/537.36 (KHTML, like Gecko) Version/4.0 Chrome/60.0.3112.107 Moblie Safari/537.36"
196.251.83.161 - - [20/May/2025:09:36:02 -0400] "GET /wp-content/themes/seotheme/db.php?u HTTP/1.1" 404 8477 "www.google.com" "Mozlila/5.0 (Linux; Android 7.0; SM-G892A Bulid/NRD90M; wv) AppleWebKit/537.36 (KHTML, like Gecko) Version/4.0 Chrome/60.0.3112.107 Moblie Safari/537.36"
196.251.83.161 - - [20/May/2025:09:36:05 -0400] "GET /plugins/content/apismtp/apismtp.php?test=hello HTTP/1.1" 404 8477 "-" "Mozlila/5.0 (Linux; Android 7.0; SM-G892A Bulid/NRD90M; wv) AppleWebKit/537.36 (KHTML, like Gecko) Version/4.0 Chrome/60.0.3112.107 Moblie Safari/537.36"
198.54.114.35 - - [20/May/2025:09:51:45 -0400] "POST /wp-cron.php?doing_wp_cron=1747749105.3103940486907958984375 HTTP/1.1" 200 0 "-" "WordPress/6.8.1; https://client.socialdigiinnovator.com"
196.251.73.28 - - [20/May/2025:09:51:42 -0400] "GET / HTTP/1.1" 200 9192 "-" "-"
196.251.73.28 - - [20/May/2025:09:51:46 -0400] "GET /wp-admin/setup-config.php HTTP/1.1" 403 1242 "-" "-"
156.242.39.196 - - [20/May/2025:10:06:37 -0400] "GET /wp-admin/admin.php HTTP/1.1" 302 0 "-" "Mozilla/5.0 (Windows NT 10.0; Win64; x64) AppleWebKit/537.36 (KHTML, like Gecko) Chrome/115.0.0.0 Safari/537.36 Edg/115.0.1901.203"
156.242.39.196 - - [20/May/2025:10:06:42 -0400] "GET /404 HTTP/1.1" 404 8477 "-" "Mozilla/5.0 (Windows NT 10.0; Win64; x64) AppleWebKit/537.36 (KHTML, like Gecko) Chrome/115.0.0.0 Safari/537.36 Edg/115.0.1901.203"
198.54.114.35 - - [20/May/2025:10:14:23 -0400] "POST /wp-cron.php?doing_wp_cron=1747750462.9989380836486816406250 HTTP/1.1" 200 0 "-" "WordPress/6.8.1; https://client.socialdigiinnovator.com"
66.249.72.135 - - [20/May/2025:10:14:17 -0400] "GET /robots.txt HTTP/1.1" 302 0 "-" "Mozilla/5.0 (compatible; Googlebot/2.1; +http://www.google.com/bot.html)"
66.249.72.135 - - [20/May/2025:10:14:23 -0400] "GET /?redirect_to=https%3A%2F%2Fclient.socialdigiinnovator.com%2Frobots.txt HTTP/1.1" 200 9196 "-" "Mozilla/5.0 (compatible; Googlebot/2.1; +http://www.google.com/bot.html)"
66.249.72.137 - - [20/May/2025:10:14:25 -0400] "GET /wp-admin/ HTTP/1.1" 302 0 "-" "Mozilla/5.0 (Linux; Android 6.0.1; Nexus 5X Build/MMB29P) AppleWebKit/537.36 (KHTML, like Gecko) Chrome/136.0.7103.113 Mobile Safari/537.36 (compatible; Googlebot/2.1; +http://www.google.com/bot.html)"
4.227.36.22 - - [20/May/2025:12:11:07 -0400] "GET /?redirect_to=https%3A%2F%2Fclient.socialdigiinnovator.com%2Frobots.txt HTTP/1.1" 200 9196 "https://client.socialdigiinnovator.com/robots.txt" "Mozilla/5.0 AppleWebKit/537.36 (KHTML, like Gecko; compatible; GPTBot/1.2; +https://openai.com/gptbot)"
198.54.114.35 - - [20/May/2025:10:14:38 -0400] "POST /wp-cron.php?doing_wp_cron=1747750478.2307860851287841796875 HTTP/1.1" 200 0 "-" "WordPress/6.8.1; https://client.socialdigiinnovator.com"
66.249.72.135 - - [20/May/2025:10:14:37 -0400] "GET /404 HTTP/1.1" 404 8477 "-" "Mozilla/5.0 (Linux; Android 6.0.1; Nexus 5X Build/MMB29P) AppleWebKit/537.36 (KHTML, like Gecko) Chrome/136.0.7103.113 Mobile Safari/537.36 (compatible; Googlebot/2.1; +http://www.google.com/bot.html)"
198.54.114.35 - - [20/May/2025:10:50:08 -0400] "POST /wp-cron.php?doing_wp_cron=1747752608.4696390628814697265625 HTTP/1.1" 200 0 "-" "WordPress/6.8.1; https://client.socialdigiinnovator.com"
43.130.47.33 - - [20/May/2025:10:50:04 -0400] "GET / HTTP/1.1" 200 9192 "http://client.socialdigiinnovator.com" "Mozilla/5.0 (iPhone; CPU iPhone OS 13_2_3 like Mac OS X) AppleWebKit/605.1.15 (KHTML, like Gecko) Version/13.0.3 Mobile/15E148 Safari/604.1"
198.54.114.35 - - [20/May/2025:12:11:07 -0400] "POST /wp-cron.php?doing_wp_cron=1747757466.7875559329986572265625 HTTP/1.1" 200 0 "-" "WordPress/6.8.1; https://client.socialdigiinnovator.com"
4.227.36.22 - - [20/May/2025:12:11:01 -0400] "GET /robots.txt HTTP/1.1" 302 0 "-" "Mozilla/5.0 AppleWebKit/537.36 (KHTML, like Gecko; compatible; GPTBot/1.2; +https://openai.com/gptbot)"
20.171.207.188 - - [20/May/2025:12:11:11 -0400] "GET /-.php/ HTTP/1.1" 404 8476 "-" "Mozilla/5.0 AppleWebKit/537.36 (KHTML, like Gecko; compatible; GPTBot/1.2; +https://openai.com/gptbot)"
20.171.207.188 - - [20/May/2025:12:12:09 -0400] "GET /-.php/ HTTP/1.1" 404 8476 "-" "Mozilla/5.0 AppleWebKit/537.36 (KHTML, like Gecko; compatible; GPTBot/1.2; +https://openai.com/gptbot)"
198.54.114.35 - - [20/May/2025:12:12:39 -0400] "POST /wp-cron.php?doing_wp_cron=1747757559.3516490459442138671875 HTTP/1.1" 200 0 "-" "WordPress/6.8.1; https://client.socialdigiinnovator.com"
20.171.207.188 - - [20/May/2025:12:13:08 -0400] "GET /-.php/ HTTP/1.1" 404 8476 "-" "Mozilla/5.0 AppleWebKit/537.36 (KHTML, like Gecko; compatible; GPTBot/1.2; +https://openai.com/gptbot)"
20.171.207.188 - - [20/May/2025:12:14:13 -0400] "GET /-.php/ HTTP/1.1" 404 8476 "-" "Mozilla/5.0 AppleWebKit/537.36 (KHTML, like Gecko; compatible; GPTBot/1.2; +https://openai.com/gptbot)"
2602:fb54:c7b:: - - [20/May/2025:12:27:51 -0400] "GET /404 HTTP/1.1" 404 8477 "-" "Mozilla/5.0 (Windows NT 10.0; Win64; x64) AppleWebKit/537.36 (KHTML, like Gecko) Chrome/91.0.4472.124 Safari/537.36"
2602:fb54:c7b:: - - [20/May/2025:12:27:57 -0400] "GET /404 HTTP/1.1" 404 8477 "-" "Mozilla/5.0 (Windows NT 10.0; Win64; x64) AppleWebKit/537.36 (KHTML, like Gecko) Chrome/91.0.4472.124 Safari/537.36"
2602:fb54:c7b:: - - [20/May/2025:12:28:00 -0400] "GET /wp-login.php?redirect_to=https%3A%2F%2Fclient.socialdigiinnovator.com%2Fwp-admin%2F&reauth=1 HTTP/1.1" 302 0 "-" "Mozilla/5.0 (Windows NT 10.0; Win64; x64) AppleWebKit/537.36 (KHTML, like Gecko) Chrome/91.0.4472.124 Safari/537.36"
2602:fb54:c7b:: - - [20/May/2025:12:28:00 -0400] "GET /404 HTTP/1.1" 404 8477 "-" "Mozilla/5.0 (Windows NT 10.0; Win64; x64) AppleWebKit/537.36 (KHTML, like Gecko) Chrome/91.0.4472.124 Safari/537.36"
2602:fb54:c7b:: - - [20/May/2025:12:28:01 -0400] "GET /user/ HTTP/1.1" 302 0 "-" "Mozilla/5.0 (Windows NT 10.0; Win64; x64) AppleWebKit/537.36 (KHTML, like Gecko) Chrome/91.0.4472.124 Safari/537.36"
2602:fb54:c7b:: - - [20/May/2025:12:28:02 -0400] "GET /?redirect_to=https%3A%2F%2Fclient.socialdigiinnovator.com%2Fuser%2F HTTP/1.1" 200 9208 "-" "Mozilla/5.0 (Windows NT 10.0; Win64; x64) AppleWebKit/537.36 (KHTML, like Gecko) Chrome/91.0.4472.124 Safari/537.36"
2602:fb54:c7b:: - - [20/May/2025:12:28:04 -0400] "GET /wp-admin/ HTTP/1.1" 302 0 "-" "Mozilla/5.0 (Windows NT 10.0; Win64; x64) AppleWebKit/537.36 (KHTML, like Gecko) Chrome/91.0.4472.124 Safari/537.36"
2602:fb54:c7b:: - - [20/May/2025:12:28:05 -0400] "GET /404 HTTP/1.1" 404 8477 "-" "Mozilla/5.0 (Windows NT 10.0; Win64; x64) AppleWebKit/537.36 (KHTML, like Gecko) Chrome/91.0.4472.124 Safari/537.36"
198.54.114.35 - - [20/May/2025:12:11:38 -0400] "POST /wp-cron.php?doing_wp_cron=1747757498.5553810596466064453125 HTTP/1.1" 200 0 "-" "WordPress/6.8.1; https://client.socialdigiinnovator.com"
20.171.207.188 - - [20/May/2025:12:11:38 -0400] "GET /-.php/ HTTP/1.1" 404 8476 "-" "Mozilla/5.0 AppleWebKit/537.36 (KHTML, like Gecko; compatible; GPTBot/1.2; +https://openai.com/gptbot)"
20.171.207.188 - - [20/May/2025:12:12:37 -0400] "GET /-.php/ HTTP/1.1" 404 8476 "-" "Mozilla/5.0 AppleWebKit/537.36 (KHTML, like Gecko; compatible; GPTBot/1.2; +https://openai.com/gptbot)"
198.54.114.35 - - [20/May/2025:12:13:50 -0400] "POST /wp-cron.php?doing_wp_cron=1747757630.4786710739135742187500 HTTP/1.1" 200 0 "-" "WordPress/6.8.1; https://client.socialdigiinnovator.com"
20.171.207.188 - - [20/May/2025:12:13:50 -0400] "GET /-.php/ HTTP/1.1" 404 8477 "-" "Mozilla/5.0 AppleWebKit/537.36 (KHTML, like Gecko; compatible; GPTBot/1.2; +https://openai.com/gptbot)"
198.54.114.35 - - [20/May/2025:12:17:30 -0400] "POST /wp-cron.php?doing_wp_cron=1747757850.7407610416412353515625 HTTP/1.1" 200 0 "-" "WordPress/6.8.1; https://client.socialdigiinnovator.com"
165.22.98.8 - - [20/May/2025:12:17:27 -0400] "GET /wp-content/plugins/pwnd/pwnd.php HTTP/1.1" 404 8477 "www.google.com" "Mozlila/5.0 (Linux; Android 7.0; SM-G892A Bulid/NRD90M; wv) AppleWebKit/537.36 (KHTML, like Gecko) Version/4.0 Chrome/60.0.3112.107 Moblie Safari/537.36"
2602:fb54:c7b:: - - [20/May/2025:12:27:45 -0400] "GET /wp-login.php HTTP/1.1" 302 0 "-" "Mozilla/5.0 (Windows NT 10.0; Win64; x64) AppleWebKit/537.36 (KHTML, like Gecko) Chrome/91.0.4472.124 Safari/537.36"
198.54.114.35 - - [20/May/2025:12:27:54 -0400] "POST /wp-cron.php?doing_wp_cron=1747758474.0466849803924560546875 HTTP/1.1" 200 0 "-" "WordPress/6.8.1; https://client.socialdigiinnovator.com"
2602:fb54:c7b:: - - [20/May/2025:12:27:56 -0400] "GET /wp-admin HTTP/1.1" 301 795 "-" "Mozilla/5.0 (Windows NT 10.0; Win64; x64) AppleWebKit/537.36 (KHTML, like Gecko) Chrome/91.0.4472.124 Safari/537.36"
2602:fb54:c7b:: - - [20/May/2025:12:27:56 -0400] "GET /wp-admin/ HTTP/1.1" 302 0 "-" "Mozilla/5.0 (Windows NT 10.0; Win64; x64) AppleWebKit/537.36 (KHTML, like Gecko) Chrome/91.0.4472.124 Safari/537.36"
2602:fb54:c7b:: - - [20/May/2025:12:27:57 -0400] "GET /wp-login.php?redirect_to=https%3A%2F%2Fclient.socialdigiinnovator.com%2Fwp-admin%2F&reauth=1 HTTP/1.1" 302 0 "-" "Mozilla/5.0 (Windows NT 10.0; Win64; x64) AppleWebKit/537.36 (KHTML, like Gecko) Chrome/91.0.4472.124 Safari/537.36"
2602:fb54:c7b:: - - [20/May/2025:12:27:58 -0400] "GET /admin HTTP/1.1" 302 0 "-" "Mozilla/5.0 (Windows NT 10.0; Win64; x64) AppleWebKit/537.36 (KHTML, like Gecko) Chrome/91.0.4472.124 Safari/537.36"
2602:fb54:c7b:: - - [20/May/2025:12:27:59 -0400] "GET /wp-admin/ HTTP/1.1" 302 0 "-" "Mozilla/5.0 (Windows NT 10.0; Win64; x64) AppleWebKit/537.36 (KHTML, like Gecko) Chrome/91.0.4472.124 Safari/537.36"
2602:fb54:c7b:: - - [20/May/2025:12:28:01 -0400] "GET /user HTTP/1.1" 301 0 "-" "Mozilla/5.0 (Windows NT 10.0; Win64; x64) AppleWebKit/537.36 (KHTML, like Gecko) Chrome/91.0.4472.124 Safari/537.36"
2602:fb54:c7b:: - - [20/May/2025:12:28:03 -0400] "POST /user HTTP/1.1" 302 0 "https://client.socialdigiinnovator.com/wp-admin/" "Mozilla/5.0 (Windows NT 10.0; Win64; x64) AppleWebKit/537.36 (KHTML, like Gecko) Chrome/91.0.4472.124 Safari/537.36"
2602:fb54:c7b:: - - [20/May/2025:12:28:03 -0400] "GET /?redirect_to=https%3A%2F%2Fclient.socialdigiinnovator.com%2Fuser HTTP/1.1" 200 9204 "https://client.socialdigiinnovator.com/wp-admin/" "Mozilla/5.0 (Windows NT 10.0; Win64; x64) AppleWebKit/537.36 (KHTML, like Gecko) Chrome/91.0.4472.124 Safari/537.36"
2602:fb54:c7b:: - - [20/May/2025:12:28:05 -0400] "GET /wp-login.php?redirect_to=https%3A%2F%2Fclient.socialdigiinnovator.com%2Fwp-admin%2F&reauth=1 HTTP/1.1" 302 0 "-" "Mozilla/5.0 (Windows NT 10.0; Win64; x64) AppleWebKit/537.36 (KHTML, like Gecko) Chrome/91.0.4472.124 Safari/537.36"
198.54.114.35 - - [20/May/2025:12:33:00 -0400] "POST /wp-cron.php?doing_wp_cron=1747758779.9317231178283691406250 HTTP/1.1" 200 0 "-" "WordPress/6.8.1; https://client.socialdigiinnovator.com"
20.171.207.188 - - [20/May/2025:13:12:50 -0400] "GET /-.php/ HTTP/1.1" 404 8476 "-" "Mozilla/5.0 AppleWebKit/537.36 (KHTML, like Gecko; compatible; GPTBot/1.2; +https://openai.com/gptbot)"
20.171.207.188 - - [20/May/2025:12:32:56 -0400] "GET /-.php/ HTTP/1.1" 404 8476 "-" "Mozilla/5.0 AppleWebKit/537.36 (KHTML, like Gecko; compatible; GPTBot/1.2; +https://openai.com/gptbot)"
198.54.114.35 - - [20/May/2025:12:42:19 -0400] "POST /wp-cron.php?doing_wp_cron=1747759339.2342250347137451171875 HTTP/1.1" 200 0 "-" "WordPress/6.8.1; https://client.socialdigiinnovator.com"
20.171.207.188 - - [20/May/2025:12:42:12 -0400] "GET /-.php/ HTTP/1.1" 404 8477 "-" "Mozilla/5.0 AppleWebKit/537.36 (KHTML, like Gecko; compatible; GPTBot/1.2; +https://openai.com/gptbot)"
198.54.114.35 - - [20/May/2025:13:12:58 -0400] "POST /wp-cron.php?doing_wp_cron=1747761178.4281499385833740234375 HTTP/1.1" 200 0 "-" "WordPress/6.8.1; https://client.socialdigiinnovator.com"
198.54.114.35 - - [20/May/2025:15:13:29 -0400] "POST /wp-cron.php?doing_wp_cron=1747768408.9441928863525390625000 HTTP/1.1" 200 0 "-" "WordPress/6.8.1; https://client.socialdigiinnovator.com"
66.63.187.155 - - [20/May/2025:15:13:25 -0400] "GET /wp-json/wp/v2/users HTTP/1.1" 200 891 "https://www.google.com" "Mozilla/5.0 (X11; Linux x86_64) AppleWebKit/537.36 (KHTML, like Gecko) Chrome/119.0.0.0 Safari/537.36"
66.63.187.155 - - [20/May/2025:15:13:35 -0400] "GET /404 HTTP/1.1" 404 8477 "https://www.google.com" "Mozilla/5.0 (X11; Linux x86_64) AppleWebKit/537.36 (KHTML, like Gecko) Chrome/119.0.0.0 Safari/537.36"
66.63.187.155 - - [20/May/2025:15:13:38 -0400] "GET /wp-login.php HTTP/1.1" 302 0 "https://www.google.com" "Mozilla/5.0 (X11; Linux x86_64) AppleWebKit/537.36 (KHTML, like Gecko) Chrome/119.0.0.0 Safari/537.36"
66.63.187.155 - - [20/May/2025:15:13:39 -0400] "GET /404 HTTP/1.1" 404 8476 "https://www.google.com" "Mozilla/5.0 (X11; Linux x86_64) AppleWebKit/537.36 (KHTML, like Gecko) Chrome/119.0.0.0 Safari/537.36"
66.63.187.155 - - [20/May/2025:15:13:40 -0400] "GET /wp-login.php HTTP/1.1" 302 0 "https://www.google.com" "Mozilla/5.0 (X11; Linux x86_64) AppleWebKit/537.36 (KHTML, like Gecko) Chrome/119.0.0.0 Safari/537.36"
66.63.187.155 - - [20/May/2025:15:13:41 -0400] "GET /404 HTTP/1.1" 404 8477 "https://www.google.com" "Mozilla/5.0 (X11; Linux x86_64) AppleWebKit/537.36 (KHTML, like Gecko) Chrome/119.0.0.0 Safari/537.36"
66.63.187.155 - - [20/May/2025:15:13:31 -0400] "GET /?author=1 HTTP/1.1" 403 1242 "https://www.google.com" "Mozilla/5.0 (X11; Linux x86_64) AppleWebKit/537.36 (KHTML, like Gecko) Chrome/119.0.0.0 Safari/537.36"
66.63.187.155 - - [20/May/2025:15:13:31 -0400] "GET /wp-admin/admin.php HTTP/1.1" 302 0 "https://www.google.com" "Mozilla/5.0 (X11; Linux x86_64) AppleWebKit/537.36 (KHTML, like Gecko) Chrome/119.0.0.0 Safari/537.36"
66.63.187.155 - - [20/May/2025:15:13:33 -0400] "GET /wp-login.php?redirect_to=https%3A%2F%2Fclient.socialdigiinnovator.com%2Fwp-admin%2Fadmin.php&reauth=1 HTTP/1.1" 302 0 "https://www.google.com" "Mozilla/5.0 (X11; Linux x86_64) AppleWebKit/537.36 (KHTML, like Gecko) Chrome/119.0.0.0 Safari/537.36"
198.54.114.35 - - [20/May/2025:15:13:35 -0400] "POST /wp-cron.php?doing_wp_cron=1747768415.6200499534606933593750 HTTP/1.1" 200 0 "-" "WordPress/6.8.1; https://client.socialdigiinnovator.com"
198.54.114.35 - - [20/May/2025:15:18:26 -0400] "POST /wp-cron.php?doing_wp_cron=1747768705.9486880302429199218750 HTTP/1.1" 200 0 "-" "WordPress/6.8.1; https://client.socialdigiinnovator.com"
198.54.114.35 - - [20/May/2025:15:18:33 -0400] "POST /wp-cron.php?doing_wp_cron=1747768713.5936450958251953125000 HTTP/1.1" 200 0 "-" "WordPress/6.8.1; https://client.socialdigiinnovator.com"
66.63.187.155 - - [20/May/2025:15:18:37 -0400] "GET /wp-login.php?redirect_to=https%3A%2F%2Fclient.socialdigiinnovator.com%2Fwp-admin%2Fadmin.php&reauth=1 HTTP/1.1" 302 0 "https://www.google.com" "Mozilla/5.0 (X11; Linux x86_64) AppleWebKit/537.36 (KHTML, like Gecko) Chrome/119.0.0.0 Safari/537.36"
66.63.187.155 - - [20/May/2025:15:18:41 -0400] "GET /404 HTTP/1.1" 404 8477 "https://www.google.com" "Mozilla/5.0 (X11; Linux x86_64) AppleWebKit/537.36 (KHTML, like Gecko) Chrome/119.0.0.0 Safari/537.36"
66.63.187.155 - - [20/May/2025:15:18:42 -0400] "GET /wp-login.php HTTP/1.1" 302 0 "https://www.google.com" "Mozilla/5.0 (X11; Linux x86_64) AppleWebKit/537.36 (KHTML, like Gecko) Chrome/119.0.0.0 Safari/537.36"
66.63.187.155 - - [20/May/2025:15:18:44 -0400] "GET /404 HTTP/1.1" 404 8477 "https://www.google.com" "Mozilla/5.0 (X11; Linux x86_64) AppleWebKit/537.36 (KHTML, like Gecko) Chrome/119.0.0.0 Safari/537.36"
66.63.187.155 - - [20/May/2025:15:18:47 -0400] "GET /404 HTTP/1.1" 404 8476 "https://www.google.com" "Mozilla/5.0 (X11; Linux x86_64) AppleWebKit/537.36 (KHTML, like Gecko) Chrome/119.0.0.0 Safari/537.36"
66.63.187.155 - - [20/May/2025:15:18:50 -0400] "GET /wp-admin/admin.php HTTP/1.1" 302 0 "https://www.google.com" "Mozilla/5.0 (X11; Linux x86_64) AppleWebKit/537.36 (KHTML, like Gecko) Chrome/119.0.0.0 Safari/537.36"
66.63.187.155 - - [20/May/2025:15:18:56 -0400] "GET /404 HTTP/1.1" 404 8476 "https://www.google.com" "Mozilla/5.0 (X11; Linux x86_64) AppleWebKit/537.36 (KHTML, like Gecko) Chrome/119.0.0.0 Safari/537.36"
66.63.187.155 - - [20/May/2025:15:18:21 -0400] "GET /wp-json/wp/v2/users HTTP/1.1" 200 891 "https://www.google.com" "Mozilla/5.0 (X11; Linux x86_64) AppleWebKit/537.36 (KHTML, like Gecko) Chrome/119.0.0.0 Safari/537.36"
66.63.187.155 - - [20/May/2025:15:18:27 -0400] "GET /?author=1 HTTP/1.1" 403 1242 "https://www.google.com" "Mozilla/5.0 (X11; Linux x86_64) AppleWebKit/537.36 (KHTML, like Gecko) Chrome/119.0.0.0 Safari/537.36"
66.63.187.155 - - [20/May/2025:15:18:33 -0400] "GET /wp-json/wp/v2/users HTTP/1.1" 200 891 "https://www.google.com" "Mozilla/5.0 (X11; Linux x86_64) AppleWebKit/537.36 (KHTML, like Gecko) Chrome/119.0.0.0 Safari/537.36"
66.63.187.155 - - [20/May/2025:15:18:35 -0400] "GET /?author=1 HTTP/1.1" 403 1242 "https://www.google.com" "Mozilla/5.0 (X11; Linux x86_64) AppleWebKit/537.36 (KHTML, like Gecko) Chrome/119.0.0.0 Safari/537.36"
66.63.187.155 - - [20/May/2025:15:18:35 -0400] "GET /wp-admin/admin.php HTTP/1.1" 302 0 "https://www.google.com" "Mozilla/5.0 (X11; Linux x86_64) AppleWebKit/537.36 (KHTML, like Gecko) Chrome/119.0.0.0 Safari/537.36"
66.63.187.155 - - [20/May/2025:15:18:46 -0400] "GET /wp-login.php HTTP/1.1" 302 0 "https://www.google.com" "Mozilla/5.0 (X11; Linux x86_64) AppleWebKit/537.36 (KHTML, like Gecko) Chrome/119.0.0.0 Safari/537.36"
66.63.187.155 - - [20/May/2025:15:18:52 -0400] "GET /wp-login.php?redirect_to=https%3A%2F%2Fclient.socialdigiinnovator.com%2Fwp-admin%2Fadmin.php&reauth=1 HTTP/1.1" 302 0 "https://www.google.com" "Mozilla/5.0 (X11; Linux x86_64) AppleWebKit/537.36 (KHTML, like Gecko) Chrome/119.0.0.0 Safari/537.36"
66.63.187.155 - - [20/May/2025:15:18:58 -0400] "GET /wp-login.php HTTP/1.1" 302 0 "https://www.google.com" "Mozilla/5.0 (X11; Linux x86_64) AppleWebKit/537.36 (KHTML, like Gecko) Chrome/119.0.0.0 Safari/537.36"
66.63.187.155 - - [20/May/2025:15:19:12 -0400] "GET /404 HTTP/1.1" 404 8477 "https://www.google.com" "Mozilla/5.0 (X11; Linux x86_64) AppleWebKit/537.36 (KHTML, like Gecko) Chrome/119.0.0.0 Safari/537.36"
66.63.187.155 - - [20/May/2025:15:19:13 -0400] "GET /wp-login.php HTTP/1.1" 302 0 "https://www.google.com" "Mozilla/5.0 (X11; Linux x86_64) AppleWebKit/537.36 (KHTML, like Gecko) Chrome/119.0.0.0 Safari/537.36"
66.63.187.155 - - [20/May/2025:15:19:16 -0400] "GET /404 HTTP/1.1" 404 8476 "https://www.google.com" "Mozilla/5.0 (X11; Linux x86_64) AppleWebKit/537.36 (KHTML, like Gecko) Chrome/119.0.0.0 Safari/537.36"
198.54.114.35 - - [20/May/2025:15:38:31 -0400] "POST /wp-cron.php?doing_wp_cron=1747769911.8187611103057861328125 HTTP/1.1" 200 0 "-" "WordPress/6.8.1; https://client.socialdigiinnovator.com"
196.251.83.161 - - [20/May/2025:15:38:33 -0400] "GET /wp-content/themes/seotheme/db.php?u HTTP/1.1" 404 8477 "www.google.com" "Mozlila/5.0 (Linux; Android 7.0; SM-G892A Bulid/NRD90M; wv) AppleWebKit/537.36 (KHTML, like Gecko) Version/4.0 Chrome/60.0.3112.107 Moblie Safari/537.36"
196.251.83.161 - - [20/May/2025:15:38:32 -0400] "GET /wp-content/plugins/apikey/apikey.php?test=hello HTTP/1.1" 404 8477 "-" "Mozlila/5.0 (Linux; Android 7.0; SM-G892A Bulid/NRD90M; wv) AppleWebKit/537.36 (KHTML, like Gecko) Version/4.0 Chrome/60.0.3112.107 Moblie Safari/537.36"
196.251.83.161 - - [20/May/2025:15:38:33 -0400] "GET /rwisiimd.php?Fox=d3wL7 HTTP/1.1" 404 8477 "www.google.com" "Mozilla/5.0 (Linux; Android 7.0; SM-G892A Bulid/NRD90M; wv) AppleWebKit/537.36 (KHTML, like Gecko) Version/4.0 Chrome/60.0.3112.107 Moblie Safari/537.36"
196.251.83.161 - - [20/May/2025:15:38:34 -0400] "GET /plugins/content/apismtp/apismtp.php.suspected?test=hello HTTP/1.1" 404 8477 "-" "Mozlila/5.0 (Linux; Android 7.0; SM-G892A Bulid/NRD90M; wv) AppleWebKit/537.36 (KHTML, like Gecko) Version/4.0 Chrome/60.0.3112.107 Moblie Safari/537.36"
2.57.215.181 - - [20/May/2025:15:42:51 -0400] "GET /wp-login.php HTTP/1.1" 302 771 "-" "python-requests/2.32.3"
198.54.114.35 - - [20/May/2025:15:38:31 -0400] "POST /wp-cron.php?doing_wp_cron=1747769911.8187489509582519531250 HTTP/1.1" 200 0 "-" "WordPress/6.8.1; https://client.socialdigiinnovator.com"
198.54.114.35 - - [20/May/2025:15:38:31 -0400] "POST /wp-cron.php?doing_wp_cron=1747769911.8188390731811523437500 HTTP/1.1" 200 0 "-" "WordPress/6.8.1; https://client.socialdigiinnovator.com"
198.54.114.35 - - [20/May/2025:15:38:31 -0400] "POST /wp-cron.php?doing_wp_cron=1747769911.8187758922576904296875 HTTP/1.1" 200 0 "-" "WordPress/6.8.1; https://client.socialdigiinnovator.com"
196.251.83.161 - - [20/May/2025:15:38:28 -0400] "GET / HTTP/1.1" 200 9192 "-" "Mozlila/5.0 (Linux; Android 7.0; SM-G892A Bulid/NRD90M; wv) AppleWebKit/537.36 (KHTML, like Gecko) Version/4.0 Chrome/60.0.3112.107 Moblie Safari/537.36"
196.251.83.161 - - [20/May/2025:15:38:28 -0400] "GET /wp-content/themes/seotheme/db.php?u HTTP/1.1" 404 8477 "www.google.com" "Mozlila/5.0 (Linux; Android 7.0; SM-G892A Bulid/NRD90M; wv) AppleWebKit/537.36 (KHTML, like Gecko) Version/4.0 Chrome/60.0.3112.107 Moblie Safari/537.36"
196.251.83.161 - - [20/May/2025:15:38:28 -0400] "POST /wp-plain.php HTTP/1.1" 404 8477 "www.google.com" "Mozilla/5.0 (Linux; Android 7.0; SM-G892A Bulid/NRD90M; wv) AppleWebKit/537.36 (KHTML, like Gecko) Version/4.0 Chrome/60.0.3112.107 Moblie Safari/537.36"
196.251.83.161 - - [20/May/2025:15:38:28 -0400] "GET /wp-content/plugins/fix/up.php HTTP/1.1" 404 8477 "-" "Mozilla/5.0 (Windows NT 10.0; Win64; x64) AppleWebKit/537.36 (KHTML, like Gecko) Chrome/85.0.4183.102 Safari/537.36"
196.251.83.161 - - [20/May/2025:15:38:28 -0400] "POST /ALFA_DATA/alfacgiapi/perl.alfa HTTP/1.1" 404 8477 "www.google.com" "Mozlila/5.0 (Linux; Android 7.0; SM-G892A Bulid/NRD90M; wv) AppleWebKit/537.36 (KHTML, like Gecko) Version/4.0 Chrome/60.0.3112.107 Moblie Safari/537.36"
198.54.114.35 - - [20/May/2025:15:38:33 -0400] "POST /wp-cron.php?doing_wp_cron=1747769913.0986049175262451171875 HTTP/1.1" 200 0 "-" "WordPress/6.8.1; https://client.socialdigiinnovator.com"
196.251.83.161 - - [20/May/2025:15:38:33 -0400] "POST /alfacgiapi/perl.alfa HTTP/1.1" 404 8476 "www.google.com" "Mozlila/5.0 (Linux; Android 7.0; SM-G892A Bulid/NRD90M; wv) AppleWebKit/537.36 (KHTML, like Gecko) Version/4.0 Chrome/60.0.3112.107 Moblie Safari/537.36"
196.251.83.161 - - [20/May/2025:15:38:33 -0400] "GET /plugins/content/apismtp/apismtp.php?test=hello HTTP/1.1" 404 8477 "-" "Mozlila/5.0 (Linux; Android 7.0; SM-G892A Bulid/NRD90M; wv) AppleWebKit/537.36 (KHTML, like Gecko) Version/4.0 Chrome/60.0.3112.107 Moblie Safari/537.36"
196.251.83.161 - - [20/May/2025:15:38:34 -0400] "GET /wp-content/plugins/apikey/apikey.php.suspected?test=hello HTTP/1.1" 404 8477 "-" "Mozlila/5.0 (Linux; Android 7.0; SM-G892A Bulid/NRD90M; wv) AppleWebKit/537.36 (KHTML, like Gecko) Version/4.0 Chrome/60.0.3112.107 Moblie Safari/537.36"
4.227.36.61 - - [20/May/2025:17:14:56 -0400] "GET /robots.txt HTTP/1.1" 302 0 "-" "Mozilla/5.0 AppleWebKit/537.36 (KHTML, like Gecko; compatible; GPTBot/1.2; +https://openai.com/gptbot)"
198.54.114.35 - - [20/May/2025:17:14:59 -0400] "POST /wp-cron.php?doing_wp_cron=1747775698.9274909496307373046875 HTTP/1.1" 200 0 "-" "WordPress/6.8.1; https://client.socialdigiinnovator.com"
4.227.36.61 - - [20/May/2025:17:14:59 -0400] "GET /?redirect_to=https%3A%2F%2Fclient.socialdigiinnovator.com%2Frobots.txt HTTP/1.1" 200 9194 "https://client.socialdigiinnovator.com/robots.txt" "Mozilla/5.0 AppleWebKit/537.36 (KHTML, like Gecko; compatible; GPTBot/1.2; +https://openai.com/gptbot)"
198.54.114.35 - - [20/May/2025:17:30:37 -0400] "POST /wp-cron.php?doing_wp_cron=1747776637.7790949344635009765625 HTTP/1.1" 200 0 "-" "WordPress/6.8.1; https://client.socialdigiinnovator.com"
20.171.207.135 - - [20/May/2025:17:30:34 -0400] "GET /-.php/ HTTP/1.1" 404 8476 "-" "Mozilla/5.0 AppleWebKit/537.36 (KHTML, like Gecko; compatible; GPTBot/1.2; +https://openai.com/gptbot)"
20.171.207.135 - - [20/May/2025:17:46:33 -0400] "GET /-.php/ HTTP/1.1" 200 0 "-" "Mozilla/5.0 AppleWebKit/537.36 (KHTML, like Gecko; compatible; GPTBot/1.2; +https://openai.com/gptbot)"
198.54.114.35 - - [20/May/2025:17:54:17 -0400] "POST /wp-cron.php?doing_wp_cron=1747778056.9865410327911376953125 HTTP/1.1" 200 0 "-" "WordPress/6.8.1; https://client.socialdigiinnovator.com"
198.54.114.35 - - [20/May/2025:17:46:37 -0400] "POST /wp-cron.php?doing_wp_cron=1747777596.8236351013183593750000 HTTP/1.1" 200 0 "-" "WordPress/6.8.1; https://client.socialdigiinnovator.com"
170.205.31.68 - - [20/May/2025:17:54:14 -0400] "GET /administrator/index.php HTTP/1.1" 301 0 "https://www.google.com/" "Mozilla/5.0 (Windows NT 10.0; Win64; x64) AppleWebKit/537.36 (KHTML, like Gecko) Chrome/91.0.4472.124 Safari/537.36"
170.205.31.68 - - [20/May/2025:17:54:17 -0400] "GET /administrator/ HTTP/1.1" 404 8477 "https://www.google.com/" "Mozilla/5.0 (Windows NT 10.0; Win64; x64) AppleWebKit/537.36 (KHTML, like Gecko) Chrome/91.0.4472.124 Safari/537.36"
160.250.132.24 - - [20/May/2025:18:43:58 -0400] "GET //wp-fmfile.php HTTP/1.1" 301 0 "-" "Mozilla/5.0 (Windows NT 10.0; Win64; x64) AppleWebKit/537.36 (KHTML, like Gecko) Chrome/91.0.4472.124 Safari/537.36"
198.54.114.35 - - [20/May/2025:18:46:09 -0400] "POST /wp-cron.php?doing_wp_cron=1747781169.0626339912414550781250 HTTP/1.1" 200 0 "-" "WordPress/6.8.1; https://client.socialdigiinnovator.com"
2602:fb54:5b8:: - - [20/May/2025:18:46:13 -0400] "GET /wp-login.php?redirect_to=https%3A%2F%2Fclient.socialdigiinnovator.com%2Fwp-admin%2F&reauth=1 HTTP/1.1" 302 0 "https://www.google.com/" "Mozilla/5.0 (Windows NT 10.0; Win64; x64) AppleWebKit/537.36 (KHTML, like Gecko) Chrome/91.0.4472.124 Safari/537.36"
2602:fb54:5b8:: - - [20/May/2025:18:46:13 -0400] "GET /404 HTTP/1.1" 404 8476 "https://www.google.com/" "Mozilla/5.0 (Windows NT 10.0; Win64; x64) AppleWebKit/537.36 (KHTML, like Gecko) Chrome/91.0.4472.124 Safari/537.36"
198.54.114.35 - - [20/May/2025:18:44:02 -0400] "POST /wp-cron.php?doing_wp_cron=1747781042.7287549972534179687500 HTTP/1.1" 200 0 "-" "WordPress/6.8.1; https://client.socialdigiinnovator.com"
160.250.132.24 - - [20/May/2025:18:44:03 -0400] "GET /wp-fmfile.php HTTP/1.1" 404 8477 "https://client.socialdigiinnovator.com//wp-fmfile.php" "Mozilla/5.0 (Windows NT 10.0; Win64; x64) AppleWebKit/537.36 (KHTML, like Gecko) Chrome/91.0.4472.124 Safari/537.36"
2602:fb54:5b8:: - - [20/May/2025:18:46:01 -0400] "GET /wp-login.php HTTP/1.1" 302 0 "http://client.socialdigiinnovator.com/wp-admin/" "Mozilla/5.0 (Windows NT 10.0; Win64; x64) AppleWebKit/537.36 (KHTML, like Gecko) Chrome/90.0.4430.85 Safari/537.36"
2602:fb54:5b8:: - - [20/May/2025:18:46:06 -0400] "GET /404 HTTP/1.1" 404 8477 "http://client.socialdigiinnovator.com/wp-admin/" "Mozilla/5.0 (Windows NT 10.0; Win64; x64) AppleWebKit/537.36 (KHTML, like Gecko) Chrome/90.0.4430.85 Safari/537.36"
2602:fb54:5b8:: - - [20/May/2025:18:46:11 -0400] "GET /wp-admin/ HTTP/1.1" 302 0 "https://www.google.com/" "Mozilla/5.0 (Windows NT 10.0; Win64; x64) AppleWebKit/537.36 (KHTML, like Gecko) Chrome/91.0.4472.124 Safari/537.36"
198.54.114.35 - - [20/May/2025:19:40:12 -0400] "POST /wp-cron.php?doing_wp_cron=1747784412.5925579071044921875000 HTTP/1.1" 200 0 "-" "WordPress/6.8.1; https://client.socialdigiinnovator.com"
156.242.39.25 - - [20/May/2025:19:40:13 -0400] "GET /wp-login.php?redirect_to=https%3A%2F%2Fclient.socialdigiinnovator.com%2Fwp-admin%2Fadmin.php&reauth=1 HTTP/1.1" 302 0 "-" "Mozilla/5.0 (Windows NT 10.0; Win64; x64) AppleWebKit/537.36 (KHTML, like Gecko) Chrome/115.0.0.0 Safari/537.36 Edg/115.0.1901.203"
156.242.39.25 - - [20/May/2025:19:40:13 -0400] "GET /404 HTTP/1.1" 404 8476 "-" "Mozilla/5.0 (Windows NT 10.0; Win64; x64) AppleWebKit/537.36 (KHTML, like Gecko) Chrome/115.0.0.0 Safari/537.36 Edg/115.0.1901.203"
156.242.39.25 - - [20/May/2025:19:40:09 -0400] "GET /wp-admin/admin.php HTTP/1.1" 302 0 "-" "Mozilla/5.0 (Windows NT 10.0; Win64; x64) AppleWebKit/537.36 (KHTML, like Gecko) Chrome/115.0.0.0 Safari/537.36 Edg/115.0.1901.203"
198.54.114.35 - - [20/May/2025:19:55:05 -0400] "POST /wp-cron.php?doing_wp_cron=1747785304.0476140975952148437500 HTTP/1.1" 200 0 "-" "WordPress/6.8.1; https://client.socialdigiinnovator.com"
196.251.117.154 - - [20/May/2025:19:54:59 -0400] "GET /wp-content/plugins/WordPressCore/include.php HTTP/1.1" 404 8477 "-" "Mozlila/5.0 (Linux; Android 7.0; SM-G892A Bulid/NRD90M; wv) AppleWebKit/537.36 (KHTML, like Gecko) Version/4.0 Chrome/60.0.3112.107 Moblie Safari/537.36"
196.251.117.154 - - [20/May/2025:19:55:16 -0400] "GET /wp-content/plugins/WordPressCore/include.php HTTP/1.1" 404 8477 "-" "Mozlila/5.0 (Linux; Android 7.0; SM-G892A Bulid/NRD90M; wv) AppleWebKit/537.36 (KHTML, like Gecko) Version/4.0 Chrome/60.0.3112.107 Moblie Safari/537.36"
199.45.155.94 - - [20/May/2025:20:50:00 -0400] "GET / HTTP/1.1" 200 9190 "-" "Mozilla/5.0 (compatible; CensysInspect/1.1; +https://about.censys.io/)"
2602:80d:1004::2e - - [20/May/2025:20:50:17 -0400] "GET /wp-content/uploads/2022/04/cropped-Logo_Job-removebg-preview-Custom-2-180x180.png HTTP/1.1" 200 14645 "-" "Mozilla/5.0 (compatible; CensysInspect/1.1; +https://about.censys.io/)"
2602:80d:1004::2e - - [20/May/2025:20:50:18 -0400] "GET /favicon.ico HTTP/1.1" 404 1251 "-" "Mozilla/5.0 (compatible; CensysInspect/1.1; +https://about.censys.io/)"
198.54.114.35 - - [20/May/2025:20:54:32 -0400] "POST /wp-cron.php?doing_wp_cron=1747788872.0019960403442382812500 HTTP/1.1" 200 0 "-" "WordPress/6.8.1; https://client.socialdigiinnovator.com"
198.54.114.35 - - [20/May/2025:20:54:20 -0400] "GET / HTTP/1.1" 200 9190 "-" "Mozilla/5.0 (Windows NT 10.0; Win64; x64; rv:122.0) Gecko/20100101 Firefox/122.0"
198.54.114.35 - - [20/May/2025:20:50:08 -0400] "POST /wp-cron.php?doing_wp_cron=1747788607.9993560314178466796875 HTTP/1.1" 200 0 "-" "WordPress/6.8.1; https://client.socialdigiinnovator.com"
2602:80d:1004::2e - - [20/May/2025:20:50:12 -0400] "GET /wp-content/uploads/2022/04/cropped-Logo_Job-removebg-preview-Custom-2-32x32.png HTTP/1.1" 200 1864 "-" "Mozilla/5.0 (compatible; CensysInspect/1.1; +https://about.censys.io/)"
2602:80d:1004::2e - - [20/May/2025:20:50:16 -0400] "GET /wp-content/uploads/2022/04/cropped-Logo_Job-removebg-preview-Custom-2-192x192.png HTTP/1.1" 200 15769 "-" "Mozilla/5.0 (compatible; CensysInspect/1.1; +https://about.censys.io/)"
198.54.114.35 - - [20/May/2025:21:28:01 -0400] "POST /wp-cron.php?doing_wp_cron=1747790881.7370638847351074218750 HTTP/1.1" 200 0 "-" "WordPress/6.8.1; https://client.socialdigiinnovator.com"
43.133.253.253 - - [20/May/2025:21:27:58 -0400] "GET / HTTP/1.1" 200 9192 "http://client.socialdigiinnovator.com" "Mozilla/5.0 (iPhone; CPU iPhone OS 13_2_3 like Mac OS X) AppleWebKit/605.1.15 (KHTML, like Gecko) Version/13.0.3 Mobile/15E148 Safari/604.1"
2602:80d:1003::18 - - [20/May/2025:22:26:55 -0400] "GET /favicon.ico HTTP/1.1" 404 1251 "http://client.socialdigiinnovator.com/favicon.ico" "Mozilla/5.0 (compatible; CensysInspect/1.1; +https://about.censys.io/)"
198.54.114.35 - - [20/May/2025:23:34:42 -0400] "POST /wp-cron.php?doing_wp_cron=1747798481.8365139961242675781250 HTTP/1.1" 200 0 "-" "WordPress/6.8.1; https://client.socialdigiinnovator.com"
216.244.66.226 - - [20/May/2025:23:34:36 -0400] "GET /robots.txt HTTP/1.1" 302 0 "-" "Mozilla/5.0 (compatible; DotBot/1.2; +https://opensiteexplorer.org/dotbot; help@moz.com)"
216.244.66.226 - - [20/May/2025:23:34:42 -0400] "GET /?redirect_to=https%3A%2F%2Fclient.socialdigiinnovator.com%2Frobots.txt HTTP/1.1" 200 9194 "-" "Mozilla/5.0 (compatible; DotBot/1.2; +https://opensiteexplorer.org/dotbot; help@moz.com)"
207.46.13.229 - - [20/May/2025:23:49:16 -0400] "GET /robots.txt HTTP/1.1" 302 0 "-" "Mozilla/5.0 AppleWebKit/537.36 (KHTML, like Gecko; compatible; bingbot/2.0; +http://www.bing.com/bingbot.htm) Chrome/116.0.1938.76 Safari/537.36"
207.46.13.229 - - [20/May/2025:23:49:19 -0400] "GET /?redirect_to=https%3A%2F%2Fclient.socialdigiinnovator.com%2Frobots.txt HTTP/1.1" 200 9196 "-" "Mozilla/5.0 AppleWebKit/537.36 (KHTML, like Gecko; compatible; bingbot/2.0; +http://www.bing.com/bingbot.htm) Chrome/116.0.1938.76 Safari/537.36"
198.54.114.35 - - [20/May/2025:23:50:11 -0400] "POST /wp-cron.php?doing_wp_cron=1747799411.8366310596466064453125 HTTP/1.1" 200 0 "-" "WordPress/6.8.1; https://client.socialdigiinnovator.com"
198.54.114.35 - - [20/May/2025:23:49:19 -0400] "POST /wp-cron.php?doing_wp_cron=1747799359.6102330684661865234375 HTTP/1.1" 200 0 "-" "WordPress/6.8.1; https://client.socialdigiinnovator.com"
52.167.144.216 - - [20/May/2025:23:50:11 -0400] "GET /?61cbiovarialcdeade1056596.htm HTTP/1.1" 301 0 "-" "Mozilla/5.0 AppleWebKit/537.36 (KHTML, like Gecko; compatible; bingbot/2.0; +http://www.bing.com/bingbot.htm) Chrome/116.0.1938.76 Safari/537.36"
196.251.87.240 - - [21/May/2025:00:02:44 -0400] "GET / HTTP/1.1" 200 0 "-" "Mozlila/5.0 (Linux; Android 7.0; SM-G892A Bulid/NRD90M; wv) AppleWebKit/537.36 (KHTML, like Gecko) Version/4.0 Chrome/60.0.3112.107 Moblie Safari/537.36"
196.251.87.240 - - [21/May/2025:00:02:44 -0400] "GET /wp-content/themes/seotheme/db.php?u HTTP/1.1" 200 0 "www.google.com" "Mozlila/5.0 (Linux; Android 7.0; SM-G892A Bulid/NRD90M; wv) AppleWebKit/537.36 (KHTML, like Gecko) Version/4.0 Chrome/60.0.3112.107 Moblie Safari/537.36"
198.54.114.35 - - [21/May/2025:00:02:56 -0400] "POST /wp-cron.php?doing_wp_cron=1747800176.5586700439453125000000 HTTP/1.1" 200 0 "-" "WordPress/6.8.1; https://client.socialdigiinnovator.com"
198.54.114.35 - - [21/May/2025:00:02:56 -0400] "POST /wp-cron.php?doing_wp_cron=1747800176.5592370033264160156250 HTTP/1.1" 200 0 "-" "WordPress/6.8.1; https://client.socialdigiinnovator.com"
198.54.114.35 - - [21/May/2025:00:02:56 -0400] "POST /wp-cron.php?doing_wp_cron=1747800176.5559821128845214843750 HTTP/1.1" 200 0 "-" "WordPress/6.8.1; https://client.socialdigiinnovator.com"
196.251.87.240 - - [21/May/2025:00:02:52 -0400] "GET /wp-content/themes/seotheme/db.php?u HTTP/1.1" 404 8476 "www.google.com" "Mozlila/5.0 (Linux; Android 7.0; SM-G892A Bulid/NRD90M; wv) AppleWebKit/537.36 (KHTML, like Gecko) Version/4.0 Chrome/60.0.3112.107 Moblie Safari/537.36"
196.251.87.240 - - [21/May/2025:00:02:59 -0400] "POST /alfacgiapi/perl.alfa HTTP/1.1" 404 8476 "www.google.com" "Mozlila/5.0 (Linux; Android 7.0; SM-G892A Bulid/NRD90M; wv) AppleWebKit/537.36 (KHTML, like Gecko) Version/4.0 Chrome/60.0.3112.107 Moblie Safari/537.36"
196.251.87.240 - - [21/May/2025:00:03:02 -0400] "GET /plugins/content/apismtp/apismtp.php?test=hello HTTP/1.1" 404 8476 "-" "Mozlila/5.0 (Linux; Android 7.0; SM-G892A Bulid/NRD90M; wv) AppleWebKit/537.36 (KHTML, like Gecko) Version/4.0 Chrome/60.0.3112.107 Moblie Safari/537.36"
196.251.87.240 - - [21/May/2025:00:03:03 -0400] "GET /wp-content/themes/seotheme/db.php?u HTTP/1.1" 404 8476 "www.google.com" "Mozlila/5.0 (Linux; Android 7.0; SM-G892A Bulid/NRD90M; wv) AppleWebKit/537.36 (KHTML, like Gecko) Version/4.0 Chrome/60.0.3112.107 Moblie Safari/537.36"
196.251.87.240 - - [21/May/2025:00:03:04 -0400] "GET /wp-content/plugins/apikey/apikey.php.suspected?test=hello HTTP/1.1" 404 8476 "-" "Mozlila/5.0 (Linux; Android 7.0; SM-G892A Bulid/NRD90M; wv) AppleWebKit/537.36 (KHTML, like Gecko) Version/4.0 Chrome/60.0.3112.107 Moblie Safari/537.36"
196.251.87.240 - - [21/May/2025:00:03:05 -0400] "GET /plugins/content/apismtp/apismtp.php.suspected?test=hello HTTP/1.1" 404 8476 "-" "Mozlila/5.0 (Linux; Android 7.0; SM-G892A Bulid/NRD90M; wv) AppleWebKit/537.36 (KHTML, like Gecko) Version/4.0 Chrome/60.0.3112.107 Moblie Safari/537.36"
170.39.218.58 - - [21/May/2025:00:04:17 -0400] "GET /wp-content/plugins/elementor/assets/js/frontend.min.js?ver=3.28.4 HTTP/1.1" 200 10288 "-" "Mozilla/5.0 (Macintosh; Intel Mac OS X 10_15_7) AppleWebKit/537.36 Chrome/120.0.0.0"
134.209.98.34 - - [21/May/2025:00:19:31 -0400] "GET /wp-login.php HTTP/1.1" 302 0 "-" "Mozila/5.0"
198.54.114.35 - - [21/May/2025:00:32:10 -0400] "POST /wp-cron.php?doing_wp_cron=1747801930.8010718822479248046875 HTTP/1.1" 200 0 "-" "WordPress/6.8.1; https://client.socialdigiinnovator.com"
196.251.118.209 - - [21/May/2025:00:32:07 -0400] "POST /ALFA_DATA/alfacgiapi/perl.alfa HTTP/1.1" 404 8476 "www.google.com" "Mozlila/5.0 (Linux; Android 7.0; SM-G892A Bulid/NRD90M; wv) AppleWebKit/537.36 (KHTML, like Gecko) Version/4.0 Chrome/60.0.3112.107 Moblie Safari/537.36"
196.251.118.209 - - [21/May/2025:00:32:07 -0400] "GET / HTTP/1.1" 200 9192 "-" "Mozlila/5.0 (Linux; Android 7.0; SM-G892A Bulid/NRD90M; wv) AppleWebKit/537.36 (KHTML, like Gecko) Version/4.0 Chrome/60.0.3112.107 Moblie Safari/537.36"
196.251.118.209 - - [21/May/2025:00:32:11 -0400] "POST /alfacgiapi/perl.alfa HTTP/1.1" 404 8476 "www.google.com" "Mozlila/5.0 (Linux; Android 7.0; SM-G892A Bulid/NRD90M; wv) AppleWebKit/537.36 (KHTML, like Gecko) Version/4.0 Chrome/60.0.3112.107 Moblie Safari/537.36"
196.251.87.240 - - [21/May/2025:00:02:44 -0400] "POST /wp-plain.php HTTP/1.1" 200 0 "www.google.com" "Mozilla/5.0 (Linux; Android 7.0; SM-G892A Bulid/NRD90M; wv) AppleWebKit/537.36 (KHTML, like Gecko) Version/4.0 Chrome/60.0.3112.107 Moblie Safari/537.36"
196.251.87.240 - - [21/May/2025:00:02:44 -0400] "GET /wp-content/plugins/fix/up.php HTTP/1.1" 200 0 "-" "Mozilla/5.0 (Windows NT 10.0; Win64; x64) AppleWebKit/537.36 (KHTML, like Gecko) Chrome/85.0.4183.102 Safari/537.36"
198.54.114.35 - - [21/May/2025:00:02:56 -0400] "POST /wp-cron.php?doing_wp_cron=1747800176.5544140338897705078125 HTTP/1.1" 200 0 "-" "WordPress/6.8.1; https://client.socialdigiinnovator.com"
198.54.114.35 - - [21/May/2025:00:02:56 -0400] "POST /wp-cron.php?doing_wp_cron=1747800176.5538620948791503906250 HTTP/1.1" 200 0 "-" "WordPress/6.8.1; https://client.socialdigiinnovator.com"
196.251.87.240 - - [21/May/2025:00:02:52 -0400] "GET / HTTP/1.1" 200 9192 "-" "Mozlila/5.0 (Linux; Android 7.0; SM-G892A Bulid/NRD90M; wv) AppleWebKit/537.36 (KHTML, like Gecko) Version/4.0 Chrome/60.0.3112.107 Moblie Safari/537.36"
196.251.87.240 - - [21/May/2025:00:02:44 -0400] "POST /ALFA_DATA/alfacgiapi/perl.alfa HTTP/1.1" 404 8476 "www.google.com" "Mozlila/5.0 (Linux; Android 7.0; SM-G892A Bulid/NRD90M; wv) AppleWebKit/537.36 (KHTML, like Gecko) Version/4.0 Chrome/60.0.3112.107 Moblie Safari/537.36"
196.251.87.240 - - [21/May/2025:00:02:52 -0400] "GET /wp-content/plugins/fix/up.php HTTP/1.1" 404 8476 "-" "Mozilla/5.0 (Windows NT 10.0; Win64; x64) AppleWebKit/537.36 (KHTML, like Gecko) Chrome/85.0.4183.102 Safari/537.36"
196.251.87.240 - - [21/May/2025:00:02:59 -0400] "GET /wp-content/plugins/apikey/apikey.php?test=hello HTTP/1.1" 404 8476 "-" "Mozlila/5.0 (Linux; Android 7.0; SM-G892A Bulid/NRD90M; wv) AppleWebKit/537.36 (KHTML, like Gecko) Version/4.0 Chrome/60.0.3112.107 Moblie Safari/537.36"
196.251.87.240 - - [21/May/2025:00:03:00 -0400] "GET /wp-content/themes/seotheme/db.php?u HTTP/1.1" 404 8476 "www.google.com" "Mozlila/5.0 (Linux; Android 7.0; SM-G892A Bulid/NRD90M; wv) AppleWebKit/537.36 (KHTML, like Gecko) Version/4.0 Chrome/60.0.3112.107 Moblie Safari/537.36"
198.54.114.35 - - [21/May/2025:00:19:35 -0400] "POST /wp-cron.php?doing_wp_cron=1747801175.4667470455169677734375 HTTP/1.1" 200 0 "-" "WordPress/6.8.1; https://client.socialdigiinnovator.com"
134.209.98.34 - - [21/May/2025:00:19:33 -0400] "GET /404 HTTP/1.1" 404 8474 "-" "Mozila/5.0"
196.251.118.209 - - [21/May/2025:00:32:07 -0400] "GET /wp-content/themes/seotheme/db.php?u HTTP/1.1" 404 8476 "www.google.com" "Mozlila/5.0 (Linux; Android 7.0; SM-G892A Bulid/NRD90M; wv) AppleWebKit/537.36 (KHTML, like Gecko) Version/4.0 Chrome/60.0.3112.107 Moblie Safari/537.36"
196.251.118.209 - - [21/May/2025:00:32:07 -0400] "GET /wp-content/plugins/fix/up.php HTTP/1.1" 404 8476 "-" "Mozilla/5.0 (Windows NT 10.0; Win64; x64) AppleWebKit/537.36 (KHTML, like Gecko) Chrome/85.0.4183.102 Safari/537.36"
196.251.118.209 - - [21/May/2025:00:32:07 -0400] "POST /wp-plain.php HTTP/1.1" 404 8476 "www.google.com" "Mozilla/5.0 (Linux; Android 7.0; SM-G892A Bulid/NRD90M; wv) AppleWebKit/537.36 (KHTML, like Gecko) Version/4.0 Chrome/60.0.3112.107 Moblie Safari/537.36"
196.251.118.209 - - [21/May/2025:00:32:11 -0400] "GET /wp-content/themes/seotheme/db.php?u HTTP/1.1" 404 8474 "www.google.com" "Mozlila/5.0 (Linux; Android 7.0; SM-G892A Bulid/NRD90M; wv) AppleWebKit/537.36 (KHTML, like Gecko) Version/4.0 Chrome/60.0.3112.107 Moblie Safari/537.36"
196.251.118.209 - - [21/May/2025:00:32:14 -0400] "GET /plugins/content/apismtp/apismtp.php.suspected?test=hello HTTP/1.1" 404 8476 "-" "Mozlila/5.0 (Linux; Android 7.0; SM-G892A Bulid/NRD90M; wv) AppleWebKit/537.36 (KHTML, like Gecko) Version/4.0 Chrome/60.0.3112.107 Moblie Safari/537.36"
196.251.118.209 - - [21/May/2025:00:32:11 -0400] "GET /wp-content/plugins/apikey/apikey.php?test=hello HTTP/1.1" 404 8476 "-" "Mozlila/5.0 (Linux; Android 7.0; SM-G892A Bulid/NRD90M; wv) AppleWebKit/537.36 (KHTML, like Gecko) Version/4.0 Chrome/60.0.3112.107 Moblie Safari/537.36"
196.251.118.209 - - [21/May/2025:00:32:11 -0400] "GET /urrjxlcd.php?Fox=d3wL7 HTTP/1.1" 404 8474 "www.google.com" "Mozilla/5.0 (Linux; Android 7.0; SM-G892A Bulid/NRD90M; wv) AppleWebKit/537.36 (KHTML, like Gecko) Version/4.0 Chrome/60.0.3112.107 Moblie Safari/537.36"
196.251.118.209 - - [21/May/2025:00:32:12 -0400] "GET /plugins/content/apismtp/apismtp.php?test=hello HTTP/1.1" 404 8476 "-" "Mozlila/5.0 (Linux; Android 7.0; SM-G892A Bulid/NRD90M; wv) AppleWebKit/537.36 (KHTML, like Gecko) Version/4.0 Chrome/60.0.3112.107 Moblie Safari/537.36"
196.251.118.209 - - [21/May/2025:00:32:13 -0400] "GET /wp-content/plugins/apikey/apikey.php.suspected?test=hello HTTP/1.1" 404 8476 "-" "Mozlila/5.0 (Linux; Android 7.0; SM-G892A Bulid/NRD90M; wv) AppleWebKit/537.36 (KHTML, like Gecko) Version/4.0 Chrome/60.0.3112.107 Moblie Safari/537.36"
54.36.148.98 - - [21/May/2025:01:49:27 -0400] "GET /robots.txt HTTP/1.1" 302 0 "-" "Mozilla/5.0 (compatible; AhrefsBot/7.0; +http://ahrefs.com/robot/)"
54.36.148.98 - - [21/May/2025:01:49:31 -0400] "GET /?redirect_to=https%3A%2F%2Fclient.socialdigiinnovator.com%2Frobots.txt HTTP/1.1" 302 771 "-" "Mozilla/5.0 (compatible; AhrefsBot/7.0; +http://ahrefs.com/robot/)"
198.54.114.35 - - [21/May/2025:01:49:31 -0400] "POST /wp-cron.php?doing_wp_cron=1747806570.8478379249572753906250 HTTP/1.1" 200 0 "-" "WordPress/6.8.1; https://client.socialdigiinnovator.com"
198.54.114.35 - - [21/May/2025:01:57:13 -0400] "POST /wp-cron.php?doing_wp_cron=1747807033.0937209129333496093750 HTTP/1.1" 200 0 "-" "WordPress/6.8.1; https://client.socialdigiinnovator.com"
216.244.66.226 - - [21/May/2025:01:57:10 -0400] "GET /robots.txt HTTP/1.1" 302 0 "-" "Mozilla/5.0 (compatible; DotBot/1.2; +https://opensiteexplorer.org/dotbot; help@moz.com)"
216.244.66.226 - - [21/May/2025:01:57:13 -0400] "GET /?redirect_to=https%3A%2F%2Fclient.socialdigiinnovator.com%2Frobots.txt HTTP/1.1" 200 9196 "-" "Mozilla/5.0 (compatible; DotBot/1.2; +https://opensiteexplorer.org/dotbot; help@moz.com)"
198.54.114.35 - - [21/May/2025:03:23:08 -0400] "POST /wp-cron.php?doing_wp_cron=1747812187.8824660778045654296875 HTTP/1.1" 200 0 "-" "WordPress/6.8.1; https://client.socialdigiinnovator.com"
198.54.114.35 - - [21/May/2025:03:23:08 -0400] "POST /wp-cron.php?doing_wp_cron=1747812187.8824939727783203125000 HTTP/1.1" 200 0 "-" "WordPress/6.8.1; https://client.socialdigiinnovator.com"
198.54.114.35 - - [21/May/2025:03:23:08 -0400] "POST /wp-cron.php?doing_wp_cron=1747812187.8825120925903320312500 HTTP/1.1" 200 0 "-" "WordPress/6.8.1; https://client.socialdigiinnovator.com"
198.54.114.35 - - [21/May/2025:03:23:08 -0400] "POST /wp-cron.php?doing_wp_cron=1747812187.8824710845947265625000 HTTP/1.1" 200 0 "-" "WordPress/6.8.1; https://client.socialdigiinnovator.com"
196.251.118.209 - - [21/May/2025:03:23:04 -0400] "GET /wp-content/plugins/fix/up.php HTTP/1.1" 404 8476 "-" "Mozilla/5.0 (Windows NT 10.0; Win64; x64) AppleWebKit/537.36 (KHTML, like Gecko) Chrome/85.0.4183.102 Safari/537.36"
196.251.118.209 - - [21/May/2025:03:23:04 -0400] "POST /ALFA_DATA/alfacgiapi/perl.alfa HTTP/1.1" 404 8476 "www.google.com" "Mozlila/5.0 (Linux; Android 7.0; SM-G892A Bulid/NRD90M; wv) AppleWebKit/537.36 (KHTML, like Gecko) Version/4.0 Chrome/60.0.3112.107 Moblie Safari/537.36"
196.251.118.209 - - [21/May/2025:03:23:04 -0400] "GET / HTTP/1.1" 200 9192 "-" "Mozlila/5.0 (Linux; Android 7.0; SM-G892A Bulid/NRD90M; wv) AppleWebKit/537.36 (KHTML, like Gecko) Version/4.0 Chrome/60.0.3112.107 Moblie Safari/537.36"
196.251.118.209 - - [21/May/2025:03:23:04 -0400] "POST /wp-plain.php HTTP/1.1" 404 8476 "www.google.com" "Mozilla/5.0 (Linux; Android 7.0; SM-G892A Bulid/NRD90M; wv) AppleWebKit/537.36 (KHTML, like Gecko) Version/4.0 Chrome/60.0.3112.107 Moblie Safari/537.36"
