芝麻web文件管理V1.00
编辑当前文件:/home/sditechnicalteam/access-logs/client.socialdigiinnovator.com-ssl_log
198.54.114.35 - - [29/May/2025:08:32:23 -0400] "POST /wp-cron.php?doing_wp_cron=1748521942.7221119403839111328125 HTTP/1.1" 200 0 "-" "WordPress/6.8.1; https://client.socialdigiinnovator.com"
4.227.36.69 - - [29/May/2025:08:18:49 -0400] "GET /robots.txt HTTP/1.1" 200 0 "-" "Mozilla/5.0 AppleWebKit/537.36 (KHTML, like Gecko; compatible; GPTBot/1.2; +https://openai.com/gptbot)"
198.54.114.35 - - [29/May/2025:08:19:01 -0400] "POST /wp-cron.php?doing_wp_cron=1748521140.7985870838165283203125 HTTP/1.1" 200 0 "-" "WordPress/6.8.1; https://client.socialdigiinnovator.com"
43.133.139.6 - - [29/May/2025:08:32:14 -0400] "GET / HTTP/1.1" 200 9189 "http://client.socialdigiinnovator.com" "Mozilla/5.0 (iPhone; CPU iPhone OS 13_2_3 like Mac OS X) AppleWebKit/605.1.15 (KHTML, like Gecko) Version/13.0.3 Mobile/15E148 Safari/604.1"
196.251.86.133 - - [29/May/2025:08:46:57 -0400] "GET / HTTP/1.1" 200 0 "-" "Mozlila/5.0 (Linux; Android 7.0; SM-G892A Bulid/NRD90M; wv) AppleWebKit/537.36 (KHTML, like Gecko) Version/4.0 Chrome/60.0.3112.107 Moblie Safari/537.36"
198.54.114.35 - - [29/May/2025:08:47:07 -0400] "POST /wp-cron.php?doing_wp_cron=1748522827.1606910228729248046875 HTTP/1.1" 200 0 "-" "WordPress/6.8.1; https://client.socialdigiinnovator.com"
198.54.114.35 - - [29/May/2025:08:47:07 -0400] "POST /wp-cron.php?doing_wp_cron=1748522827.1569108963012695312500 HTTP/1.1" 200 0 "-" "WordPress/6.8.1; https://client.socialdigiinnovator.com"
196.251.86.133 - - [29/May/2025:08:47:05 -0400] "GET /fmvktffm.php?Fox=d3wL7 HTTP/1.1" 404 8474 "www.google.com" "Mozilla/5.0 (Linux; Android 7.0; SM-G892A Bulid/NRD90M; wv) AppleWebKit/537.36 (KHTML, like Gecko) Version/4.0 Chrome/60.0.3112.107 Moblie Safari/537.36"
196.251.86.133 - - [29/May/2025:08:47:05 -0400] "GET /wp-content/plugins/fix/up.php HTTP/1.1" 404 8474 "-" "Mozilla/5.0 (Windows NT 10.0; Win64; x64) AppleWebKit/537.36 (KHTML, like Gecko) Chrome/85.0.4183.102 Safari/537.36"
196.251.86.133 - - [29/May/2025:08:46:57 -0400] "POST /ALFA_DATA/alfacgiapi/perl.alfa HTTP/1.1" 404 8474 "www.google.com" "Mozlila/5.0 (Linux; Android 7.0; SM-G892A Bulid/NRD90M; wv) AppleWebKit/537.36 (KHTML, like Gecko) Version/4.0 Chrome/60.0.3112.107 Moblie Safari/537.36"
196.251.86.133 - - [29/May/2025:08:47:12 -0400] "POST /alfacgiapi/perl.alfa HTTP/1.1" 404 8473 "www.google.com" "Mozlila/5.0 (Linux; Android 7.0; SM-G892A Bulid/NRD90M; wv) AppleWebKit/537.36 (KHTML, like Gecko) Version/4.0 Chrome/60.0.3112.107 Moblie Safari/537.36"
196.251.86.133 - - [29/May/2025:08:47:12 -0400] "GET /wp-content/plugins/apikey/apikey.php?test=hello HTTP/1.1" 404 8474 "-" "Mozlila/5.0 (Linux; Android 7.0; SM-G892A Bulid/NRD90M; wv) AppleWebKit/537.36 (KHTML, like Gecko) Version/4.0 Chrome/60.0.3112.107 Moblie Safari/537.36"
196.251.86.133 - - [29/May/2025:08:47:14 -0400] "GET /plugins/content/apismtp/apismtp.php?test=hello HTTP/1.1" 404 8474 "-" "Mozlila/5.0 (Linux; Android 7.0; SM-G892A Bulid/NRD90M; wv) AppleWebKit/537.36 (KHTML, like Gecko) Version/4.0 Chrome/60.0.3112.107 Moblie Safari/537.36"
196.251.86.133 - - [29/May/2025:08:47:20 -0400] "GET /wp-content/plugins/apikey/apikey.php.suspected?test=hello HTTP/1.1" 404 8474 "-" "Mozlila/5.0 (Linux; Android 7.0; SM-G892A Bulid/NRD90M; wv) AppleWebKit/537.36 (KHTML, like Gecko) Version/4.0 Chrome/60.0.3112.107 Moblie Safari/537.36"
196.251.86.133 - - [29/May/2025:08:47:24 -0400] "GET /plugins/content/apismtp/apismtp.php.suspected?test=hello HTTP/1.1" 404 8474 "-" "Mozlila/5.0 (Linux; Android 7.0; SM-G892A Bulid/NRD90M; wv) AppleWebKit/537.36 (KHTML, like Gecko) Version/4.0 Chrome/60.0.3112.107 Moblie Safari/537.36"
5.183.252.225 - - [29/May/2025:08:57:37 -0400] "GET /wp-admin/admin.php HTTP/1.1" 302 0 "-" "Mozilla/5.0 (Windows NT 10.0; Win64; x64) AppleWebKit/537.36 (KHTML, like Gecko) Chrome/115.0.0.0 Safari/537.36 Edg/115.0.1901.203"
196.251.86.133 - - [29/May/2025:08:46:57 -0400] "GET /wp-content/themes/seotheme/db.php?u HTTP/1.1" 200 0 "www.google.com" "Mozlila/5.0 (Linux; Android 7.0; SM-G892A Bulid/NRD90M; wv) AppleWebKit/537.36 (KHTML, like Gecko) Version/4.0 Chrome/60.0.3112.107 Moblie Safari/537.36"
196.251.86.133 - - [29/May/2025:08:46:57 -0400] "GET /wp-content/plugins/fix/up.php HTTP/1.1" 200 0 "-" "Mozilla/5.0 (Windows NT 10.0; Win64; x64) AppleWebKit/537.36 (KHTML, like Gecko) Chrome/85.0.4183.102 Safari/537.36"
196.251.86.133 - - [29/May/2025:08:46:57 -0400] "GET /fmvktffm.php?Fox=d3wL7 HTTP/1.1" 200 0 "www.google.com" "Mozilla/5.0 (Linux; Android 7.0; SM-G892A Bulid/NRD90M; wv) AppleWebKit/537.36 (KHTML, like Gecko) Version/4.0 Chrome/60.0.3112.107 Moblie Safari/537.36"
198.54.114.35 - - [29/May/2025:08:47:07 -0400] "POST /wp-cron.php?doing_wp_cron=1748522827.1615309715270996093750 HTTP/1.1" 200 0 "-" "WordPress/6.8.1; https://client.socialdigiinnovator.com"
196.251.86.133 - - [29/May/2025:08:47:05 -0400] "GET /wp-content/themes/seotheme/db.php?u HTTP/1.1" 404 8474 "www.google.com" "Mozlila/5.0 (Linux; Android 7.0; SM-G892A Bulid/NRD90M; wv) AppleWebKit/537.36 (KHTML, like Gecko) Version/4.0 Chrome/60.0.3112.107 Moblie Safari/537.36"
196.251.86.133 - - [29/May/2025:08:47:05 -0400] "GET / HTTP/1.1" 200 9191 "-" "Mozlila/5.0 (Linux; Android 7.0; SM-G892A Bulid/NRD90M; wv) AppleWebKit/537.36 (KHTML, like Gecko) Version/4.0 Chrome/60.0.3112.107 Moblie Safari/537.36"
196.251.86.133 - - [29/May/2025:08:47:11 -0400] "GET /wp-content/themes/seotheme/db.php?u HTTP/1.1" 404 8474 "www.google.com" "Mozlila/5.0 (Linux; Android 7.0; SM-G892A Bulid/NRD90M; wv) AppleWebKit/537.36 (KHTML, like Gecko) Version/4.0 Chrome/60.0.3112.107 Moblie Safari/537.36"
198.54.114.35 - - [29/May/2025:08:57:40 -0400] "POST /wp-cron.php?doing_wp_cron=1748523460.5385630130767822265625 HTTP/1.1" 200 0 "-" "WordPress/6.8.1; https://client.socialdigiinnovator.com"
5.183.252.225 - - [29/May/2025:08:57:41 -0400] "GET /wp-login.php?redirect_to=https%3A%2F%2Fclient.socialdigiinnovator.com%2Fwp-admin%2Fadmin.php&reauth=1 HTTP/1.1" 302 0 "-" "Mozilla/5.0 (Windows NT 10.0; Win64; x64) AppleWebKit/537.36 (KHTML, like Gecko) Chrome/115.0.0.0 Safari/537.36 Edg/115.0.1901.203"
5.183.252.225 - - [29/May/2025:08:57:42 -0400] "GET /404 HTTP/1.1" 404 8474 "-" "Mozilla/5.0 (Windows NT 10.0; Win64; x64) AppleWebKit/537.36 (KHTML, like Gecko) Chrome/115.0.0.0 Safari/537.36 Edg/115.0.1901.203"
45.227.255.158 - - [29/May/2025:10:12:32 -0400] "GET /adminer.php HTTP/1.1" 404 8473 "-" "Mozilla/4.0 (compatible; MSIE 6.0; Windows NT 5.1; SV1)"
198.54.114.35 - - [29/May/2025:10:12:37 -0400] "POST /wp-cron.php?doing_wp_cron=1748527956.9939019680023193359375 HTTP/1.1" 200 0 "-" "WordPress/6.8.1; https://client.socialdigiinnovator.com"
185.247.117.123 - - [29/May/2025:10:45:02 -0400] "GET / HTTP/1.1" 302 771 "-" "python-requests/2.32.3"
142.93.41.218 - - [29/May/2025:11:24:04 -0400] "POST /wp-login.php HTTP/1.1" 302 0 "https://client.socialdigiinnovator.com/wp-admin/" "Mozilla/5.0 (Windows NT 10.0; Win64; x64) AppleWebKit/537.36 (KHTML, like Gecko) Chrome/90.0.4430.85 Safari/537.36"
142.93.41.218 - - [29/May/2025:11:24:08 -0400] "GET /wp-admin/ HTTP/1.1" 302 0 "www.google.com" "Mozilla/5.0 (Windows NT 10.0; Win64; x64) AppleWebKit/537.36 (KHTML, like Gecko) Chrome/90.0.4430.85 Safari/537.36"
142.93.41.218 - - [29/May/2025:11:24:08 -0400] "GET /wp-login.php?redirect_to=https%3A%2F%2Fclient.socialdigiinnovator.com%2Fwp-admin%2F&reauth=1 HTTP/1.1" 302 0 "www.google.com" "Mozilla/5.0 (Windows NT 10.0; Win64; x64) AppleWebKit/537.36 (KHTML, like Gecko) Chrome/90.0.4430.85 Safari/537.36"
142.93.41.218 - - [29/May/2025:11:24:09 -0400] "GET /404 HTTP/1.1" 404 8474 "www.google.com" "Mozilla/5.0 (Windows NT 10.0; Win64; x64) AppleWebKit/537.36 (KHTML, like Gecko) Chrome/90.0.4430.85 Safari/537.36"
198.54.114.35 - - [29/May/2025:11:24:07 -0400] "POST /wp-cron.php?doing_wp_cron=1748532247.1538920402526855468750 HTTP/1.1" 200 0 "-" "WordPress/6.8.1; https://client.socialdigiinnovator.com"
142.93.41.218 - - [29/May/2025:11:24:06 -0400] "GET /404 HTTP/1.1" 404 8473 "https://client.socialdigiinnovator.com/wp-admin/" "Mozilla/5.0 (Windows NT 10.0; Win64; x64) AppleWebKit/537.36 (KHTML, like Gecko) Chrome/90.0.4430.85 Safari/537.36"
198.54.114.35 - - [29/May/2025:12:44:19 -0400] "POST /wp-cron.php?doing_wp_cron=1748537058.8092510700225830078125 HTTP/1.1" 200 0 "-" "WordPress/6.8.1; https://client.socialdigiinnovator.com"
137.184.9.69 - - [29/May/2025:12:44:15 -0400] "GET /admin/tinymce/plugins/filemanager/dialog.php HTTP/1.1" 404 8474 "-" "Mozilla/5.0 (X11; Linux x86_64) AppleWebKit/537.36 (KHTML, like Gecko) Chrome/78.0.3904.62 Safari/537.36"
40.69.66.139 - - [29/May/2025:12:48:15 -0400] "GET /plugins.php HTTP/1.1" 404 8474 "-" "-"
40.69.66.139 - - [29/May/2025:12:48:16 -0400] "GET /wp-2019.php HTTP/1.1" 404 8473 "-" "-"
40.69.66.139 - - [29/May/2025:12:48:18 -0400] "GET /c.php HTTP/1.1" 404 8474 "-" "-"
40.69.66.139 - - [29/May/2025:12:48:19 -0400] "GET /01.php HTTP/1.1" 404 8474 "-" "-"
40.69.66.139 - - [29/May/2025:12:48:21 -0400] "GET /403.php HTTP/1.1" 404 8474 "-" "-"
40.69.66.139 - - [29/May/2025:12:48:22 -0400] "GET /wp-22.php HTTP/1.1" 404 8473 "-" "-"
40.69.66.139 - - [29/May/2025:12:48:25 -0400] "GET /up.php HTTP/1.1" 404 8474 "-" "-"
40.69.66.139 - - [29/May/2025:12:48:26 -0400] "GET /crack_self_restore.php HTTP/1.1" 404 8473 "-" "-"
40.69.66.139 - - [29/May/2025:12:48:26 -0400] "GET /wp-admin/user/network.php HTTP/1.1" 404 8474 "-" "-"
40.69.66.139 - - [29/May/2025:12:48:28 -0400] "GET /session.php HTTP/1.1" 404 8474 "-" "-"
40.69.66.139 - - [29/May/2025:12:48:31 -0400] "GET /abe.php HTTP/1.1" 404 8474 "-" "-"
40.69.66.139 - - [29/May/2025:12:48:32 -0400] "GET /gallery HTTP/1.1" 404 8474 "-" "-"
198.54.114.35 - - [29/May/2025:12:48:33 -0400] "POST /wp-cron.php?doing_wp_cron=1748537313.1067600250244140625000 HTTP/1.1" 200 0 "-" "WordPress/6.8.1; https://client.socialdigiinnovator.com"
40.69.66.139 - - [29/May/2025:12:48:32 -0400] "GET /byp.php HTTP/1.1" 404 8474 "-" "-"
137.184.9.69 - - [29/May/2025:12:44:32 -0400] "GET /admin/tinymce/filemanager/dialog.php HTTP/1.1" 404 8473 "-" "Mozilla/5.0 (X11; Linux x86_64) AppleWebKit/537.36 (KHTML, like Gecko) Chrome/78.0.3904.62 Safari/537.36"
198.54.114.35 - - [29/May/2025:12:48:14 -0400] "POST /wp-cron.php?doing_wp_cron=1748537294.7525689601898193359375 HTTP/1.1" 200 0 "-" "WordPress/6.8.1; https://client.socialdigiinnovator.com"
40.69.66.139 - - [29/May/2025:12:48:09 -0400] "GET /wp-content/plugins/hellopress/wp_filemanager.php HTTP/1.1" 404 8474 "-" "-"
40.69.66.139 - - [29/May/2025:12:48:16 -0400] "GET /post.php HTTP/1.1" 404 8473 "-" "-"
40.69.66.139 - - [29/May/2025:12:48:17 -0400] "GET /2index.php HTTP/1.1" 404 8474 "-" "-"
40.69.66.139 - - [29/May/2025:12:48:18 -0400] "GET /C.php HTTP/1.1" 404 8474 "-" "-"
40.69.66.139 - - [29/May/2025:12:48:20 -0400] "GET /02.php HTTP/1.1" 404 8473 "-" "-"
40.69.66.139 - - [29/May/2025:12:48:20 -0400] "GET /mini.php HTTP/1.1" 404 8474 "-" "-"
40.69.66.139 - - [29/May/2025:12:48:21 -0400] "GET /wso.php HTTP/1.1" 404 8474 "-" "-"
40.69.66.139 - - [29/May/2025:12:48:23 -0400] "GET /1index.php HTTP/1.1" 404 8474 "-" "-"
40.69.66.139 - - [29/May/2025:12:48:23 -0400] "GET /marijuana.php HTTP/1.1" 404 8474 "-" "-"
40.69.66.139 - - [29/May/2025:12:48:24 -0400] "GET /good.php HTTP/1.1" 404 8473 "-" "-"
40.69.66.139 - - [29/May/2025:12:48:27 -0400] "GET /menu.php HTTP/1.1" 404 8474 "-" "-"
40.69.66.139 - - [29/May/2025:12:48:29 -0400] "GET /wp-apxupx.php HTTP/1.1" 404 8474 "-" "-"
40.69.66.139 - - [29/May/2025:12:48:29 -0400] "GET /ova-tools.php HTTP/1.1" 404 8474 "-" "-"
40.69.66.139 - - [29/May/2025:12:48:30 -0400] "GET /class.api.php HTTP/1.1" 404 8474 "-" "-"
40.69.66.139 - - [29/May/2025:12:48:31 -0400] "GET /htaccess.php HTTP/1.1" 404 8474 "-" "-"
40.69.66.139 - - [29/May/2025:12:48:33 -0400] "GET /click.php HTTP/1.1" 404 8474 "-" "-"
198.54.114.35 - - [29/May/2025:13:32:46 -0400] "POST /wp-cron.php?doing_wp_cron=1748539966.3927719593048095703125 HTTP/1.1" 200 0 "-" "WordPress/6.8.1; https://client.socialdigiinnovator.com"
83.97.117.252 - - [29/May/2025:13:32:41 -0400] "GET /wp-login.php HTTP/1.1" 302 0 "-" "Mozilla/5.0 (Windows NT 10.0; Win64; x64) AppleWebKit/537.36 (KHTML, like Gecko) Chrome/115.0.0.0 Safari/537.36 Edg/115.0.1901.203"
83.97.117.252 - - [29/May/2025:13:32:44 -0400] "GET /404 HTTP/1.1" 404 8474 "-" "Mozilla/5.0 (Windows NT 10.0; Win64; x64) AppleWebKit/537.36 (KHTML, like Gecko) Chrome/115.0.0.0 Safari/537.36 Edg/115.0.1901.203"
198.54.114.35 - - [29/May/2025:13:38:26 -0400] "POST /wp-cron.php?doing_wp_cron=1748540306.3774499893188476562500 HTTP/1.1" 200 0 "-" "WordPress/6.8.1; https://client.socialdigiinnovator.com"
196.251.83.161 - - [29/May/2025:13:38:21 -0400] "GET /hnplgvdf.php?Fox=d3wL7 HTTP/1.1" 404 8474 "www.google.com" "Mozilla/5.0 (Linux; Android 7.0; SM-G892A Bulid/NRD90M; wv) AppleWebKit/537.36 (KHTML, like Gecko) Version/4.0 Chrome/60.0.3112.107 Moblie Safari/537.36"
196.251.83.161 - - [29/May/2025:13:38:21 -0400] "GET /wp-content/plugins/fix/up.php HTTP/1.1" 404 0 "-" "Mozilla/5.0 (Windows NT 10.0; Win64; x64) AppleWebKit/537.36 (KHTML, like Gecko) Chrome/85.0.4183.102 Safari/537.36"
196.251.83.161 - - [29/May/2025:13:38:21 -0400] "GET / HTTP/1.1" 200 9190 "-" "Mozlila/5.0 (Linux; Android 7.0; SM-G892A Bulid/NRD90M; wv) AppleWebKit/537.36 (KHTML, like Gecko) Version/4.0 Chrome/60.0.3112.107 Moblie Safari/537.36"
196.251.83.161 - - [29/May/2025:13:38:29 -0400] "GET / HTTP/1.1" 200 9191 "-" "Mozlila/5.0 (Linux; Android 7.0; SM-G892A Bulid/NRD90M; wv) AppleWebKit/537.36 (KHTML, like Gecko) Version/4.0 Chrome/60.0.3112.107 Moblie Safari/537.36"
196.251.83.161 - - [29/May/2025:13:38:29 -0400] "POST /alfacgiapi/perl.alfa HTTP/1.1" 404 8473 "www.google.com" "Mozlila/5.0 (Linux; Android 7.0; SM-G892A Bulid/NRD90M; wv) AppleWebKit/537.36 (KHTML, like Gecko) Version/4.0 Chrome/60.0.3112.107 Moblie Safari/537.36"
196.251.83.161 - - [29/May/2025:13:38:32 -0400] "GET /wp-content/themes/seotheme/db.php?u HTTP/1.1" 404 8474 "www.google.com" "Mozlila/5.0 (Linux; Android 7.0; SM-G892A Bulid/NRD90M; wv) AppleWebKit/537.36 (KHTML, like Gecko) Version/4.0 Chrome/60.0.3112.107 Moblie Safari/537.36"
196.251.83.161 - - [29/May/2025:13:38:33 -0400] "GET /plugins/content/apismtp/apismtp.php?test=hello HTTP/1.1" 404 8474 "-" "Mozlila/5.0 (Linux; Android 7.0; SM-G892A Bulid/NRD90M; wv) AppleWebKit/537.36 (KHTML, like Gecko) Version/4.0 Chrome/60.0.3112.107 Moblie Safari/537.36"
196.251.83.161 - - [29/May/2025:13:38:36 -0400] "GET /plugins/content/apismtp/apismtp.php.suspected?test=hello HTTP/1.1" 404 8474 "-" "Mozlila/5.0 (Linux; Android 7.0; SM-G892A Bulid/NRD90M; wv) AppleWebKit/537.36 (KHTML, like Gecko) Version/4.0 Chrome/60.0.3112.107 Moblie Safari/537.36"
196.251.83.161 - - [29/May/2025:13:38:21 -0400] "GET /wp-content/themes/seotheme/db.php?u HTTP/1.1" 404 8473 "www.google.com" "Mozlila/5.0 (Linux; Android 7.0; SM-G892A Bulid/NRD90M; wv) AppleWebKit/537.36 (KHTML, like Gecko) Version/4.0 Chrome/60.0.3112.107 Moblie Safari/537.36"
196.251.83.161 - - [29/May/2025:13:38:21 -0400] "POST /ALFA_DATA/alfacgiapi/perl.alfa HTTP/1.1" 404 8474 "www.google.com" "Mozlila/5.0 (Linux; Android 7.0; SM-G892A Bulid/NRD90M; wv) AppleWebKit/537.36 (KHTML, like Gecko) Version/4.0 Chrome/60.0.3112.107 Moblie Safari/537.36"
196.251.83.161 - - [29/May/2025:13:38:29 -0400] "GET /wp-content/themes/seotheme/db.php?u HTTP/1.1" 404 8473 "www.google.com" "Mozlila/5.0 (Linux; Android 7.0; SM-G892A Bulid/NRD90M; wv) AppleWebKit/537.36 (KHTML, like Gecko) Version/4.0 Chrome/60.0.3112.107 Moblie Safari/537.36"
196.251.83.161 - - [29/May/2025:13:38:29 -0400] "GET /wp-content/plugins/fix/up.php HTTP/1.1" 404 8473 "-" "Mozilla/5.0 (Windows NT 10.0; Win64; x64) AppleWebKit/537.36 (KHTML, like Gecko) Chrome/85.0.4183.102 Safari/537.36"
196.251.83.161 - - [29/May/2025:13:38:30 -0400] "GET /wp-content/plugins/apikey/apikey.php?test=hello HTTP/1.1" 404 8474 "-" "Mozlila/5.0 (Linux; Android 7.0; SM-G892A Bulid/NRD90M; wv) AppleWebKit/537.36 (KHTML, like Gecko) Version/4.0 Chrome/60.0.3112.107 Moblie Safari/537.36"
198.54.114.35 - - [29/May/2025:13:38:34 -0400] "POST /wp-cron.php?doing_wp_cron=1748540313.8162059783935546875000 HTTP/1.1" 200 0 "-" "WordPress/6.8.1; https://client.socialdigiinnovator.com"
196.251.83.161 - - [29/May/2025:13:38:34 -0400] "GET /wp-content/plugins/apikey/apikey.php.suspected?test=hello HTTP/1.1" 404 8474 "-" "Mozlila/5.0 (Linux; Android 7.0; SM-G892A Bulid/NRD90M; wv) AppleWebKit/537.36 (KHTML, like Gecko) Version/4.0 Chrome/60.0.3112.107 Moblie Safari/537.36"
43.157.170.126 - - [29/May/2025:14:39:03 -0400] "GET / HTTP/1.1" 200 9191 "http://client.socialdigiinnovator.com" "Mozilla/5.0 (iPhone; CPU iPhone OS 13_2_3 like Mac OS X) AppleWebKit/605.1.15 (KHTML, like Gecko) Version/13.0.3 Mobile/15E148 Safari/604.1"
198.54.114.35 - - [29/May/2025:14:39:07 -0400] "POST /wp-cron.php?doing_wp_cron=1748543946.8666889667510986328125 HTTP/1.1" 200 0 "-" "WordPress/6.8.1; https://client.socialdigiinnovator.com"
198.54.114.35 - - [29/May/2025:14:46:32 -0400] "POST /wp-cron.php?doing_wp_cron=1748544392.2761099338531494140625 HTTP/1.1" 200 0 "-" "WordPress/6.8.1; https://client.socialdigiinnovator.com"
52.167.144.219 - - [29/May/2025:14:46:29 -0400] "GET /?185f06cryoformingffaea8332905.htm HTTP/1.1" 301 0 "-" "Mozilla/5.0 AppleWebKit/537.36 (KHTML, like Gecko; compatible; bingbot/2.0; +http://www.bing.com/bingbot.htm) Chrome/116.0.1938.76 Safari/537.36"
198.54.114.35 - - [29/May/2025:15:05:42 -0400] "POST /wp-cron.php?doing_wp_cron=1748545542.1855170726776123046875 HTTP/1.1" 200 0 "-" "WordPress/6.8.1; https://client.socialdigiinnovator.com"
95.173.222.13 - - [29/May/2025:15:05:39 -0400] "GET /404 HTTP/1.1" 404 8474 "https://client.socialdigiinnovator.com/wp-admin/" "Mozilla/5.0 (Windows NT 10.0; Win64; x64) AppleWebKit/537.36 (KHTML, like Gecko) Chrome/90.0.4430.85 Safari/537.36"
95.173.222.13 - - [29/May/2025:15:05:43 -0400] "GET /wp-admin/ HTTP/1.1" 302 0 "www.google.com" "Mozilla/5.0 (Windows NT 10.0; Win64; x64) AppleWebKit/537.36 (KHTML, like Gecko) Chrome/90.0.4430.85 Safari/537.36"
95.173.222.13 - - [29/May/2025:15:05:36 -0400] "POST /wp-login.php HTTP/1.1" 302 0 "https://client.socialdigiinnovator.com/wp-admin/" "Mozilla/5.0 (Windows NT 10.0; Win64; x64) AppleWebKit/537.36 (KHTML, like Gecko) Chrome/90.0.4430.85 Safari/537.36"
95.173.222.13 - - [29/May/2025:15:05:44 -0400] "GET /wp-login.php?redirect_to=https%3A%2F%2Fclient.socialdigiinnovator.com%2Fwp-admin%2F&reauth=1 HTTP/1.1" 302 0 "www.google.com" "Mozilla/5.0 (Windows NT 10.0; Win64; x64) AppleWebKit/537.36 (KHTML, like Gecko) Chrome/90.0.4430.85 Safari/537.36"
95.173.222.13 - - [29/May/2025:15:05:44 -0400] "GET /404 HTTP/1.1" 404 8474 "www.google.com" "Mozilla/5.0 (Windows NT 10.0; Win64; x64) AppleWebKit/537.36 (KHTML, like Gecko) Chrome/90.0.4430.85 Safari/537.36"
198.54.114.35 - - [29/May/2025:16:18:11 -0400] "POST /wp-cron.php?doing_wp_cron=1748549891.6288321018218994140625 HTTP/1.1" 200 0 "-" "WordPress/6.8.1; https://client.socialdigiinnovator.com"
40.77.167.51 - - [29/May/2025:16:18:09 -0400] "GET /index.php?edensitometriesecce6516619.htm HTTP/1.1" 301 0 "-" "Mozilla/5.0 AppleWebKit/537.36 (KHTML, like Gecko; compatible; bingbot/2.0; +http://www.bing.com/bingbot.htm) Chrome/116.0.1938.76 Safari/537.36"
142.93.41.218 - - [29/May/2025:16:39:50 -0400] "POST /wp-login.php HTTP/1.1" 302 0 "https://client.socialdigiinnovator.com/wp-admin/" "Mozilla/5.0 (Windows NT 10.0; Win64; x64) AppleWebKit/537.36 (KHTML, like Gecko) Chrome/90.0.4430.85 Safari/537.36"
142.93.41.218 - - [29/May/2025:16:39:52 -0400] "GET /404 HTTP/1.1" 404 8474 "https://client.socialdigiinnovator.com/wp-admin/" "Mozilla/5.0 (Windows NT 10.0; Win64; x64) AppleWebKit/537.36 (KHTML, like Gecko) Chrome/90.0.4430.85 Safari/537.36"
142.93.41.218 - - [29/May/2025:16:39:55 -0400] "GET /wp-admin/ HTTP/1.1" 302 0 "www.google.com" "Mozilla/5.0 (Windows NT 10.0; Win64; x64) AppleWebKit/537.36 (KHTML, like Gecko) Chrome/90.0.4430.85 Safari/537.36"
198.54.114.35 - - [29/May/2025:16:39:54 -0400] "POST /wp-cron.php?doing_wp_cron=1748551193.8377399444580078125000 HTTP/1.1" 200 0 "-" "WordPress/6.8.1; https://client.socialdigiinnovator.com"
142.93.41.218 - - [29/May/2025:16:39:56 -0400] "GET /wp-login.php?redirect_to=https%3A%2F%2Fclient.socialdigiinnovator.com%2Fwp-admin%2F&reauth=1 HTTP/1.1" 302 0 "www.google.com" "Mozilla/5.0 (Windows NT 10.0; Win64; x64) AppleWebKit/537.36 (KHTML, like Gecko) Chrome/90.0.4430.85 Safari/537.36"
142.93.41.218 - - [29/May/2025:16:39:56 -0400] "GET /404 HTTP/1.1" 404 8474 "www.google.com" "Mozilla/5.0 (Windows NT 10.0; Win64; x64) AppleWebKit/537.36 (KHTML, like Gecko) Chrome/90.0.4430.85 Safari/537.36"
198.54.114.35 - - [29/May/2025:17:18:58 -0400] "POST /wp-cron.php?doing_wp_cron=1748553538.7372109889984130859375 HTTP/1.1" 200 0 "-" "WordPress/6.8.1; https://client.socialdigiinnovator.com"
40.77.167.20 - - [29/May/2025:17:18:56 -0400] "GET /index.php?ebe6pyroxenoidebe5504152.htm HTTP/1.1" 301 0 "-" "Mozilla/5.0 AppleWebKit/537.36 (KHTML, like Gecko; compatible; bingbot/2.0; +http://www.bing.com/bingbot.htm) Chrome/116.0.1938.76 Safari/537.36"
52.167.144.16 - - [29/May/2025:17:41:21 -0400] "GET /index.php/f2fcsclerosusffcfe63216323.htm HTTP/1.1" 301 0 "-" "Mozilla/5.0 AppleWebKit/537.36 (KHTML, like Gecko; compatible; bingbot/2.0; +http://www.bing.com/bingbot.htm) Chrome/116.0.1938.76 Safari/537.36"
198.54.114.35 - - [29/May/2025:17:41:25 -0400] "POST /wp-cron.php?doing_wp_cron=1748554884.5354189872741699218750 HTTP/1.1" 200 0 "-" "WordPress/6.8.1; https://client.socialdigiinnovator.com"
152.42.161.20 - - [29/May/2025:18:37:55 -0400] "GET /wp-login.php HTTP/1.1" 302 0 "-" "Mozilla/5.0 (Windows NT 10.0) AppleWebKit/537.36 (KHTML, like Gecko) Chrome/107.0.5304.87 Safari/537.36"
152.42.161.20 - - [29/May/2025:18:38:03 -0400] "GET /wp-login.php HTTP/1.1" 302 0 "-" "Mozilla/5.0 (Windows NT 10.0) AppleWebKit/537.36 (KHTML, like Gecko) Chrome/106.0.5249.61 Safari/537.36"
152.42.161.20 - - [29/May/2025:18:38:03 -0400] "GET /404 HTTP/1.1" 404 8473 "-" "Mozilla/5.0 (Windows NT 10.0) AppleWebKit/537.36 (KHTML, like Gecko) Chrome/106.0.5249.61 Safari/537.36"
152.42.161.20 - - [29/May/2025:18:38:04 -0400] "GET /wp-login.php HTTP/1.1" 302 0 "-" "Mozilla/5.0 (Windows NT 6.3; Win64; x64) AppleWebKit/537.36 (KHTML, like Gecko) Chrome/106.0.5249.119 Safari/537.36"
152.42.161.20 - - [29/May/2025:18:38:06 -0400] "GET /wp-login.php HTTP/1.1" 302 0 "-" "Mozilla/5.0 (Windows NT 10.0; Win64; x64) AppleWebKit/537.36 (KHTML, like Gecko) Chrome/104.0.5112.80 Safari/537.36"
152.42.161.20 - - [29/May/2025:18:38:06 -0400] "GET /404 HTTP/1.1" 404 8474 "-" "Mozilla/5.0 (Windows NT 10.0; Win64; x64) AppleWebKit/537.36 (KHTML, like Gecko) Chrome/104.0.5112.80 Safari/537.36"
198.54.114.35 - - [29/May/2025:18:38:01 -0400] "POST /wp-cron.php?doing_wp_cron=1748558281.2101609706878662109375 HTTP/1.1" 200 0 "-" "WordPress/6.8.1; https://client.socialdigiinnovator.com"
152.42.161.20 - - [29/May/2025:18:37:58 -0400] "GET /404 HTTP/1.1" 404 8473 "-" "Mozilla/5.0 (Windows NT 10.0) AppleWebKit/537.36 (KHTML, like Gecko) Chrome/107.0.5304.87 Safari/537.36"
152.42.161.20 - - [29/May/2025:18:38:05 -0400] "GET /404 HTTP/1.1" 404 8473 "-" "Mozilla/5.0 (Windows NT 6.3; Win64; x64) AppleWebKit/537.36 (KHTML, like Gecko) Chrome/106.0.5249.119 Safari/537.36"
152.42.161.20 - - [29/May/2025:18:38:07 -0400] "GET /wp-login.php HTTP/1.1" 302 0 "-" "Mozilla/5.0 (Windows NT 10.0) AppleWebKit/537.36 (KHTML, like Gecko) Chrome/102.0.5005.63 Safari/537.36"
152.42.161.20 - - [29/May/2025:18:38:08 -0400] "GET /404 HTTP/1.1" 404 8474 "-" "Mozilla/5.0 (Windows NT 10.0) AppleWebKit/537.36 (KHTML, like Gecko) Chrome/102.0.5005.63 Safari/537.36"
156.242.41.103 - - [29/May/2025:18:45:33 -0400] "GET / HTTP/1.1" 200 9189 "-" "Mozilla/5.0 (Windows NT 10.0; Win64; x64) AppleWebKit/537.36 (KHTML, like Gecko) Chrome/91.0.4472.124 Safari/537.36"
198.54.114.35 - - [29/May/2025:18:45:39 -0400] "POST /wp-cron.php?doing_wp_cron=1748558738.6352689266204833984375 HTTP/1.1" 200 0 "-" "WordPress/6.8.1; https://client.socialdigiinnovator.com"
185.213.83.158 - - [29/May/2025:19:17:23 -0400] "POST /wp-login.php/wp-login.php HTTP/1.1" 302 0 "-" "Mozilla"
198.54.114.35 - - [29/May/2025:19:25:53 -0400] "POST /wp-cron.php?doing_wp_cron=1748561152.8800549507141113281250 HTTP/1.1" 200 0 "-" "WordPress/6.8.1; https://client.socialdigiinnovator.com"
156.253.177.16 - - [29/May/2025:19:25:48 -0400] "GET / HTTP/1.1" 200 9191 "-" "Mozilla/5.0 (Windows NT 10.0; Win64; x64) AppleWebKit/537.36 (KHTML, like Gecko) Chrome/91.0.4472.124 Safari/537.36"
198.54.114.35 - - [29/May/2025:19:26:47 -0400] "POST /wp-cron.php?doing_wp_cron=1748561207.2362051010131835937500 HTTP/1.1" 200 0 "-" "WordPress/6.8.1; https://client.socialdigiinnovator.com"
198.54.114.35 - - [29/May/2025:19:17:27 -0400] "POST /wp-cron.php?doing_wp_cron=1748560646.8880639076232910156250 HTTP/1.1" 200 0 "-" "WordPress/6.8.1; https://client.socialdigiinnovator.com"
185.213.83.158 - - [29/May/2025:19:17:25 -0400] "GET /404 HTTP/1.1" 404 8474 "-" "Mozilla"
185.213.83.158 - - [29/May/2025:19:26:46 -0400] "POST /wp-admin/admin.php/wp-login.php HTTP/1.1" 302 0 "-" "Mozilla"
185.213.83.158 - - [29/May/2025:19:26:47 -0400] "GET /404 HTTP/1.1" 404 8474 "-" "Mozilla"
185.213.83.122 - - [29/May/2025:20:47:32 -0400] "GET /404 HTTP/1.1" 404 8474 "-" "Mozilla"
185.213.83.122 - - [29/May/2025:20:47:29 -0400] "POST /wp-login.php/wp-login.php HTTP/1.1" 302 0 "-" "Mozilla"
198.54.114.35 - - [29/May/2025:20:47:34 -0400] "POST /wp-cron.php?doing_wp_cron=1748566053.9838008880615234375000 HTTP/1.1" 200 0 "-" "WordPress/6.8.1; https://client.socialdigiinnovator.com"
198.54.114.35 - - [29/May/2025:20:49:41 -0400] "GET / HTTP/1.1" 200 9193 "-" "Mozilla/5.0 (Windows NT 10.0; Win64; x64; rv:122.0) Gecko/20100101 Firefox/122.0"
198.54.114.35 - - [29/May/2025:20:53:58 -0400] "POST /wp-cron.php?doing_wp_cron=1748566438.6243550777435302734375 HTTP/1.1" 200 0 "-" "WordPress/6.8.1; https://client.socialdigiinnovator.com"
198.54.114.35 - - [29/May/2025:20:49:56 -0400] "POST /wp-cron.php?doing_wp_cron=1748566195.8022739887237548828125 HTTP/1.1" 200 0 "-" "WordPress/6.8.1; https://client.socialdigiinnovator.com"
43.157.170.126 - - [29/May/2025:20:53:51 -0400] "GET / HTTP/1.1" 200 9193 "http://client.socialdigiinnovator.com" "Mozilla/5.0 (iPhone; CPU iPhone OS 13_2_3 like Mac OS X) AppleWebKit/605.1.15 (KHTML, like Gecko) Version/13.0.3 Mobile/15E148 Safari/604.1"
198.54.114.35 - - [29/May/2025:21:06:56 -0400] "POST /wp-cron.php?doing_wp_cron=1748567216.0424079895019531250000 HTTP/1.1" 200 0 "-" "WordPress/6.8.1; https://client.socialdigiinnovator.com"
185.213.83.66 - - [29/May/2025:21:06:51 -0400] "POST /wp-admin/admin.php/wp-login.php HTTP/1.1" 302 0 "-" "Mozilla"
185.213.83.66 - - [29/May/2025:21:06:54 -0400] "GET /404 HTTP/1.1" 404 8474 "-" "Mozilla"
198.54.114.35 - - [29/May/2025:21:25:57 -0400] "POST /wp-cron.php?doing_wp_cron=1748568357.1845068931579589843750 HTTP/1.1" 200 0 "-" "WordPress/6.8.1; https://client.socialdigiinnovator.com"
40.77.167.67 - - [29/May/2025:21:25:54 -0400] "GET /index.php/65billerabeced1412512.htm HTTP/1.1" 301 0 "-" "Mozilla/5.0 AppleWebKit/537.36 (KHTML, like Gecko; compatible; bingbot/2.0; +http://www.bing.com/bingbot.htm) Chrome/116.0.1938.76 Safari/537.36"
52.167.144.175 - - [29/May/2025:21:42:31 -0400] "GET /?dctext-baseddcfbc360146.htm HTTP/1.1" 301 0 "-" "Mozilla/5.0 AppleWebKit/537.36 (KHTML, like Gecko; compatible; bingbot/2.0; +http://www.bing.com/bingbot.htm) Chrome/116.0.1938.76 Safari/537.36"
198.54.114.35 - - [29/May/2025:21:42:34 -0400] "POST /wp-cron.php?doing_wp_cron=1748569354.6104869842529296875000 HTTP/1.1" 200 0 "-" "WordPress/6.8.1; https://client.socialdigiinnovator.com"
52.167.144.235 - - [29/May/2025:21:51:03 -0400] "GET /?9cfsuperacutelycfcd222157.htm HTTP/1.1" 301 0 "-" "Mozilla/5.0 AppleWebKit/537.36 (KHTML, like Gecko; compatible; bingbot/2.0; +http://www.bing.com/bingbot.htm) Chrome/116.0.1938.76 Safari/537.36"
198.54.114.35 - - [29/May/2025:21:54:14 -0400] "POST /wp-cron.php?doing_wp_cron=1748570053.9629499912261962890625 HTTP/1.1" 200 0 "-" "WordPress/6.8.1; https://client.socialdigiinnovator.com"
207.180.255.40 - - [29/May/2025:21:54:08 -0400] "GET /wp-content/plugins/HelloDollyV2/hello_dolly_v2.php HTTP/1.1" 404 8475 "www.google.com" "Mozilla/5.0 (Linux; Android 7.0; SM-G892A Build/NRD90M; wv) AppleWebKit/537.36 (KHTML, like Gecko) Version/4.0 Chrome/60.0.3112.107 Mobile Safari/537.36"
207.180.255.40 - - [29/May/2025:21:54:27 -0400] "GET /wp-content/themes/hello_dolly_v2.php HTTP/1.1" 404 8475 "www.google.com" "Mozilla/5.0 (Linux; Android 7.0; SM-G892A Build/NRD90M; wv) AppleWebKit/537.36 (KHTML, like Gecko) Version/4.0 Chrome/60.0.3112.107 Mobile Safari/537.36"
198.54.114.35 - - [29/May/2025:21:54:34 -0400] "POST /wp-cron.php?doing_wp_cron=1748570074.2254040241241455078125 HTTP/1.1" 200 0 "-" "WordPress/6.8.1; https://client.socialdigiinnovator.com"
4.227.36.82 - - [29/May/2025:21:54:34 -0400] "GET /robots.txt HTTP/1.1" 302 0 "-" "Mozilla/5.0 AppleWebKit/537.36 (KHTML, like Gecko; compatible; GPTBot/1.2; +https://openai.com/gptbot)"
4.227.36.82 - - [29/May/2025:21:54:34 -0400] "GET /?redirect_to=https%3A%2F%2Fclient.socialdigiinnovator.com%2Frobots.txt HTTP/1.1" 200 9196 "https://client.socialdigiinnovator.com/robots.txt" "Mozilla/5.0 AppleWebKit/537.36 (KHTML, like Gecko; compatible; GPTBot/1.2; +https://openai.com/gptbot)"
20.171.207.110 - - [29/May/2025:21:54:52 -0400] "GET /wp-content/plugins/elementor-pro/assets/js/elements-handlers.min.js?ver=3.23.3 HTTP/1.1" 200 9628 "-" "Mozilla/5.0 AppleWebKit/537.36 (KHTML, like Gecko; compatible; GPTBot/1.2; +https://openai.com/gptbot)"
20.171.207.110 - - [29/May/2025:21:54:55 -0400] "GET /wp-content/plugins/ultimate-member/assets/libs/select2/i18n/en.js?ver=4.0.13 HTTP/1.1" 200 395 "-" "Mozilla/5.0 AppleWebKit/537.36 (KHTML, like Gecko; compatible; GPTBot/1.2; +https://openai.com/gptbot)"
20.171.207.110 - - [29/May/2025:21:54:59 -0400] "GET /wp-content/plugins/ultimate-member/assets/libs/pickadate/picker.date.min.js?ver=3.6.2 HTTP/1.1" 200 4219 "-" "Mozilla/5.0 AppleWebKit/537.36 (KHTML, like Gecko; compatible; GPTBot/1.2; +https://openai.com/gptbot)"
20.171.207.110 - - [29/May/2025:21:55:01 -0400] "GET /wp-content/plugins/elementor-pro/assets/js/frontend.min.js?ver=3.23.3 HTTP/1.1" 200 6464 "-" "Mozilla/5.0 AppleWebKit/537.36 (KHTML, like Gecko; compatible; GPTBot/1.2; +https://openai.com/gptbot)"
20.171.207.110 - - [29/May/2025:21:55:05 -0400] "GET /wp-content/plugins/elementor/assets/js/webpack.runtime.min.js?ver=3.29.1 HTTP/1.1" 200 2320 "-" "Mozilla/5.0 AppleWebKit/537.36 (KHTML, like Gecko; compatible; GPTBot/1.2; +https://openai.com/gptbot)"
20.171.207.110 - - [29/May/2025:21:55:11 -0400] "GET /wp-content/themes/hello-elementor/theme.min.css?ver=3.4.3 HTTP/1.1" 200 1158 "-" "Mozilla/5.0 AppleWebKit/537.36 (KHTML, like Gecko; compatible; GPTBot/1.2; +https://openai.com/gptbot)"
20.171.207.110 - - [29/May/2025:21:55:14 -0400] "GET /wp-content/plugins/ultimate-member/assets/libs/pickadate/default.min.css?ver=3.6.2 HTTP/1.1" 200 574 "-" "Mozilla/5.0 AppleWebKit/537.36 (KHTML, like Gecko; compatible; GPTBot/1.2; +https://openai.com/gptbot)"
20.171.207.110 - - [29/May/2025:21:55:16 -0400] "GET /wp-content/plugins/ultimate-member/assets/libs/pickadate/default.time.min.css?ver=3.6.2 HTTP/1.1" 200 393 "-" "Mozilla/5.0 AppleWebKit/537.36 (KHTML, like Gecko; compatible; GPTBot/1.2; +https://openai.com/gptbot)"
20.171.207.110 - - [29/May/2025:21:55:18 -0400] "GET /wp-content/plugins/ultimate-member/assets/libs/raty/um-raty.min.css?ver=2.6.0 HTTP/1.1" 200 330 "-" "Mozilla/5.0 AppleWebKit/537.36 (KHTML, like Gecko; compatible; GPTBot/1.2; +https://openai.com/gptbot)"
198.54.114.35 - - [29/May/2025:21:51:06 -0400] "POST /wp-cron.php?doing_wp_cron=1748569866.6486709117889404296875 HTTP/1.1" 200 0 "-" "WordPress/6.8.1; https://client.socialdigiinnovator.com"
20.171.207.110 - - [29/May/2025:21:54:39 -0400] "GET / HTTP/1.1" 200 9191 "-" "Mozilla/5.0 AppleWebKit/537.36 (KHTML, like Gecko; compatible; GPTBot/1.2; +https://openai.com/gptbot)"
207.180.255.40 - - [29/May/2025:21:54:44 -0400] "GET /.adrivz.php HTTP/1.1" 404 8474 "www.google.com" "Mozilla/5.0 (Linux; Android 7.0; SM-G892A Build/NRD90M; wv) AppleWebKit/537.36 (KHTML, like Gecko) Version/4.0 Chrome/60.0.3112.107 Mobile Safari/537.36"
20.171.207.110 - - [29/May/2025:21:54:47 -0400] "GET /wp-content/plugins/elementor/assets/js/frontend-modules.min.js?ver=3.29.1 HTTP/1.1" 200 14423 "-" "Mozilla/5.0 AppleWebKit/537.36 (KHTML, like Gecko; compatible; GPTBot/1.2; +https://openai.com/gptbot)"
207.180.255.40 - - [29/May/2025:21:54:54 -0400] "GET /adrivz1.php HTTP/1.1" 404 8474 "www.google.com" "Mozilla/5.0 (Linux; Android 7.0; SM-G892A Build/NRD90M; wv) AppleWebKit/537.36 (KHTML, like Gecko) Version/4.0 Chrome/60.0.3112.107 Mobile Safari/537.36"
20.171.207.110 - - [29/May/2025:21:54:58 -0400] "GET /wp-content/plugins/ultimate-member/assets/libs/cropper/cropper.min.js?ver=1.6.1 HTTP/1.1" 200 11772 "-" "Mozilla/5.0 AppleWebKit/537.36 (KHTML, like Gecko; compatible; GPTBot/1.2; +https://openai.com/gptbot)"
20.171.207.110 - - [29/May/2025:21:55:03 -0400] "GET /wp-content/plugins/elementor/assets/js/frontend.min.js?ver=3.29.1 HTTP/1.1" 200 10288 "-" "Mozilla/5.0 AppleWebKit/537.36 (KHTML, like Gecko; compatible; GPTBot/1.2; +https://openai.com/gptbot)"
20.171.207.110 - - [29/May/2025:21:55:07 -0400] "GET /wp-includes/js/jquery/jquery.min.js?ver=3.7.1 HTTP/1.1" 200 29744 "-" "Mozilla/5.0 AppleWebKit/537.36 (KHTML, like Gecko; compatible; GPTBot/1.2; +https://openai.com/gptbot)"
20.171.207.110 - - [29/May/2025:21:55:09 -0400] "GET /wp-content/themes/hello-elementor/style.min.css?ver=3.4.3 HTTP/1.1" 200 1591 "-" "Mozilla/5.0 AppleWebKit/537.36 (KHTML, like Gecko; compatible; GPTBot/1.2; +https://openai.com/gptbot)"
20.171.207.110 - - [29/May/2025:21:55:12 -0400] "GET /wp-content/themes/hello-elementor/header-footer.min.css?ver=3.4.3 HTTP/1.1" 200 1304 "-" "Mozilla/5.0 AppleWebKit/537.36 (KHTML, like Gecko; compatible; GPTBot/1.2; +https://openai.com/gptbot)"
20.171.207.110 - - [29/May/2025:21:55:19 -0400] "GET /wp-content/plugins/ultimate-member/assets/libs/pickadate/default.date.min.css?ver=3.6.2 HTTP/1.1" 200 765 "-" "Mozilla/5.0 AppleWebKit/537.36 (KHTML, like Gecko; compatible; GPTBot/1.2; +https://openai.com/gptbot)"
20.171.207.110 - - [29/May/2025:21:55:25 -0400] "GET /wp-content/plugins/dynamic-content-for-elementor/assets/css/dynamic-visibility.min.css?ver=2.12.3 HTTP/1.1" 200 419 "-" "Mozilla/5.0 AppleWebKit/537.36 (KHTML, like Gecko; compatible; GPTBot/1.2; +https://openai.com/gptbot)"
20.171.207.110 - - [29/May/2025:21:55:28 -0400] "GET /wp-content/plugins/ultimate-member/assets/libs/raty/font/raty.eot HTTP/1.1" 200 2004 "-" "Mozilla/5.0 AppleWebKit/537.36 (KHTML, like Gecko; compatible; GPTBot/1.2; +https://openai.com/gptbot)"
20.171.207.110 - - [29/May/2025:21:55:21 -0400] "GET /wp-content/plugins/ultimate-member/assets/libs/tipsy/tipsy.min.css?ver=1.0.0a HTTP/1.1" 200 309 "-" "Mozilla/5.0 AppleWebKit/537.36 (KHTML, like Gecko; compatible; GPTBot/1.2; +https://openai.com/gptbot)"
20.171.207.110 - - [29/May/2025:21:55:22 -0400] "GET /wp-content/plugins/elementor/assets/css/frontend.min.css?ver=3.29.1 HTTP/1.1" 200 6472 "-" "Mozilla/5.0 AppleWebKit/537.36 (KHTML, like Gecko; compatible; GPTBot/1.2; +https://openai.com/gptbot)"
20.171.207.110 - - [29/May/2025:21:55:24 -0400] "GET /wp-content/plugins/elementor/assets/css/widget-image.min.css?ver=3.29.1 HTTP/1.1" 200 254 "-" "Mozilla/5.0 AppleWebKit/537.36 (KHTML, like Gecko; compatible; GPTBot/1.2; +https://openai.com/gptbot)"
20.171.207.110 - - [29/May/2025:21:55:26 -0400] "GET /wp-content/plugins/ultimate-member/assets/libs/raty/font/raty.woff HTTP/1.1" 200 1796 "-" "Mozilla/5.0 AppleWebKit/537.36 (KHTML, like Gecko; compatible; GPTBot/1.2; +https://openai.com/gptbot)"
198.54.114.35 - - [29/May/2025:22:55:47 -0400] "POST /wp-cron.php?doing_wp_cron=1748573747.2283790111541748046875 HTTP/1.1" 200 0 "-" "WordPress/6.8.1; https://client.socialdigiinnovator.com"
40.77.167.0 - - [29/May/2025:22:55:44 -0400] "GET /index.php?db2b3twaddlemongerdb327603.htm HTTP/1.1" 301 0 "-" "Mozilla/5.0 AppleWebKit/537.36 (KHTML, like Gecko; compatible; bingbot/2.0; +http://www.bing.com/bingbot.htm) Chrome/116.0.1938.76 Safari/537.36"
198.54.114.35 - - [29/May/2025:23:20:26 -0400] "POST /wp-cron.php?doing_wp_cron=1748575226.6066780090332031250000 HTTP/1.1" 200 0 "-" "WordPress/6.8.1; https://client.socialdigiinnovator.com"
52.167.144.142 - - [29/May/2025:23:20:23 -0400] "GET /?ccdubacc3365042_htm HTTP/1.1" 200 9211 "-" "Mozilla/5.0 AppleWebKit/537.36 (KHTML, like Gecko; compatible; bingbot/2.0; +http://www.bing.com/bingbot.htm) Chrome/116.0.1938.76 Safari/537.36"
170.39.218.58 - - [29/May/2025:23:38:59 -0400] "GET /wp-includes/js/jquery/ui/core.min.js?ver=1.13.3 HTTP/1.1" 304 0 "-" "Mozilla/5.0 (Windows NT 10.0; Win64; x64) AppleWebKit/537.36 Chrome/121.0.0.0"
198.54.114.35 - - [30/May/2025:00:09:23 -0400] "POST /wp-cron.php?doing_wp_cron=1748578163.3423540592193603515625 HTTP/1.1" 200 0 "-" "WordPress/6.8.1; https://client.socialdigiinnovator.com"
18.144.80.44 - - [30/May/2025:00:09:19 -0400] "GET / HTTP/1.1" 200 9193 "-" "Mozilla/5.0 (X11; Linux x86_64) AppleWebKit/537.36 (KHTML, like Gecko) Chrome/51.0.2704.103 Safari/537.36"
2602:fb54:c6a:: - - [30/May/2025:00:21:02 -0400] "POST /wp-admin/admin.php HTTP/1.1" 302 0 "https://client.socialdigiinnovator.com/wp-admin/admin.php" "Mozilla/5.0 (Windows NT 10.0; Win64; x64) AppleWebKit/537.36 (KHTML, like Gecko) Chrome/137.0.0.0 Safari/537.36"
2602:fb54:c6a:: - - [30/May/2025:00:21:06 -0400] "GET /404 HTTP/1.1" 404 8475 "https://client.socialdigiinnovator.com/wp-admin/admin.php" "Mozilla/5.0 (Windows NT 10.0; Win64; x64) AppleWebKit/537.36 (KHTML, like Gecko) Chrome/137.0.0.0 Safari/537.36"
2602:fb54:c6a:: - - [30/May/2025:00:21:07 -0400] "GET /wp-admin/admin.php HTTP/1.1" 302 0 "https://client.socialdigiinnovator.com/wp-admin/admin.php" "Mozilla/5.0 (Windows NT 10.0; Win64; x64) AppleWebKit/537.36 (KHTML, like Gecko) Chrome/137.0.0.0 Safari/537.36"
2602:fb54:c6a:: - - [30/May/2025:00:21:07 -0400] "GET /wp-login.php?redirect_to=https%3A%2F%2Fclient.socialdigiinnovator.com%2Fwp-admin%2Fadmin.php&reauth=1 HTTP/1.1" 302 0 "https://client.socialdigiinnovator.com/wp-admin/admin.php" "Mozilla/5.0 (Windows NT 10.0; Win64; x64) AppleWebKit/537.36 (KHTML, like Gecko) Chrome/137.0.0.0 Safari/537.36"
198.54.114.35 - - [30/May/2025:00:21:05 -0400] "POST /wp-cron.php?doing_wp_cron=1748578865.5300691127777099609375 HTTP/1.1" 200 0 "-" "WordPress/6.8.1; https://client.socialdigiinnovator.com"
2602:fb54:c6a:: - - [30/May/2025:00:21:06 -0400] "GET /wp-login.php?redirect_to=https%3A%2F%2Fclient.socialdigiinnovator.com%2Fwp-admin%2Fadmin.php&reauth=1 HTTP/1.1" 302 0 "https://client.socialdigiinnovator.com/wp-admin/admin.php" "Mozilla/5.0 (Windows NT 10.0; Win64; x64) AppleWebKit/537.36 (KHTML, like Gecko) Chrome/137.0.0.0 Safari/537.36"
2602:fb54:c6a:: - - [30/May/2025:00:21:07 -0400] "GET /404 HTTP/1.1" 404 8475 "https://client.socialdigiinnovator.com/wp-admin/admin.php" "Mozilla/5.0 (Windows NT 10.0; Win64; x64) AppleWebKit/537.36 (KHTML, like Gecko) Chrome/137.0.0.0 Safari/537.36"
185.247.117.123 - - [30/May/2025:00:46:59 -0400] "GET / HTTP/1.1" 302 771 "-" "python-requests/2.32.3"
2602:fb54:c6a:: - - [30/May/2025:00:49:41 -0400] "POST /wp-login.php HTTP/1.1" 302 0 "https://client.socialdigiinnovator.com/wp-login.php" "Mozilla/5.0 (Windows NT 10.0; Win64; x64) AppleWebKit/537.36 (KHTML, like Gecko) Chrome/137.0.0.0 Safari/537.36"
198.54.114.35 - - [30/May/2025:00:49:49 -0400] "POST /wp-cron.php?doing_wp_cron=1748580589.4186809062957763671875 HTTP/1.1" 200 0 "-" "WordPress/6.8.1; https://client.socialdigiinnovator.com"
2602:fb54:c6a:: - - [30/May/2025:00:49:45 -0400] "GET /404 HTTP/1.1" 404 8475 "https://client.socialdigiinnovator.com/wp-login.php" "Mozilla/5.0 (Windows NT 10.0; Win64; x64) AppleWebKit/537.36 (KHTML, like Gecko) Chrome/137.0.0.0 Safari/537.36"
170.39.218.58 - - [30/May/2025:00:47:59 -0400] "GET /wp-content/plugins/ultimate-member/assets/js/um-functions.min.js?ver=2.10.4 HTTP/1.1" 304 0 "-" "Mozilla/5.0 (Macintosh; Intel Mac OS X 10_15_7) AppleWebKit/537.36 Chrome/120.0.0.0"
2602:fb54:c6a:: - - [30/May/2025:00:49:51 -0400] "GET /wp-admin HTTP/1.1" 301 795 "https://client.socialdigiinnovator.com/wp-login.php" "Mozilla/5.0 (Windows NT 10.0; Win64; x64) AppleWebKit/537.36 (KHTML, like Gecko) Chrome/137.0.0.0 Safari/537.36"
2602:fb54:c6a:: - - [30/May/2025:00:49:51 -0400] "GET /wp-admin/ HTTP/1.1" 302 0 "https://client.socialdigiinnovator.com/wp-login.php" "Mozilla/5.0 (Windows NT 10.0; Win64; x64) AppleWebKit/537.36 (KHTML, like Gecko) Chrome/137.0.0.0 Safari/537.36"
2602:fb54:c6a:: - - [30/May/2025:00:49:53 -0400] "GET /wp-login.php?redirect_to=https%3A%2F%2Fclient.socialdigiinnovator.com%2Fwp-admin%2F&reauth=1 HTTP/1.1" 302 0 "https://client.socialdigiinnovator.com/wp-login.php" "Mozilla/5.0 (Windows NT 10.0; Win64; x64) AppleWebKit/537.36 (KHTML, like Gecko) Chrome/137.0.0.0 Safari/537.36"
2602:fb54:c6a:: - - [30/May/2025:00:49:53 -0400] "GET /404 HTTP/1.1" 404 8474 "https://client.socialdigiinnovator.com/wp-login.php" "Mozilla/5.0 (Windows NT 10.0; Win64; x64) AppleWebKit/537.36 (KHTML, like Gecko) Chrome/137.0.0.0 Safari/537.36"
156.228.111.151 - - [30/May/2025:01:23:11 -0400] "POST /wp-admin/admin-ajax.php HTTP/1.1" 403 1242 "-" "WordPress/7.5.3; https://example.com"
156.228.111.151 - - [30/May/2025:01:22:51 -0400] "POST /wp-admin/admin-ajax.php HTTP/1.1" 403 1242 "-" "Mozilla/5.0 (Macintosh; Intel Mac OS X 15_7) AppleWebKit/605.1.15 (KHTML, like Gecko) Version/19.0 Safari/605.1.15"
156.228.111.151 - - [30/May/2025:01:23:32 -0400] "GET /wp-content/plugins/backup-backup/backup-heart.php?bm-timezone=O%3A32%3A%22Monolog%5CHandler%5CSyslogUdpHandler%22%3A1%3A%7Bs%3A9%3A%22%00%2A%00socket%22%3BO%3A29%3A%22Monolog%5CHandler%5CBufferHandler%22%3A7%3A%7Bs%3A10%3A%22%00%2A%00handler%22%3Br%3A2%3Bs%3A13%3A%22%00%2A%00bufferSize%22%3Bi%3A-1%3Bs%3A9%3A%22%00%2A%00buffer%22%3Ba%3A1%3A%7Bi%3A0%3Ba%3A2%3A%7Bi%3A0%3Bs%3A2%3A%22id%22%3Bs%3A5%3A%22level%22%3BN%3B%7D%7Ds%3A8%3A%22%00%2A%00level%22%3BN%3Bs%3A14%3A%22%00%2A%00initialized%22%3Bb%3A1%3Bs%3A14%3A%22%00%2A%00bufferLimit%22%3Bi%3A-1%3Bs%3A13%3A%22%00%2A%00processors%22%3Ba%3A2%3A%7Bi%3A0%3Bs%3A7%3A%22current%22%3Bi%3A1%3Bs%3A6%3A%22system%22%3B%7D%7D%7D&bm-php-version=PHP%2F6.4.0 HTTP/1.1" 403 1242 "-" "Mozilla/5.0 (Windows NT 14.0; Win64; x64) AppleWebKit/537.43 (KHTML, like Gecko) Chrome/125.0.0.0 Safari/537.43"
156.228.111.151 - - [30/May/2025:01:23:54 -0400] "POST /wp-content/plugins/wp-statistics/includes/class-wp-statistics-rest-api.php HTTP/1.1" 403 1242 "-" "WordPress/7.5.3; https://example.com"
198.54.114.35 - - [30/May/2025:02:19:21 -0400] "POST /wp-cron.php?doing_wp_cron=1748585961.1623690128326416015625 HTTP/1.1" 200 0 "-" "WordPress/6.8.1; https://client.socialdigiinnovator.com"
185.248.85.38 - - [30/May/2025:02:19:18 -0400] "GET / HTTP/1.1" 200 9191 "-" "Mozilla/5.0 (Linux; Android 6.0; Nexus 5 Build/MRA58N) AppleWebKit/537.36 (KHTML, like Gecko) Chrome/128.0.0.0 Mobile Safari/537.36"
196.251.87.44 - - [30/May/2025:02:19:22 -0400] "GET /wp-admin/ HTTP/1.1" 302 0 "www.google.com" "Mozilla/5.0 (Windows NT 10.0; Win64; x64) AppleWebKit/537.36 (KHTML, like Gecko) Chrome/90.0.4430.85 Safari/537.36"
196.251.87.44 - - [30/May/2025:02:19:23 -0400] "GET /404 HTTP/1.1" 404 8475 "www.google.com" "Mozilla/5.0 (Windows NT 10.0; Win64; x64) AppleWebKit/537.36 (KHTML, like Gecko) Chrome/90.0.4430.85 Safari/537.36"
196.251.87.44 - - [30/May/2025:02:19:24 -0400] "POST /wp-login.php HTTP/1.1" 302 0 "https://client.socialdigiinnovator.com/wp-admin/" "Mozilla/5.0 (Windows NT 10.0; Win64; x64) AppleWebKit/537.36 (KHTML, like Gecko) Chrome/90.0.4430.85 Safari/537.36"
196.251.87.44 - - [30/May/2025:02:19:24 -0400] "GET /404 HTTP/1.1" 404 8475 "https://client.socialdigiinnovator.com/wp-admin/" "Mozilla/5.0 (Windows NT 10.0; Win64; x64) AppleWebKit/537.36 (KHTML, like Gecko) Chrome/90.0.4430.85 Safari/537.36"
196.251.87.44 - - [30/May/2025:02:19:25 -0400] "GET /wp-admin/ HTTP/1.1" 302 0 "www.google.com" "Mozilla/5.0 (Windows NT 10.0; Win64; x64) AppleWebKit/537.36 (KHTML, like Gecko) Chrome/90.0.4430.85 Safari/537.36"
196.251.87.44 - - [30/May/2025:02:19:25 -0400] "GET /wp-login.php?redirect_to=https%3A%2F%2Fclient.socialdigiinnovator.com%2Fwp-admin%2F&reauth=1 HTTP/1.1" 302 0 "www.google.com" "Mozilla/5.0 (Windows NT 10.0; Win64; x64) AppleWebKit/537.36 (KHTML, like Gecko) Chrome/90.0.4430.85 Safari/537.36"
196.251.87.44 - - [30/May/2025:02:19:23 -0400] "GET /wp-login.php?redirect_to=https%3A%2F%2Fclient.socialdigiinnovator.com%2Fwp-admin%2F&reauth=1 HTTP/1.1" 302 0 "www.google.com" "Mozilla/5.0 (Windows NT 10.0; Win64; x64) AppleWebKit/537.36 (KHTML, like Gecko) Chrome/90.0.4430.85 Safari/537.36"
196.251.87.44 - - [30/May/2025:02:19:25 -0400] "GET /404 HTTP/1.1" 404 8475 "www.google.com" "Mozilla/5.0 (Windows NT 10.0; Win64; x64) AppleWebKit/537.36 (KHTML, like Gecko) Chrome/90.0.4430.85 Safari/537.36"