芝麻web文件管理V1.00
编辑当前文件:/home/sditechnicalteam/access-logs/portfolio.socialdigiinnovator.com-ssl_log
198.54.114.35 - - [29/May/2025:08:19:01 -0400] "POST /wp-cron.php?doing_wp_cron=1748521141.2948830127716064453125 HTTP/1.1" 200 0 "-" "WordPress/6.8.1; https://portfolio.socialdigiinnovator.com"
4.227.36.93 - - [29/May/2025:08:18:49 -0400] "GET /robots.txt HTTP/1.1" 200 109 "-" "Mozilla/5.0 AppleWebKit/537.36 (KHTML, like Gecko; compatible; GPTBot/1.2; +https://openai.com/gptbot)"
198.54.114.35 - - [29/May/2025:08:46:06 -0400] "POST /wp-cron.php?doing_wp_cron=1748522766.2335219383239746093750 HTTP/1.1" 200 0 "-" "WordPress/6.8.1; https://portfolio.socialdigiinnovator.com"
196.251.86.133 - - [29/May/2025:08:46:57 -0400] "GET /wp-content/themes/seotheme/db.php?u HTTP/1.1" 404 1251 "www.google.com" "Mozlila/5.0 (Linux; Android 7.0; SM-G892A Bulid/NRD90M; wv) AppleWebKit/537.36 (KHTML, like Gecko) Version/4.0 Chrome/60.0.3112.107 Moblie Safari/537.36"
196.251.86.133 - - [29/May/2025:08:46:57 -0400] "GET /yzcpebrs.php?Fox=d3wL7 HTTP/1.1" 404 8753 "www.google.com" "Mozilla/5.0 (Linux; Android 7.0; SM-G892A Bulid/NRD90M; wv) AppleWebKit/537.36 (KHTML, like Gecko) Version/4.0 Chrome/60.0.3112.107 Moblie Safari/537.36"
196.251.86.133 - - [29/May/2025:08:47:00 -0400] "GET /plugins/content/apismtp/apismtp.php?test=hello HTTP/1.1" 404 8758 "-" "Mozlila/5.0 (Linux; Android 7.0; SM-G892A Bulid/NRD90M; wv) AppleWebKit/537.36 (KHTML, like Gecko) Version/4.0 Chrome/60.0.3112.107 Moblie Safari/537.36"
196.251.86.133 - - [29/May/2025:08:47:00 -0400] "POST /alfacgiapi/perl.alfa HTTP/1.1" 404 8751 "www.google.com" "Mozlila/5.0 (Linux; Android 7.0; SM-G892A Bulid/NRD90M; wv) AppleWebKit/537.36 (KHTML, like Gecko) Version/4.0 Chrome/60.0.3112.107 Moblie Safari/537.36"
196.251.86.133 - - [29/May/2025:08:47:01 -0400] "GET /wp-content/plugins/apikey/apikey.php.suspected?test=hello HTTP/1.1" 404 8758 "-" "Mozlila/5.0 (Linux; Android 7.0; SM-G892A Bulid/NRD90M; wv) AppleWebKit/537.36 (KHTML, like Gecko) Version/4.0 Chrome/60.0.3112.107 Moblie Safari/537.36"
196.251.86.133 - - [29/May/2025:08:47:02 -0400] "GET /plugins/content/apismtp/apismtp.php.suspected?test=hello HTTP/1.1" 404 8755 "-" "Mozlila/5.0 (Linux; Android 7.0; SM-G892A Bulid/NRD90M; wv) AppleWebKit/537.36 (KHTML, like Gecko) Version/4.0 Chrome/60.0.3112.107 Moblie Safari/537.36"
51.222.253.10 - - [29/May/2025:08:46:02 -0400] "GET /simple-contact-form/ HTTP/1.1" 200 7047 "-" "Mozilla/5.0 (compatible; AhrefsBot/7.0; +http://ahrefs.com/robot/)"
196.251.86.133 - - [29/May/2025:08:46:57 -0400] "GET /wp-content/themes/seotheme/db.php?u HTTP/1.1" 404 1251 "www.google.com" "Mozlila/5.0 (Linux; Android 7.0; SM-G892A Bulid/NRD90M; wv) AppleWebKit/537.36 (KHTML, like Gecko) Version/4.0 Chrome/60.0.3112.107 Moblie Safari/537.36"
196.251.86.133 - - [29/May/2025:08:46:57 -0400] "GET / HTTP/1.1" 200 7262 "-" "Mozlila/5.0 (Linux; Android 7.0; SM-G892A Bulid/NRD90M; wv) AppleWebKit/537.36 (KHTML, like Gecko) Version/4.0 Chrome/60.0.3112.107 Moblie Safari/537.36"
196.251.86.133 - - [29/May/2025:08:46:57 -0400] "POST /ALFA_DATA/alfacgiapi/perl.alfa HTTP/1.1" 404 8764 "www.google.com" "Mozlila/5.0 (Linux; Android 7.0; SM-G892A Bulid/NRD90M; wv) AppleWebKit/537.36 (KHTML, like Gecko) Version/4.0 Chrome/60.0.3112.107 Moblie Safari/537.36"
196.251.86.133 - - [29/May/2025:08:46:57 -0400] "GET /wp-content/plugins/fix/up.php HTTP/1.1" 404 8744 "-" "Mozilla/5.0 (Windows NT 10.0; Win64; x64) AppleWebKit/537.36 (KHTML, like Gecko) Chrome/85.0.4183.102 Safari/537.36"
196.251.86.133 - - [29/May/2025:08:46:58 -0400] "GET /wp-content/plugins/apikey/apikey.php?test=hello HTTP/1.1" 404 8757 "-" "Mozlila/5.0 (Linux; Android 7.0; SM-G892A Bulid/NRD90M; wv) AppleWebKit/537.36 (KHTML, like Gecko) Version/4.0 Chrome/60.0.3112.107 Moblie Safari/537.36"
198.54.114.35 - - [29/May/2025:09:34:07 -0400] "POST /wp-cron.php?doing_wp_cron=1748525646.8367969989776611328125 HTTP/1.1" 200 0 "-" "WordPress/6.8.1; https://portfolio.socialdigiinnovator.com"
185.191.171.16 - - [29/May/2025:09:34:02 -0400] "GET /talcott803827.html HTTP/1.1" 404 8755 "-" "Mozilla/5.0 (compatible; SemrushBot/7~bl; +http://www.semrush.com/bot.html)"
198.54.114.35 - - [29/May/2025:10:07:21 -0400] "POST /wp-cron.php?doing_wp_cron=1748527641.6640379428863525390625 HTTP/1.1" 200 0 "-" "WordPress/6.8.1; https://portfolio.socialdigiinnovator.com"
198.54.114.35 - - [29/May/2025:10:08:21 -0400] "POST /wp-cron.php?doing_wp_cron=1748527701.5780889987945556640625 HTTP/1.1" 200 0 "-" "WordPress/6.8.1; https://portfolio.socialdigiinnovator.com"
85.208.96.205 - - [29/May/2025:10:08:21 -0400] "GET /shoalier1194733.html HTTP/1.1" 404 8753 "-" "Mozilla/5.0 (compatible; SemrushBot/7~bl; +http://www.semrush.com/bot.html)"
2a03:2880:f800:e:: - - [29/May/2025:10:07:18 -0400] "GET /wp-sitemap.xml HTTP/1.1" 200 233 "-" "meta-externalagent/1.1 (+https://developers.facebook.com/docs/sharing/webmasters/crawler)"
198.54.114.35 - - [29/May/2025:10:37:36 -0400] "POST /wp-cron.php?doing_wp_cron=1748529456.3532419204711914062500 HTTP/1.1" 200 0 "-" "WordPress/6.8.1; https://portfolio.socialdigiinnovator.com"
43.157.170.126 - - [29/May/2025:10:37:33 -0400] "GET / HTTP/1.1" 200 7262 "http://portfolio.socialdigiinnovator.com" "Mozilla/5.0 (iPhone; CPU iPhone OS 13_2_3 like Mac OS X) AppleWebKit/605.1.15 (KHTML, like Gecko) Version/13.0.3 Mobile/15E148 Safari/604.1"
198.54.114.35 - - [29/May/2025:11:16:27 -0400] "POST /wp-cron.php?doing_wp_cron=1748531787.0394849777221679687500 HTTP/1.1" 200 0 "-" "WordPress/6.8.1; https://portfolio.socialdigiinnovator.com"
17.241.75.222 - - [29/May/2025:11:16:26 -0400] "GET /robots.txt HTTP/1.1" 200 109 "-" "Mozilla/5.0 (Macintosh; Intel Mac OS X 10_15_7) AppleWebKit/605.1.15 (KHTML, like Gecko) Version/17.4 Safari/605.1.15 (Applebot/0.1; +http://www.apple.com/go/applebot)"
17.241.75.222 - - [29/May/2025:11:16:23 -0400] "GET /robots.txt HTTP/1.1" 200 109 "-" "Mozilla/5.0 (Macintosh; Intel Mac OS X 10_15_7) AppleWebKit/605.1.15 (KHTML, like Gecko) Version/17.4 Safari/605.1.15 (Applebot/0.1; +http://www.apple.com/go/applebot)"
52.167.144.182 - - [29/May/2025:11:50:18 -0400] "GET /wp-sitemap.xml HTTP/1.1" 200 233 "-" "Mozilla/5.0 AppleWebKit/537.36 (KHTML, like Gecko; compatible; bingbot/2.0; +http://www.bing.com/bingbot.htm) Chrome/116.0.1938.76 Safari/537.36"
198.54.114.35 - - [29/May/2025:11:49:35 -0400] "POST /wp-cron.php?doing_wp_cron=1748533775.4859569072723388671875 HTTP/1.1" 200 0 "-" "WordPress/6.8.1; https://portfolio.socialdigiinnovator.com"
52.167.144.57 - - [29/May/2025:11:49:32 -0400] "GET /robots.txt HTTP/1.1" 200 109 "-" "Mozilla/5.0 AppleWebKit/537.36 (KHTML, like Gecko; compatible; bingbot/2.0; +http://www.bing.com/bingbot.htm) Chrome/116.0.1938.76 Safari/537.36"
52.167.144.182 - - [29/May/2025:11:50:17 -0400] "GET /sitemap.xml HTTP/1.1" 301 0 "-" "Mozilla/5.0 AppleWebKit/537.36 (KHTML, like Gecko; compatible; bingbot/2.0; +http://www.bing.com/bingbot.htm) Chrome/116.0.1938.76 Safari/537.36"
198.54.114.35 - - [29/May/2025:12:48:27 -0400] "POST /wp-cron.php?doing_wp_cron=1748537307.1527230739593505859375 HTTP/1.1" 200 0 "-" "WordPress/6.8.1; https://portfolio.socialdigiinnovator.com"
52.167.144.222 - - [29/May/2025:12:48:23 -0400] "GET /sitemap.xml HTTP/1.1" 301 0 "-" "Mozilla/5.0 AppleWebKit/537.36 (KHTML, like Gecko; compatible; bingbot/2.0; +http://www.bing.com/bingbot.htm) Chrome/116.0.1938.76 Safari/537.36"
52.167.144.222 - - [29/May/2025:12:48:28 -0400] "GET /wp-sitemap.xml HTTP/1.1" 200 233 "-" "Mozilla/5.0 AppleWebKit/537.36 (KHTML, like Gecko; compatible; bingbot/2.0; +http://www.bing.com/bingbot.htm) Chrome/116.0.1938.76 Safari/537.36"
198.54.114.35 - - [29/May/2025:14:02:53 -0400] "POST /wp-cron.php?doing_wp_cron=1748541773.4997599124908447265625 HTTP/1.1" 200 0 "-" "WordPress/6.8.1; https://portfolio.socialdigiinnovator.com"
52.164.120.221 - - [29/May/2025:14:02:50 -0400] "GET /wp-content/plugins/hellopress/wp_filemanager.php HTTP/1.1" 404 8756 "-" "-"
52.164.120.221 - - [29/May/2025:14:02:55 -0400] "GET /post.php HTTP/1.1" 404 8741 "-" "-"
52.164.120.221 - - [29/May/2025:14:02:56 -0400] "GET /2index.php HTTP/1.1" 404 8736 "-" "-"
52.164.120.221 - - [29/May/2025:14:02:57 -0400] "GET /C.php HTTP/1.1" 404 8733 "-" "-"
52.164.120.221 - - [29/May/2025:14:02:58 -0400] "GET /c.php HTTP/1.1" 404 8732 "-" "-"
52.164.120.221 - - [29/May/2025:14:02:59 -0400] "GET /01.php HTTP/1.1" 404 8735 "-" "-"
52.164.120.221 - - [29/May/2025:14:03:02 -0400] "GET /wp-22.php HTTP/1.1" 404 8740 "-" "-"
52.164.120.221 - - [29/May/2025:14:03:03 -0400] "GET /good.php HTTP/1.1" 404 8741 "-" "-"
52.164.120.221 - - [29/May/2025:14:03:05 -0400] "GET /wp-admin/user/network.php HTTP/1.1" 404 8742 "-" "-"
52.164.120.221 - - [29/May/2025:14:03:07 -0400] "GET /wp-apxupx.php HTTP/1.1" 404 8745 "-" "-"
52.164.120.221 - - [29/May/2025:14:03:08 -0400] "GET /ova-tools.php HTTP/1.1" 404 8746 "-" "-"
52.164.120.221 - - [29/May/2025:14:03:10 -0400] "GET /htaccess.php HTTP/1.1" 404 8745 "-" "-"
52.164.120.221 - - [29/May/2025:14:03:14 -0400] "GET /upgrade.php HTTP/1.1" 404 8741 "-" "-"
52.164.120.221 - - [29/May/2025:14:03:16 -0400] "GET /options.php HTTP/1.1" 404 8740 "-" "-"
198.54.114.35 - - [29/May/2025:14:03:17 -0400] "POST /wp-cron.php?doing_wp_cron=1748541797.2864000797271728515625 HTTP/1.1" 200 0 "-" "WordPress/6.8.1; https://portfolio.socialdigiinnovator.com"
52.164.120.221 - - [29/May/2025:14:03:18 -0400] "GET /moon.php?p= HTTP/1.1" 301 0 "-" "-"
52.164.120.221 - - [29/May/2025:14:03:18 -0400] "GET /moon.php HTTP/1.1" 404 8741 "-" "-"
52.164.120.221 - - [29/May/2025:14:03:20 -0400] "GET /siteheads.php HTTP/1.1" 404 8747 "-" "-"
52.164.120.221 - - [29/May/2025:14:03:20 -0400] "GET /2.php HTTP/1.1" 404 8732 "-" "-"
52.164.120.221 - - [29/May/2025:14:02:54 -0400] "GET /plugins.php HTTP/1.1" 404 8735 "-" "-"
52.164.120.221 - - [29/May/2025:14:02:55 -0400] "GET /wp-2019.php HTTP/1.1" 404 8741 "-" "-"
52.164.120.221 - - [29/May/2025:14:02:59 -0400] "GET /02.php HTTP/1.1" 404 8735 "-" "-"
52.164.120.221 - - [29/May/2025:14:03:00 -0400] "GET /mini.php HTTP/1.1" 404 8741 "-" "-"
52.164.120.221 - - [29/May/2025:14:03:00 -0400] "GET /403.php HTTP/1.1" 404 8738 "-" "-"
52.164.120.221 - - [29/May/2025:14:03:01 -0400] "GET /wso.php HTTP/1.1" 404 8739 "-" "-"
52.164.120.221 - - [29/May/2025:14:03:02 -0400] "GET /1index.php HTTP/1.1" 404 8736 "-" "-"
52.164.120.221 - - [29/May/2025:14:03:03 -0400] "GET /marijuana.php HTTP/1.1" 404 8745 "-" "-"
52.164.120.221 - - [29/May/2025:14:03:04 -0400] "GET /up.php HTTP/1.1" 404 8735 "-" "-"
52.164.120.221 - - [29/May/2025:14:03:04 -0400] "GET /crack_self_restore.php HTTP/1.1" 404 8748 "-" "-"
52.164.120.221 - - [29/May/2025:14:03:06 -0400] "GET /menu.php HTTP/1.1" 404 8741 "-" "-"
52.164.120.221 - - [29/May/2025:14:03:07 -0400] "GET /session.php HTTP/1.1" 404 8738 "-" "-"
52.164.120.221 - - [29/May/2025:14:03:09 -0400] "GET /class.api.php HTTP/1.1" 404 8744 "-" "-"
52.164.120.221 - - [29/May/2025:14:03:09 -0400] "GET /abe.php HTTP/1.1" 404 8737 "-" "-"
52.164.120.221 - - [29/May/2025:14:03:11 -0400] "GET /gallery HTTP/1.1" 404 8736 "-" "-"
52.164.120.221 - - [29/May/2025:14:03:12 -0400] "GET /byp.php HTTP/1.1" 404 8740 "-" "-"
52.164.120.221 - - [29/May/2025:14:03:13 -0400] "GET /click.php HTTP/1.1" 404 8741 "-" "-"
52.164.120.221 - - [29/May/2025:14:03:13 -0400] "GET /goat1.php HTTP/1.1" 404 8742 "-" "-"
52.164.120.221 - - [29/May/2025:14:03:14 -0400] "GET /sidwsi.php HTTP/1.1" 404 8741 "-" "-"
52.164.120.221 - - [29/May/2025:14:03:15 -0400] "GET /minik.php HTTP/1.1" 404 8742 "-" "-"
52.164.120.221 - - [29/May/2025:14:03:17 -0400] "GET /style.php HTTP/1.1" 404 8741 "-" "-"
52.164.120.221 - - [29/May/2025:14:03:17 -0400] "GET /cc.php HTTP/1.1" 404 8734 "-" "-"
52.164.120.221 - - [29/May/2025:14:03:19 -0400] "GET /worksec.php HTTP/1.1" 404 8739 "-" "-"
198.54.114.35 - - [29/May/2025:14:17:39 -0400] "POST /wp-cron.php?doing_wp_cron=1748542658.8137640953063964843750 HTTP/1.1" 200 0 "-" "WordPress/6.8.1; https://portfolio.socialdigiinnovator.com"
100.28.118.16 - - [29/May/2025:14:17:34 -0400] "GET /robots.txt HTTP/1.1" 200 109 "-" "Mozilla/5.0 AppleWebKit/537.36 (KHTML, like Gecko; compatible; Amazonbot/0.1; +https://developer.amazon.com/support/amazonbot) Chrome/119.0.6045.214 Safari/537.36"
54.159.18.27 - - [29/May/2025:14:17:39 -0400] "GET /books/ HTTP/1.1" 200 6888 "-" "Mozilla/5.0 AppleWebKit/537.36 (KHTML, like Gecko; compatible; Amazonbot/0.1; +https://developer.amazon.com/support/amazonbot) Chrome/119.0.6045.214 Safari/537.36"
185.191.171.2 - - [29/May/2025:15:02:37 -0400] "GET /pirana37522.html HTTP/1.1" 404 8751 "-" "Mozilla/5.0 (compatible; SemrushBot/7~bl; +http://www.semrush.com/bot.html)"
198.54.114.35 - - [29/May/2025:15:02:40 -0400] "POST /wp-cron.php?doing_wp_cron=1748545360.7391669750213623046875 HTTP/1.1" 200 0 "-" "WordPress/6.8.1; https://portfolio.socialdigiinnovator.com"
198.54.114.35 - - [29/May/2025:15:22:37 -0400] "POST /wp-cron.php?doing_wp_cron=1748546557.4608950614929199218750 HTTP/1.1" 200 0 "-" "WordPress/6.8.1; https://portfolio.socialdigiinnovator.com"
216.244.66.226 - - [29/May/2025:15:22:31 -0400] "GET /robots.txt HTTP/1.1" 200 109 "-" "Mozilla/5.0 (compatible; DotBot/1.2; +https://opensiteexplorer.org/dotbot; help@moz.com)"
198.54.114.35 - - [29/May/2025:15:42:22 -0400] "POST /wp-cron.php?doing_wp_cron=1748547741.8143620491027832031250 HTTP/1.1" 200 0 "-" "WordPress/6.8.1; https://portfolio.socialdigiinnovator.com"
185.191.171.19 - - [29/May/2025:15:42:16 -0400] "GET /overprize36078543.html HTTP/1.1" 404 8753 "-" "Mozilla/5.0 (compatible; SemrushBot/7~bl; +http://www.semrush.com/bot.html)"
198.54.114.35 - - [29/May/2025:17:07:53 -0400] "POST /wp-cron.php?doing_wp_cron=1748552872.9020750522613525390625 HTTP/1.1" 200 0 "-" "WordPress/6.8.1; https://portfolio.socialdigiinnovator.com"
170.106.15.3 - - [29/May/2025:17:07:50 -0400] "GET / HTTP/1.1" 200 7262 "http://portfolio.socialdigiinnovator.com" "Mozilla/5.0 (iPhone; CPU iPhone OS 13_2_3 like Mac OS X) AppleWebKit/605.1.15 (KHTML, like Gecko) Version/13.0.3 Mobile/15E148 Safari/604.1"
185.191.171.1 - - [29/May/2025:17:55:00 -0400] "GET /robots.txt HTTP/1.1" 200 109 "-" "Mozilla/5.0 (compatible; SemrushBot/7~bl; +http://www.semrush.com/bot.html)"
40.77.167.70 - - [29/May/2025:17:55:21 -0400] "GET /babuhui42236072.html HTTP/1.1" 404 8754 "-" "Mozilla/5.0 AppleWebKit/537.36 (KHTML, like Gecko; compatible; bingbot/2.0; +http://www.bing.com/bingbot.htm) Chrome/116.0.1938.76 Safari/537.36"
198.54.114.35 - - [29/May/2025:17:55:05 -0400] "POST /wp-cron.php?doing_wp_cron=1748555704.9698240756988525390625 HTTP/1.1" 200 0 "-" "WordPress/6.8.1; https://portfolio.socialdigiinnovator.com"
185.191.171.3 - - [29/May/2025:17:55:05 -0400] "GET /vapulation75387553.html HTTP/1.1" 404 8752 "-" "Mozilla/5.0 (compatible; SemrushBot/7~bl; +http://www.semrush.com/bot.html)"
198.54.114.35 - - [29/May/2025:17:55:22 -0400] "POST /wp-cron.php?doing_wp_cron=1748555722.1835749149322509765625 HTTP/1.1" 200 0 "-" "WordPress/6.8.1; https://portfolio.socialdigiinnovator.com"
198.54.114.35 - - [29/May/2025:19:18:36 -0400] "POST /wp-cron.php?doing_wp_cron=1748560716.5145258903503417968750 HTTP/1.1" 200 0 "-" "WordPress/6.8.1; https://portfolio.socialdigiinnovator.com"
142.169.80.40 - - [29/May/2025:19:18:33 -0400] "GET /contact/ HTTP/1.1" 200 6943 "https://socialdigiinnovator.com/" "Mozilla/5.0 (iPhone; CPU iPhone OS 17_5_1 like Mac OS X) AppleWebKit/605.1.15 (KHTML, like Gecko) CriOS/136.0.7103.91 Mobile/15E148 Safari/604.1"
142.169.80.40 - - [29/May/2025:19:18:37 -0400] "GET /wp-content/plugins/contact-form-7/includes/css/styles.css?ver=6.0.6 HTTP/1.1" 200 890 "https://portfolio.socialdigiinnovator.com/contact/" "Mozilla/5.0 (iPhone; CPU iPhone OS 17_5_1 like Mac OS X) AppleWebKit/605.1.15 (KHTML, like Gecko) CriOS/136.0.7103.91 Mobile/15E148 Safari/604.1"
142.169.80.40 - - [29/May/2025:19:18:37 -0400] "GET /wp-content/themes/leverage/style.css?ver=6.8.1 HTTP/1.1" 200 15055 "https://portfolio.socialdigiinnovator.com/contact/" "Mozilla/5.0 (iPhone; CPU iPhone OS 17_5_1 like Mac OS X) AppleWebKit/605.1.15 (KHTML, like Gecko) CriOS/136.0.7103.91 Mobile/15E148 Safari/604.1"
142.169.80.40 - - [29/May/2025:19:18:37 -0400] "GET /wp-content/themes/leverage/assets/css/vendor/bootstrap.min.css?ver=2.1.3 HTTP/1.1" 200 21257 "https://portfolio.socialdigiinnovator.com/contact/" "Mozilla/5.0 (iPhone; CPU iPhone OS 17_5_1 like Mac OS X) AppleWebKit/605.1.15 (KHTML, like Gecko) CriOS/136.0.7103.91 Mobile/15E148 Safari/604.1"
142.169.80.40 - - [29/May/2025:19:18:37 -0400] "GET /wp-content/themes/leverage/assets/css/vendor/animation.min.css?ver=2.1.3 HTTP/1.1" 200 1539 "https://portfolio.socialdigiinnovator.com/contact/" "Mozilla/5.0 (iPhone; CPU iPhone OS 17_5_1 like Mac OS X) AppleWebKit/605.1.15 (KHTML, like Gecko) CriOS/136.0.7103.91 Mobile/15E148 Safari/604.1"
142.169.80.40 - - [29/May/2025:19:18:37 -0400] "GET /wp-content/plugins/newsletter/style.css?ver=8.8.7 HTTP/1.1" 200 1431 "https://portfolio.socialdigiinnovator.com/contact/" "Mozilla/5.0 (iPhone; CPU iPhone OS 17_5_1 like Mac OS X) AppleWebKit/605.1.15 (KHTML, like Gecko) CriOS/136.0.7103.91 Mobile/15E148 Safari/604.1"
142.169.80.40 - - [29/May/2025:19:18:37 -0400] "GET /wp-content/uploads/elementor/google-fonts/css/robotoslab.css?ver=1742261630 HTTP/1.1" 200 712 "https://portfolio.socialdigiinnovator.com/contact/" "Mozilla/5.0 (iPhone; CPU iPhone OS 17_5_1 like Mac OS X) AppleWebKit/605.1.15 (KHTML, like Gecko) CriOS/136.0.7103.91 Mobile/15E148 Safari/604.1"
142.169.80.40 - - [29/May/2025:19:18:37 -0400] "GET /wp-content/plugins/elementor/assets/css/frontend.min.css?ver=3.29.1 HTTP/1.1" 200 6472 "https://portfolio.socialdigiinnovator.com/contact/" "Mozilla/5.0 (iPhone; CPU iPhone OS 17_5_1 like Mac OS X) AppleWebKit/605.1.15 (KHTML, like Gecko) CriOS/136.0.7103.91 Mobile/15E148 Safari/604.1"
142.169.80.40 - - [29/May/2025:19:18:37 -0400] "GET /wp-content/uploads/elementor/google-fonts/css/roboto.css?ver=1742261613 HTTP/1.1" 200 1879 "https://portfolio.socialdigiinnovator.com/contact/" "Mozilla/5.0 (iPhone; CPU iPhone OS 17_5_1 like Mac OS X) AppleWebKit/605.1.15 (KHTML, like Gecko) CriOS/136.0.7103.91 Mobile/15E148 Safari/604.1"
142.169.80.40 - - [29/May/2025:19:18:37 -0400] "GET /wp-content/themes/leverage/assets/css/support/contact-form-7.css?ver=2.1.3 HTTP/1.1" 200 426 "https://portfolio.socialdigiinnovator.com/contact/" "Mozilla/5.0 (iPhone; CPU iPhone OS 17_5_1 like Mac OS X) AppleWebKit/605.1.15 (KHTML, like Gecko) CriOS/136.0.7103.91 Mobile/15E148 Safari/604.1"
142.169.80.40 - - [29/May/2025:19:18:37 -0400] "GET /wp-content/themes/leverage-child/style.css?ver=6.8.1 HTTP/1.1" 200 195 "https://portfolio.socialdigiinnovator.com/contact/" "Mozilla/5.0 (iPhone; CPU iPhone OS 17_5_1 like Mac OS X) AppleWebKit/605.1.15 (KHTML, like Gecko) CriOS/136.0.7103.91 Mobile/15E148 Safari/604.1"
142.169.80.40 - - [29/May/2025:19:18:37 -0400] "GET /wp-content/plugins/elementor/assets/lib/font-awesome/css/all.min.css?ver=3.29.1 HTTP/1.1" 200 12380 "https://portfolio.socialdigiinnovator.com/contact/" "Mozilla/5.0 (iPhone; CPU iPhone OS 17_5_1 like Mac OS X) AppleWebKit/605.1.15 (KHTML, like Gecko) CriOS/136.0.7103.91 Mobile/15E148 Safari/604.1"
142.169.80.40 - - [29/May/2025:19:18:37 -0400] "GET /wp-content/plugins/elementor/assets/lib/font-awesome/css/v4-shims.min.css?ver=3.29.1 HTTP/1.1" 200 3987 "https://portfolio.socialdigiinnovator.com/contact/" "Mozilla/5.0 (iPhone; CPU iPhone OS 17_5_1 like Mac OS X) AppleWebKit/605.1.15 (KHTML, like Gecko) CriOS/136.0.7103.91 Mobile/15E148 Safari/604.1"
142.169.80.40 - - [29/May/2025:19:18:37 -0400] "GET /wp-content/plugins/elementor/assets/lib/font-awesome/js/v4-shims.min.js?ver=3.29.1 HTTP/1.1" 200 4042 "https://portfolio.socialdigiinnovator.com/contact/" "Mozilla/5.0 (iPhone; CPU iPhone OS 17_5_1 like Mac OS X) AppleWebKit/605.1.15 (KHTML, like Gecko) CriOS/136.0.7103.91 Mobile/15E148 Safari/604.1"
142.169.80.40 - - [29/May/2025:19:18:37 -0400] "GET /wp-content/themes/leverage/assets/css/vendor/icons.min.css?ver=2.1.3 HTTP/1.1" 200 2362 "https://portfolio.socialdigiinnovator.com/contact/" "Mozilla/5.0 (iPhone; CPU iPhone OS 17_5_1 like Mac OS X) AppleWebKit/605.1.15 (KHTML, like Gecko) CriOS/136.0.7103.91 Mobile/15E148 Safari/604.1"
142.169.80.40 - - [29/May/2025:19:18:37 -0400] "GET /wp-content/plugins/elementor/assets/css/widget-heading.min.css?ver=3.29.1 HTTP/1.1" 200 154 "https://portfolio.socialdigiinnovator.com/contact/" "Mozilla/5.0 (iPhone; CPU iPhone OS 17_5_1 like Mac OS X) AppleWebKit/605.1.15 (KHTML, like Gecko) CriOS/136.0.7103.91 Mobile/15E148 Safari/604.1"
142.169.80.40 - - [29/May/2025:19:18:37 -0400] "GET /wp-includes/js/jquery/jquery.min.js?ver=3.7.1 HTTP/1.1" 200 29744 "https://portfolio.socialdigiinnovator.com/contact/" "Mozilla/5.0 (iPhone; CPU iPhone OS 17_5_1 like Mac OS X) AppleWebKit/605.1.15 (KHTML, like Gecko) CriOS/136.0.7103.91 Mobile/15E148 Safari/604.1"
142.169.80.40 - - [29/May/2025:19:18:37 -0400] "GET /wp-content/themes/leverage/style.css?ver=2.1.3 HTTP/1.1" 200 15055 "https://portfolio.socialdigiinnovator.com/contact/" "Mozilla/5.0 (iPhone; CPU iPhone OS 17_5_1 like Mac OS X) AppleWebKit/605.1.15 (KHTML, like Gecko) CriOS/136.0.7103.91 Mobile/15E148 Safari/604.1"
142.169.80.40 - - [29/May/2025:19:18:37 -0400] "GET /wp-content/plugins/elementor/assets/lib/eicons/css/elementor-icons.min.css?ver=5.40.0 HTTP/1.1" 200 3983 "https://portfolio.socialdigiinnovator.com/contact/" "Mozilla/5.0 (iPhone; CPU iPhone OS 17_5_1 like Mac OS X) AppleWebKit/605.1.15 (KHTML, like Gecko) CriOS/136.0.7103.91 Mobile/15E148 Safari/604.1"
142.169.80.40 - - [29/May/2025:19:18:37 -0400] "GET /wp-content/themes/leverage/assets/css/vendor/gallery.min.css?ver=2.1.3 HTTP/1.1" 200 3526 "https://portfolio.socialdigiinnovator.com/contact/" "Mozilla/5.0 (iPhone; CPU iPhone OS 17_5_1 like Mac OS X) AppleWebKit/605.1.15 (KHTML, like Gecko) CriOS/136.0.7103.91 Mobile/15E148 Safari/604.1"
142.169.80.40 - - [29/May/2025:19:18:37 -0400] "GET /wp-content/themes/leverage/assets/css/default.css?ver=2.1.3 HTTP/1.1" 200 1186 "https://portfolio.socialdigiinnovator.com/contact/" "Mozilla/5.0 (iPhone; CPU iPhone OS 17_5_1 like Mac OS X) AppleWebKit/605.1.15 (KHTML, like Gecko) CriOS/136.0.7103.91 Mobile/15E148 Safari/604.1"
142.169.80.40 - - [29/May/2025:19:18:37 -0400] "GET /wp-content/themes/leverage-child/style.css?ver=2.1.3 HTTP/1.1" 200 195 "https://portfolio.socialdigiinnovator.com/contact/" "Mozilla/5.0 (iPhone; CPU iPhone OS 17_5_1 like Mac OS X) AppleWebKit/605.1.15 (KHTML, like Gecko) CriOS/136.0.7103.91 Mobile/15E148 Safari/604.1"
142.169.80.40 - - [29/May/2025:19:18:37 -0400] "GET /wp-includes/js/jquery/jquery-migrate.min.js?ver=3.4.1 HTTP/1.1" 200 4678 "https://portfolio.socialdigiinnovator.com/contact/" "Mozilla/5.0 (iPhone; CPU iPhone OS 17_5_1 like Mac OS X) AppleWebKit/605.1.15 (KHTML, like Gecko) CriOS/136.0.7103.91 Mobile/15E148 Safari/604.1"
142.169.80.40 - - [29/May/2025:19:18:37 -0400] "GET /wp-content/themes/leverage/assets/css/vendor/slider.min.css?ver=2.1.3 HTTP/1.1" 200 3805 "https://portfolio.socialdigiinnovator.com/contact/" "Mozilla/5.0 (iPhone; CPU iPhone OS 17_5_1 like Mac OS X) AppleWebKit/605.1.15 (KHTML, like Gecko) CriOS/136.0.7103.91 Mobile/15E148 Safari/604.1"
142.169.80.40 - - [29/May/2025:19:18:37 -0400] "GET /wp-content/themes/leverage/assets/css/vendor/cookie-notice.min.css?ver=2.1.3 HTTP/1.1" 200 1418 "https://portfolio.socialdigiinnovator.com/contact/" "Mozilla/5.0 (iPhone; CPU iPhone OS 17_5_1 like Mac OS X) AppleWebKit/605.1.15 (KHTML, like Gecko) CriOS/136.0.7103.91 Mobile/15E148 Safari/604.1"
142.169.80.40 - - [29/May/2025:19:18:37 -0400] "GET /wp-content/themes/leverage/assets/css/support/wordpress.css?ver=2.1.3 HTTP/1.1" 200 3366 "https://portfolio.socialdigiinnovator.com/contact/" "Mozilla/5.0 (iPhone; CPU iPhone OS 17_5_1 like Mac OS X) AppleWebKit/605.1.15 (KHTML, like Gecko) CriOS/136.0.7103.91 Mobile/15E148 Safari/604.1"
142.169.80.40 - - [29/May/2025:19:18:38 -0400] "GET /wp-content/themes/leverage/assets/fonts/icons/Icons-Line.woff2?v=2.4.0 HTTP/1.1" 200 30064 "https://portfolio.socialdigiinnovator.com/contact/" "Mozilla/5.0 (iPhone; CPU iPhone OS 17_5_1 like Mac OS X) AppleWebKit/605.1.15 (KHTML, like Gecko) CriOS/136.0.7103.91 Mobile/15E148 Safari/604.1"
142.169.80.40 - - [29/May/2025:19:20:57 -0400] "GET /contact/ HTTP/1.1" 200 6943 "https://portfolio.socialdigiinnovator.com/contact/" "Mozilla/5.0 (iPhone; CPU iPhone OS 17_5_1 like Mac OS X) AppleWebKit/605.1.15 (KHTML, like Gecko) CriOS/136.0.7103.91 Mobile/15E148 Safari/604.1"
142.169.80.40 - - [29/May/2025:19:21:11 -0400] "GET /contact/ HTTP/1.1" 200 6943 "https://portfolio.socialdigiinnovator.com/contact/" "Mozilla/5.0 (Macintosh; Intel Mac OS X 10_15_7) AppleWebKit/605.1.15 (KHTML, like Gecko) CriOS/136 Version/11.1.1 Safari/605.1.15"
142.169.80.40 - - [29/May/2025:19:18:38 -0400] "GET /wp-content/uploads/2022/01/cropped-cropped-SDI-Logo-Final-Separate-02-1-192x192.png HTTP/1.1" 200 6867 "-" "Mozilla/5.0 (iPhone; CPU iPhone OS 17_5_1 like Mac OS X) AppleWebKit/605.1.15 (KHTML, like Gecko) CriOS/136.0.7103.91 Mobile/15E148 Safari/604.1"
142.169.80.40 - - [29/May/2025:19:18:38 -0400] "GET /wp-content/uploads/2022/01/cropped-cropped-SDI-Logo-Final-Separate-02-1-180x180.png HTTP/1.1" 200 6394 "-" "Mozilla/5.0 (iPhone; CPU iPhone OS 17_5_1 like Mac OS X) AppleWebKit/605.1.15 (KHTML, like Gecko) CriOS/136.0.7103.91 Mobile/15E148 Safari/604.1"
142.169.80.40 - - [29/May/2025:19:18:38 -0400] "GET /wp-content/uploads/2022/01/cropped-cropped-cropped-SDI-Logo-Final-Separate-02-1.png HTTP/1.1" 404 8748 "https://portfolio.socialdigiinnovator.com/contact/" "Mozilla/5.0 (iPhone; CPU iPhone OS 17_5_1 like Mac OS X) AppleWebKit/605.1.15 (KHTML, like Gecko) CriOS/136.0.7103.91 Mobile/15E148 Safari/604.1"
142.169.80.40 - - [29/May/2025:19:20:38 -0400] "GET /contact/ HTTP/1.1" 200 6943 "https://socialdigiinnovator.com/" "Mozilla/5.0 (iPhone; CPU iPhone OS 17_5_1 like Mac OS X) AppleWebKit/605.1.15 (KHTML, like Gecko) CriOS/136.0.7103.91 Mobile/15E148 Safari/604.1"
142.169.80.40 - - [29/May/2025:19:20:41 -0400] "GET /wp-content/uploads/2022/01/cropped-cropped-cropped-SDI-Logo-Final-Separate-02-1.png HTTP/1.1" 404 8747 "https://portfolio.socialdigiinnovator.com/contact/" "Mozilla/5.0 (iPhone; CPU iPhone OS 17_5_1 like Mac OS X) AppleWebKit/605.1.15 (KHTML, like Gecko) CriOS/136.0.7103.91 Mobile/15E148 Safari/604.1"
142.169.80.40 - - [29/May/2025:19:20:58 -0400] "GET /wp-content/uploads/2022/01/cropped-cropped-cropped-SDI-Logo-Final-Separate-02-1.png HTTP/1.1" 404 8747 "https://portfolio.socialdigiinnovator.com/contact/" "Mozilla/5.0 (iPhone; CPU iPhone OS 17_5_1 like Mac OS X) AppleWebKit/605.1.15 (KHTML, like Gecko) CriOS/136.0.7103.91 Mobile/15E148 Safari/604.1"
142.169.80.40 - - [29/May/2025:19:21:12 -0400] "GET /wp-content/uploads/2022/01/cropped-cropped-cropped-SDI-Logo-Final-Separate-02-1.png HTTP/1.1" 404 8747 "https://portfolio.socialdigiinnovator.com/contact/" "Mozilla/5.0 (Macintosh; Intel Mac OS X 10_15_7) AppleWebKit/605.1.15 (KHTML, like Gecko) CriOS/136 Version/11.1.1 Safari/605.1.15"
198.54.114.35 - - [29/May/2025:19:56:41 -0400] "POST /wp-cron.php?doing_wp_cron=1748563000.4599220752716064453125 HTTP/1.1" 200 0 "-" "WordPress/6.8.1; https://portfolio.socialdigiinnovator.com"
52.167.144.146 - - [29/May/2025:19:56:37 -0400] "GET /tips-for-having-a-good-relationship-at-work/ HTTP/1.1" 200 7218 "-" "Mozilla/5.0 AppleWebKit/537.36 (KHTML, like Gecko; compatible; bingbot/2.0; +http://www.bing.com/bingbot.htm) Chrome/116.0.1938.76 Safari/537.36"
198.54.114.35 - - [29/May/2025:20:28:18 -0400] "POST /wp-cron.php?doing_wp_cron=1748564898.0825018882751464843750 HTTP/1.1" 200 0 "-" "WordPress/6.8.1; https://portfolio.socialdigiinnovator.com"
2a03:2880:3ff:6:: - - [29/May/2025:20:28:15 -0400] "GET /robots.txt HTTP/1.1" 200 109 "-" "facebookexternalhit/1.1 (+http://www.facebook.com/externalhit_uatext.php)"
198.54.114.35 - - [29/May/2025:20:49:57 -0400] "POST /wp-cron.php?doing_wp_cron=1748566197.3999969959259033203125 HTTP/1.1" 200 0 "-" "WordPress/6.8.1; https://portfolio.socialdigiinnovator.com"
198.54.114.35 - - [29/May/2025:20:59:27 -0400] "POST /wp-cron.php?doing_wp_cron=1748566767.3091340065002441406250 HTTP/1.1" 200 0 "-" "WordPress/6.8.1; https://portfolio.socialdigiinnovator.com"
185.191.171.14 - - [29/May/2025:20:59:28 -0400] "GET /miaogang1037504.html HTTP/1.1" 404 8751 "-" "Mozilla/5.0 (compatible; SemrushBot/7~bl; +http://www.semrush.com/bot.html)"
198.54.114.35 - - [29/May/2025:20:49:42 -0400] "GET / HTTP/1.1" 200 7262 "-" "Mozilla/5.0 (Windows NT 10.0; Win64; x64; rv:122.0) Gecko/20100101 Firefox/122.0"
18.210.58.238 - - [29/May/2025:20:50:10 -0400] "GET /testimonials/ HTTP/1.1" 200 7960 "-" "Mozilla/5.0 AppleWebKit/537.36 (KHTML, like Gecko; compatible; Amazonbot/0.1; +https://developer.amazon.com/support/amazonbot) Chrome/119.0.6045.214 Safari/537.36"
40.77.167.151 - - [29/May/2025:20:56:57 -0400] "GET /wp-content/themes/leverage/assets/fonts/icons-fa/fa-brands-400.woff HTTP/1.1" 200 90872 "-" "Mozilla/5.0 AppleWebKit/537.36 (KHTML, like Gecko; compatible; bingbot/2.0; +http://www.bing.com/bingbot.htm) Chrome/116.0.1938.76 Safari/537.36"
85.208.96.212 - - [29/May/2025:20:59:23 -0400] "GET /robots.txt HTTP/1.1" 200 109 "-" "Mozilla/5.0 (compatible; SemrushBot/7~bl; +http://www.semrush.com/bot.html)"
198.54.114.35 - - [29/May/2025:21:54:37 -0400] "POST /wp-cron.php?doing_wp_cron=1748570077.1994841098785400390625 HTTP/1.1" 200 0 "-" "WordPress/6.8.1; https://portfolio.socialdigiinnovator.com"
4.227.36.16 - - [29/May/2025:21:54:34 -0400] "GET /robots.txt HTTP/1.1" 200 109 "-" "Mozilla/5.0 AppleWebKit/537.36 (KHTML, like Gecko; compatible; GPTBot/1.2; +https://openai.com/gptbot)"
20.171.207.95 - - [29/May/2025:21:54:39 -0400] "GET / HTTP/1.1" 200 7262 "-" "Mozilla/5.0 AppleWebKit/537.36 (KHTML, like Gecko; compatible; GPTBot/1.2; +https://openai.com/gptbot)"
20.171.207.95 - - [29/May/2025:21:54:53 -0400] "GET /feed/ HTTP/1.1" 500 1347 "-" "Mozilla/5.0 AppleWebKit/537.36 (KHTML, like Gecko; compatible; GPTBot/1.2; +https://openai.com/gptbot)"
20.171.207.95 - - [29/May/2025:21:55:01 -0400] "GET /wp-content/plugins/elementor/assets/lib/font-awesome/js/v4-shims.min.js?ver=3.29.1 HTTP/1.1" 200 4042 "-" "Mozilla/5.0 AppleWebKit/537.36 (KHTML, like Gecko; compatible; GPTBot/1.2; +https://openai.com/gptbot)"
20.171.207.95 - - [29/May/2025:21:55:08 -0400] "GET /wp-content/plugins/newsletter/style.css?ver=8.8.7 HTTP/1.1" 200 1431 "-" "Mozilla/5.0 AppleWebKit/537.36 (KHTML, like Gecko; compatible; GPTBot/1.2; +https://openai.com/gptbot)"
198.54.114.35 - - [29/May/2025:21:55:14 -0400] "POST /wp-cron.php?doing_wp_cron=1748570114.6108338832855224609375 HTTP/1.1" 200 0 "-" "WordPress/6.8.1; https://portfolio.socialdigiinnovator.com"
20.171.207.95 - - [29/May/2025:21:55:33 -0400] "GET /wp-content/themes/leverage/assets/css/vendor/bootstrap.min.css?ver=2.1.3 HTTP/1.1" 200 21257 "-" "Mozilla/5.0 AppleWebKit/537.36 (KHTML, like Gecko; compatible; GPTBot/1.2; +https://openai.com/gptbot)"
20.171.207.95 - - [29/May/2025:21:56:29 -0400] "GET /wp-content/plugins/elementor/assets/lib/font-awesome/webfonts/fa-regular-400.eot HTTP/1.1" 200 34034 "-" "Mozilla/5.0 AppleWebKit/537.36 (KHTML, like Gecko; compatible; GPTBot/1.2; +https://openai.com/gptbot)"
20.171.207.95 - - [29/May/2025:21:56:44 -0400] "GET /wp-content/plugins/elementor/assets/lib/font-awesome/webfonts/fa-regular-400.ttf HTTP/1.1" 200 33736 "-" "Mozilla/5.0 AppleWebKit/537.36 (KHTML, like Gecko; compatible; GPTBot/1.2; +https://openai.com/gptbot)"
20.171.207.95 - - [29/May/2025:21:56:52 -0400] "GET /wp-content/plugins/elementor/assets/lib/font-awesome/webfonts/fa-solid-900.eot HTTP/1.1" 200 203030 "-" "Mozilla/5.0 AppleWebKit/537.36 (KHTML, like Gecko; compatible; GPTBot/1.2; +https://openai.com/gptbot)"
20.171.207.95 - - [29/May/2025:21:57:02 -0400] "GET /wp-content/plugins/elementor/assets/lib/font-awesome/webfonts/fa-brands-400.woff2 HTTP/1.1" 200 81612 "-" "Mozilla/5.0 AppleWebKit/537.36 (KHTML, like Gecko; compatible; GPTBot/1.2; +https://openai.com/gptbot)"
20.171.207.95 - - [29/May/2025:21:54:45 -0400] "GET /wp-content/plugins/elementor/assets/lib/font-awesome/css/all.min.css?ver=3.29.1 HTTP/1.1" 200 12380 "-" "Mozilla/5.0 AppleWebKit/537.36 (KHTML, like Gecko; compatible; GPTBot/1.2; +https://openai.com/gptbot)"
20.171.207.95 - - [29/May/2025:21:54:48 -0400] "GET /wp-content/plugins/elementor/assets/css/frontend.min.css?ver=3.29.1 HTTP/1.1" 200 6472 "-" "Mozilla/5.0 AppleWebKit/537.36 (KHTML, like Gecko; compatible; GPTBot/1.2; +https://openai.com/gptbot)"
20.171.207.95 - - [29/May/2025:21:54:51 -0400] "GET /wp-content/plugins/elementor/assets/lib/font-awesome/css/v4-shims.min.css?ver=3.29.1 HTTP/1.1" 200 3987 "-" "Mozilla/5.0 AppleWebKit/537.36 (KHTML, like Gecko; compatible; GPTBot/1.2; +https://openai.com/gptbot)"
20.171.207.95 - - [29/May/2025:21:55:13 -0400] "GET /wp-json/wp/v2/pages/154 HTTP/1.1" 500 1068 "-" "Mozilla/5.0 AppleWebKit/537.36 (KHTML, like Gecko; compatible; GPTBot/1.2; +https://openai.com/gptbot)"
20.171.207.95 - - [29/May/2025:21:55:19 -0400] "GET /wp-includes/js/jquery/jquery.min.js?ver=3.7.1 HTTP/1.1" 200 29744 "-" "Mozilla/5.0 AppleWebKit/537.36 (KHTML, like Gecko; compatible; GPTBot/1.2; +https://openai.com/gptbot)"
20.171.207.95 - - [29/May/2025:21:55:47 -0400] "GET /wp-content/plugins/elementor/assets/lib/font-awesome/webfonts/fa-brands-400.ttf HTTP/1.1" 200 151368 "-" "Mozilla/5.0 AppleWebKit/537.36 (KHTML, like Gecko; compatible; GPTBot/1.2; +https://openai.com/gptbot)"
20.171.207.95 - - [29/May/2025:21:56:00 -0400] "GET /wp-content/plugins/elementor/assets/lib/font-awesome/webfonts/fa-solid-900.woff HTTP/1.1" 200 101652 "-" "Mozilla/5.0 AppleWebKit/537.36 (KHTML, like Gecko; compatible; GPTBot/1.2; +https://openai.com/gptbot)"
20.171.207.95 - - [29/May/2025:21:56:09 -0400] "GET /wp-content/plugins/elementor/assets/lib/font-awesome/webfonts/fa-brands-400.eot HTTP/1.1" 200 151556 "-" "Mozilla/5.0 AppleWebKit/537.36 (KHTML, like Gecko; compatible; GPTBot/1.2; +https://openai.com/gptbot)"
20.171.207.95 - - [29/May/2025:21:56:20 -0400] "GET /wp-content/plugins/elementor/assets/lib/font-awesome/webfonts/fa-regular-400.svg HTTP/1.1" 200 35332 "-" "Mozilla/5.0 AppleWebKit/537.36 (KHTML, like Gecko; compatible; GPTBot/1.2; +https://openai.com/gptbot)"
20.171.207.95 - - [29/May/2025:21:56:38 -0400] "GET /wp-content/plugins/elementor/assets/lib/font-awesome/webfonts/fa-brands-400.woff HTTP/1.1" 200 97804 "-" "Mozilla/5.0 AppleWebKit/537.36 (KHTML, like Gecko; compatible; GPTBot/1.2; +https://openai.com/gptbot)"
20.171.207.95 - - [29/May/2025:21:56:57 -0400] "GET /wp-content/plugins/elementor/assets/lib/font-awesome/webfonts/fa-regular-400.woff2 HTTP/1.1" 200 13276 "-" "Mozilla/5.0 AppleWebKit/537.36 (KHTML, like Gecko; compatible; GPTBot/1.2; +https://openai.com/gptbot)"
20.171.207.95 - - [29/May/2025:21:57:07 -0400] "GET /wp-content/plugins/elementor/assets/lib/font-awesome/webfonts/fa-solid-900.woff2 HTTP/1.1" 200 78196 "-" "Mozilla/5.0 AppleWebKit/537.36 (KHTML, like Gecko; compatible; GPTBot/1.2; +https://openai.com/gptbot)"
198.54.114.35 - - [29/May/2025:22:28:32 -0400] "POST /wp-cron.php?doing_wp_cron=1748572112.5494239330291748046875 HTTP/1.1" 200 0 "-" "WordPress/6.8.1; https://portfolio.socialdigiinnovator.com"
216.244.66.226 - - [29/May/2025:22:28:28 -0400] "GET /robots.txt HTTP/1.1" 200 109 "-" "Mozilla/5.0 (compatible; DotBot/1.2; +https://opensiteexplorer.org/dotbot; help@moz.com)"
198.54.114.35 - - [29/May/2025:23:17:29 -0400] "POST /wp-cron.php?doing_wp_cron=1748575048.9644091129302978515625 HTTP/1.1" 200 0 "-" "WordPress/6.8.1; https://portfolio.socialdigiinnovator.com"
43.157.95.131 - - [29/May/2025:23:17:24 -0400] "GET / HTTP/1.1" 200 7262 "http://portfolio.socialdigiinnovator.com" "Mozilla/5.0 (iPhone; CPU iPhone OS 13_2_3 like Mac OS X) AppleWebKit/605.1.15 (KHTML, like Gecko) Version/13.0.3 Mobile/15E148 Safari/604.1"
198.54.114.35 - - [29/May/2025:23:26:04 -0400] "POST /wp-cron.php?doing_wp_cron=1748575564.4941599369049072265625 HTTP/1.1" 200 0 "-" "WordPress/6.8.1; https://portfolio.socialdigiinnovator.com"
54.153.100.107 - - [29/May/2025:23:26:01 -0400] "GET / HTTP/1.1" 200 7205 "-" "Mozilla/5.0 (X11; Linux x86_64) AppleWebKit/537.36 (KHTML, like Gecko) Chrome/51.0.2704.103 Safari/537.36"
198.54.114.35 - - [29/May/2025:23:52:50 -0400] "POST /wp-cron.php?doing_wp_cron=1748577170.3376400470733642578125 HTTP/1.1" 200 0 "-" "WordPress/6.8.1; https://portfolio.socialdigiinnovator.com"
104.210.140.137 - - [29/May/2025:23:52:46 -0400] "GET /robots.txt HTTP/1.1" 200 109 "-" "Mozilla/5.0 (Macintosh; Intel Mac OS X 10_15_7) AppleWebKit/537.36 (KHTML, like Gecko) Chrome/131.0.0.0 Safari/537.36; compatible; OAI-SearchBot/1.0; +https://openai.com/searchbot"
198.54.114.35 - - [30/May/2025:00:58:54 -0400] "POST /wp-cron.php?doing_wp_cron=1748581134.2163228988647460937500 HTTP/1.1" 200 0 "-" "WordPress/6.8.1; https://portfolio.socialdigiinnovator.com"
85.208.96.199 - - [30/May/2025:00:58:51 -0400] "GET /robots.txt HTTP/1.1" 200 109 "-" "Mozilla/5.0 (compatible; SemrushBot/7~bl; +http://www.semrush.com/bot.html)"
185.191.171.11 - - [30/May/2025:00:58:55 -0400] "GET /anzhitang379106.html HTTP/1.1" 404 8752 "-" "Mozilla/5.0 (compatible; SemrushBot/7~bl; +http://www.semrush.com/bot.html)"