芝麻web文件管理V1.00
编辑当前文件:/home/sditechnicalteam/access-logs/client.socialdigiinnovator.com-ssl_log
196.251.70.244 - - [24/May/2025:08:16:01 -0400] "GET /wp-admin/setup-config.php HTTP/1.1" 403 1242 "-" "-"
198.54.114.35 - - [24/May/2025:08:23:22 -0400] "POST /wp-cron.php?doing_wp_cron=1748089401.8813049793243408203125 HTTP/1.1" 200 0 "-" "WordPress/6.8.1; https://client.socialdigiinnovator.com"
20.171.207.223 - - [24/May/2025:08:23:18 -0400] "GET /-.php/ HTTP/1.1" 404 8474 "-" "Mozilla/5.0 AppleWebKit/537.36 (KHTML, like Gecko; compatible; GPTBot/1.2; +https://openai.com/gptbot)"
198.54.114.35 - - [24/May/2025:08:31:36 -0400] "POST /wp-cron.php?doing_wp_cron=1748089896.5694940090179443359375 HTTP/1.1" 200 0 "-" "WordPress/6.8.1; https://client.socialdigiinnovator.com"
20.171.207.223 - - [24/May/2025:08:31:33 -0400] "GET /-.php/ HTTP/1.1" 404 8476 "-" "Mozilla/5.0 AppleWebKit/537.36 (KHTML, like Gecko; compatible; GPTBot/1.2; +https://openai.com/gptbot)"
198.54.114.35 - - [24/May/2025:08:33:14 -0400] "POST /wp-cron.php?doing_wp_cron=1748089994.1064569950103759765625 HTTP/1.1" 200 0 "-" "WordPress/6.8.1; https://client.socialdigiinnovator.com"
20.171.207.223 - - [24/May/2025:08:33:12 -0400] "GET /-.php/ HTTP/1.1" 404 8476 "-" "Mozilla/5.0 AppleWebKit/537.36 (KHTML, like Gecko; compatible; GPTBot/1.2; +https://openai.com/gptbot)"
198.54.114.35 - - [24/May/2025:08:43:02 -0400] "POST /wp-cron.php?doing_wp_cron=1748090582.5978391170501708984375 HTTP/1.1" 200 0 "-" "WordPress/6.8.1; https://client.socialdigiinnovator.com"
198.54.114.35 - - [24/May/2025:08:46:39 -0400] "POST /wp-cron.php?doing_wp_cron=1748090799.3981668949127197265625 HTTP/1.1" 200 0 "-" "WordPress/6.8.1; https://client.socialdigiinnovator.com"
20.171.207.223 - - [24/May/2025:08:46:36 -0400] "GET /-.php/ HTTP/1.1" 404 8476 "-" "Mozilla/5.0 AppleWebKit/537.36 (KHTML, like Gecko; compatible; GPTBot/1.2; +https://openai.com/gptbot)"
198.54.114.35 - - [24/May/2025:08:15:59 -0400] "POST /wp-cron.php?doing_wp_cron=1748088959.6926980018615722656250 HTTP/1.1" 200 0 "-" "WordPress/6.8.1; https://client.socialdigiinnovator.com"
196.251.70.244 - - [24/May/2025:08:15:56 -0400] "GET / HTTP/1.1" 200 9190 "-" "-"
196.251.70.244 - - [24/May/2025:08:16:01 -0400] "GET /wp-admin/install.php HTTP/1.1" 200 442 "-" "-"
198.54.114.35 - - [24/May/2025:08:19:53 -0400] "POST /wp-cron.php?doing_wp_cron=1748089193.2743859291076660156250 HTTP/1.1" 200 0 "-" "WordPress/6.8.1; https://client.socialdigiinnovator.com"
20.171.207.223 - - [24/May/2025:08:19:50 -0400] "GET /-.php/ HTTP/1.1" 404 8474 "-" "Mozilla/5.0 AppleWebKit/537.36 (KHTML, like Gecko; compatible; GPTBot/1.2; +https://openai.com/gptbot)"
198.54.114.35 - - [24/May/2025:08:24:16 -0400] "POST /wp-cron.php?doing_wp_cron=1748089456.2097020149230957031250 HTTP/1.1" 200 0 "-" "WordPress/6.8.1; https://client.socialdigiinnovator.com"
20.171.207.223 - - [24/May/2025:08:24:15 -0400] "GET /-.php/ HTTP/1.1" 404 8474 "-" "Mozilla/5.0 AppleWebKit/537.36 (KHTML, like Gecko; compatible; GPTBot/1.2; +https://openai.com/gptbot)"
170.39.218.58 - - [24/May/2025:08:27:07 -0400] "GET /wp-includes/js/jquery/jquery.min.js?ver=3.7.1 HTTP/1.1" 200 29744 "-" "Mozilla/5.0 (Windows NT 10.0; Win64; x64) AppleWebKit/537.36 Chrome/121.0.0.0"
20.171.207.223 - - [24/May/2025:08:32:25 -0400] "GET /-.php/ HTTP/1.1" 404 8474 "-" "Mozilla/5.0 AppleWebKit/537.36 (KHTML, like Gecko; compatible; GPTBot/1.2; +https://openai.com/gptbot)"
170.39.218.58 - - [24/May/2025:08:42:11 -0400] "GET /wp-content/plugins/ultimate-member/assets/js/common.min.js?ver=2.10.4 HTTP/1.1" 200 825 "-" "Mozilla/5.0 (Windows NT 10.0; Win64; x64) AppleWebKit/537.36 Chrome/121.0.0.0"
198.54.114.35 - - [24/May/2025:08:42:11 -0400] "POST /wp-cron.php?doing_wp_cron=1748090531.7073240280151367187500 HTTP/1.1" 200 0 "-" "WordPress/6.8.1; https://client.socialdigiinnovator.com"
20.171.207.223 - - [24/May/2025:08:42:07 -0400] "GET /-.php/ HTTP/1.1" 404 8476 "-" "Mozilla/5.0 AppleWebKit/537.36 (KHTML, like Gecko; compatible; GPTBot/1.2; +https://openai.com/gptbot)"
20.171.207.223 - - [24/May/2025:08:43:01 -0400] "GET /-.php/ HTTP/1.1" 404 8476 "-" "Mozilla/5.0 AppleWebKit/537.36 (KHTML, like Gecko; compatible; GPTBot/1.2; +https://openai.com/gptbot)"
20.171.207.223 - - [24/May/2025:08:57:11 -0400] "GET /-.php/ HTTP/1.1" 404 8476 "-" "Mozilla/5.0 AppleWebKit/537.36 (KHTML, like Gecko; compatible; GPTBot/1.2; +https://openai.com/gptbot)"
20.171.207.223 - - [24/May/2025:09:04:07 -0400] "GET /-.php/ HTTP/1.1" 404 8476 "-" "Mozilla/5.0 AppleWebKit/537.36 (KHTML, like Gecko; compatible; GPTBot/1.2; +https://openai.com/gptbot)"
20.171.207.223 - - [24/May/2025:09:15:03 -0400] "GET /-.php/ HTTP/1.1" 404 8476 "-" "Mozilla/5.0 AppleWebKit/537.36 (KHTML, like Gecko; compatible; GPTBot/1.2; +https://openai.com/gptbot)"
20.171.207.223 - - [24/May/2025:09:17:13 -0400] "GET /-.php/ HTTP/1.1" 404 8476 "-" "Mozilla/5.0 AppleWebKit/537.36 (KHTML, like Gecko; compatible; GPTBot/1.2; +https://openai.com/gptbot)"
20.171.207.223 - - [24/May/2025:09:11:56 -0400] "GET /-.php/ HTTP/1.1" 404 8476 "-" "Mozilla/5.0 AppleWebKit/537.36 (KHTML, like Gecko; compatible; GPTBot/1.2; +https://openai.com/gptbot)"
20.171.207.223 - - [24/May/2025:09:28:53 -0400] "GET /-.php/ HTTP/1.1" 404 8476 "-" "Mozilla/5.0 AppleWebKit/537.36 (KHTML, like Gecko; compatible; GPTBot/1.2; +https://openai.com/gptbot)"
20.171.207.223 - - [24/May/2025:09:26:15 -0400] "GET /-.php/ HTTP/1.1" 404 8474 "-" "Mozilla/5.0 AppleWebKit/537.36 (KHTML, like Gecko; compatible; GPTBot/1.2; +https://openai.com/gptbot)"
20.171.207.223 - - [24/May/2025:09:33:54 -0400] "GET /-.php/ HTTP/1.1" 404 8476 "-" "Mozilla/5.0 AppleWebKit/537.36 (KHTML, like Gecko; compatible; GPTBot/1.2; +https://openai.com/gptbot)"
20.171.207.223 - - [24/May/2025:09:41:55 -0400] "GET /-.php/ HTTP/1.1" 404 8474 "-" "Mozilla/5.0 AppleWebKit/537.36 (KHTML, like Gecko; compatible; GPTBot/1.2; +https://openai.com/gptbot)"
20.171.207.223 - - [24/May/2025:09:46:01 -0400] "GET /-.php/ HTTP/1.1" 404 8476 "-" "Mozilla/5.0 AppleWebKit/537.36 (KHTML, like Gecko; compatible; GPTBot/1.2; +https://openai.com/gptbot)"
20.171.207.223 - - [24/May/2025:09:41:13 -0400] "GET /-.php/ HTTP/1.1" 404 8474 "-" "Mozilla/5.0 AppleWebKit/537.36 (KHTML, like Gecko; compatible; GPTBot/1.2; +https://openai.com/gptbot)"
20.171.207.223 - - [24/May/2025:09:42:40 -0400] "GET /-.php/ HTTP/1.1" 404 8474 "-" "Mozilla/5.0 AppleWebKit/537.36 (KHTML, like Gecko; compatible; GPTBot/1.2; +https://openai.com/gptbot)"
20.171.207.223 - - [24/May/2025:09:50:38 -0400] "GET /-.php/ HTTP/1.1" 404 8476 "-" "Mozilla/5.0 AppleWebKit/537.36 (KHTML, like Gecko; compatible; GPTBot/1.2; +https://openai.com/gptbot)"
43.130.139.136 - - [24/May/2025:09:56:40 -0400] "GET / HTTP/1.1" 200 9190 "http://client.socialdigiinnovator.com" "Mozilla/5.0 (iPhone; CPU iPhone OS 13_2_3 like Mac OS X) AppleWebKit/605.1.15 (KHTML, like Gecko) Version/13.0.3 Mobile/15E148 Safari/604.1"
20.171.207.223 - - [24/May/2025:10:00:33 -0400] "GET /-.php/ HTTP/1.1" 404 8476 "-" "Mozilla/5.0 AppleWebKit/537.36 (KHTML, like Gecko; compatible; GPTBot/1.2; +https://openai.com/gptbot)"
20.171.207.223 - - [24/May/2025:10:09:44 -0400] "GET /-.php/ HTTP/1.1" 404 8476 "-" "Mozilla/5.0 AppleWebKit/537.36 (KHTML, like Gecko; compatible; GPTBot/1.2; +https://openai.com/gptbot)"
20.171.207.223 - - [24/May/2025:10:18:36 -0400] "GET /-.php/ HTTP/1.1" 404 8476 "-" "Mozilla/5.0 AppleWebKit/537.36 (KHTML, like Gecko; compatible; GPTBot/1.2; +https://openai.com/gptbot)"
20.171.207.223 - - [24/May/2025:10:07:26 -0400] "GET /-.php/ HTTP/1.1" 404 8474 "-" "Mozilla/5.0 AppleWebKit/537.36 (KHTML, like Gecko; compatible; GPTBot/1.2; +https://openai.com/gptbot)"
20.171.207.223 - - [24/May/2025:10:18:32 -0400] "GET /-.php/ HTTP/1.1" 404 8476 "-" "Mozilla/5.0 AppleWebKit/537.36 (KHTML, like Gecko; compatible; GPTBot/1.2; +https://openai.com/gptbot)"
20.171.207.223 - - [24/May/2025:10:19:47 -0400] "GET /-.php/ HTTP/1.1" 404 8474 "-" "Mozilla/5.0 AppleWebKit/537.36 (KHTML, like Gecko; compatible; GPTBot/1.2; +https://openai.com/gptbot)"
47.79.121.231 - - [24/May/2025:10:20:14 -0400] "GET / HTTP/1.1" 200 9188 "https://client.socialdigiinnovator.com/" "Mozilla/5.0 (Windows NT 10.0; Win64; x64) AppleWebKit/537.36 (KHTML, like Gecko) Chrome/114.0.0.0 Safari/537.36 Edg/114.0.1823.43"
20.171.207.223 - - [24/May/2025:10:24:28 -0400] "GET /-.php/ HTTP/1.1" 404 8476 "-" "Mozilla/5.0 AppleWebKit/537.36 (KHTML, like Gecko; compatible; GPTBot/1.2; +https://openai.com/gptbot)"
20.171.207.223 - - [24/May/2025:10:28:21 -0400] "GET /-.php/ HTTP/1.1" 404 8476 "-" "Mozilla/5.0 AppleWebKit/537.36 (KHTML, like Gecko; compatible; GPTBot/1.2; +https://openai.com/gptbot)"
20.171.207.223 - - [24/May/2025:10:29:33 -0400] "GET /-.php/ HTTP/1.1" 404 8476 "-" "Mozilla/5.0 AppleWebKit/537.36 (KHTML, like Gecko; compatible; GPTBot/1.2; +https://openai.com/gptbot)"
20.171.207.223 - - [24/May/2025:10:38:31 -0400] "GET /-.php/ HTTP/1.1" 404 8476 "-" "Mozilla/5.0 AppleWebKit/537.36 (KHTML, like Gecko; compatible; GPTBot/1.2; +https://openai.com/gptbot)"
20.171.207.223 - - [24/May/2025:10:22:44 -0400] "GET /-.php/ HTTP/1.1" 404 8476 "-" "Mozilla/5.0 AppleWebKit/537.36 (KHTML, like Gecko; compatible; GPTBot/1.2; +https://openai.com/gptbot)"
20.171.207.223 - - [24/May/2025:10:43:08 -0400] "GET /-.php/ HTTP/1.1" 404 8474 "-" "Mozilla/5.0 AppleWebKit/537.36 (KHTML, like Gecko; compatible; GPTBot/1.2; +https://openai.com/gptbot)"
20.171.207.223 - - [24/May/2025:10:40:03 -0400] "GET /-.php/ HTTP/1.1" 404 8476 "-" "Mozilla/5.0 AppleWebKit/537.36 (KHTML, like Gecko; compatible; GPTBot/1.2; +https://openai.com/gptbot)"
20.171.207.223 - - [24/May/2025:10:58:56 -0400] "GET /-.php/ HTTP/1.1" 404 8476 "-" "Mozilla/5.0 AppleWebKit/537.36 (KHTML, like Gecko; compatible; GPTBot/1.2; +https://openai.com/gptbot)"
20.171.207.223 - - [24/May/2025:11:12:01 -0400] "GET /-.php/ HTTP/1.1" 404 8476 "-" "Mozilla/5.0 AppleWebKit/537.36 (KHTML, like Gecko; compatible; GPTBot/1.2; +https://openai.com/gptbot)"
20.171.207.223 - - [24/May/2025:11:13:59 -0400] "GET /-.php/ HTTP/1.1" 404 8476 "-" "Mozilla/5.0 AppleWebKit/537.36 (KHTML, like Gecko; compatible; GPTBot/1.2; +https://openai.com/gptbot)"
20.171.207.223 - - [24/May/2025:11:31:10 -0400] "GET /-.php/ HTTP/1.1" 404 8476 "-" "Mozilla/5.0 AppleWebKit/537.36 (KHTML, like Gecko; compatible; GPTBot/1.2; +https://openai.com/gptbot)"
20.171.207.223 - - [24/May/2025:11:18:53 -0400] "GET /-.php/ HTTP/1.1" 404 8476 "-" "Mozilla/5.0 AppleWebKit/537.36 (KHTML, like Gecko; compatible; GPTBot/1.2; +https://openai.com/gptbot)"
20.171.207.223 - - [24/May/2025:11:45:03 -0400] "GET /-.php/ HTTP/1.1" 404 8476 "-" "Mozilla/5.0 AppleWebKit/537.36 (KHTML, like Gecko; compatible; GPTBot/1.2; +https://openai.com/gptbot)"
47.82.60.160 - - [24/May/2025:12:07:26 -0400] "GET / HTTP/1.1" 200 9188 "https://client.socialdigiinnovator.com/" "Mozilla/5.0 (Windows NT 10.0; Win64; x64) AppleWebKit/537.36 (KHTML, like Gecko) Chrome/114.0.0.0 Safari/537.36 Edg/114.0.1823.43"
198.54.114.35 - - [24/May/2025:12:07:34 -0400] "GET / HTTP/1.1" 200 9190 "-" "WordPress/6.8.1; https://client.socialdigiinnovator.com"
198.54.114.35 - - [24/May/2025:12:07:34 -0400] "GET / HTTP/1.1" 200 9190 "-" "WordPress/6.8.1; https://client.socialdigiinnovator.com"
198.54.114.35 - - [24/May/2025:12:07:30 -0400] "POST /wp-cron.php?doing_wp_cron=1748102850.0347180366516113281250 HTTP/1.1" 200 0 "-" "WordPress/6.8.1; https://client.socialdigiinnovator.com"
198.54.114.35 - - [24/May/2025:12:07:33 -0400] "POST /wp-cron.php HTTP/1.1" 200 0 "-" "WordPress/6.8.1; https://client.socialdigiinnovator.com"
198.54.114.35 - - [24/May/2025:12:07:33 -0400] "GET / HTTP/1.1" 200 9190 "-" "WordPress/6.8.1; https://client.socialdigiinnovator.com"
198.54.114.35 - - [24/May/2025:12:07:35 -0400] "GET / HTTP/1.1" 200 9190 "-" "WordPress/6.8.1; https://client.socialdigiinnovator.com"
198.54.114.35 - - [24/May/2025:12:22:11 -0400] "POST /wp-cron.php?doing_wp_cron=1748103730.4910840988159179687500 HTTP/1.1" 200 0 "-" "WordPress/6.8.1; https://client.socialdigiinnovator.com"
143.198.109.239 - - [24/May/2025:12:22:02 -0400] "GET /uploaded_script.php HTTP/1.1" 404 8476 "www.google.com" "Mozilla/5.0 (Linux; Android 7.0; SM-G892A Build/NRD90M; wv) AppleWebKit/537.36 (KHTML, like Gecko) Version/4.0 Chrome/60.0.3112.107 Mobile Safari/537.36"
20.171.207.223 - - [24/May/2025:12:32:24 -0400] "GET /-.php/ HTTP/1.1" 404 8474 "-" "Mozilla/5.0 AppleWebKit/537.36 (KHTML, like Gecko; compatible; GPTBot/1.2; +https://openai.com/gptbot)"
198.54.114.35 - - [24/May/2025:12:36:37 -0400] "POST /wp-cron.php?doing_wp_cron=1748104597.2871749401092529296875 HTTP/1.1" 200 0 "-" "WordPress/6.8.1; https://client.socialdigiinnovator.com"
143.198.8.145 - - [24/May/2025:12:36:34 -0400] "GET /geju.php HTTP/1.1" 404 8476 "-" "Mozlila/5.0 (Linux; Android 7.0; SM-G892A Build/NRD90M; wv) AppleWebKit/537.36 (KHTML, like Gecko) Version/4.0 Chrome/60.0.3112.107 Mobile Safari/537.36"
143.198.8.145 - - [24/May/2025:12:36:38 -0400] "GET /wp-content/plugins/about.php HTTP/1.1" 404 8476 "-" "Mozlila/5.0 (Linux; Android 7.0; SM-G892A Build/NRD90M; wv) AppleWebKit/537.36 (KHTML, like Gecko) Version/4.0 Chrome/60.0.3112.107 Mobile Safari/537.36"
143.198.8.145 - - [24/May/2025:12:36:40 -0400] "GET /wp.php HTTP/1.1" 404 8476 "-" "Mozlila/5.0 (Linux; Android 7.0; SM-G892A Build/NRD90M; wv) AppleWebKit/537.36 (KHTML, like Gecko) Version/4.0 Chrome/60.0.3112.107 Mobile Safari/537.36"
198.54.114.35 - - [24/May/2025:12:32:27 -0400] "POST /wp-cron.php?doing_wp_cron=1748104347.7755720615386962890625 HTTP/1.1" 200 0 "-" "WordPress/6.8.1; https://client.socialdigiinnovator.com"
143.198.8.145 - - [24/May/2025:12:36:40 -0400] "GET /hoot.php HTTP/1.1" 404 8476 "-" "Mozlila/5.0 (Linux; Android 7.0; SM-G892A Build/NRD90M; wv) AppleWebKit/537.36 (KHTML, like Gecko) Version/4.0 Chrome/60.0.3112.107 Mobile Safari/537.36"
143.198.8.145 - - [24/May/2025:12:36:41 -0400] "GET /about.php HTTP/1.1" 404 8476 "-" "Mozlila/5.0 (Linux; Android 7.0; SM-G892A Build/NRD90M; wv) AppleWebKit/537.36 (KHTML, like Gecko) Version/4.0 Chrome/60.0.3112.107 Mobile Safari/537.36"
143.198.8.145 - - [24/May/2025:12:36:42 -0400] "GET /admin.php HTTP/1.1" 404 8476 "-" "Mozlila/5.0 (Linux; Android 7.0; SM-G892A Build/NRD90M; wv) AppleWebKit/537.36 (KHTML, like Gecko) Version/4.0 Chrome/60.0.3112.107 Mobile Safari/537.36"
38.60.171.89 - - [24/May/2025:13:48:01 -0400] "GET /administrator/ HTTP/1.1" 200 0 "-" "python-requests/2.32.3"
38.60.171.89 - - [24/May/2025:13:48:12 -0400] "GET /404 HTTP/1.1" 404 8476 "-" "Mozilla"
38.60.171.89 - - [24/May/2025:13:49:25 -0400] "GET /index.php/index/login/signIn HTTP/1.1" 301 0 "-" "Mozilla/5.0 Firefox"
38.60.171.89 - - [24/May/2025:13:49:27 -0400] "GET /index/login/signIn HTTP/1.1" 404 8474 "-" "Mozilla/5.0 Firefox"
198.54.114.35 - - [24/May/2025:13:48:10 -0400] "POST /wp-cron.php?doing_wp_cron=1748108890.7150549888610839843750 HTTP/1.1" 200 0 "-" "WordPress/6.8.1; https://client.socialdigiinnovator.com"
38.60.171.89 - - [24/May/2025:13:48:12 -0400] "POST /wp-login.php HTTP/1.1" 302 0 "-" "Mozilla"
198.54.114.35 - - [24/May/2025:13:49:27 -0400] "POST /wp-cron.php?doing_wp_cron=1748108966.9847660064697265625000 HTTP/1.1" 200 0 "-" "WordPress/6.8.1; https://client.socialdigiinnovator.com"
198.54.114.35 - - [24/May/2025:14:44:30 -0400] "POST /wp-cron.php?doing_wp_cron=1748112270.0042729377746582031250 HTTP/1.1" 200 0 "-" "WordPress/6.8.1; https://client.socialdigiinnovator.com"
47.82.60.125 - - [24/May/2025:14:44:26 -0400] "GET / HTTP/1.1" 200 9188 "https://client.socialdigiinnovator.com/" "Mozilla/5.0 (Windows NT 10.0; Win64; x64) AppleWebKit/537.36 (KHTML, like Gecko) Chrome/114.0.0.0 Safari/537.36 Edg/114.0.1823.43"
40.69.197.167 - - [24/May/2025:15:29:34 -0400] "GET /wp-content/plugins/hellopress/wp_filemanager.php HTTP/1.1" 404 8476 "-" "-"
2602:fb54:372:: - - [24/May/2025:15:35:38 -0400] "GET /wp-login.php HTTP/1.1" 302 0 "-" "Mozilla/5.0 (Windows NT 10.0; Win64; x64) AppleWebKit/537.36 (KHTML, like Gecko) Chrome/91.0.4472.124 Safari/537.36"
2602:fb54:372:: - - [24/May/2025:15:35:40 -0400] "GET /404 HTTP/1.1" 404 8476 "-" "Mozilla/5.0 (Windows NT 10.0; Win64; x64) AppleWebKit/537.36 (KHTML, like Gecko) Chrome/91.0.4472.124 Safari/537.36"
2602:fb54:372:: - - [24/May/2025:15:35:43 -0400] "GET /wp-admin/ HTTP/1.1" 302 0 "-" "Mozilla/5.0 (Windows NT 10.0; Win64; x64) AppleWebKit/537.36 (KHTML, like Gecko) Chrome/91.0.4472.124 Safari/537.36"
2602:fb54:372:: - - [24/May/2025:15:35:44 -0400] "GET /404 HTTP/1.1" 404 8476 "-" "Mozilla/5.0 (Windows NT 10.0; Win64; x64) AppleWebKit/537.36 (KHTML, like Gecko) Chrome/91.0.4472.124 Safari/537.36"
2602:fb54:372:: - - [24/May/2025:15:35:45 -0400] "GET /admin HTTP/1.1" 302 0 "-" "Mozilla/5.0 (Windows NT 10.0; Win64; x64) AppleWebKit/537.36 (KHTML, like Gecko) Chrome/91.0.4472.124 Safari/537.36"
2602:fb54:372:: - - [24/May/2025:15:35:46 -0400] "GET /404 HTTP/1.1" 404 8476 "-" "Mozilla/5.0 (Windows NT 10.0; Win64; x64) AppleWebKit/537.36 (KHTML, like Gecko) Chrome/91.0.4472.124 Safari/537.36"
2602:fb54:372:: - - [24/May/2025:15:35:47 -0400] "GET /user/ HTTP/1.1" 302 0 "-" "Mozilla/5.0 (Windows NT 10.0; Win64; x64) AppleWebKit/537.36 (KHTML, like Gecko) Chrome/91.0.4472.124 Safari/537.36"
2602:fb54:372:: - - [24/May/2025:15:35:48 -0400] "GET /?redirect_to=https%3A%2F%2Fclient.socialdigiinnovator.com%2Fuser%2F HTTP/1.1" 200 9205 "-" "Mozilla/5.0 (Windows NT 10.0; Win64; x64) AppleWebKit/537.36 (KHTML, like Gecko) Chrome/91.0.4472.124 Safari/537.36"
198.54.114.35 - - [24/May/2025:15:29:39 -0400] "POST /wp-cron.php?doing_wp_cron=1748114979.2508120536804199218750 HTTP/1.1" 200 0 "-" "WordPress/6.8.1; https://client.socialdigiinnovator.com"
198.54.114.35 - - [24/May/2025:15:35:42 -0400] "POST /wp-cron.php?doing_wp_cron=1748115341.5837409496307373046875 HTTP/1.1" 200 0 "-" "WordPress/6.8.1; https://client.socialdigiinnovator.com"
2602:fb54:372:: - - [24/May/2025:15:35:43 -0400] "GET /wp-admin HTTP/1.1" 301 795 "-" "Mozilla/5.0 (Windows NT 10.0; Win64; x64) AppleWebKit/537.36 (KHTML, like Gecko) Chrome/91.0.4472.124 Safari/537.36"
2602:fb54:372:: - - [24/May/2025:15:35:44 -0400] "GET /wp-login.php?redirect_to=https%3A%2F%2Fclient.socialdigiinnovator.com%2Fwp-admin%2F&reauth=1 HTTP/1.1" 302 0 "-" "Mozilla/5.0 (Windows NT 10.0; Win64; x64) AppleWebKit/537.36 (KHTML, like Gecko) Chrome/91.0.4472.124 Safari/537.36"
2602:fb54:372:: - - [24/May/2025:15:35:45 -0400] "GET /wp-admin/ HTTP/1.1" 302 0 "-" "Mozilla/5.0 (Windows NT 10.0; Win64; x64) AppleWebKit/537.36 (KHTML, like Gecko) Chrome/91.0.4472.124 Safari/537.36"
2602:fb54:372:: - - [24/May/2025:15:35:46 -0400] "GET /wp-login.php?redirect_to=https%3A%2F%2Fclient.socialdigiinnovator.com%2Fwp-admin%2F&reauth=1 HTTP/1.1" 302 0 "-" "Mozilla/5.0 (Windows NT 10.0; Win64; x64) AppleWebKit/537.36 (KHTML, like Gecko) Chrome/91.0.4472.124 Safari/537.36"
2602:fb54:372:: - - [24/May/2025:15:35:47 -0400] "GET /user HTTP/1.1" 301 0 "-" "Mozilla/5.0 (Windows NT 10.0; Win64; x64) AppleWebKit/537.36 (KHTML, like Gecko) Chrome/91.0.4472.124 Safari/537.36"
2602:fb54:372:: - - [24/May/2025:15:35:49 -0400] "POST /user HTTP/1.1" 302 0 "https://client.socialdigiinnovator.com/wp-admin/" "Mozilla/5.0 (Windows NT 10.0; Win64; x64) AppleWebKit/537.36 (KHTML, like Gecko) Chrome/91.0.4472.124 Safari/537.36"
2602:fb54:372:: - - [24/May/2025:15:35:50 -0400] "GET /?redirect_to=https%3A%2F%2Fclient.socialdigiinnovator.com%2Fuser HTTP/1.1" 200 9202 "https://client.socialdigiinnovator.com/wp-admin/" "Mozilla/5.0 (Windows NT 10.0; Win64; x64) AppleWebKit/537.36 (KHTML, like Gecko) Chrome/91.0.4472.124 Safari/537.36"
2602:fb54:372:: - - [24/May/2025:15:35:52 -0400] "GET /wp-admin/ HTTP/1.1" 302 0 "-" "Mozilla/5.0 (Windows NT 10.0; Win64; x64) AppleWebKit/537.36 (KHTML, like Gecko) Chrome/91.0.4472.124 Safari/537.36"
2602:fb54:372:: - - [24/May/2025:15:35:52 -0400] "GET /wp-login.php?redirect_to=https%3A%2F%2Fclient.socialdigiinnovator.com%2Fwp-admin%2F&reauth=1 HTTP/1.1" 302 0 "-" "Mozilla/5.0 (Windows NT 10.0; Win64; x64) AppleWebKit/537.36 (KHTML, like Gecko) Chrome/91.0.4472.124 Safari/537.36"
2602:fb54:372:: - - [24/May/2025:15:35:53 -0400] "GET /404 HTTP/1.1" 404 8474 "-" "Mozilla/5.0 (Windows NT 10.0; Win64; x64) AppleWebKit/537.36 (KHTML, like Gecko) Chrome/91.0.4472.124 Safari/537.36"
156.228.184.218 - - [24/May/2025:15:42:58 -0400] "GET /404 HTTP/1.1" 404 8476 "-" "Mozilla/5.0 (Windows NT 10.0; Win64; x64) AppleWebKit/537.36 (KHTML, like Gecko) Chrome/115.0.0.0 Safari/537.36 Edg/115.0.1901.203"
198.54.114.35 - - [24/May/2025:15:51:50 -0400] "POST /wp-cron.php?doing_wp_cron=1748116310.5249679088592529296875 HTTP/1.1" 200 0 "-" "WordPress/6.8.1; https://client.socialdigiinnovator.com"
198.54.114.35 - - [24/May/2025:15:42:55 -0400] "POST /wp-cron.php?doing_wp_cron=1748115775.7953259944915771484375 HTTP/1.1" 200 0 "-" "WordPress/6.8.1; https://client.socialdigiinnovator.com"
156.228.184.218 - - [24/May/2025:15:42:52 -0400] "GET /wp-admin/admin.php HTTP/1.1" 302 0 "-" "Mozilla/5.0 (Windows NT 10.0; Win64; x64) AppleWebKit/537.36 (KHTML, like Gecko) Chrome/115.0.0.0 Safari/537.36 Edg/115.0.1901.203"
156.228.184.218 - - [24/May/2025:15:42:56 -0400] "GET /wp-login.php?redirect_to=https%3A%2F%2Fclient.socialdigiinnovator.com%2Fwp-admin%2Fadmin.php&reauth=1 HTTP/1.1" 302 0 "-" "Mozilla/5.0 (Windows NT 10.0; Win64; x64) AppleWebKit/537.36 (KHTML, like Gecko) Chrome/115.0.0.0 Safari/537.36 Edg/115.0.1901.203"
43.167.241.46 - - [24/May/2025:15:51:45 -0400] "GET / HTTP/1.1" 200 9190 "http://client.socialdigiinnovator.com" "Mozilla/5.0 (iPhone; CPU iPhone OS 13_2_3 like Mac OS X) AppleWebKit/605.1.15 (KHTML, like Gecko) Version/13.0.3 Mobile/15E148 Safari/604.1"