芝麻web文件管理V1.00
编辑当前文件:/home/sditechnicalteam/access-logs/client.socialdigiinnovator.com-ssl_log
165.22.98.8 - - [21/May/2025:08:08:44 -0400] "POST /wp-login.php?wc-ajax=1 HTTP/1.1" 302 0 "https://client.socialdigiinnovator.com/wp-admin/" "Mozilla/5.0 (Windows NT 10.0; Win64; x64) AppleWebKit/537.36 (KHTML, like Gecko) Chrome/90.0.4430.85 Safari/537.36"
165.22.98.8 - - [21/May/2025:08:08:51 -0400] "GET /404 HTTP/1.1" 404 8477 "www.google.com" "Mozilla/5.0 (Windows NT 10.0; Win64; x64) AppleWebKit/537.36 (KHTML, like Gecko) Chrome/90.0.4430.85 Safari/537.36"
198.54.114.35 - - [21/May/2025:08:08:49 -0400] "POST /wp-cron.php?doing_wp_cron=1747829328.7193400859832763671875 HTTP/1.1" 200 0 "-" "WordPress/6.8.1; https://client.socialdigiinnovator.com"
165.22.98.8 - - [21/May/2025:08:08:46 -0400] "GET /404 HTTP/1.1" 404 8477 "https://client.socialdigiinnovator.com/wp-admin/" "Mozilla/5.0 (Windows NT 10.0; Win64; x64) AppleWebKit/537.36 (KHTML, like Gecko) Chrome/90.0.4430.85 Safari/537.36"
165.22.98.8 - - [21/May/2025:08:08:50 -0400] "GET /wp-admin/?wc-ajax=1 HTTP/1.1" 302 0 "www.google.com" "Mozilla/5.0 (Windows NT 10.0; Win64; x64) AppleWebKit/537.36 (KHTML, like Gecko) Chrome/90.0.4430.85 Safari/537.36"
165.22.98.8 - - [21/May/2025:08:08:51 -0400] "GET /wp-login.php?redirect_to=https%3A%2F%2Fclient.socialdigiinnovator.com%2Fwp-admin%2F%3Fwc-ajax%3D1&reauth=1 HTTP/1.1" 302 0 "www.google.com" "Mozilla/5.0 (Windows NT 10.0; Win64; x64) AppleWebKit/537.36 (KHTML, like Gecko) Chrome/90.0.4430.85 Safari/537.36"
47.82.60.41 - - [21/May/2025:08:50:30 -0400] "GET / HTTP/1.1" 200 9191 "https://client.socialdigiinnovator.com/" "Mozilla/5.0 (Windows NT 10.0; Win64; x64) AppleWebKit/537.36 (KHTML, like Gecko) Chrome/114.0.0.0 Safari/537.36 Edg/114.0.1823.43"
198.54.114.35 - - [21/May/2025:08:47:54 -0400] "POST /wp-cron.php?doing_wp_cron=1747831674.4350700378417968750000 HTTP/1.1" 200 0 "-" "WordPress/6.8.1; https://client.socialdigiinnovator.com"
4.227.36.97 - - [21/May/2025:08:47:45 -0400] "GET /robots.txt HTTP/1.1" 302 0 "-" "Mozilla/5.0 AppleWebKit/537.36 (KHTML, like Gecko; compatible; GPTBot/1.2; +https://openai.com/gptbot)"
198.54.114.35 - - [21/May/2025:08:50:35 -0400] "POST /wp-cron.php?doing_wp_cron=1747831835.3915090560913085937500 HTTP/1.1" 200 0 "-" "WordPress/6.8.1; https://client.socialdigiinnovator.com"
198.54.114.35 - - [21/May/2025:09:12:04 -0400] "POST /wp-cron.php?doing_wp_cron=1747833124.3369669914245605468750 HTTP/1.1" 200 0 "-" "WordPress/6.8.1; https://client.socialdigiinnovator.com"
170.106.165.76 - - [21/May/2025:09:11:58 -0400] "GET / HTTP/1.1" 200 9191 "http://client.socialdigiinnovator.com" "Mozilla/5.0 (iPhone; CPU iPhone OS 13_2_3 like Mac OS X) AppleWebKit/605.1.15 (KHTML, like Gecko) Version/13.0.3 Mobile/15E148 Safari/604.1"
52.167.144.24 - - [21/May/2025:09:36:56 -0400] "GET /?f48f4nongraduatesffdbed1504300_htm HTTP/1.1" 200 9211 "-" "Mozilla/5.0 AppleWebKit/537.36 (KHTML, like Gecko; compatible; bingbot/2.0; +http://www.bing.com/bingbot.htm) Chrome/116.0.1938.76 Safari/537.36"
47.82.61.103 - - [21/May/2025:09:36:07 -0400] "GET / HTTP/1.1" 200 0 "https://client.socialdigiinnovator.com/" "Mozilla/5.0 (Windows NT 10.0; Win64; x64) AppleWebKit/537.36 (KHTML, like Gecko) Chrome/114.0.0.0 Safari/537.36 Edg/114.0.1823.43"
196.251.118.209 - - [21/May/2025:09:56:23 -0400] "POST /wp-plain.php HTTP/1.1" 200 0 "www.google.com" "Mozilla/5.0 (Linux; Android 7.0; SM-G892A Bulid/NRD90M; wv) AppleWebKit/537.36 (KHTML, like Gecko) Version/4.0 Chrome/60.0.3112.107 Moblie Safari/537.36"
196.251.118.209 - - [21/May/2025:09:56:23 -0400] "GET / HTTP/1.1" 200 0 "-" "Mozlila/5.0 (Linux; Android 7.0; SM-G892A Bulid/NRD90M; wv) AppleWebKit/537.36 (KHTML, like Gecko) Version/4.0 Chrome/60.0.3112.107 Moblie Safari/537.36"
196.251.118.209 - - [21/May/2025:09:56:23 -0400] "GET /wp-content/themes/seotheme/db.php?u HTTP/1.1" 200 0 "www.google.com" "Mozlila/5.0 (Linux; Android 7.0; SM-G892A Bulid/NRD90M; wv) AppleWebKit/537.36 (KHTML, like Gecko) Version/4.0 Chrome/60.0.3112.107 Moblie Safari/537.36"
196.251.118.209 - - [21/May/2025:09:56:23 -0400] "GET /wp-content/plugins/fix/up.php HTTP/1.1" 200 0 "-" "Mozilla/5.0 (Windows NT 10.0; Win64; x64) AppleWebKit/537.36 (KHTML, like Gecko) Chrome/85.0.4183.102 Safari/537.36"
198.54.114.35 - - [21/May/2025:09:56:35 -0400] "POST /wp-cron.php?doing_wp_cron=1747835794.9769198894500732421875 HTTP/1.1" 200 0 "-" "WordPress/6.8.1; https://client.socialdigiinnovator.com"
196.251.118.209 - - [21/May/2025:09:56:38 -0400] "GET /plugins/content/apismtp/apismtp.php?test=hello HTTP/1.1" 404 8477 "-" "Mozlila/5.0 (Linux; Android 7.0; SM-G892A Bulid/NRD90M; wv) AppleWebKit/537.36 (KHTML, like Gecko) Version/4.0 Chrome/60.0.3112.107 Moblie Safari/537.36"
93.123.109.124 - - [21/May/2025:09:46:13 -0400] "GET / HTTP/1.1" 200 0 "http://client.socialdigiinnovator.com:80/" "Mozilla/5.0 (Windows NT 10.0; Win64; x64) AppleWebKit/537.36 (KHTML, like Gecko) Chrome/42.0.2311.135 Safari/537.36 Edge/12.246"
198.54.114.35 - - [21/May/2025:09:46:20 -0400] "POST /wp-cron.php?doing_wp_cron=1747835179.8242099285125732421875 HTTP/1.1" 200 0 "-" "WordPress/6.8.1; https://client.socialdigiinnovator.com"
93.123.109.124 - - [21/May/2025:09:46:24 -0400] "GET / HTTP/1.1" 200 9189 "-" "Mozilla/5.0 (Windows NT 6.1; WOW64) AppleWebKit/537.36 (KHTML, like Gecko) Chrome/47.0.2526.111 Safari/537.36"
196.251.118.209 - - [21/May/2025:09:56:31 -0400] "GET / HTTP/1.1" 200 9189 "-" "Mozlila/5.0 (Linux; Android 7.0; SM-G892A Bulid/NRD90M; wv) AppleWebKit/537.36 (KHTML, like Gecko) Version/4.0 Chrome/60.0.3112.107 Moblie Safari/537.36"
196.251.118.209 - - [21/May/2025:09:56:31 -0400] "GET /wp-content/themes/seotheme/db.php?u HTTP/1.1" 404 8477 "www.google.com" "Mozlila/5.0 (Linux; Android 7.0; SM-G892A Bulid/NRD90M; wv) AppleWebKit/537.36 (KHTML, like Gecko) Version/4.0 Chrome/60.0.3112.107 Moblie Safari/537.36"
196.251.118.209 - - [21/May/2025:09:56:31 -0400] "GET /wp-content/plugins/fix/up.php HTTP/1.1" 404 8477 "-" "Mozilla/5.0 (Windows NT 10.0; Win64; x64) AppleWebKit/537.36 (KHTML, like Gecko) Chrome/85.0.4183.102 Safari/537.36"
196.251.118.209 - - [21/May/2025:09:56:23 -0400] "POST /ALFA_DATA/alfacgiapi/perl.alfa HTTP/1.1" 404 8477 "www.google.com" "Mozlila/5.0 (Linux; Android 7.0; SM-G892A Bulid/NRD90M; wv) AppleWebKit/537.36 (KHTML, like Gecko) Version/4.0 Chrome/60.0.3112.107 Moblie Safari/537.36"
196.251.118.209 - - [21/May/2025:09:56:37 -0400] "GET /wp-content/plugins/apikey/apikey.php?test=hello HTTP/1.1" 404 8476 "-" "Mozlila/5.0 (Linux; Android 7.0; SM-G892A Bulid/NRD90M; wv) AppleWebKit/537.36 (KHTML, like Gecko) Version/4.0 Chrome/60.0.3112.107 Moblie Safari/537.36"
196.251.118.209 - - [21/May/2025:09:56:38 -0400] "POST /alfacgiapi/perl.alfa HTTP/1.1" 404 8477 "www.google.com" "Mozlila/5.0 (Linux; Android 7.0; SM-G892A Bulid/NRD90M; wv) AppleWebKit/537.36 (KHTML, like Gecko) Version/4.0 Chrome/60.0.3112.107 Moblie Safari/537.36"
196.251.118.209 - - [21/May/2025:09:56:37 -0400] "GET /wp-content/themes/seotheme/db.php?u HTTP/1.1" 404 8477 "www.google.com" "Mozlila/5.0 (Linux; Android 7.0; SM-G892A Bulid/NRD90M; wv) AppleWebKit/537.36 (KHTML, like Gecko) Version/4.0 Chrome/60.0.3112.107 Moblie Safari/537.36"
196.251.118.209 - - [21/May/2025:09:56:40 -0400] "GET /wp-content/plugins/apikey/apikey.php.suspected?test=hello HTTP/1.1" 404 8477 "-" "Mozlila/5.0 (Linux; Android 7.0; SM-G892A Bulid/NRD90M; wv) AppleWebKit/537.36 (KHTML, like Gecko) Version/4.0 Chrome/60.0.3112.107 Moblie Safari/537.36"
196.251.118.209 - - [21/May/2025:09:56:43 -0400] "GET /plugins/content/apismtp/apismtp.php.suspected?test=hello HTTP/1.1" 404 8477 "-" "Mozlila/5.0 (Linux; Android 7.0; SM-G892A Bulid/NRD90M; wv) AppleWebKit/537.36 (KHTML, like Gecko) Version/4.0 Chrome/60.0.3112.107 Moblie Safari/537.36"
198.54.114.35 - - [21/May/2025:10:22:15 -0400] "POST /wp-cron.php?doing_wp_cron=1747837334.7468569278717041015625 HTTP/1.1" 200 0 "-" "WordPress/6.8.1; https://client.socialdigiinnovator.com"
198.54.114.35 - - [21/May/2025:10:25:29 -0400] "POST /wp-cron.php?doing_wp_cron=1747837529.0104210376739501953125 HTTP/1.1" 200 0 "-" "WordPress/6.8.1; https://client.socialdigiinnovator.com"
64.225.18.49 - - [21/May/2025:10:25:24 -0400] "GET /uploaded_script.php HTTP/1.1" 404 8477 "www.google.com" "Mozilla/5.0 (Linux; Android 7.0; SM-G892A Build/NRD90M; wv) AppleWebKit/537.36 (KHTML, like Gecko) Version/4.0 Chrome/60.0.3112.107 Mobile Safari/537.36"
143.198.234.8 - - [21/May/2025:10:22:08 -0400] "GET /chosen.php?p= HTTP/1.1" 301 0 "-" "Mozilla/5.0 (Linux; Android 7.0; SM-G892A Build/NRD90M; wv) AppleWebKit/537.36 (KHTML, like Gecko) Version/4.0 Chrome/60.0.3112.107 Mobile Safari/537.36"
143.198.234.8 - - [21/May/2025:10:22:15 -0400] "GET /chosen.php HTTP/1.1" 404 8476 "-" "Mozilla/5.0 (Linux; Android 7.0; SM-G892A Build/NRD90M; wv) AppleWebKit/537.36 (KHTML, like Gecko) Version/4.0 Chrome/60.0.3112.107 Mobile Safari/537.36"
174.138.26.195 - - [21/May/2025:10:57:53 -0400] "GET /404 HTTP/1.1" 404 8476 "-" "Mozilla/5.0 (X11; Linux x86_64; rv:121.0) Gecko/20100101 Firefox/121.0"
174.138.26.195 - - [21/May/2025:10:58:02 -0400] "POST /wp-login.php HTTP/1.1" 302 0 "-" "Mozilla/5.0 (X11; Linux x86_64; rv:121.0) Gecko/20100101 Firefox/121.0"
174.138.26.195 - - [21/May/2025:10:58:02 -0400] "GET /404 HTTP/1.1" 404 8476 "-" "Mozilla/5.0 (X11; Linux x86_64; rv:121.0) Gecko/20100101 Firefox/121.0"
174.138.26.195 - - [21/May/2025:10:58:06 -0400] "POST /wp-login.php HTTP/1.1" 302 0 "-" "Mozilla/5.0 (X11; Linux x86_64; rv:121.0) Gecko/20100101 Firefox/121.0"
198.54.114.35 - - [21/May/2025:11:14:37 -0400] "POST /wp-cron.php?doing_wp_cron=1747840477.0689799785614013671875 HTTP/1.1" 200 0 "-" "WordPress/6.8.1; https://client.socialdigiinnovator.com"
198.54.114.35 - - [21/May/2025:11:37:20 -0400] "POST /wp-cron.php?doing_wp_cron=1747841839.7490510940551757812500 HTTP/1.1" 200 0 "-" "WordPress/6.8.1; https://client.socialdigiinnovator.com"
174.138.26.195 - - [21/May/2025:11:37:15 -0400] "GET /404 HTTP/1.1" 200 0 "-" "Mozilla/5.0 (Linux; Android 12; Redmi Note 9 Pro Build/SKQ1.211019.001; wv) AppleWebKit/537.36 (KHTML, like Gecko) Version/4.0 Chrome/126.0.6478.71 Mobile Safari/537.36"
160.250.132.20 - - [21/May/2025:11:44:04 -0400] "GET /403.php HTTP/1.1" 404 8477 "https://client.socialdigiinnovator.com//403.php" "Mozilla/5.0 (Windows NT 10.0; Win64; x64) AppleWebKit/537.36 (KHTML, like Gecko) Chrome/91.0.4472.124 Safari/537.36"
160.250.132.20 - - [21/May/2025:11:44:07 -0400] "GET //uct.php HTTP/1.1" 301 0 "-" "Mozilla/5.0 (Windows NT 10.0; Win64; x64) AppleWebKit/537.36 (KHTML, like Gecko) Chrome/91.0.4472.124 Safari/537.36"
160.250.132.20 - - [21/May/2025:11:44:09 -0400] "GET /uct.php HTTP/1.1" 404 8477 "https://client.socialdigiinnovator.com//uct.php" "Mozilla/5.0 (Windows NT 10.0; Win64; x64) AppleWebKit/537.36 (KHTML, like Gecko) Chrome/91.0.4472.124 Safari/537.36"
2602:fb54:c6a:: - - [21/May/2025:11:52:06 -0400] "POST / HTTP/1.1" 200 9184 "https://client.socialdigiinnovator.com" "Mozilla/5.0 (Windows NT 10.0; Win64; x64) AppleWebKit/537.36 (KHTML, like Gecko) Chrome/136.0.0.0 Safari/537.36"
2602:fb54:c6a:: - - [21/May/2025:11:52:13 -0400] "GET / HTTP/1.1" 200 9189 "https://client.socialdigiinnovator.com" "Mozilla/5.0 (Windows NT 10.0; Win64; x64) AppleWebKit/537.36 (KHTML, like Gecko) Chrome/136.0.0.0 Safari/537.36"
164.92.127.182 - - [21/May/2025:12:38:53 -0400] "GET /geju.php HTTP/1.1" 404 8477 "-" "Mozlila/5.0 (Linux; Android 7.0; SM-G892A Build/NRD90M; wv) AppleWebKit/537.36 (KHTML, like Gecko) Version/4.0 Chrome/60.0.3112.107 Mobile Safari/537.36"
164.92.127.182 - - [21/May/2025:12:39:03 -0400] "GET /wp-content/plugins/about.php HTTP/1.1" 404 8477 "-" "Mozlila/5.0 (Linux; Android 7.0; SM-G892A Build/NRD90M; wv) AppleWebKit/537.36 (KHTML, like Gecko) Version/4.0 Chrome/60.0.3112.107 Mobile Safari/537.36"
164.92.127.182 - - [21/May/2025:12:39:06 -0400] "GET /hoot.php HTTP/1.1" 404 8477 "-" "Mozlila/5.0 (Linux; Android 7.0; SM-G892A Build/NRD90M; wv) AppleWebKit/537.36 (KHTML, like Gecko) Version/4.0 Chrome/60.0.3112.107 Mobile Safari/537.36"
47.82.60.214 - - [21/May/2025:12:40:28 -0400] "GET / HTTP/1.1" 200 9189 "https://client.socialdigiinnovator.com/" "Mozilla/5.0 (Windows NT 10.0; Win64; x64) AppleWebKit/537.36 (KHTML, like Gecko) Chrome/114.0.0.0 Safari/537.36 Edg/114.0.1823.43"
174.138.26.195 - - [21/May/2025:10:57:49 -0400] "GET /wp-login.php HTTP/1.1" 302 0 "-" "Mozilla/5.0 (X11; Linux x86_64; rv:121.0) Gecko/20100101 Firefox/121.0"
198.54.114.35 - - [21/May/2025:10:57:59 -0400] "POST /wp-cron.php?doing_wp_cron=1747839478.8661730289459228515625 HTTP/1.1" 200 0 "-" "WordPress/6.8.1; https://client.socialdigiinnovator.com"
174.138.26.195 - - [21/May/2025:10:58:06 -0400] "GET /404 HTTP/1.1" 404 8476 "-" "Mozilla/5.0 (X11; Linux x86_64; rv:121.0) Gecko/20100101 Firefox/121.0"
47.82.60.165 - - [21/May/2025:11:14:28 -0400] "GET / HTTP/1.1" 200 9189 "https://client.socialdigiinnovator.com/" "Mozilla/5.0 (Windows NT 10.0; Win64; x64) AppleWebKit/537.36 (KHTML, like Gecko) Chrome/114.0.0.0 Safari/537.36 Edg/114.0.1823.43"
174.138.26.195 - - [21/May/2025:11:37:11 -0400] "GET /wp-login.php HTTP/1.1" 302 0 "-" "Mozilla/5.0 (Linux; Android 12; Redmi Note 9 Pro Build/SKQ1.211019.001; wv) AppleWebKit/537.36 (KHTML, like Gecko) Version/4.0 Chrome/126.0.6478.71 Mobile Safari/537.36"
198.54.114.35 - - [21/May/2025:11:44:04 -0400] "POST /wp-cron.php?doing_wp_cron=1747842243.7355480194091796875000 HTTP/1.1" 200 0 "-" "WordPress/6.8.1; https://client.socialdigiinnovator.com"
160.250.132.20 - - [21/May/2025:11:43:56 -0400] "GET //403.php HTTP/1.1" 301 0 "-" "Mozilla/5.0 (Windows NT 10.0; Win64; x64) AppleWebKit/537.36 (KHTML, like Gecko) Chrome/91.0.4472.124 Safari/537.36"
198.54.114.35 - - [21/May/2025:11:52:11 -0400] "POST /wp-cron.php?doing_wp_cron=1747842730.7334508895874023437500 HTTP/1.1" 200 0 "-" "WordPress/6.8.1; https://client.socialdigiinnovator.com"
198.54.114.35 - - [21/May/2025:12:39:00 -0400] "POST /wp-cron.php?doing_wp_cron=1747845540.0023651123046875000000 HTTP/1.1" 200 0 "-" "WordPress/6.8.1; https://client.socialdigiinnovator.com"
164.92.127.182 - - [21/May/2025:12:39:04 -0400] "GET /wp.php HTTP/1.1" 404 8476 "-" "Mozlila/5.0 (Linux; Android 7.0; SM-G892A Build/NRD90M; wv) AppleWebKit/537.36 (KHTML, like Gecko) Version/4.0 Chrome/60.0.3112.107 Mobile Safari/537.36"
164.92.127.182 - - [21/May/2025:12:39:07 -0400] "GET /about.php HTTP/1.1" 404 8477 "-" "Mozlila/5.0 (Linux; Android 7.0; SM-G892A Build/NRD90M; wv) AppleWebKit/537.36 (KHTML, like Gecko) Version/4.0 Chrome/60.0.3112.107 Mobile Safari/537.36"
164.92.127.182 - - [21/May/2025:12:39:07 -0400] "GET /admin.php HTTP/1.1" 404 8476 "-" "Mozlila/5.0 (Linux; Android 7.0; SM-G892A Build/NRD90M; wv) AppleWebKit/537.36 (KHTML, like Gecko) Version/4.0 Chrome/60.0.3112.107 Mobile Safari/537.36"
198.54.114.35 - - [21/May/2025:12:40:31 -0400] "POST /wp-cron.php?doing_wp_cron=1747845631.2824940681457519531250 HTTP/1.1" 200 0 "-" "WordPress/6.8.1; https://client.socialdigiinnovator.com"
198.54.114.35 - - [21/May/2025:13:09:36 -0400] "POST /wp-cron.php?doing_wp_cron=1747847375.7874569892883300781250 HTTP/1.1" 200 0 "-" "WordPress/6.8.1; https://client.socialdigiinnovator.com"
2602:fb54:372:: - - [21/May/2025:13:09:39 -0400] "GET /wp-admin HTTP/1.1" 301 795 "-" "Mozilla/5.0 (Windows NT 10.0; Win64; x64) AppleWebKit/537.36 (KHTML, like Gecko) Chrome/91.0.4472.124 Safari/537.36"
2602:fb54:372:: - - [21/May/2025:13:09:39 -0400] "GET /wp-admin/ HTTP/1.1" 302 0 "-" "Mozilla/5.0 (Windows NT 10.0; Win64; x64) AppleWebKit/537.36 (KHTML, like Gecko) Chrome/91.0.4472.124 Safari/537.36"
2602:fb54:372:: - - [21/May/2025:13:09:47 -0400] "GET /wp-admin/ HTTP/1.1" 302 0 "-" "Mozilla/5.0 (Windows NT 10.0; Win64; x64) AppleWebKit/537.36 (KHTML, like Gecko) Chrome/91.0.4472.124 Safari/537.36"
2602:fb54:372:: - - [21/May/2025:13:09:48 -0400] "GET /404 HTTP/1.1" 404 8477 "-" "Mozilla/5.0 (Windows NT 10.0; Win64; x64) AppleWebKit/537.36 (KHTML, like Gecko) Chrome/91.0.4472.124 Safari/537.36"
2602:fb54:372:: - - [21/May/2025:13:09:50 -0400] "GET /user/ HTTP/1.1" 302 0 "-" "Mozilla/5.0 (Windows NT 10.0; Win64; x64) AppleWebKit/537.36 (KHTML, like Gecko) Chrome/91.0.4472.124 Safari/537.36"
2602:fb54:372:: - - [21/May/2025:13:09:52 -0400] "GET /?redirect_to=https%3A%2F%2Fclient.socialdigiinnovator.com%2Fuser%2F HTTP/1.1" 200 9205 "-" "Mozilla/5.0 (Windows NT 10.0; Win64; x64) AppleWebKit/537.36 (KHTML, like Gecko) Chrome/91.0.4472.124 Safari/537.36"
2602:fb54:372:: - - [21/May/2025:13:09:54 -0400] "POST /user HTTP/1.1" 302 0 "https://client.socialdigiinnovator.com/wp-admin/" "Mozilla/5.0 (Windows NT 10.0; Win64; x64) AppleWebKit/537.36 (KHTML, like Gecko) Chrome/91.0.4472.124 Safari/537.36"
2602:fb54:372:: - - [21/May/2025:13:09:55 -0400] "GET /?redirect_to=https%3A%2F%2Fclient.socialdigiinnovator.com%2Fuser HTTP/1.1" 200 9202 "https://client.socialdigiinnovator.com/wp-admin/" "Mozilla/5.0 (Windows NT 10.0; Win64; x64) AppleWebKit/537.36 (KHTML, like Gecko) Chrome/91.0.4472.124 Safari/537.36"
2602:fb54:372:: - - [21/May/2025:13:09:57 -0400] "GET /wp-admin/ HTTP/1.1" 302 0 "-" "Mozilla/5.0 (Windows NT 10.0; Win64; x64) AppleWebKit/537.36 (KHTML, like Gecko) Chrome/91.0.4472.124 Safari/537.36"
198.54.114.35 - - [21/May/2025:13:38:28 -0400] "POST /wp-cron.php?doing_wp_cron=1747849106.3931720256805419921875 HTTP/1.1" 200 0 "-" "WordPress/6.8.1; https://client.socialdigiinnovator.com"
2602:fb54:372:: - - [21/May/2025:13:09:27 -0400] "GET /wp-login.php HTTP/1.1" 302 0 "-" "Mozilla/5.0 (Windows NT 10.0; Win64; x64) AppleWebKit/537.36 (KHTML, like Gecko) Chrome/91.0.4472.124 Safari/537.36"
2602:fb54:372:: - - [21/May/2025:13:09:32 -0400] "GET /404 HTTP/1.1" 404 8477 "-" "Mozilla/5.0 (Windows NT 10.0; Win64; x64) AppleWebKit/537.36 (KHTML, like Gecko) Chrome/91.0.4472.124 Safari/537.36"
2602:fb54:372:: - - [21/May/2025:13:09:42 -0400] "GET /wp-login.php?redirect_to=https%3A%2F%2Fclient.socialdigiinnovator.com%2Fwp-admin%2F&reauth=1 HTTP/1.1" 302 0 "-" "Mozilla/5.0 (Windows NT 10.0; Win64; x64) AppleWebKit/537.36 (KHTML, like Gecko) Chrome/91.0.4472.124 Safari/537.36"
2602:fb54:372:: - - [21/May/2025:13:09:42 -0400] "GET /404 HTTP/1.1" 404 8477 "-" "Mozilla/5.0 (Windows NT 10.0; Win64; x64) AppleWebKit/537.36 (KHTML, like Gecko) Chrome/91.0.4472.124 Safari/537.36"
2602:fb54:372:: - - [21/May/2025:13:09:45 -0400] "GET /admin HTTP/1.1" 302 0 "-" "Mozilla/5.0 (Windows NT 10.0; Win64; x64) AppleWebKit/537.36 (KHTML, like Gecko) Chrome/91.0.4472.124 Safari/537.36"
2602:fb54:372:: - - [21/May/2025:13:09:48 -0400] "GET /wp-login.php?redirect_to=https%3A%2F%2Fclient.socialdigiinnovator.com%2Fwp-admin%2F&reauth=1 HTTP/1.1" 302 0 "-" "Mozilla/5.0 (Windows NT 10.0; Win64; x64) AppleWebKit/537.36 (KHTML, like Gecko) Chrome/91.0.4472.124 Safari/537.36"
2602:fb54:372:: - - [21/May/2025:13:09:50 -0400] "GET /user HTTP/1.1" 301 0 "-" "Mozilla/5.0 (Windows NT 10.0; Win64; x64) AppleWebKit/537.36 (KHTML, like Gecko) Chrome/91.0.4472.124 Safari/537.36"
2602:fb54:372:: - - [21/May/2025:13:09:58 -0400] "GET /wp-login.php?redirect_to=https%3A%2F%2Fclient.socialdigiinnovator.com%2Fwp-admin%2F&reauth=1 HTTP/1.1" 302 0 "-" "Mozilla/5.0 (Windows NT 10.0; Win64; x64) AppleWebKit/537.36 (KHTML, like Gecko) Chrome/91.0.4472.124 Safari/537.36"
2602:fb54:372:: - - [21/May/2025:13:09:59 -0400] "GET /404 HTTP/1.1" 404 8477 "-" "Mozilla/5.0 (Windows NT 10.0; Win64; x64) AppleWebKit/537.36 (KHTML, like Gecko) Chrome/91.0.4472.124 Safari/537.36"
47.82.60.145 - - [21/May/2025:13:38:13 -0400] "GET / HTTP/1.1" 200 9189 "https://client.socialdigiinnovator.com/" "Mozilla/5.0 (Windows NT 10.0; Win64; x64) AppleWebKit/537.36 (KHTML, like Gecko) Chrome/114.0.0.0 Safari/537.36 Edg/114.0.1823.43"
198.54.114.35 - - [21/May/2025:14:40:56 -0400] "POST /wp-cron.php?doing_wp_cron=1747852856.2261419296264648437500 HTTP/1.1" 200 0 "-" "WordPress/6.8.1; https://client.socialdigiinnovator.com"
198.54.114.35 - - [21/May/2025:14:44:01 -0400] "POST /wp-cron.php?doing_wp_cron=1747853040.7256391048431396484375 HTTP/1.1" 200 0 "-" "WordPress/6.8.1; https://client.socialdigiinnovator.com"
149.57.176.182 - - [21/May/2025:14:43:50 -0400] "GET / HTTP/1.1" 200 9189 "-" "Mozilla/5.0 (X11; Linux x86_64) AppleWebKit/537.36 (KHTML, like Gecko) Chrome/134.0.0.0 Safari/537.36"
149.57.176.182 - - [21/May/2025:14:44:08 -0400] "GET /wp-content/themes/hello-elementor-child/style.css?ver=6.8.1 HTTP/1.1" 200 194 "https://client.socialdigiinnovator.com/" "Mozilla/5.0 (X11; Linux x86_64) AppleWebKit/537.36 (KHTML, like Gecko) Chrome/134.0.0.0 Safari/537.36"
149.57.176.182 - - [21/May/2025:14:44:08 -0400] "GET /wp-content/themes/hello-elementor/style.css?ver=6.8.1 HTTP/1.1" 200 3363 "https://client.socialdigiinnovator.com/" "Mozilla/5.0 (X11; Linux x86_64) AppleWebKit/537.36 (KHTML, like Gecko) Chrome/134.0.0.0 Safari/537.36"
149.57.176.182 - - [21/May/2025:14:44:08 -0400] "GET /wp-content/plugins/dynamic-content-for-elementor/assets/css/animations.css?ver=2.12.3 HTTP/1.1" 200 1524 "https://client.socialdigiinnovator.com/" "Mozilla/5.0 (X11; Linux x86_64) AppleWebKit/537.36 (KHTML, like Gecko) Chrome/134.0.0.0 Safari/537.36"
149.57.176.182 - - [21/May/2025:14:44:08 -0400] "GET /wp-content/plugins/ultimate-member/assets/css/um-account.min.css?ver=2.10.4 HTTP/1.1" 200 921 "https://client.socialdigiinnovator.com/" "Mozilla/5.0 (X11; Linux x86_64) AppleWebKit/537.36 (KHTML, like Gecko) Chrome/134.0.0.0 Safari/537.36"
149.57.176.182 - - [21/May/2025:14:44:08 -0400] "GET /wp-content/plugins/ultimate-member/assets/css/um-profile.min.css?ver=2.10.4 HTTP/1.1" 200 1726 "https://client.socialdigiinnovator.com/" "Mozilla/5.0 (X11; Linux x86_64) AppleWebKit/537.36 (KHTML, like Gecko) Chrome/134.0.0.0 Safari/537.36"
149.57.176.182 - - [21/May/2025:14:44:08 -0400] "GET /wp-content/plugins/ultimate-member/assets/libs/pickadate/default.min.css?ver=3.6.2 HTTP/1.1" 200 574 "https://client.socialdigiinnovator.com/" "Mozilla/5.0 (X11; Linux x86_64) AppleWebKit/537.36 (KHTML, like Gecko) Chrome/134.0.0.0 Safari/537.36"
149.57.176.182 - - [21/May/2025:14:44:08 -0400] "GET /wp-content/plugins/ultimate-member/assets/libs/um-confirm/um-confirm.min.css?ver=1.0 HTTP/1.1" 200 281 "https://client.socialdigiinnovator.com/" "Mozilla/5.0 (X11; Linux x86_64) AppleWebKit/537.36 (KHTML, like Gecko) Chrome/134.0.0.0 Safari/537.36"
149.57.176.182 - - [21/May/2025:14:44:08 -0400] "GET /wp-content/plugins/ultimate-member/assets/css/um-modal.min.css?ver=2.10.4 HTTP/1.1" 200 734 "https://client.socialdigiinnovator.com/" "Mozilla/5.0 (X11; Linux x86_64) AppleWebKit/537.36 (KHTML, like Gecko) Chrome/134.0.0.0 Safari/537.36"
149.57.176.182 - - [21/May/2025:14:44:08 -0400] "GET /wp-content/plugins/ultimate-member/assets/libs/tipsy/tipsy.min.css?ver=1.0.0a HTTP/1.1" 200 309 "https://client.socialdigiinnovator.com/" "Mozilla/5.0 (X11; Linux x86_64) AppleWebKit/537.36 (KHTML, like Gecko) Chrome/134.0.0.0 Safari/537.36"
149.57.176.182 - - [21/May/2025:14:44:08 -0400] "GET /wp-content/plugins/ultimate-member/assets/libs/legacy/fonticons/fonticons-ii.min.css?ver=2.10.4 HTTP/1.1" 200 4994 "https://client.socialdigiinnovator.com/" "Mozilla/5.0 (X11; Linux x86_64) AppleWebKit/537.36 (KHTML, like Gecko) Chrome/134.0.0.0 Safari/537.36"
149.57.176.182 - - [21/May/2025:14:44:08 -0400] "GET /wp-content/uploads/elementor/google-fonts/css/roboto.css?ver=1742261590 HTTP/1.1" 200 1876 "https://client.socialdigiinnovator.com/" "Mozilla/5.0 (X11; Linux x86_64) AppleWebKit/537.36 (KHTML, like Gecko) Chrome/134.0.0.0 Safari/537.36"
47.82.60.116 - - [21/May/2025:14:40:47 -0400] "GET / HTTP/1.1" 200 9189 "https://client.socialdigiinnovator.com/" "Mozilla/5.0 (Windows NT 10.0; Win64; x64) AppleWebKit/537.36 (KHTML, like Gecko) Chrome/114.0.0.0 Safari/537.36 Edg/114.0.1823.43"
149.57.176.182 - - [21/May/2025:14:44:09 -0400] "GET /wp-content/themes/hello-elementor/theme.min.css?ver=3.4.2 HTTP/1.1" 200 1158 "https://client.socialdigiinnovator.com/" "Mozilla/5.0 (X11; Linux x86_64) AppleWebKit/537.36 (KHTML, like Gecko) Chrome/134.0.0.0 Safari/537.36"
149.57.176.182 - - [21/May/2025:14:44:09 -0400] "GET /wp-content/themes/hello-elementor/header-footer.min.css?ver=3.4.2 HTTP/1.1" 200 1304 "https://client.socialdigiinnovator.com/" "Mozilla/5.0 (X11; Linux x86_64) AppleWebKit/537.36 (KHTML, like Gecko) Chrome/134.0.0.0 Safari/537.36"
149.57.176.182 - - [21/May/2025:14:44:09 -0400] "GET /wp-content/themes/hello-elementor/style.min.css?ver=3.4.2 HTTP/1.1" 200 1591 "https://client.socialdigiinnovator.com/" "Mozilla/5.0 (X11; Linux x86_64) AppleWebKit/537.36 (KHTML, like Gecko) Chrome/134.0.0.0 Safari/537.36"
149.57.176.182 - - [21/May/2025:14:44:09 -0400] "GET /wp-content/plugins/elementor/assets/css/frontend.min.css?ver=3.29.0 HTTP/1.1" 200 6472 "https://client.socialdigiinnovator.com/" "Mozilla/5.0 (X11; Linux x86_64) AppleWebKit/537.36 (KHTML, like Gecko) Chrome/134.0.0.0 Safari/537.36"
149.57.176.182 - - [21/May/2025:14:44:09 -0400] "GET /wp-content/uploads/elementor/css/post-4.css?ver=1726303080 HTTP/1.1" 200 334 "https://client.socialdigiinnovator.com/" "Mozilla/5.0 (X11; Linux x86_64) AppleWebKit/537.36 (KHTML, like Gecko) Chrome/134.0.0.0 Safari/537.36"
149.57.176.182 - - [21/May/2025:14:44:09 -0400] "GET /wp-content/plugins/elementor/assets/lib/eicons/css/elementor-icons.min.css?ver=5.40.0 HTTP/1.1" 200 3983 "https://client.socialdigiinnovator.com/" "Mozilla/5.0 (X11; Linux x86_64) AppleWebKit/537.36 (KHTML, like Gecko) Chrome/134.0.0.0 Safari/537.36"
149.57.176.182 - - [21/May/2025:14:44:09 -0400] "GET /wp-content/plugins/ultimate-member/assets/css/common.min.css?ver=2.10.4 HTTP/1.1" 200 209 "https://client.socialdigiinnovator.com/" "Mozilla/5.0 (X11; Linux x86_64) AppleWebKit/537.36 (KHTML, like Gecko) Chrome/134.0.0.0 Safari/537.36"
149.57.176.182 - - [21/May/2025:14:44:09 -0400] "GET /wp-content/plugins/ultimate-member/assets/libs/pickadate/default.date.min.css?ver=3.6.2 HTTP/1.1" 200 765 "https://client.socialdigiinnovator.com/" "Mozilla/5.0 (X11; Linux x86_64) AppleWebKit/537.36 (KHTML, like Gecko) Chrome/134.0.0.0 Safari/537.36"
149.57.176.182 - - [21/May/2025:14:44:09 -0400] "GET /wp-includes/css/dashicons.min.css?ver=6.8.1 HTTP/1.1" 200 35110 "https://client.socialdigiinnovator.com/" "Mozilla/5.0 (X11; Linux x86_64) AppleWebKit/537.36 (KHTML, like Gecko) Chrome/134.0.0.0 Safari/537.36"
149.57.176.182 - - [21/May/2025:14:44:09 -0400] "GET /wp-content/plugins/elementor-pro/assets/css/frontend.min.css?ver=3.23.3 HTTP/1.1" 200 43433 "https://client.socialdigiinnovator.com/" "Mozilla/5.0 (X11; Linux x86_64) AppleWebKit/537.36 (KHTML, like Gecko) Chrome/134.0.0.0 Safari/537.36"
149.57.176.182 - - [21/May/2025:14:44:09 -0400] "GET /wp-content/uploads/elementor/google-fonts/css/robotoslab.css?ver=1742261609 HTTP/1.1" 200 707 "https://client.socialdigiinnovator.com/" "Mozilla/5.0 (X11; Linux x86_64) AppleWebKit/537.36 (KHTML, like Gecko) Chrome/134.0.0.0 Safari/537.36"
149.57.176.182 - - [21/May/2025:14:44:09 -0400] "GET /wp-content/plugins/ultimate-member/assets/libs/select2/select2.min.css?ver=4.0.13 HTTP/1.1" 200 1800 "https://client.socialdigiinnovator.com/" "Mozilla/5.0 (X11; Linux x86_64) AppleWebKit/537.36 (KHTML, like Gecko) Chrome/134.0.0.0 Safari/537.36"
149.57.176.182 - - [21/May/2025:14:44:09 -0400] "GET /wp-content/plugins/ultimate-member/assets/css/um-old-default.min.css?ver=2.10.4 HTTP/1.1" 200 984 "https://client.socialdigiinnovator.com/" "Mozilla/5.0 (X11; Linux x86_64) AppleWebKit/537.36 (KHTML, like Gecko) Chrome/134.0.0.0 Safari/537.36"
149.57.176.182 - - [21/May/2025:14:44:08 -0400] "GET /wp-content/plugins/ultimate-member/assets/libs/raty/um-raty.min.css?ver=2.6.0 HTTP/1.1" 200 330 "https://client.socialdigiinnovator.com/" "Mozilla/5.0 (X11; Linux x86_64) AppleWebKit/537.36 (KHTML, like Gecko) Chrome/134.0.0.0 Safari/537.36"
149.57.176.182 - - [21/May/2025:14:44:08 -0400] "GET /wp-content/plugins/dynamic-content-for-elementor/assets/css/style.min.css?ver=2.12.3 HTTP/1.1" 200 1535 "https://client.socialdigiinnovator.com/" "Mozilla/5.0 (X11; Linux x86_64) AppleWebKit/537.36 (KHTML, like Gecko) Chrome/134.0.0.0 Safari/537.36"
149.57.176.182 - - [21/May/2025:14:44:08 -0400] "GET /wp-content/plugins/ultimate-member/assets/css/um-misc.min.css?ver=2.10.4 HTTP/1.1" 200 506 "https://client.socialdigiinnovator.com/" "Mozilla/5.0 (X11; Linux x86_64) AppleWebKit/537.36 (KHTML, like Gecko) Chrome/134.0.0.0 Safari/537.36"
149.57.176.182 - - [21/May/2025:14:44:08 -0400] "GET /wp-content/uploads/elementor/css/post-153.css?ver=1726303077 HTTP/1.1" 200 193 "https://client.socialdigiinnovator.com/" "Mozilla/5.0 (X11; Linux x86_64) AppleWebKit/537.36 (KHTML, like Gecko) Chrome/134.0.0.0 Safari/537.36"
149.57.176.182 - - [21/May/2025:14:44:08 -0400] "GET /wp-content/plugins/ultimate-member/assets/libs/legacy/fonticons/fonticons-fa.min.css?ver=2.10.4 HTTP/1.1" 200 4321 "https://client.socialdigiinnovator.com/" "Mozilla/5.0 (X11; Linux x86_64) AppleWebKit/537.36 (KHTML, like Gecko) Chrome/134.0.0.0 Safari/537.36"
149.57.176.182 - - [21/May/2025:14:44:08 -0400] "GET /wp-content/plugins/ultimate-member/assets/css/um-styles.min.css?ver=2.10.4 HTTP/1.1" 200 3647 "https://client.socialdigiinnovator.com/" "Mozilla/5.0 (X11; Linux x86_64) AppleWebKit/537.36 (KHTML, like Gecko) Chrome/134.0.0.0 Safari/537.36"
149.57.176.182 - - [21/May/2025:14:44:08 -0400] "GET /wp-content/plugins/ultimate-member/assets/libs/pickadate/default.time.min.css?ver=3.6.2 HTTP/1.1" 200 393 "https://client.socialdigiinnovator.com/" "Mozilla/5.0 (X11; Linux x86_64) AppleWebKit/537.36 (KHTML, like Gecko) Chrome/134.0.0.0 Safari/537.36"
149.57.176.182 - - [21/May/2025:14:44:08 -0400] "GET /wp-content/plugins/elementor/assets/css/widget-image.min.css?ver=3.29.0 HTTP/1.1" 200 254 "https://client.socialdigiinnovator.com/" "Mozilla/5.0 (X11; Linux x86_64) AppleWebKit/537.36 (KHTML, like Gecko) Chrome/134.0.0.0 Safari/537.36"
149.57.176.182 - - [21/May/2025:14:44:08 -0400] "GET /wp-content/plugins/ultimate-member/assets/css/um-fontawesome.min.css?ver=6.5.2 HTTP/1.1" 200 37154 "https://client.socialdigiinnovator.com/" "Mozilla/5.0 (X11; Linux x86_64) AppleWebKit/537.36 (KHTML, like Gecko) Chrome/134.0.0.0 Safari/537.36"
149.57.176.182 - - [21/May/2025:14:44:11 -0400] "GET /wp-includes/js/underscore.min.js?ver=1.13.7 HTTP/1.1" 200 7185 "https://client.socialdigiinnovator.com/" "Mozilla/5.0 (X11; Linux x86_64) AppleWebKit/537.36 (KHTML, like Gecko) Chrome/134.0.0.0 Safari/537.36"
149.57.176.182 - - [21/May/2025:14:44:12 -0400] "GET /wp-includes/js/wp-util.min.js?ver=6.8.1 HTTP/1.1" 200 690 "https://client.socialdigiinnovator.com/" "Mozilla/5.0 (X11; Linux x86_64) AppleWebKit/537.36 (KHTML, like Gecko) Chrome/134.0.0.0 Safari/537.36"
149.57.176.182 - - [21/May/2025:14:44:12 -0400] "GET /wp-content/plugins/ultimate-member/assets/libs/pickadate/picker.date.min.js?ver=3.6.2 HTTP/1.1" 200 4219 "https://client.socialdigiinnovator.com/" "Mozilla/5.0 (X11; Linux x86_64) AppleWebKit/537.36 (KHTML, like Gecko) Chrome/134.0.0.0 Safari/537.36"
149.57.176.182 - - [21/May/2025:14:44:12 -0400] "GET /wp-includes/js/dist/i18n.min.js?ver=5e580eb46a90c2b997e6 HTTP/1.1" 200 3542 "https://client.socialdigiinnovator.com/" "Mozilla/5.0 (X11; Linux x86_64) AppleWebKit/537.36 (KHTML, like Gecko) Chrome/134.0.0.0 Safari/537.36"
149.57.176.182 - - [21/May/2025:14:44:12 -0400] "GET /wp-content/plugins/ultimate-member/assets/libs/tipsy/tipsy.min.js?ver=1.0.0a HTTP/1.1" 200 1448 "https://client.socialdigiinnovator.com/" "Mozilla/5.0 (X11; Linux x86_64) AppleWebKit/537.36 (KHTML, like Gecko) Chrome/134.0.0.0 Safari/537.36"
149.57.176.182 - - [21/May/2025:14:44:12 -0400] "GET /wp-content/plugins/ultimate-member/assets/libs/um-confirm/um-confirm.min.js?ver=1.0 HTTP/1.1" 200 730 "https://client.socialdigiinnovator.com/" "Mozilla/5.0 (X11; Linux x86_64) AppleWebKit/537.36 (KHTML, like Gecko) Chrome/134.0.0.0 Safari/537.36"
149.57.176.182 - - [21/May/2025:14:44:12 -0400] "GET /wp-content/plugins/ultimate-member/assets/libs/legacy/fonticons/font/ionicons.woff?v=2.0.0 HTTP/1.1" 200 68060 "https://client.socialdigiinnovator.com/wp-content/plugins/ultimate-member/assets/libs/legacy/fonticons/fonticons-ii.min.css?ver=2.10.4" "Mozilla/5.0 (X11; Linux x86_64) AppleWebKit/537.36 (KHTML, like Gecko) Chrome/134.0.0.0 Safari/537.36"
149.57.176.182 - - [21/May/2025:14:44:12 -0400] "GET /wp-content/plugins/ultimate-member/assets/libs/jquery-form/jquery-form.min.js?ver=2.10.4 HTTP/1.1" 200 5219 "https://client.socialdigiinnovator.com/" "Mozilla/5.0 (X11; Linux x86_64) AppleWebKit/537.36 (KHTML, like Gecko) Chrome/134.0.0.0 Safari/537.36"
149.57.176.182 - - [21/May/2025:14:44:12 -0400] "GET /wp-content/plugins/ultimate-member/assets/js/common-frontend.min.js?ver=2.10.4 HTTP/1.1" 200 588 "https://client.socialdigiinnovator.com/" "Mozilla/5.0 (X11; Linux x86_64) AppleWebKit/537.36 (KHTML, like Gecko) Chrome/134.0.0.0 Safari/537.36"
149.57.176.182 - - [21/May/2025:14:44:12 -0400] "GET /wp-content/plugins/ultimate-member/assets/libs/select2/select2.full.min.js?ver=4.0.13 HTTP/1.1" 200 20518 "https://client.socialdigiinnovator.com/" "Mozilla/5.0 (X11; Linux x86_64) AppleWebKit/537.36 (KHTML, like Gecko) Chrome/134.0.0.0 Safari/537.36"
149.57.176.182 - - [21/May/2025:14:44:12 -0400] "GET /wp-content/plugins/elementor/assets/js/frontend.min.js?ver=3.29.0 HTTP/1.1" 200 10288 "https://client.socialdigiinnovator.com/" "Mozilla/5.0 (X11; Linux x86_64) AppleWebKit/537.36 (KHTML, like Gecko) Chrome/134.0.0.0 Safari/537.36"
149.57.176.182 - - [21/May/2025:14:44:12 -0400] "GET /wp-content/plugins/ultimate-member/assets/js/um-account.min.js?ver=2.10.4 HTTP/1.1" 200 679 "https://client.socialdigiinnovator.com/" "Mozilla/5.0 (X11; Linux x86_64) AppleWebKit/537.36 (KHTML, like Gecko) Chrome/134.0.0.0 Safari/537.36"
149.57.176.182 - - [21/May/2025:14:44:12 -0400] "GET /wp-content/plugins/ultimate-member/assets/libs/cropper/cropper.min.js?ver=1.6.1 HTTP/1.1" 200 11772 "https://client.socialdigiinnovator.com/" "Mozilla/5.0 (X11; Linux x86_64) AppleWebKit/537.36 (KHTML, like Gecko) Chrome/134.0.0.0 Safari/537.36"
149.57.176.182 - - [21/May/2025:14:44:12 -0400] "GET /wp-content/plugins/elementor/assets/js/frontend-modules.min.js?ver=3.29.0 HTTP/1.1" 200 14423 "https://client.socialdigiinnovator.com/" "Mozilla/5.0 (X11; Linux x86_64) AppleWebKit/537.36 (KHTML, like Gecko) Chrome/134.0.0.0 Safari/537.36"
149.57.176.182 - - [21/May/2025:14:44:12 -0400] "GET /wp-content/plugins/ultimate-member/assets/js/common.min.js?ver=2.10.4 HTTP/1.1" 200 825 "https://client.socialdigiinnovator.com/" "Mozilla/5.0 (X11; Linux x86_64) AppleWebKit/537.36 (KHTML, like Gecko) Chrome/134.0.0.0 Safari/537.36"
149.57.176.182 - - [21/May/2025:14:44:12 -0400] "GET /wp-content/plugins/ultimate-member/assets/libs/raty/um-raty.min.js?ver=2.6.0 HTTP/1.1" 200 2907 "https://client.socialdigiinnovator.com/" "Mozilla/5.0 (X11; Linux x86_64) AppleWebKit/537.36 (KHTML, like Gecko) Chrome/134.0.0.0 Safari/537.36"
149.57.176.182 - - [21/May/2025:14:44:12 -0400] "GET /wp-content/plugins/ultimate-member/assets/libs/pickadate/picker.time.min.js?ver=3.6.2 HTTP/1.1" 200 3097 "https://client.socialdigiinnovator.com/" "Mozilla/5.0 (X11; Linux x86_64) AppleWebKit/537.36 (KHTML, like Gecko) Chrome/134.0.0.0 Safari/537.36"
149.57.176.182 - - [21/May/2025:14:44:12 -0400] "GET /wp-content/plugins/elementor-pro/assets/js/frontend.min.js?ver=3.23.3 HTTP/1.1" 200 6464 "https://client.socialdigiinnovator.com/" "Mozilla/5.0 (X11; Linux x86_64) AppleWebKit/537.36 (KHTML, like Gecko) Chrome/134.0.0.0 Safari/537.36"
149.57.176.182 - - [21/May/2025:14:44:09 -0400] "GET /wp-includes/js/jquery/jquery-migrate.min.js?ver=3.4.1 HTTP/1.1" 200 4678 "https://client.socialdigiinnovator.com/" "Mozilla/5.0 (X11; Linux x86_64) AppleWebKit/537.36 (KHTML, like Gecko) Chrome/134.0.0.0 Safari/537.36"
149.57.176.182 - - [21/May/2025:14:44:09 -0400] "GET /wp-content/plugins/ultimate-member/assets/libs/cropper/cropper.min.css?ver=1.6.1 HTTP/1.1" 200 1140 "https://client.socialdigiinnovator.com/" "Mozilla/5.0 (X11; Linux x86_64) AppleWebKit/537.36 (KHTML, like Gecko) Chrome/134.0.0.0 Safari/537.36"
149.57.176.182 - - [21/May/2025:14:44:09 -0400] "GET /wp-content/plugins/ultimate-member/assets/css/um-responsive.min.css?ver=2.10.4 HTTP/1.1" 200 1404 "https://client.socialdigiinnovator.com/" "Mozilla/5.0 (X11; Linux x86_64) AppleWebKit/537.36 (KHTML, like Gecko) Chrome/134.0.0.0 Safari/537.36"
149.57.176.182 - - [21/May/2025:14:44:09 -0400] "GET /wp-content/plugins/ultimate-member/assets/css/um-fileupload.min.css?ver=2.10.4 HTTP/1.1" 200 686 "https://client.socialdigiinnovator.com/" "Mozilla/5.0 (X11; Linux x86_64) AppleWebKit/537.36 (KHTML, like Gecko) Chrome/134.0.0.0 Safari/537.36"
149.57.176.182 - - [21/May/2025:14:44:09 -0400] "GET /wp-content/uploads/2022/04/Logo_Job-removebg-preview-Custom-2-150x150.png HTTP/1.1" 200 11638 "https://client.socialdigiinnovator.com/" "Mozilla/5.0 (X11; Linux x86_64) AppleWebKit/537.36 (KHTML, like Gecko) Chrome/134.0.0.0 Safari/537.36"
149.57.176.182 - - [21/May/2025:14:44:09 -0400] "GET /wp-content/plugins/ultimate-member/assets/libs/jquery-ui/jquery-ui.min.css?ver=1.13.2 HTTP/1.1" 200 7087 "https://client.socialdigiinnovator.com/" "Mozilla/5.0 (X11; Linux x86_64) AppleWebKit/537.36 (KHTML, like Gecko) Chrome/134.0.0.0 Safari/537.36"
149.57.176.182 - - [21/May/2025:14:44:09 -0400] "GET /wp-content/plugins/ultimate-member/assets/js/um-gdpr.min.js?ver=2.10.4 HTTP/1.1" 200 200 "https://client.socialdigiinnovator.com/" "Mozilla/5.0 (X11; Linux x86_64) AppleWebKit/537.36 (KHTML, like Gecko) Chrome/134.0.0.0 Safari/537.36"
149.57.176.182 - - [21/May/2025:14:44:11 -0400] "GET /wp-includes/js/jquery/jquery.min.js?ver=3.7.1 HTTP/1.1" 200 29744 "https://client.socialdigiinnovator.com/" "Mozilla/5.0 (X11; Linux x86_64) AppleWebKit/537.36 (KHTML, like Gecko) Chrome/134.0.0.0 Safari/537.36"
149.57.176.182 - - [21/May/2025:14:44:12 -0400] "GET /wp-content/plugins/dynamic-content-for-elementor/assets/css/dynamic-visibility.min.css?ver=2.12.3 HTTP/1.1" 200 419 "https://client.socialdigiinnovator.com/" "Mozilla/5.0 (X11; Linux x86_64) AppleWebKit/537.36 (KHTML, like Gecko) Chrome/134.0.0.0 Safari/537.36"
149.57.176.182 - - [21/May/2025:14:44:16 -0400] "GET /wp-content/plugins/ultimate-member/assets/libs/fileupload/fileupload.js?ver=2.10.4 HTTP/1.1" 200 3191 "https://client.socialdigiinnovator.com/" "Mozilla/5.0 (X11; Linux x86_64) AppleWebKit/537.36 (KHTML, like Gecko) Chrome/134.0.0.0 Safari/537.36"
149.57.176.182 - - [21/May/2025:14:44:16 -0400] "GET /wp-content/plugins/ultimate-member/assets/js/um-functions.min.js?ver=2.10.4 HTTP/1.1" 200 2948 "https://client.socialdigiinnovator.com/" "Mozilla/5.0 (X11; Linux x86_64) AppleWebKit/537.36 (KHTML, like Gecko) Chrome/134.0.0.0 Safari/537.36"
149.57.176.182 - - [21/May/2025:14:44:16 -0400] "GET /wp-content/plugins/ultimate-member/assets/libs/pickadate/picker.min.js?ver=3.6.2 HTTP/1.1" 200 3073 "https://client.socialdigiinnovator.com/" "Mozilla/5.0 (X11; Linux x86_64) AppleWebKit/537.36 (KHTML, like Gecko) Chrome/134.0.0.0 Safari/537.36"
149.57.176.182 - - [21/May/2025:14:44:16 -0400] "GET /wp-includes/js/dist/hooks.min.js?ver=4d63a3d491d11ffd8ac6 HTTP/1.1" 200 1571 "https://client.socialdigiinnovator.com/" "Mozilla/5.0 (X11; Linux x86_64) AppleWebKit/537.36 (KHTML, like Gecko) Chrome/134.0.0.0 Safari/537.36"
149.57.176.182 - - [21/May/2025:14:44:16 -0400] "GET /wp-content/plugins/ultimate-member/assets/js/um-responsive.min.js?ver=2.10.4 HTTP/1.1" 200 183 "https://client.socialdigiinnovator.com/" "Mozilla/5.0 (X11; Linux x86_64) AppleWebKit/537.36 (KHTML, like Gecko) Chrome/134.0.0.0 Safari/537.36"
149.57.176.182 - - [21/May/2025:14:44:16 -0400] "GET /wp-includes/js/jquery/ui/core.min.js?ver=1.13.3 HTTP/1.1" 200 6812 "https://client.socialdigiinnovator.com/" "Mozilla/5.0 (X11; Linux x86_64) AppleWebKit/537.36 (KHTML, like Gecko) Chrome/134.0.0.0 Safari/537.36"
149.57.176.182 - - [21/May/2025:14:44:16 -0400] "GET /wp-content/plugins/ultimate-member/assets/js/um-modal.min.js?ver=2.10.4 HTTP/1.1" 200 1208 "https://client.socialdigiinnovator.com/" "Mozilla/5.0 (X11; Linux x86_64) AppleWebKit/537.36 (KHTML, like Gecko) Chrome/134.0.0.0 Safari/537.36"
149.57.176.182 - - [21/May/2025:14:44:16 -0400] "GET /wp-content/plugins/ultimate-member/assets/js/um-scripts.min.js?ver=2.10.4 HTTP/1.1" 200 2878 "https://client.socialdigiinnovator.com/" "Mozilla/5.0 (X11; Linux x86_64) AppleWebKit/537.36 (KHTML, like Gecko) Chrome/134.0.0.0 Safari/537.36"
149.57.176.182 - - [21/May/2025:14:44:16 -0400] "GET /wp-content/plugins/elementor-pro/assets/js/webpack-pro.runtime.min.js?ver=3.23.3 HTTP/1.1" 200 2548 "https://client.socialdigiinnovator.com/" "Mozilla/5.0 (X11; Linux x86_64) AppleWebKit/537.36 (KHTML, like Gecko) Chrome/134.0.0.0 Safari/537.36"
149.57.176.182 - - [21/May/2025:14:44:16 -0400] "GET /wp-content/plugins/ultimate-member/assets/libs/select2/i18n/en.js?ver=4.0.13 HTTP/1.1" 200 395 "https://client.socialdigiinnovator.com/" "Mozilla/5.0 (X11; Linux x86_64) AppleWebKit/537.36 (KHTML, like Gecko) Chrome/134.0.0.0 Safari/537.36"
149.57.176.182 - - [21/May/2025:14:44:16 -0400] "GET /wp-content/plugins/ultimate-member/assets/js/um-conditional.min.js?ver=2.10.4 HTTP/1.1" 200 2173 "https://client.socialdigiinnovator.com/" "Mozilla/5.0 (X11; Linux x86_64) AppleWebKit/537.36 (KHTML, like Gecko) Chrome/134.0.0.0 Safari/537.36"
149.57.176.182 - - [21/May/2025:14:44:16 -0400] "GET /wp-content/plugins/ultimate-member/assets/libs/legacy/fonticons/font/fontawesome-webfont.woff?v=4.2.0 HTTP/1.1" 200 98024 "https://client.socialdigiinnovator.com/wp-content/plugins/ultimate-member/assets/libs/legacy/fonticons/fonticons-fa.min.css?ver=2.10.4" "Mozilla/5.0 (X11; Linux x86_64) AppleWebKit/537.36 (KHTML, like Gecko) Chrome/134.0.0.0 Safari/537.36"
149.57.176.182 - - [21/May/2025:14:44:16 -0400] "GET /wp-content/plugins/ultimate-member/assets/js/um-profile.min.js?ver=2.10.4 HTTP/1.1" 200 1039 "https://client.socialdigiinnovator.com/" "Mozilla/5.0 (X11; Linux x86_64) AppleWebKit/537.36 (KHTML, like Gecko) Chrome/134.0.0.0 Safari/537.36"
149.57.176.182 - - [21/May/2025:14:44:16 -0400] "GET /wp-content/plugins/elementor/assets/js/webpack.runtime.min.js?ver=3.29.0 HTTP/1.1" 200 2323 "https://client.socialdigiinnovator.com/" "Mozilla/5.0 (X11; Linux x86_64) AppleWebKit/537.36 (KHTML, like Gecko) Chrome/134.0.0.0 Safari/537.36"
149.57.176.182 - - [21/May/2025:14:44:25 -0400] "GET /wp-content/uploads/2022/04/cropped-Logo_Job-removebg-preview-Custom-2-32x32.png HTTP/1.1" 200 1864 "https://client.socialdigiinnovator.com/" "Mozilla/5.0 (X11; Linux x86_64) AppleWebKit/537.36 (KHTML, like Gecko) Chrome/134.0.0.0 Safari/537.36"
149.57.176.182 - - [21/May/2025:14:44:12 -0400] "GET /wp-content/plugins/elementor-pro/assets/js/elements-handlers.min.js?ver=3.23.3 HTTP/1.1" 200 9628 "https://client.socialdigiinnovator.com/" "Mozilla/5.0 (X11; Linux x86_64) AppleWebKit/537.36 (KHTML, like Gecko) Chrome/134.0.0.0 Safari/537.36"
149.57.176.182 - - [21/May/2025:14:44:20 -0400] "GET /wp-includes/js/wp-emoji-release.min.js?ver=6.8.1 HTTP/1.1" 200 4771 "https://client.socialdigiinnovator.com/" "Mozilla/5.0 (X11; Linux x86_64) AppleWebKit/537.36 (KHTML, like Gecko) Chrome/134.0.0.0 Safari/537.36"
149.57.176.182 - - [21/May/2025:14:44:20 -0400] "GET /wp-content/plugins/elementor/assets/js/section-frontend-handlers.d85ab872da118940910d.bundle.min.js HTTP/1.1" 200 254 "https://client.socialdigiinnovator.com/" "Mozilla/5.0 (X11; Linux x86_64) AppleWebKit/537.36 (KHTML, like Gecko) Chrome/134.0.0.0 Safari/537.36"
149.57.176.182 - - [21/May/2025:14:44:20 -0400] "GET /wp-content/plugins/elementor/assets/js/shared-frontend-handlers.30dc2f9c080845a413a6.bundle.min.js HTTP/1.1" 200 2546 "https://client.socialdigiinnovator.com/" "Mozilla/5.0 (X11; Linux x86_64) AppleWebKit/537.36 (KHTML, like Gecko) Chrome/134.0.0.0 Safari/537.36"
198.54.114.35 - - [21/May/2025:15:17:17 -0400] "POST /wp-cron.php?doing_wp_cron=1747855037.6227130889892578125000 HTTP/1.1" 200 0 "-" "WordPress/6.8.1; https://client.socialdigiinnovator.com"
198.54.114.35 - - [21/May/2025:15:17:17 -0400] "POST /wp-cron.php?doing_wp_cron=1747855037.6224200725555419921875 HTTP/1.1" 200 0 "-" "WordPress/6.8.1; https://client.socialdigiinnovator.com"
198.54.114.35 - - [21/May/2025:15:17:17 -0400] "POST /wp-cron.php?doing_wp_cron=1747855037.6225490570068359375000 HTTP/1.1" 200 0 "-" "WordPress/6.8.1; https://client.socialdigiinnovator.com"
196.251.73.28 - - [21/May/2025:15:17:14 -0400] "GET / HTTP/1.1" 200 9191 "-" "Mozlila/5.0 (Linux; Android 7.0; SM-G892A Bulid/NRD90M; wv) AppleWebKit/537.36 (KHTML, like Gecko) Version/4.0 Chrome/60.0.3112.107 Moblie Safari/537.36"
196.251.73.28 - - [21/May/2025:15:17:14 -0400] "GET /wp-content/plugins/fix/up.php HTTP/1.1" 404 8477 "-" "Mozilla/5.0 (Windows NT 10.0; Win64; x64) AppleWebKit/537.36 (KHTML, like Gecko) Chrome/85.0.4183.102 Safari/537.36"
196.251.73.28 - - [21/May/2025:15:17:14 -0400] "GET /wp-content/themes/seotheme/db.php?u HTTP/1.1" 404 8477 "www.google.com" "Mozlila/5.0 (Linux; Android 7.0; SM-G892A Bulid/NRD90M; wv) AppleWebKit/537.36 (KHTML, like Gecko) Version/4.0 Chrome/60.0.3112.107 Moblie Safari/537.36"
196.251.73.28 - - [21/May/2025:15:17:14 -0400] "POST /wp-plain.php HTTP/1.1" 404 8477 "www.google.com" "Mozilla/5.0 (Linux; Android 7.0; SM-G892A Bulid/NRD90M; wv) AppleWebKit/537.36 (KHTML, like Gecko) Version/4.0 Chrome/60.0.3112.107 Moblie Safari/537.36"
196.251.73.28 - - [21/May/2025:15:17:18 -0400] "GET /wp-content/plugins/apikey/apikey.php?test=hello HTTP/1.1" 404 8477 "-" "Mozlila/5.0 (Linux; Android 7.0; SM-G892A Bulid/NRD90M; wv) AppleWebKit/537.36 (KHTML, like Gecko) Version/4.0 Chrome/60.0.3112.107 Moblie Safari/537.36"
196.251.73.28 - - [21/May/2025:15:17:18 -0400] "GET /wp-content/themes/seotheme/db.php?u HTTP/1.1" 404 8476 "www.google.com" "Mozlila/5.0 (Linux; Android 7.0; SM-G892A Bulid/NRD90M; wv) AppleWebKit/537.36 (KHTML, like Gecko) Version/4.0 Chrome/60.0.3112.107 Moblie Safari/537.36"
196.251.73.28 - - [21/May/2025:15:17:19 -0400] "GET /plugins/content/apismtp/apismtp.php?test=hello HTTP/1.1" 404 8477 "-" "Mozlila/5.0 (Linux; Android 7.0; SM-G892A Bulid/NRD90M; wv) AppleWebKit/537.36 (KHTML, like Gecko) Version/4.0 Chrome/60.0.3112.107 Moblie Safari/537.36"
196.251.73.28 - - [21/May/2025:15:17:19 -0400] "GET /wp-content/plugins/apikey/apikey.php.suspected?test=hello HTTP/1.1" 404 8477 "-" "Mozlila/5.0 (Linux; Android 7.0; SM-G892A Bulid/NRD90M; wv) AppleWebKit/537.36 (KHTML, like Gecko) Version/4.0 Chrome/60.0.3112.107 Moblie Safari/537.36"
196.251.73.28 - - [21/May/2025:15:17:14 -0400] "POST /ALFA_DATA/alfacgiapi/perl.alfa HTTP/1.1" 404 8477 "www.google.com" "Mozlila/5.0 (Linux; Android 7.0; SM-G892A Bulid/NRD90M; wv) AppleWebKit/537.36 (KHTML, like Gecko) Version/4.0 Chrome/60.0.3112.107 Moblie Safari/537.36"
196.251.73.28 - - [21/May/2025:15:17:18 -0400] "GET /uvtmpxsv.php?Fox=d3wL7 HTTP/1.1" 404 8477 "www.google.com" "Mozilla/5.0 (Linux; Android 7.0; SM-G892A Bulid/NRD90M; wv) AppleWebKit/537.36 (KHTML, like Gecko) Version/4.0 Chrome/60.0.3112.107 Moblie Safari/537.36"
196.251.73.28 - - [21/May/2025:15:17:18 -0400] "POST /alfacgiapi/perl.alfa HTTP/1.1" 404 8477 "www.google.com" "Mozlila/5.0 (Linux; Android 7.0; SM-G892A Bulid/NRD90M; wv) AppleWebKit/537.36 (KHTML, like Gecko) Version/4.0 Chrome/60.0.3112.107 Moblie Safari/537.36"
196.251.73.28 - - [21/May/2025:15:17:20 -0400] "GET /plugins/content/apismtp/apismtp.php.suspected?test=hello HTTP/1.1" 404 8477 "-" "Mozlila/5.0 (Linux; Android 7.0; SM-G892A Bulid/NRD90M; wv) AppleWebKit/537.36 (KHTML, like Gecko) Version/4.0 Chrome/60.0.3112.107 Moblie Safari/537.36"
196.251.87.240 - - [21/May/2025:15:46:24 -0400] "POST /wp-plain.php HTTP/1.1" 200 0 "www.google.com" "Mozilla/5.0 (Linux; Android 7.0; SM-G892A Bulid/NRD90M; wv) AppleWebKit/537.36 (KHTML, like Gecko) Version/4.0 Chrome/60.0.3112.107 Moblie Safari/537.36"
196.251.87.240 - - [21/May/2025:15:46:24 -0400] "GET / HTTP/1.1" 200 0 "-" "Mozlila/5.0 (Linux; Android 7.0; SM-G892A Bulid/NRD90M; wv) AppleWebKit/537.36 (KHTML, like Gecko) Version/4.0 Chrome/60.0.3112.107 Moblie Safari/537.36"
196.251.87.240 - - [21/May/2025:15:46:24 -0400] "GET /wp-content/plugins/fix/up.php HTTP/1.1" 200 0 "-" "Mozilla/5.0 (Windows NT 10.0; Win64; x64) AppleWebKit/537.36 (KHTML, like Gecko) Chrome/85.0.4183.102 Safari/537.36"
196.251.87.240 - - [21/May/2025:15:46:34 -0400] "GET /wp-content/themes/seotheme/db.php?u HTTP/1.1" 200 0 "www.google.com" "Mozlila/5.0 (Linux; Android 7.0; SM-G892A Bulid/NRD90M; wv) AppleWebKit/537.36 (KHTML, like Gecko) Version/4.0 Chrome/60.0.3112.107 Moblie Safari/537.36"
198.54.114.35 - - [21/May/2025:15:46:43 -0400] "POST /wp-cron.php?doing_wp_cron=1747856802.2799830436706542968750 HTTP/1.1" 200 0 "-" "WordPress/6.8.1; https://client.socialdigiinnovator.com"
196.251.87.240 - - [21/May/2025:15:46:24 -0400] "POST /ALFA_DATA/alfacgiapi/perl.alfa HTTP/1.1" 404 8476 "www.google.com" "Mozlila/5.0 (Linux; Android 7.0; SM-G892A Bulid/NRD90M; wv) AppleWebKit/537.36 (KHTML, like Gecko) Version/4.0 Chrome/60.0.3112.107 Moblie Safari/537.36"
196.251.87.240 - - [21/May/2025:15:46:40 -0400] "GET /wp-content/themes/seotheme/db.php?u HTTP/1.1" 200 0 "www.google.com" "Mozlila/5.0 (Linux; Android 7.0; SM-G892A Bulid/NRD90M; wv) AppleWebKit/537.36 (KHTML, like Gecko) Version/4.0 Chrome/60.0.3112.107 Moblie Safari/537.36"
196.251.87.240 - - [21/May/2025:15:46:40 -0400] "GET / HTTP/1.1" 200 0 "-" "Mozlila/5.0 (Linux; Android 7.0; SM-G892A Bulid/NRD90M; wv) AppleWebKit/537.36 (KHTML, like Gecko) Version/4.0 Chrome/60.0.3112.107 Moblie Safari/537.36"
