209.6.3.166 - - [21/May/2025:11:18:49 -0400] "GET /wp-includes/js/jquery/jquery-migrate.min.js?ver=3.4.1 HTTP/1.1" 200 4678 "https://portfolio.socialdigiinnovator.com/contact/" "Mozilla/5.0 (iPhone; CPU iPhone OS 18_4_1 like Mac OS X) AppleWebKit/605.1.15 (KHTML, like Gecko) Mobile/15E148 [FBAN/FBIOS;FBAV/507.0.0.50.107;FBBV/734202868;FBDV/iPhone13,4;FBMD/iPhone;FBSN/iOS;FBSV/18.4.1;FBSS/3;FBCR/;FBID/phone;FBLC/en_US;FBOP/80]"
209.6.3.166 - - [21/May/2025:11:18:49 -0400] "GET /wp-content/themes/leverage/assets/css/vendor/cookie-notice.min.css?ver=2.1.3 HTTP/1.1" 200 1418 "https://portfolio.socialdigiinnovator.com/contact/" "Mozilla/5.0 (iPhone; CPU iPhone OS 18_4_1 like Mac OS X) AppleWebKit/605.1.15 (KHTML, like Gecko) Mobile/15E148 [FBAN/FBIOS;FBAV/507.0.0.50.107;FBBV/734202868;FBDV/iPhone13,4;FBMD/iPhone;FBSN/iOS;FBSV/18.4.1;FBSS/3;FBCR/;FBID/phone;FBLC/en_US;FBOP/80]"
209.6.3.166 - - [21/May/2025:11:18:49 -0400] "GET /wp-content/plugins/elementor/assets/lib/font-awesome/js/v4-shims.min.js?ver=3.29.0 HTTP/1.1" 200 4042 "https://portfolio.socialdigiinnovator.com/contact/" "Mozilla/5.0 (iPhone; CPU iPhone OS 18_4_1 like Mac OS X) AppleWebKit/605.1.15 (KHTML, like Gecko) Mobile/15E148 [FBAN/FBIOS;FBAV/507.0.0.50.107;FBBV/734202868;FBDV/iPhone13,4;FBMD/iPhone;FBSN/iOS;FBSV/18.4.1;FBSS/3;FBCR/;FBID/phone;FBLC/en_US;FBOP/80]"
209.6.3.166 - - [21/May/2025:11:18:49 -0400] "GET /wp-content/themes/leverage/assets/css/vendor/animation.min.css?ver=2.1.3 HTTP/1.1" 200 1539 "https://portfolio.socialdigiinnovator.com/contact/" "Mozilla/5.0 (iPhone; CPU iPhone OS 18_4_1 like Mac OS X) AppleWebKit/605.1.15 (KHTML, like Gecko) Mobile/15E148 [FBAN/FBIOS;FBAV/507.0.0.50.107;FBBV/734202868;FBDV/iPhone13,4;FBMD/iPhone;FBSN/iOS;FBSV/18.4.1;FBSS/3;FBCR/;FBID/phone;FBLC/en_US;FBOP/80]"
209.6.3.166 - - [21/May/2025:11:18:49 -0400] "GET /wp-includes/js/jquery/jquery.min.js?ver=3.7.1 HTTP/1.1" 200 29744 "https://portfolio.socialdigiinnovator.com/contact/" "Mozilla/5.0 (iPhone; CPU iPhone OS 18_4_1 like Mac OS X) AppleWebKit/605.1.15 (KHTML, like Gecko) Mobile/15E148 [FBAN/FBIOS;FBAV/507.0.0.50.107;FBBV/734202868;FBDV/iPhone13,4;FBMD/iPhone;FBSN/iOS;FBSV/18.4.1;FBSS/3;FBCR/;FBID/phone;FBLC/en_US;FBOP/80]"
209.6.3.166 - - [21/May/2025:11:18:40 -0400] "GET /contact/ HTTP/1.1" 200 6943 "https://socialdigiinnovator.com/" "Mozilla/5.0 (iPhone; CPU iPhone OS 18_4_1 like Mac OS X) AppleWebKit/605.1.15 (KHTML, like Gecko) Mobile/15E148 [FBAN/FBIOS;FBAV/507.0.0.50.107;FBBV/734202868;FBDV/iPhone13,4;FBMD/iPhone;FBSN/iOS;FBSV/18.4.1;FBSS/3;FBCR/;FBID/phone;FBLC/en_US;FBOP/80]"
209.6.3.166 - - [21/May/2025:11:18:50 -0400] "GET /wp-content/themes/leverage/assets/fonts/icons/Icons-Line.woff2?v=2.4.0 HTTP/1.1" 200 30064 "https://portfolio.socialdigiinnovator.com/contact/" "Mozilla/5.0 (iPhone; CPU iPhone OS 18_4_1 like Mac OS X) AppleWebKit/605.1.15 (KHTML, like Gecko) Mobile/15E148 [FBAN/FBIOS;FBAV/507.0.0.50.107;FBBV/734202868;FBDV/iPhone13,4;FBMD/iPhone;FBSN/iOS;FBSV/18.4.1;FBSS/3;FBCR/;FBID/phone;FBLC/en_US;FBOP/80]"
209.6.3.166 - - [21/May/2025:11:18:50 -0400] "GET /wp-content/uploads/2022/01/cropped-cropped-cropped-SDI-Logo-Final-Separate-02-1.png HTTP/1.1" 404 8747 "https://portfolio.socialdigiinnovator.com/contact/" "Mozilla/5.0 (iPhone; CPU iPhone OS 18_4_1 like Mac OS X) AppleWebKit/605.1.15 (KHTML, like Gecko) Mobile/15E148 [FBAN/FBIOS;FBAV/507.0.0.50.107;FBBV/734202868;FBDV/iPhone13,4;FBMD/iPhone;FBSN/iOS;FBSV/18.4.1;FBSS/3;FBCR/;FBID/phone;FBLC/en_US;FBOP/80]"
209.6.3.166 - - [21/May/2025:11:18:49 -0400] "GET /wp-content/plugins/elementor/assets/css/widget-heading.min.css?ver=3.29.0 HTTP/1.1" 200 154 "https://portfolio.socialdigiinnovator.com/contact/" "Mozilla/5.0 (iPhone; CPU iPhone OS 18_4_1 like Mac OS X) AppleWebKit/605.1.15 (KHTML, like Gecko) Mobile/15E148 [FBAN/FBIOS;FBAV/507.0.0.50.107;FBBV/734202868;FBDV/iPhone13,4;FBMD/iPhone;FBSN/iOS;FBSV/18.4.1;FBSS/3;FBCR/;FBID/phone;FBLC/en_US;FBOP/80]"
209.6.3.166 - - [21/May/2025:11:18:49 -0400] "GET /wp-content/uploads/elementor/google-fonts/css/roboto.css?ver=1742261613 HTTP/1.1" 200 1879 "https://portfolio.socialdigiinnovator.com/contact/" "Mozilla/5.0 (iPhone; CPU iPhone OS 18_4_1 like Mac OS X) AppleWebKit/605.1.15 (KHTML, like Gecko) Mobile/15E148 [FBAN/FBIOS;FBAV/507.0.0.50.107;FBBV/734202868;FBDV/iPhone13,4;FBMD/iPhone;FBSN/iOS;FBSV/18.4.1;FBSS/3;FBCR/;FBID/phone;FBLC/en_US;FBOP/80]"
209.6.3.166 - - [21/May/2025:11:18:49 -0400] "GET /wp-content/themes/leverage/style.css?ver=6.8.1 HTTP/1.1" 200 15055 "https://portfolio.socialdigiinnovator.com/contact/" "Mozilla/5.0 (iPhone; CPU iPhone OS 18_4_1 like Mac OS X) AppleWebKit/605.1.15 (KHTML, like Gecko) Mobile/15E148 [FBAN/FBIOS;FBAV/507.0.0.50.107;FBBV/734202868;FBDV/iPhone13,4;FBMD/iPhone;FBSN/iOS;FBSV/18.4.1;FBSS/3;FBCR/;FBID/phone;FBLC/en_US;FBOP/80]"
209.6.3.166 - - [21/May/2025:11:18:49 -0400] "GET /wp-content/themes/leverage/assets/css/support/contact-form-7.css?ver=2.1.3 HTTP/1.1" 200 426 "https://portfolio.socialdigiinnovator.com/contact/" "Mozilla/5.0 (iPhone; CPU iPhone OS 18_4_1 like Mac OS X) AppleWebKit/605.1.15 (KHTML, like Gecko) Mobile/15E148 [FBAN/FBIOS;FBAV/507.0.0.50.107;FBBV/734202868;FBDV/iPhone13,4;FBMD/iPhone;FBSN/iOS;FBSV/18.4.1;FBSS/3;FBCR/;FBID/phone;FBLC/en_US;FBOP/80]"
209.6.3.166 - - [21/May/2025:11:18:49 -0400] "GET /wp-content/themes/leverage/assets/css/support/wordpress.css?ver=2.1.3 HTTP/1.1" 200 3366 "https://portfolio.socialdigiinnovator.com/contact/" "Mozilla/5.0 (iPhone; CPU iPhone OS 18_4_1 like Mac OS X) AppleWebKit/605.1.15 (KHTML, like Gecko) Mobile/15E148 [FBAN/FBIOS;FBAV/507.0.0.50.107;FBBV/734202868;FBDV/iPhone13,4;FBMD/iPhone;FBSN/iOS;FBSV/18.4.1;FBSS/3;FBCR/;FBID/phone;FBLC/en_US;FBOP/80]"
209.6.3.166 - - [21/May/2025:11:18:49 -0400] "GET /wp-content/themes/leverage/assets/css/vendor/bootstrap.min.css?ver=2.1.3 HTTP/1.1" 200 21257 "https://portfolio.socialdigiinnovator.com/contact/" "Mozilla/5.0 (iPhone; CPU iPhone OS 18_4_1 like Mac OS X) AppleWebKit/605.1.15 (KHTML, like Gecko) Mobile/15E148 [FBAN/FBIOS;FBAV/507.0.0.50.107;FBBV/734202868;FBDV/iPhone13,4;FBMD/iPhone;FBSN/iOS;FBSV/18.4.1;FBSS/3;FBCR/;FBID/phone;FBLC/en_US;FBOP/80]"
209.6.3.166 - - [21/May/2025:11:18:49 -0400] "GET /wp-content/plugins/elementor/assets/lib/font-awesome/css/v4-shims.min.css?ver=3.29.0 HTTP/1.1" 200 3987 "https://portfolio.socialdigiinnovator.com/contact/" "Mozilla/5.0 (iPhone; CPU iPhone OS 18_4_1 like Mac OS X) AppleWebKit/605.1.15 (KHTML, like Gecko) Mobile/15E148 [FBAN/FBIOS;FBAV/507.0.0.50.107;FBBV/734202868;FBDV/iPhone13,4;FBMD/iPhone;FBSN/iOS;FBSV/18.4.1;FBSS/3;FBCR/;FBID/phone;FBLC/en_US;FBOP/80]"
209.6.3.166 - - [21/May/2025:11:18:49 -0400] "GET /wp-content/plugins/elementor/assets/css/frontend.min.css?ver=3.29.0 HTTP/1.1" 200 6472 "https://portfolio.socialdigiinnovator.com/contact/" "Mozilla/5.0 (iPhone; CPU iPhone OS 18_4_1 like Mac OS X) AppleWebKit/605.1.15 (KHTML, like Gecko) Mobile/15E148 [FBAN/FBIOS;FBAV/507.0.0.50.107;FBBV/734202868;FBDV/iPhone13,4;FBMD/iPhone;FBSN/iOS;FBSV/18.4.1;FBSS/3;FBCR/;FBID/phone;FBLC/en_US;FBOP/80]"
198.54.114.35 - - [21/May/2025:12:01:55 -0400] "POST /wp-cron.php?doing_wp_cron=1747843315.1796040534973144531250 HTTP/1.1" 200 0 "-" "WordPress/6.8.1; https://portfolio.socialdigiinnovator.com"
170.106.165.186 - - [21/May/2025:12:01:49 -0400] "GET / HTTP/1.1" 200 7262 "http://portfolio.socialdigiinnovator.com" "Mozilla/5.0 (iPhone; CPU iPhone OS 13_2_3 like Mac OS X) AppleWebKit/605.1.15 (KHTML, like Gecko) Version/13.0.3 Mobile/15E148 Safari/604.1"
198.54.114.35 - - [21/May/2025:12:14:59 -0400] "POST /wp-cron.php?doing_wp_cron=1747844099.4196751117706298828125 HTTP/1.1" 200 0 "-" "WordPress/6.8.1; https://portfolio.socialdigiinnovator.com"
17.241.75.216 - - [21/May/2025:12:14:55 -0400] "GET /robots.txt HTTP/1.1" 200 109 "-" "Mozilla/5.0 (Macintosh; Intel Mac OS X 10_15_7) AppleWebKit/605.1.15 (KHTML, like Gecko) Version/17.4 Safari/605.1.15 (Applebot/0.1; +http://www.apple.com/go/applebot)"
43.133.139.6 - - [21/May/2025:12:15:13 -0400] "GET /wp-json/wp/v2/pages/154 HTTP/1.1" 500 1068 "-" "Mozilla/5.0 (iPhone; CPU iPhone OS 13_2_3 like Mac OS X) AppleWebKit/605.1.15 (KHTML, like Gecko) Version/13.0.3 Mobile/15E148 Safari/604.1"
198.54.114.35 - - [21/May/2025:12:21:03 -0400] "POST /wp-cron.php?doing_wp_cron=1747844462.9522409439086914062500 HTTP/1.1" 200 0 "-" "WordPress/6.8.1; https://portfolio.socialdigiinnovator.com"
34.73.49.85 - - [21/May/2025:12:20:56 -0400] "GET /robots.txt HTTP/1.1" 200 109 "-" "Mozilla/5.0/(X11; Linux x86_64) AppleWebKit/537.36 (KHTML, like Gecko) Chrome/125.0.0.0 Safari/537.36"
198.54.114.35 - - [21/May/2025:12:25:21 -0400] "POST /wp-cron.php?doing_wp_cron=1747844721.5447518825531005859375 HTTP/1.1" 200 0 "-" "WordPress/6.8.1; https://portfolio.socialdigiinnovator.com"
34.73.49.85 - - [21/May/2025:12:25:16 -0400] "GET /books/ HTTP/1.1" 200 6907 "-" "Mozilla/5.0/(X11; Linux x86_64) AppleWebKit/537.36 (KHTML, like Gecko) Chrome/125.0.0.0 Safari/537.36"
34.73.49.85 - - [21/May/2025:12:31:36 -0400] "GET /comments/feed/ HTTP/1.1" 200 720 "-" "Mozilla/5.0/(X11; Linux x86_64) AppleWebKit/537.36 (KHTML, like Gecko) Chrome/125.0.0.0 Safari/537.36"
198.54.114.35 - - [21/May/2025:12:35:09 -0400] "POST /wp-cron.php?doing_wp_cron=1747845308.9621219635009765625000 HTTP/1.1" 200 0 "-" "WordPress/6.8.1; https://portfolio.socialdigiinnovator.com"
85.208.96.205 - - [21/May/2025:12:34:59 -0400] "GET /oreron7194.html HTTP/1.1" 404 8746 "-" "Mozilla/5.0 (compatible; SemrushBot/7~bl; +http://www.semrush.com/bot.html)"
44.207.69.106 - - [21/May/2025:12:45:09 -0400] "GET /contact/ HTTP/1.1" 200 0 "-" "Mozilla/5.0 AppleWebKit/537.36 (KHTML, like Gecko; compatible; Amazonbot/0.1; +https://developer.amazon.com/support/amazonbot) Chrome/119.0.6045.214 Safari/537.36"
198.54.114.35 - - [21/May/2025:12:28:58 -0400] "POST /wp-cron.php?doing_wp_cron=1747844938.3009960651397705078125 HTTP/1.1" 200 0 "-" "WordPress/6.8.1; https://portfolio.socialdigiinnovator.com"
4.227.36.15 - - [21/May/2025:12:28:54 -0400] "GET /robots.txt HTTP/1.1" 200 109 "-" "Mozilla/5.0 AppleWebKit/537.36 (KHTML, like Gecko; compatible; GPTBot/1.2; +https://openai.com/gptbot)"
2a03:2880:11ff:4d:: - - [21/May/2025:12:28:59 -0400] "GET /testimonials/ HTTP/1.1" 200 7958 "-" "facebookexternalhit/1.1 (+http://www.facebook.com/externalhit_uatext.php)"
198.54.114.35 - - [21/May/2025:12:39:59 -0400] "POST /wp-cron.php?doing_wp_cron=1747845599.2819869518280029296875 HTTP/1.1" 200 0 "-" "WordPress/6.8.1; https://portfolio.socialdigiinnovator.com"
34.73.49.85 - - [21/May/2025:12:39:53 -0400] "GET /contact/ HTTP/1.1" 200 6943 "-" "Mozilla/5.0/(X11; Linux x86_64) AppleWebKit/537.36 (KHTML, like Gecko) Chrome/125.0.0.0 Safari/537.36"
198.54.114.35 - - [21/May/2025:12:45:18 -0400] "POST /wp-cron.php?doing_wp_cron=1747845917.8723909854888916015625 HTTP/1.1" 200 0 "-" "WordPress/6.8.1; https://portfolio.socialdigiinnovator.com"
167.86.68.31 - - [21/May/2025:13:28:12 -0400] "GET /wp-content/plugins/ti-woocommerce-wishlist/readme.txt HTTP/1.1" 404 8758 "www.google.com" "Mozilla/6.4 (Windows NT 11.1) Gecko/2010102 Firefox/99.0"
198.54.114.35 - - [21/May/2025:13:34:46 -0400] "POST /wp-cron.php?doing_wp_cron=1747848886.0151998996734619140625 HTTP/1.1" 200 0 "-" "WordPress/6.8.1; https://portfolio.socialdigiinnovator.com"
198.54.114.35 - - [21/May/2025:13:04:34 -0400] "POST /wp-cron.php?doing_wp_cron=1747847074.3008699417114257812500 HTTP/1.1" 200 0 "-" "WordPress/6.8.1; https://portfolio.socialdigiinnovator.com"
34.73.49.85 - - [21/May/2025:13:04:24 -0400] "GET /feed/ HTTP/1.1" 500 1347 "-" "Mozilla/5.0/(X11; Linux x86_64) AppleWebKit/537.36 (KHTML, like Gecko) Chrome/125.0.0.0 Safari/537.36"
198.54.114.35 - - [21/May/2025:13:12:33 -0400] "POST /wp-cron.php?doing_wp_cron=1747847552.7230958938598632812500 HTTP/1.1" 200 0 "-" "WordPress/6.8.1; https://portfolio.socialdigiinnovator.com"
51.222.253.19 - - [21/May/2025:13:12:21 -0400] "GET /project-category/design/ HTTP/1.1" 200 9077 "-" "Mozilla/5.0 (compatible; AhrefsBot/7.0; +http://ahrefs.com/robot/)"
198.54.114.35 - - [21/May/2025:13:19:44 -0400] "POST /wp-cron.php?doing_wp_cron=1747847983.9401750564575195312500 HTTP/1.1" 200 0 "-" "WordPress/6.8.1; https://portfolio.socialdigiinnovator.com"
2a03:2880:3ff:70:: - - [21/May/2025:13:19:40 -0400] "GET /robots.txt HTTP/1.1" 200 109 "-" "facebookexternalhit/1.1 (+http://www.facebook.com/externalhit_uatext.php)"
34.73.49.85 - - [21/May/2025:13:23:03 -0400] "GET /testimonials/ HTTP/1.1" 200 7958 "-" "Mozilla/5.0/(X11; Linux x86_64) AppleWebKit/537.36 (KHTML, like Gecko) Chrome/125.0.0.0 Safari/537.36"
198.54.114.35 - - [21/May/2025:13:28:20 -0400] "POST /wp-cron.php?doing_wp_cron=1747848500.0428059101104736328125 HTTP/1.1" 200 0 "-" "WordPress/6.8.1; https://portfolio.socialdigiinnovator.com"
195.82.146.213 - - [21/May/2025:13:34:36 -0400] "GET /contact/ HTTP/1.1" 200 6943 "https://portfolio.socialdigiinnovator.com/contact/" "Mozilla/5.0 (Windows NT 10.0; Win64; x64) AppleWebKit/537.36 (KHTML, like Gecko) Chrome/131.0.0.0 Safari/537.36"
51.222.253.4 - - [21/May/2025:14:13:16 -0400] "GET /project/collection-of-customized-images-and-videos/ HTTP/1.1" 200 7067 "-" "Mozilla/5.0 (compatible; AhrefsBot/7.0; +http://ahrefs.com/robot/)"
198.54.114.35 - - [21/May/2025:14:13:20 -0400] "POST /wp-cron.php?doing_wp_cron=1747851200.1177210807800292968750 HTTP/1.1" 200 0 "-" "WordPress/6.8.1; https://portfolio.socialdigiinnovator.com"
198.54.114.35 - - [21/May/2025:14:51:48 -0400] "POST /wp-cron.php?doing_wp_cron=1747853507.7874650955200195312500 HTTP/1.1" 200 0 "-" "WordPress/6.8.1; https://portfolio.socialdigiinnovator.com"
2604:3d09:117d:7490:2d8a:b5ee:30e6:8fa - - [21/May/2025:14:51:48 -0400] "GET /wp-content/themes/leverage-child/style.css?ver=6.8.1 HTTP/1.1" 200 195 "https://portfolio.socialdigiinnovator.com/contact/" "Mozilla/5.0 (Windows NT 10.0; Win64; x64) AppleWebKit/537.36 (KHTML, like Gecko) Chrome/136.0.0.0 Safari/537.36"
2604:3d09:117d:7490:2d8a:b5ee:30e6:8fa - - [21/May/2025:14:51:48 -0400] "GET /wp-content/themes/leverage/style.css?ver=2.1.3 HTTP/1.1" 200 15055 "https://portfolio.socialdigiinnovator.com/contact/" "Mozilla/5.0 (Windows NT 10.0; Win64; x64) AppleWebKit/537.36 (KHTML, like Gecko) Chrome/136.0.0.0 Safari/537.36"
2604:3d09:117d:7490:2d8a:b5ee:30e6:8fa - - [21/May/2025:14:51:48 -0400] "GET /wp-content/themes/leverage/assets/css/default.css?ver=2.1.3 HTTP/1.1" 200 1186 "https://portfolio.socialdigiinnovator.com/contact/" "Mozilla/5.0 (Windows NT 10.0; Win64; x64) AppleWebKit/537.36 (KHTML, like Gecko) Chrome/136.0.0.0 Safari/537.36"
2604:3d09:117d:7490:2d8a:b5ee:30e6:8fa - - [21/May/2025:14:51:48 -0400] "GET /wp-content/plugins/elementor/assets/lib/font-awesome/css/v4-shims.min.css?ver=3.29.0 HTTP/1.1" 200 3987 "https://portfolio.socialdigiinnovator.com/contact/" "Mozilla/5.0 (Windows NT 10.0; Win64; x64) AppleWebKit/537.36 (KHTML, like Gecko) Chrome/136.0.0.0 Safari/537.36"
2604:3d09:117d:7490:2d8a:b5ee:30e6:8fa - - [21/May/2025:14:51:48 -0400] "GET /wp-content/plugins/elementor/assets/lib/font-awesome/css/all.min.css?ver=3.29.0 HTTP/1.1" 200 12380 "https://portfolio.socialdigiinnovator.com/contact/" "Mozilla/5.0 (Windows NT 10.0; Win64; x64) AppleWebKit/537.36 (KHTML, like Gecko) Chrome/136.0.0.0 Safari/537.36"
2604:3d09:117d:7490:2d8a:b5ee:30e6:8fa - - [21/May/2025:14:51:48 -0400] "GET /wp-content/themes/leverage/assets/css/vendor/cookie-notice.min.css?ver=2.1.3 HTTP/1.1" 200 1418 "https://portfolio.socialdigiinnovator.com/contact/" "Mozilla/5.0 (Windows NT 10.0; Win64; x64) AppleWebKit/537.36 (KHTML, like Gecko) Chrome/136.0.0.0 Safari/537.36"
2604:3d09:117d:7490:2d8a:b5ee:30e6:8fa - - [21/May/2025:14:51:48 -0400] "GET /wp-content/plugins/newsletter/style.css?ver=8.8.5 HTTP/1.1" 200 1431 "https://portfolio.socialdigiinnovator.com/contact/" "Mozilla/5.0 (Windows NT 10.0; Win64; x64) AppleWebKit/537.36 (KHTML, like Gecko) Chrome/136.0.0.0 Safari/537.36"
2604:3d09:117d:7490:2d8a:b5ee:30e6:8fa - - [21/May/2025:14:51:48 -0400] "GET /wp-content/plugins/elementor/assets/lib/font-awesome/js/v4-shims.min.js?ver=3.29.0 HTTP/1.1" 200 4042 "https://portfolio.socialdigiinnovator.com/contact/" "Mozilla/5.0 (Windows NT 10.0; Win64; x64) AppleWebKit/537.36 (KHTML, like Gecko) Chrome/136.0.0.0 Safari/537.36"
2604:3d09:117d:7490:2d8a:b5ee:30e6:8fa - - [21/May/2025:14:51:45 -0400] "GET /contact/ HTTP/1.1" 200 6943 "https://socialdigiinnovator.com/" "Mozilla/5.0 (Windows NT 10.0; Win64; x64) AppleWebKit/537.36 (KHTML, like Gecko) Chrome/136.0.0.0 Safari/537.36"
2604:3d09:117d:7490:2d8a:b5ee:30e6:8fa - - [21/May/2025:14:51:48 -0400] "GET /wp-includes/js/jquery/jquery-migrate.min.js?ver=3.4.1 HTTP/1.1" 200 4678 "https://portfolio.socialdigiinnovator.com/contact/" "Mozilla/5.0 (Windows NT 10.0; Win64; x64) AppleWebKit/537.36 (KHTML, like Gecko) Chrome/136.0.0.0 Safari/537.36"
2604:3d09:117d:7490:2d8a:b5ee:30e6:8fa - - [21/May/2025:14:51:48 -0400] "GET /wp-content/themes/leverage/assets/css/vendor/icons.min.css?ver=2.1.3 HTTP/1.1" 200 2362 "https://portfolio.socialdigiinnovator.com/contact/" "Mozilla/5.0 (Windows NT 10.0; Win64; x64) AppleWebKit/537.36 (KHTML, like Gecko) Chrome/136.0.0.0 Safari/537.36"
2604:3d09:117d:7490:2d8a:b5ee:30e6:8fa - - [21/May/2025:14:51:48 -0400] "GET /wp-content/plugins/contact-form-7/includes/css/styles.css?ver=6.0.6 HTTP/1.1" 200 890 "https://portfolio.socialdigiinnovator.com/contact/" "Mozilla/5.0 (Windows NT 10.0; Win64; x64) AppleWebKit/537.36 (KHTML, like Gecko) Chrome/136.0.0.0 Safari/537.36"
2604:3d09:117d:7490:2d8a:b5ee:30e6:8fa - - [21/May/2025:14:51:48 -0400] "GET /wp-content/themes/leverage/assets/css/vendor/slider.min.css?ver=2.1.3 HTTP/1.1" 200 3805 "https://portfolio.socialdigiinnovator.com/contact/" "Mozilla/5.0 (Windows NT 10.0; Win64; x64) AppleWebKit/537.36 (KHTML, like Gecko) Chrome/136.0.0.0 Safari/537.36"
2604:3d09:117d:7490:2d8a:b5ee:30e6:8fa - - [21/May/2025:14:51:48 -0400] "GET /wp-content/themes/leverage/assets/css/vendor/gallery.min.css?ver=2.1.3 HTTP/1.1" 200 3526 "https://portfolio.socialdigiinnovator.com/contact/" "Mozilla/5.0 (Windows NT 10.0; Win64; x64) AppleWebKit/537.36 (KHTML, like Gecko) Chrome/136.0.0.0 Safari/537.36"
2604:3d09:117d:7490:2d8a:b5ee:30e6:8fa - - [21/May/2025:14:51:48 -0400] "GET /wp-content/themes/leverage/style.css?ver=6.8.1 HTTP/1.1" 200 15055 "https://portfolio.socialdigiinnovator.com/contact/" "Mozilla/5.0 (Windows NT 10.0; Win64; x64) AppleWebKit/537.36 (KHTML, like Gecko) Chrome/136.0.0.0 Safari/537.36"
2604:3d09:117d:7490:2d8a:b5ee:30e6:8fa - - [21/May/2025:14:51:48 -0400] "GET /wp-content/plugins/elementor/assets/lib/eicons/css/elementor-icons.min.css?ver=5.40.0 HTTP/1.1" 200 3983 "https://portfolio.socialdigiinnovator.com/contact/" "Mozilla/5.0 (Windows NT 10.0; Win64; x64) AppleWebKit/537.36 (KHTML, like Gecko) Chrome/136.0.0.0 Safari/537.36"
2604:3d09:117d:7490:2d8a:b5ee:30e6:8fa - - [21/May/2025:14:51:48 -0400] "GET /wp-content/themes/leverage/assets/css/vendor/animation.min.css?ver=2.1.3 HTTP/1.1" 200 1539 "https://portfolio.socialdigiinnovator.com/contact/" "Mozilla/5.0 (Windows NT 10.0; Win64; x64) AppleWebKit/537.36 (KHTML, like Gecko) Chrome/136.0.0.0 Safari/537.36"
2604:3d09:117d:7490:2d8a:b5ee:30e6:8fa - - [21/May/2025:14:51:48 -0400] "GET /wp-content/themes/leverage/assets/css/support/contact-form-7.css?ver=2.1.3 HTTP/1.1" 200 426 "https://portfolio.socialdigiinnovator.com/contact/" "Mozilla/5.0 (Windows NT 10.0; Win64; x64) AppleWebKit/537.36 (KHTML, like Gecko) Chrome/136.0.0.0 Safari/537.36"
2604:3d09:117d:7490:2d8a:b5ee:30e6:8fa - - [21/May/2025:14:51:48 -0400] "GET /wp-content/uploads/elementor/google-fonts/css/robotoslab.css?ver=1742261630 HTTP/1.1" 200 712 "https://portfolio.socialdigiinnovator.com/contact/" "Mozilla/5.0 (Windows NT 10.0; Win64; x64) AppleWebKit/537.36 (KHTML, like Gecko) Chrome/136.0.0.0 Safari/537.36"
2604:3d09:117d:7490:2d8a:b5ee:30e6:8fa - - [21/May/2025:14:51:48 -0400] "GET /wp-includes/js/jquery/jquery.min.js?ver=3.7.1 HTTP/1.1" 200 29744 "https://portfolio.socialdigiinnovator.com/contact/" "Mozilla/5.0 (Windows NT 10.0; Win64; x64) AppleWebKit/537.36 (KHTML, like Gecko) Chrome/136.0.0.0 Safari/537.36"
2604:3d09:117d:7490:2d8a:b5ee:30e6:8fa - - [21/May/2025:14:51:48 -0400] "GET /wp-content/plugins/elementor/assets/css/frontend.min.css?ver=3.29.0 HTTP/1.1" 200 6472 "https://portfolio.socialdigiinnovator.com/contact/" "Mozilla/5.0 (Windows NT 10.0; Win64; x64) AppleWebKit/537.36 (KHTML, like Gecko) Chrome/136.0.0.0 Safari/537.36"
2604:3d09:117d:7490:2d8a:b5ee:30e6:8fa - - [21/May/2025:14:51:48 -0400] "GET /wp-content/uploads/elementor/google-fonts/css/roboto.css?ver=1742261613 HTTP/1.1" 200 1879 "https://portfolio.socialdigiinnovator.com/contact/" "Mozilla/5.0 (Windows NT 10.0; Win64; x64) AppleWebKit/537.36 (KHTML, like Gecko) Chrome/136.0.0.0 Safari/537.36"
2604:3d09:117d:7490:2d8a:b5ee:30e6:8fa - - [21/May/2025:14:51:48 -0400] "GET /wp-content/themes/leverage/assets/css/vendor/bootstrap.min.css?ver=2.1.3 HTTP/1.1" 200 21257 "https://portfolio.socialdigiinnovator.com/contact/" "Mozilla/5.0 (Windows NT 10.0; Win64; x64) AppleWebKit/537.36 (KHTML, like Gecko) Chrome/136.0.0.0 Safari/537.36"
2604:3d09:117d:7490:2d8a:b5ee:30e6:8fa - - [21/May/2025:14:51:49 -0400] "GET /wp-includes/js/wp-emoji-release.min.js?ver=6.8.1 HTTP/1.1" 200 4771 "https://portfolio.socialdigiinnovator.com/contact/" "Mozilla/5.0 (Windows NT 10.0; Win64; x64) AppleWebKit/537.36 (KHTML, like Gecko) Chrome/136.0.0.0 Safari/537.36"
2604:3d09:117d:7490:2d8a:b5ee:30e6:8fa - - [21/May/2025:14:54:28 -0400] "GET /contact/ HTTP/1.1" 200 6943 "https://socialdigiinnovator.com/" "Mozilla/5.0 (Windows NT 10.0; Win64; x64) AppleWebKit/537.36 (KHTML, like Gecko) Chrome/136.0.0.0 Safari/537.36"
2604:3d09:117d:7490:2d8a:b5ee:30e6:8fa - - [21/May/2025:14:54:29 -0400] "GET /wp-content/uploads/2022/01/cropped-cropped-cropped-SDI-Logo-Final-Separate-02-1.png HTTP/1.1" 404 8747 "https://portfolio.socialdigiinnovator.com/contact/" "Mozilla/5.0 (Windows NT 10.0; Win64; x64) AppleWebKit/537.36 (KHTML, like Gecko) Chrome/136.0.0.0 Safari/537.36"
2604:3d09:117d:7490:2d8a:b5ee:30e6:8fa - - [21/May/2025:14:54:35 -0400] "GET /contact/ HTTP/1.1" 200 6943 "https://socialdigiinnovator.com/" "Mozilla/5.0 (Windows NT 10.0; Win64; x64) AppleWebKit/537.36 (KHTML, like Gecko) Chrome/136.0.0.0 Safari/537.36"
2604:3d09:117d:7490:2d8a:b5ee:30e6:8fa - - [21/May/2025:14:51:48 -0400] "GET /wp-content/plugins/elementor/assets/css/widget-heading.min.css?ver=3.29.0 HTTP/1.1" 200 154 "https://portfolio.socialdigiinnovator.com/contact/" "Mozilla/5.0 (Windows NT 10.0; Win64; x64) AppleWebKit/537.36 (KHTML, like Gecko) Chrome/136.0.0.0 Safari/537.36"
2604:3d09:117d:7490:2d8a:b5ee:30e6:8fa - - [21/May/2025:14:51:48 -0400] "GET /wp-content/themes/leverage/assets/css/support/wordpress.css?ver=2.1.3 HTTP/1.1" 200 3366 "https://portfolio.socialdigiinnovator.com/contact/" "Mozilla/5.0 (Windows NT 10.0; Win64; x64) AppleWebKit/537.36 (KHTML, like Gecko) Chrome/136.0.0.0 Safari/537.36"
2604:3d09:117d:7490:2d8a:b5ee:30e6:8fa - - [21/May/2025:14:51:48 -0400] "GET /wp-content/uploads/2022/01/cropped-cropped-cropped-SDI-Logo-Final-Separate-02-1.png HTTP/1.1" 404 8749 "https://portfolio.socialdigiinnovator.com/contact/" "Mozilla/5.0 (Windows NT 10.0; Win64; x64) AppleWebKit/537.36 (KHTML, like Gecko) Chrome/136.0.0.0 Safari/537.36"
2604:3d09:117d:7490:2d8a:b5ee:30e6:8fa - - [21/May/2025:14:51:49 -0400] "GET /wp-content/themes/leverage/assets/fonts/icons/Icons-Line.woff2?v=2.4.0 HTTP/1.1" 200 30064 "https://portfolio.socialdigiinnovator.com/wp-content/themes/leverage/assets/css/vendor/icons.min.css?ver=2.1.3" "Mozilla/5.0 (Windows NT 10.0; Win64; x64) AppleWebKit/537.36 (KHTML, like Gecko) Chrome/136.0.0.0 Safari/537.36"
2604:3d09:117d:7490:2d8a:b5ee:30e6:8fa - - [21/May/2025:14:51:49 -0400] "GET /wp-content/uploads/2022/01/cropped-cropped-SDI-Logo-Final-Separate-02-1-32x32.png HTTP/1.1" 404 8754 "https://portfolio.socialdigiinnovator.com/contact/" "Mozilla/5.0 (Windows NT 10.0; Win64; x64) AppleWebKit/537.36 (KHTML, like Gecko) Chrome/136.0.0.0 Safari/537.36"
2604:3d09:117d:7490:2d8a:b5ee:30e6:8fa - - [21/May/2025:14:51:50 -0400] "GET /wp-content/uploads/2022/01/cropped-cropped-SDI-Logo-Final-Separate-02-1-192x192.png HTTP/1.1" 404 8747 "https://portfolio.socialdigiinnovator.com/contact/" "Mozilla/5.0 (Windows NT 10.0; Win64; x64) AppleWebKit/537.36 (KHTML, like Gecko) Chrome/136.0.0.0 Safari/537.36"
198.54.114.35 - - [21/May/2025:14:54:00 -0400] "POST /wp-cron.php?doing_wp_cron=1747853640.2269639968872070312500 HTTP/1.1" 200 0 "-" "WordPress/6.8.1; https://portfolio.socialdigiinnovator.com"
2604:3d09:117d:7490:2d8a:b5ee:30e6:8fa - - [21/May/2025:14:53:57 -0400] "GET /contact/ HTTP/1.1" 200 6943 "https://socialdigiinnovator.com/" "Mozilla/5.0 (Windows NT 10.0; Win64; x64) AppleWebKit/537.36 (KHTML, like Gecko) Chrome/136.0.0.0 Safari/537.36"
2604:3d09:117d:7490:2d8a:b5ee:30e6:8fa - - [21/May/2025:14:54:01 -0400] "GET /wp-content/uploads/2022/01/cropped-cropped-cropped-SDI-Logo-Final-Separate-02-1.png HTTP/1.1" 404 8747 "https://portfolio.socialdigiinnovator.com/contact/" "Mozilla/5.0 (Windows NT 10.0; Win64; x64) AppleWebKit/537.36 (KHTML, like Gecko) Chrome/136.0.0.0 Safari/537.36"
2604:3d09:117d:7490:2d8a:b5ee:30e6:8fa - - [21/May/2025:14:54:35 -0400] "GET /wp-content/uploads/2022/01/cropped-cropped-cropped-SDI-Logo-Final-Separate-02-1.png HTTP/1.1" 404 8749 "https://portfolio.socialdigiinnovator.com/contact/" "Mozilla/5.0 (Windows NT 10.0; Win64; x64) AppleWebKit/537.36 (KHTML, like Gecko) Chrome/136.0.0.0 Safari/537.36"
2604:3d09:117d:7490:2d8a:b5ee:30e6:8fa - - [21/May/2025:15:00:05 -0400] "GET /contact/ HTTP/1.1" 200 6943 "https://socialdigiinnovator.com/" "Mozilla/5.0 (Windows NT 10.0; Win64; x64) AppleWebKit/537.36 (KHTML, like Gecko) Chrome/136.0.0.0 Safari/537.36"
198.54.114.35 - - [21/May/2025:15:00:11 -0400] "POST /wp-cron.php?doing_wp_cron=1747854010.7861020565032958984375 HTTP/1.1" 200 0 "-" "WordPress/6.8.1; https://portfolio.socialdigiinnovator.com"
2604:3d09:117d:7490:2d8a:b5ee:30e6:8fa - - [21/May/2025:15:00:11 -0400] "GET /wp-content/uploads/2022/01/cropped-cropped-cropped-SDI-Logo-Final-Separate-02-1.png HTTP/1.1" 404 8747 "https://portfolio.socialdigiinnovator.com/contact/" "Mozilla/5.0 (Windows NT 10.0; Win64; x64) AppleWebKit/537.36 (KHTML, like Gecko) Chrome/136.0.0.0 Safari/537.36"
198.54.114.35 - - [21/May/2025:15:14:02 -0400] "POST /wp-cron.php?doing_wp_cron=1747854842.2074790000915527343750 HTTP/1.1" 200 0 "-" "WordPress/6.8.1; https://portfolio.socialdigiinnovator.com"
185.191.171.8 - - [21/May/2025:15:15:46 -0400] "GET /viacom143820.html HTTP/1.1" 404 8753 "-" "Mozilla/5.0 (compatible; SemrushBot/7~bl; +http://www.semrush.com/bot.html)"
85.208.96.203 - - [21/May/2025:15:13:59 -0400] "GET /robots.txt HTTP/1.1" 200 109 "-" "Mozilla/5.0 (compatible; SemrushBot/7~bl; +http://www.semrush.com/bot.html)"
185.191.171.17 - - [21/May/2025:15:14:03 -0400] "GET /qianxinanzhou16045.html HTTP/1.1" 404 8753 "-" "Mozilla/5.0 (compatible; SemrushBot/7~bl; +http://www.semrush.com/bot.html)"
196.251.118.209 - - [21/May/2025:16:21:37 -0400] "GET / HTTP/1.1" 200 0 "-" "Mozlila/5.0 (Linux; Android 7.0; SM-G892A Bulid/NRD90M; wv) AppleWebKit/537.36 (KHTML, like Gecko) Version/4.0 Chrome/60.0.3112.107 Moblie Safari/537.36"
196.251.118.209 - - [21/May/2025:16:21:47 -0400] "POST /alfacgiapi/perl.alfa HTTP/1.1" 404 8751 "www.google.com" "Mozlila/5.0 (Linux; Android 7.0; SM-G892A Bulid/NRD90M; wv) AppleWebKit/537.36 (KHTML, like Gecko) Version/4.0 Chrome/60.0.3112.107 Moblie Safari/537.36"
196.251.118.209 - - [21/May/2025:16:21:47 -0400] "GET /wp-content/plugins/apikey/apikey.php?test=hello HTTP/1.1" 404 8757 "-" "Mozlila/5.0 (Linux; Android 7.0; SM-G892A Bulid/NRD90M; wv) AppleWebKit/537.36 (KHTML, like Gecko) Version/4.0 Chrome/60.0.3112.107 Moblie Safari/537.36"
196.251.118.209 - - [21/May/2025:16:21:49 -0400] "GET /plugins/content/apismtp/apismtp.php?test=hello HTTP/1.1" 404 8758 "-" "Mozlila/5.0 (Linux; Android 7.0; SM-G892A Bulid/NRD90M; wv) AppleWebKit/537.36 (KHTML, like Gecko) Version/4.0 Chrome/60.0.3112.107 Moblie Safari/537.36"
196.251.118.209 - - [21/May/2025:16:21:51 -0400] "GET /plugins/content/apismtp/apismtp.php.suspected?test=hello HTTP/1.1" 404 8755 "-" "Mozlila/5.0 (Linux; Android 7.0; SM-G892A Bulid/NRD90M; wv) AppleWebKit/537.36 (KHTML, like Gecko) Version/4.0 Chrome/60.0.3112.107 Moblie Safari/537.36"
198.54.114.35 - - [21/May/2025:16:27:41 -0400] "POST /wp-cron.php?doing_wp_cron=1747859260.9997251033782958984375 HTTP/1.1" 200 0 "-" "WordPress/6.8.1; https://portfolio.socialdigiinnovator.com"
204.137.14.68 - - [21/May/2025:16:27:50 -0400] "GET /testimonials/ HTTP/1.1" 200 7958 "-" "Mozilla/5.0 (iPod touch; CPU iPhone OS 17_7_1 like Mac OS X) AppleWebKit"
204.137.14.68 - - [21/May/2025:16:28:06 -0400] "GET /contact/ HTTP/1.1" 200 6943 "-" "Mozilla/5.0 (iPod touch; CPU iPhone OS 17_7_1 like Mac OS X) AppleWebKit"
198.54.114.35 - - [21/May/2025:16:19:40 -0400] "POST /wp-cron.php?doing_wp_cron=1747858779.7378110885620117187500 HTTP/1.1" 200 0 "-" "WordPress/6.8.1; https://portfolio.socialdigiinnovator.com"
54.36.148.62 - - [21/May/2025:16:19:34 -0400] "GET /robots.txt HTTP/1.1" 200 109 "-" "Mozilla/5.0 (compatible; AhrefsBot/7.0; +http://ahrefs.com/robot/)"
51.222.253.14 - - [21/May/2025:16:19:41 -0400] "GET /author/sdi-haseeb-chughtai/ HTTP/1.1" 200 9593 "-" "Mozilla/5.0 (compatible; AhrefsBot/7.0; +http://ahrefs.com/robot/)"
196.251.118.209 - - [21/May/2025:16:21:37 -0400] "GET /wp-content/themes/seotheme/db.php?u HTTP/1.1" 404 1251 "www.google.com" "Mozlila/5.0 (Linux; Android 7.0; SM-G892A Bulid/NRD90M; wv) AppleWebKit/537.36 (KHTML, like Gecko) Version/4.0 Chrome/60.0.3112.107 Moblie Safari/537.36"
196.251.118.209 - - [21/May/2025:16:21:38 -0400] "GET /wp-content/themes/seotheme/db.php?u HTTP/1.1" 404 1251 "www.google.com" "Mozlila/5.0 (Linux; Android 7.0; SM-G892A Bulid/NRD90M; wv) AppleWebKit/537.36 (KHTML, like Gecko) Version/4.0 Chrome/60.0.3112.107 Moblie Safari/537.36"
196.251.118.209 - - [21/May/2025:16:21:37 -0400] "GET /wp-content/plugins/fix/up.php HTTP/1.1" 200 0 "-" "Mozilla/5.0 (Windows NT 10.0; Win64; x64) AppleWebKit/537.36 (KHTML, like Gecko) Chrome/85.0.4183.102 Safari/537.36"
196.251.118.209 - - [21/May/2025:16:21:37 -0400] "POST /wp-plain.php HTTP/1.1" 200 0 "www.google.com" "Mozilla/5.0 (Linux; Android 7.0; SM-G892A Bulid/NRD90M; wv) AppleWebKit/537.36 (KHTML, like Gecko) Version/4.0 Chrome/60.0.3112.107 Moblie Safari/537.36"
196.251.118.209 - - [21/May/2025:16:21:37 -0400] "POST /ALFA_DATA/alfacgiapi/perl.alfa HTTP/1.1" 404 8764 "www.google.com" "Mozlila/5.0 (Linux; Android 7.0; SM-G892A Bulid/NRD90M; wv) AppleWebKit/537.36 (KHTML, like Gecko) Version/4.0 Chrome/60.0.3112.107 Moblie Safari/537.36"
196.251.118.209 - - [21/May/2025:16:21:45 -0400] "GET /wp-content/plugins/fix/up.php HTTP/1.1" 404 8744 "-" "Mozilla/5.0 (Windows NT 10.0; Win64; x64) AppleWebKit/537.36 (KHTML, like Gecko) Chrome/85.0.4183.102 Safari/537.36"
196.251.118.209 - - [21/May/2025:16:21:45 -0400] "GET / HTTP/1.1" 200 7262 "-" "Mozlila/5.0 (Linux; Android 7.0; SM-G892A Bulid/NRD90M; wv) AppleWebKit/537.36 (KHTML, like Gecko) Version/4.0 Chrome/60.0.3112.107 Moblie Safari/537.36"
196.251.118.209 - - [21/May/2025:16:21:50 -0400] "GET /wp-content/plugins/apikey/apikey.php.suspected?test=hello HTTP/1.1" 404 8760 "-" "Mozlila/5.0 (Linux; Android 7.0; SM-G892A Bulid/NRD90M; wv) AppleWebKit/537.36 (KHTML, like Gecko) Version/4.0 Chrome/60.0.3112.107 Moblie Safari/537.36"
204.137.14.68 - - [21/May/2025:16:27:31 -0400] "GET / HTTP/1.1" 200 7262 "-" "Mozilla/5.0 (iPod touch; CPU iPhone OS 17_7_1 like Mac OS X) AppleWebKit"
204.137.14.68 - - [21/May/2025:16:27:43 -0400] "GET / HTTP/1.1" 200 7262 "-" "Mozilla/5.0 (iPod touch; CPU iPhone OS 17_7_1 like Mac OS X) AppleWebKit"
204.137.14.68 - - [21/May/2025:16:27:49 -0400] "GET /books/ HTTP/1.1" 200 6907 "-" "Mozilla/5.0 (iPod touch; CPU iPhone OS 17_7_1 like Mac OS X) AppleWebKit"