芝麻web文件管理V1.00
编辑当前文件:/home/sditechnicalteam/access-logs/portfolio.socialdigiinnovator.com-ssl_log
198.54.114.35 - - [21/May/2025:08:06:09 -0400] "POST /wp-cron.php?doing_wp_cron=1747829168.9016520977020263671875 HTTP/1.1" 200 0 "-" "WordPress/6.8.1; https://portfolio.socialdigiinnovator.com"
51.222.253.6 - - [21/May/2025:08:06:05 -0400] "GET /simple-contact-form/ HTTP/1.1" 200 7042 "-" "Mozilla/5.0 (compatible; AhrefsBot/7.0; +http://ahrefs.com/robot/)"
198.54.114.35 - - [21/May/2025:08:35:20 -0400] "POST /wp-cron.php?doing_wp_cron=1747830920.3410499095916748046875 HTTP/1.1" 200 0 "-" "WordPress/6.8.1; https://portfolio.socialdigiinnovator.com"
18.214.251.19 - - [21/May/2025:08:35:14 -0400] "GET /books/ HTTP/1.1" 200 6907 "-" "Mozilla/5.0 AppleWebKit/537.36 (KHTML, like Gecko; compatible; Amazonbot/0.1; +https://developer.amazon.com/support/amazonbot) Chrome/119.0.6045.214 Safari/537.36"
198.54.114.35 - - [21/May/2025:08:56:09 -0400] "POST /wp-cron.php?doing_wp_cron=1747832169.2330598831176757812500 HTTP/1.1" 200 0 "-" "WordPress/6.8.1; https://portfolio.socialdigiinnovator.com"
20.171.207.142 - - [21/May/2025:08:56:51 -0400] "GET /wp-content/uploads/2022/01/cropped-cropped-SDI-Logo-Final-Separate-02-1-192x192.png HTTP/1.1" 200 6867 "-" "Mozilla/5.0 AppleWebKit/537.36 (KHTML, like Gecko; compatible; GPTBot/1.2; +https://openai.com/gptbot)"
20.171.207.142 - - [21/May/2025:08:59:18 -0400] "GET /wp-content/uploads/2022/01/cropped-cropped-cropped-SDI-Logo-Final-Separate-02-1.png HTTP/1.1" 200 23017 "-" "Mozilla/5.0 AppleWebKit/537.36 (KHTML, like Gecko; compatible; GPTBot/1.2; +https://openai.com/gptbot)"
20.171.207.142 - - [21/May/2025:09:00:06 -0400] "GET /testimonials/ HTTP/1.1" 200 7934 "-" "Mozilla/5.0 AppleWebKit/537.36 (KHTML, like Gecko; compatible; GPTBot/1.2; +https://openai.com/gptbot)"
20.171.207.142 - - [21/May/2025:09:00:36 -0400] "GET /comments/feed/ HTTP/1.1" 200 720 "-" "Mozilla/5.0 AppleWebKit/537.36 (KHTML, like Gecko; compatible; GPTBot/1.2; +https://openai.com/gptbot)"
198.54.114.35 - - [21/May/2025:09:03:35 -0400] "POST /wp-cron.php?doing_wp_cron=1747832615.4304680824279785156250 HTTP/1.1" 200 0 "-" "WordPress/6.8.1; https://portfolio.socialdigiinnovator.com"
20.171.207.142 - - [21/May/2025:09:05:46 -0400] "GET /?p=1050 HTTP/1.1" 301 0 "-" "Mozilla/5.0 AppleWebKit/537.36 (KHTML, like Gecko; compatible; GPTBot/1.2; +https://openai.com/gptbot)"
198.54.114.35 - - [21/May/2025:08:47:39 -0400] "POST /wp-cron.php?doing_wp_cron=1747831658.9346361160278320312500 HTTP/1.1" 200 0 "-" "WordPress/6.8.1; https://portfolio.socialdigiinnovator.com"
35.196.251.138 - - [21/May/2025:08:47:29 -0400] "GET /books/ HTTP/1.1" 200 6907 "-" "Mozilla/5.0/(X11; Linux x86_64) AppleWebKit/537.36 (KHTML, like Gecko) Chrome/125.0.0.0 Safari/537.36"
4.227.36.15 - - [21/May/2025:08:47:45 -0400] "GET /robots.txt HTTP/1.1" 200 109 "-" "Mozilla/5.0 AppleWebKit/537.36 (KHTML, like Gecko; compatible; GPTBot/1.2; +https://openai.com/gptbot)"
198.54.114.35 - - [21/May/2025:08:51:28 -0400] "POST /wp-cron.php?doing_wp_cron=1747831888.2025630474090576171875 HTTP/1.1" 200 0 "-" "WordPress/6.8.1; https://portfolio.socialdigiinnovator.com"
35.196.251.138 - - [21/May/2025:08:51:24 -0400] "GET /comments/feed/ HTTP/1.1" 200 720 "-" "Mozilla/5.0/(X11; Linux x86_64) AppleWebKit/537.36 (KHTML, like Gecko) Chrome/125.0.0.0 Safari/537.36"
20.171.207.142 - - [21/May/2025:08:52:05 -0400] "GET / HTTP/1.1" 200 7262 "-" "Mozilla/5.0 AppleWebKit/537.36 (KHTML, like Gecko; compatible; GPTBot/1.2; +https://openai.com/gptbot)"
20.171.207.142 - - [21/May/2025:08:56:01 -0400] "GET /wp-content/uploads/2022/01/cropped-cropped-SDI-Logo-Final-Separate-02-1-180x180.png HTTP/1.1" 200 6394 "-" "Mozilla/5.0 AppleWebKit/537.36 (KHTML, like Gecko; compatible; GPTBot/1.2; +https://openai.com/gptbot)"
35.196.251.138 - - [21/May/2025:08:56:04 -0400] "GET /contact/ HTTP/1.1" 200 6943 "-" "Mozilla/5.0/(X11; Linux x86_64) AppleWebKit/537.36 (KHTML, like Gecko) Chrome/125.0.0.0 Safari/537.36"
20.171.207.142 - - [21/May/2025:08:57:39 -0400] "GET /wp-content/uploads/2022/01/cropped-cropped-SDI-Logo-Final-Separate-02-1-32x32.png HTTP/1.1" 200 1233 "-" "Mozilla/5.0 AppleWebKit/537.36 (KHTML, like Gecko; compatible; GPTBot/1.2; +https://openai.com/gptbot)"
198.54.114.35 - - [21/May/2025:08:58:30 -0400] "POST /wp-cron.php?doing_wp_cron=1747832310.5093750953674316406250 HTTP/1.1" 200 0 "-" "WordPress/6.8.1; https://portfolio.socialdigiinnovator.com"
20.171.207.142 - - [21/May/2025:08:58:25 -0400] "GET /wp-json/ HTTP/1.1" 200 234937 "-" "Mozilla/5.0 AppleWebKit/537.36 (KHTML, like Gecko; compatible; GPTBot/1.2; +https://openai.com/gptbot)"
20.171.207.142 - - [21/May/2025:09:01:03 -0400] "GET /books/ HTTP/1.1" 200 6907 "-" "Mozilla/5.0 AppleWebKit/537.36 (KHTML, like Gecko; compatible; GPTBot/1.2; +https://openai.com/gptbot)"
20.171.207.142 - - [21/May/2025:09:01:27 -0400] "GET /wp-json/wp/v2/pages/154 HTTP/1.1" 500 1068 "-" "Mozilla/5.0 AppleWebKit/537.36 (KHTML, like Gecko; compatible; GPTBot/1.2; +https://openai.com/gptbot)"
20.171.207.142 - - [21/May/2025:09:01:54 -0400] "GET /feed/ HTTP/1.1" 500 1347 "-" "Mozilla/5.0 AppleWebKit/537.36 (KHTML, like Gecko; compatible; GPTBot/1.2; +https://openai.com/gptbot)"
20.171.207.142 - - [21/May/2025:09:03:30 -0400] "GET /contact/ HTTP/1.1" 200 6943 "-" "Mozilla/5.0 AppleWebKit/537.36 (KHTML, like Gecko; compatible; GPTBot/1.2; +https://openai.com/gptbot)"
20.171.207.142 - - [21/May/2025:09:05:54 -0400] "GET /testimonials/ HTTP/1.1" 200 7958 "-" "Mozilla/5.0 AppleWebKit/537.36 (KHTML, like Gecko; compatible; GPTBot/1.2; +https://openai.com/gptbot)"
20.171.207.142 - - [21/May/2025:09:06:50 -0400] "GET /books/ HTTP/1.1" 200 6907 "-" "Mozilla/5.0 AppleWebKit/537.36 (KHTML, like Gecko; compatible; GPTBot/1.2; +https://openai.com/gptbot)"
35.196.251.138 - - [21/May/2025:09:07:39 -0400] "GET /feed/ HTTP/1.1" 500 1347 "-" "Mozilla/5.0/(X11; Linux x86_64) AppleWebKit/537.36 (KHTML, like Gecko) Chrome/125.0.0.0 Safari/537.36"
20.171.207.142 - - [21/May/2025:09:07:44 -0400] "GET /wp-json/wp/v2/pages/1050 HTTP/1.1" 500 1076 "-" "Mozilla/5.0 AppleWebKit/537.36 (KHTML, like Gecko; compatible; GPTBot/1.2; +https://openai.com/gptbot)"
20.171.207.142 - - [21/May/2025:09:06:48 -0400] "GET /?p=1063 HTTP/1.1" 301 0 "-" "Mozilla/5.0 AppleWebKit/537.36 (KHTML, like Gecko; compatible; GPTBot/1.2; +https://openai.com/gptbot)"
198.54.114.35 - - [21/May/2025:09:08:41 -0400] "POST /wp-cron.php?doing_wp_cron=1747832921.3983800411224365234375 HTTP/1.1" 200 0 "-" "WordPress/6.8.1; https://portfolio.socialdigiinnovator.com"
20.171.207.142 - - [21/May/2025:09:08:38 -0400] "GET /wp-json/wp/v2/pages/1063 HTTP/1.1" 500 1077 "-" "Mozilla/5.0 AppleWebKit/537.36 (KHTML, like Gecko; compatible; GPTBot/1.2; +https://openai.com/gptbot)"
20.171.207.142 - - [21/May/2025:09:10:41 -0400] "GET /wp-json/oembed/1.0/embed?url=https%3A%2F%2Fportfolio.socialdigiinnovator.com%2Ftestimonials%2F HTTP/1.1" 200 2276 "-" "Mozilla/5.0 AppleWebKit/537.36 (KHTML, like Gecko; compatible; GPTBot/1.2; +https://openai.com/gptbot)"
20.171.207.142 - - [21/May/2025:09:09:36 -0400] "GET /wp-json/oembed/1.0/embed?url=https%3A%2F%2Fportfolio.socialdigiinnovator.com%2Fbooks%2F HTTP/1.1" 200 2244 "-" "Mozilla/5.0 AppleWebKit/537.36 (KHTML, like Gecko; compatible; GPTBot/1.2; +https://openai.com/gptbot)"
198.54.114.35 - - [21/May/2025:09:10:43 -0400] "POST /wp-cron.php?doing_wp_cron=1747833043.0792679786682128906250 HTTP/1.1" 200 0 "-" "WordPress/6.8.1; https://portfolio.socialdigiinnovator.com"
20.171.207.142 - - [21/May/2025:09:12:30 -0400] "GET /feed/ HTTP/1.1" 500 1347 "-" "Mozilla/5.0 AppleWebKit/537.36 (KHTML, like Gecko; compatible; GPTBot/1.2; +https://openai.com/gptbot)"
20.171.207.142 - - [21/May/2025:09:11:35 -0400] "GET /?p=1102 HTTP/1.1" 301 0 "-" "Mozilla/5.0 AppleWebKit/537.36 (KHTML, like Gecko; compatible; GPTBot/1.2; +https://openai.com/gptbot)"
20.171.207.142 - - [21/May/2025:09:11:37 -0400] "GET /contact/ HTTP/1.1" 200 6943 "-" "Mozilla/5.0 AppleWebKit/537.36 (KHTML, like Gecko; compatible; GPTBot/1.2; +https://openai.com/gptbot)"
20.171.207.142 - - [21/May/2025:09:11:39 -0400] "GET /wp-includes/js/jquery/jquery.min.js?ver=3.7.1 HTTP/1.1" 200 29744 "-" "Mozilla/5.0 AppleWebKit/537.36 (KHTML, like Gecko; compatible; GPTBot/1.2; +https://openai.com/gptbot)"
20.171.207.142 - - [21/May/2025:09:18:54 -0400] "GET /wp-content/plugins/elementor/assets/lib/font-awesome/js/v4-shims.min.js?ver=3.29.0 HTTP/1.1" 200 4042 "-" "Mozilla/5.0 AppleWebKit/537.36 (KHTML, like Gecko; compatible; GPTBot/1.2; +https://openai.com/gptbot)"
198.54.114.35 - - [21/May/2025:09:14:22 -0400] "POST /wp-cron.php?doing_wp_cron=1747833261.4085359573364257812500 HTTP/1.1" 200 0 "-" "WordPress/6.8.1; https://portfolio.socialdigiinnovator.com"
20.171.207.142 - - [21/May/2025:09:14:12 -0400] "GET /wp-json/wp/v2/pages/1102 HTTP/1.1" 500 1351 "-" "Mozilla/5.0 AppleWebKit/537.36 (KHTML, like Gecko; compatible; GPTBot/1.2; +https://openai.com/gptbot)"
20.171.207.142 - - [21/May/2025:09:15:22 -0400] "GET /wp-json/oembed/1.0/embed?url=https%3A%2F%2Fportfolio.socialdigiinnovator.com%2Fcontact%2F HTTP/1.1" 200 2251 "-" "Mozilla/5.0 AppleWebKit/537.36 (KHTML, like Gecko; compatible; GPTBot/1.2; +https://openai.com/gptbot)"
198.54.114.35 - - [21/May/2025:09:15:27 -0400] "POST /wp-cron.php?doing_wp_cron=1747833324.0444829463958740234375 HTTP/1.1" 200 0 "-" "WordPress/6.8.1; https://portfolio.socialdigiinnovator.com"
35.196.251.138 - - [21/May/2025:09:15:51 -0400] "GET /testimonials/ HTTP/1.1" 200 7934 "-" "Mozilla/5.0/(X11; Linux x86_64) AppleWebKit/537.36 (KHTML, like Gecko) Chrome/125.0.0.0 Safari/537.36"
20.171.207.142 - - [21/May/2025:09:17:06 -0400] "GET /wp-json/oembed/1.0/embed?url=https%3A%2F%2Fportfolio.socialdigiinnovator.com%2F HTTP/1.1" 200 2230 "-" "Mozilla/5.0 AppleWebKit/537.36 (KHTML, like Gecko; compatible; GPTBot/1.2; +https://openai.com/gptbot)"
198.54.114.35 - - [21/May/2025:09:17:23 -0400] "POST /wp-cron.php?doing_wp_cron=1747833428.8803799152374267578125 HTTP/1.1" 200 0 "-" "WordPress/6.8.1; https://portfolio.socialdigiinnovator.com"
20.171.207.142 - - [21/May/2025:09:18:06 -0400] "GET /wp-includes/js/jquery/jquery-migrate.min.js?ver=3.4.1 HTTP/1.1" 200 4678 "-" "Mozilla/5.0 AppleWebKit/537.36 (KHTML, like Gecko; compatible; GPTBot/1.2; +https://openai.com/gptbot)"
104.210.140.139 - - [21/May/2025:09:19:24 -0400] "GET /robots.txt HTTP/1.1" 200 109 "-" "Mozilla/5.0 (Macintosh; Intel Mac OS X 10_15_7) AppleWebKit/537.36 (KHTML, like Gecko) Chrome/131.0.0.0 Safari/537.36; compatible; OAI-SearchBot/1.0; +https://openai.com/searchbot"
198.54.114.35 - - [21/May/2025:09:19:58 -0400] "POST /wp-cron.php?doing_wp_cron=1747833587.5275011062622070312500 HTTP/1.1" 200 0 "-" "WordPress/6.8.1; https://portfolio.socialdigiinnovator.com"
104.210.140.137 - - [21/May/2025:09:20:18 -0400] "GET /robots.txt HTTP/1.1" 200 109 "-" "Mozilla/5.0 (Macintosh; Intel Mac OS X 10_15_7) AppleWebKit/537.36 (KHTML, like Gecko) Chrome/131.0.0.0 Safari/537.36; compatible; OAI-SearchBot/1.0; +https://openai.com/searchbot"
104.210.140.139 - - [21/May/2025:09:20:33 -0400] "GET /robots.txt HTTP/1.1" 200 109 "-" "Mozilla/5.0 (Macintosh; Intel Mac OS X 10_15_7) AppleWebKit/537.36 (KHTML, like Gecko) Chrome/131.0.0.0 Safari/537.36; compatible; OAI-SearchBot/1.0; +https://openai.com/searchbot"
20.171.207.142 - - [21/May/2025:09:20:42 -0400] "GET /wp-json/oembed/1.0/embed?format=xml&url=https%3A%2F%2Fportfolio.socialdigiinnovator.com%2Ftestimonials%2F HTTP/1.1" 200 1098 "-" "Mozilla/5.0 AppleWebKit/537.36 (KHTML, like Gecko; compatible; GPTBot/1.2; +https://openai.com/gptbot)"
20.171.207.142 - - [21/May/2025:09:22:54 -0400] "GET /wp-json/oembed/1.0/embed?format=xml&url=https%3A%2F%2Fportfolio.socialdigiinnovator.com%2Fbooks%2F HTTP/1.1" 200 1095 "-" "Mozilla/5.0 AppleWebKit/537.36 (KHTML, like Gecko; compatible; GPTBot/1.2; +https://openai.com/gptbot)"
20.171.207.142 - - [21/May/2025:09:23:16 -0400] "GET /wp-content/themes/leverage-child/style.css?ver=2.1.3 HTTP/1.1" 200 195 "-" "Mozilla/5.0 AppleWebKit/537.36 (KHTML, like Gecko; compatible; GPTBot/1.2; +https://openai.com/gptbot)"
20.171.207.142 - - [21/May/2025:09:24:03 -0400] "GET /wp-content/themes/leverage/style.css?ver=2.1.3 HTTP/1.1" 200 15055 "-" "Mozilla/5.0 AppleWebKit/537.36 (KHTML, like Gecko; compatible; GPTBot/1.2; +https://openai.com/gptbot)"
20.171.207.142 - - [21/May/2025:09:24:46 -0400] "GET /wp-content/themes/leverage/assets/css/support/contact-form-7.css?ver=2.1.3 HTTP/1.1" 200 426 "-" "Mozilla/5.0 AppleWebKit/537.36 (KHTML, like Gecko; compatible; GPTBot/1.2; +https://openai.com/gptbot)"
20.171.207.142 - - [21/May/2025:09:27:09 -0400] "GET /wp-content/plugins/elementor/assets/lib/eicons/css/elementor-icons.min.css?ver=5.40.0 HTTP/1.1" 200 3983 "-" "Mozilla/5.0 AppleWebKit/537.36 (KHTML, like Gecko; compatible; GPTBot/1.2; +https://openai.com/gptbot)"
198.54.114.35 - - [21/May/2025:09:29:53 -0400] "POST /wp-cron.php?doing_wp_cron=1747834192.3904259204864501953125 HTTP/1.1" 200 0 "-" "WordPress/6.8.1; https://portfolio.socialdigiinnovator.com"
20.171.207.142 - - [21/May/2025:09:30:14 -0400] "GET /testimonials/embed/ HTTP/1.1" 200 6259 "-" "Mozilla/5.0 AppleWebKit/537.36 (KHTML, like Gecko; compatible; GPTBot/1.2; +https://openai.com/gptbot)"
20.171.207.142 - - [21/May/2025:09:31:05 -0400] "GET /author/sdi-haseeb-chughtai/ HTTP/1.1" 200 0 "-" "Mozilla/5.0 AppleWebKit/537.36 (KHTML, like Gecko; compatible; GPTBot/1.2; +https://openai.com/gptbot)"
198.54.114.35 - - [21/May/2025:09:31:44 -0400] "POST /wp-cron.php?doing_wp_cron=1747834282.7947421073913574218750 HTTP/1.1" 200 0 "-" "WordPress/6.8.1; https://portfolio.socialdigiinnovator.com"
20.171.207.142 - - [21/May/2025:09:32:13 -0400] "GET /wp-content/themes/leverage/assets/css/vendor/icons.min.css?ver=2.1.3 HTTP/1.1" 200 2362 "-" "Mozilla/5.0 AppleWebKit/537.36 (KHTML, like Gecko; compatible; GPTBot/1.2; +https://openai.com/gptbot)"
20.171.207.142 - - [21/May/2025:09:33:16 -0400] "GET /wp-content/themes/leverage/assets/css/vendor/cookie-notice.min.css?ver=2.1.3 HTTP/1.1" 200 1418 "-" "Mozilla/5.0 AppleWebKit/537.36 (KHTML, like Gecko; compatible; GPTBot/1.2; +https://openai.com/gptbot)"
104.210.140.142 - - [21/May/2025:09:19:40 -0400] "GET /robots.txt HTTP/1.1" 200 109 "-" "Mozilla/5.0 (Macintosh; Intel Mac OS X 10_15_7) AppleWebKit/537.36 (KHTML, like Gecko) Chrome/131.0.0.0 Safari/537.36; compatible; OAI-SearchBot/1.0; +https://openai.com/searchbot"
198.54.114.35 - - [21/May/2025:09:19:52 -0400] "POST /wp-cron.php?doing_wp_cron=1747833584.7629179954528808593750 HTTP/1.1" 200 0 "-" "WordPress/6.8.1; https://portfolio.socialdigiinnovator.com"
20.171.207.142 - - [21/May/2025:09:19:48 -0400] "GET /wp-json/oembed/1.0/embed?format=xml&url=https%3A%2F%2Fportfolio.socialdigiinnovator.com%2F HTTP/1.1" 200 1085 "-" "Mozilla/5.0 AppleWebKit/537.36 (KHTML, like Gecko; compatible; GPTBot/1.2; +https://openai.com/gptbot)"
104.210.140.139 - - [21/May/2025:09:19:54 -0400] "GET /robots.txt HTTP/1.1" 200 109 "-" "Mozilla/5.0 (Macintosh; Intel Mac OS X 10_15_7) AppleWebKit/537.36 (KHTML, like Gecko) Chrome/131.0.0.0 Safari/537.36; compatible; OAI-SearchBot/1.0; +https://openai.com/searchbot"
20.171.207.142 - - [21/May/2025:09:21:45 -0400] "GET /wp-json/oembed/1.0/embed?format=xml&url=https%3A%2F%2Fportfolio.socialdigiinnovator.com%2Fcontact%2F HTTP/1.1" 200 0 "-" "Mozilla/5.0 AppleWebKit/537.36 (KHTML, like Gecko; compatible; GPTBot/1.2; +https://openai.com/gptbot)"
20.171.207.142 - - [21/May/2025:09:25:30 -0400] "GET /wp-content/themes/leverage/assets/css/support/wordpress.css?ver=2.1.3 HTTP/1.1" 200 3366 "-" "Mozilla/5.0 AppleWebKit/537.36 (KHTML, like Gecko; compatible; GPTBot/1.2; +https://openai.com/gptbot)"
20.171.207.142 - - [21/May/2025:09:26:25 -0400] "GET /wp-content/themes/leverage/assets/css/vendor/slider.min.css?ver=2.1.3 HTTP/1.1" 200 3805 "-" "Mozilla/5.0 AppleWebKit/537.36 (KHTML, like Gecko; compatible; GPTBot/1.2; +https://openai.com/gptbot)"
198.54.114.35 - - [21/May/2025:09:28:29 -0400] "POST /wp-cron.php?doing_wp_cron=1747834105.3873620033264160156250 HTTP/1.1" 200 0 "-" "WordPress/6.8.1; https://portfolio.socialdigiinnovator.com"
20.171.207.142 - - [21/May/2025:09:28:12 -0400] "GET /books/embed/ HTTP/1.1" 200 6243 "-" "Mozilla/5.0 AppleWebKit/537.36 (KHTML, like Gecko; compatible; GPTBot/1.2; +https://openai.com/gptbot)"
20.171.207.142 - - [21/May/2025:09:29:11 -0400] "GET /embed/ HTTP/1.1" 301 0 "-" "Mozilla/5.0 AppleWebKit/537.36 (KHTML, like Gecko; compatible; GPTBot/1.2; +https://openai.com/gptbot)"
20.171.207.142 - - [21/May/2025:09:29:20 -0400] "GET / HTTP/1.1" 200 7262 "-" "Mozilla/5.0 AppleWebKit/537.36 (KHTML, like Gecko; compatible; GPTBot/1.2; +https://openai.com/gptbot)"
51.222.253.15 - - [21/May/2025:09:29:45 -0400] "GET /category/uncategorized/ HTTP/1.1" 200 8918 "-" "Mozilla/5.0 (compatible; AhrefsBot/7.0; +http://ahrefs.com/robot/)"
20.171.207.142 - - [21/May/2025:09:34:40 -0400] "GET /feed/ HTTP/1.1" 200 0 "-" "Mozilla/5.0 AppleWebKit/537.36 (KHTML, like Gecko; compatible; GPTBot/1.2; +https://openai.com/gptbot)"
20.171.207.142 - - [21/May/2025:09:34:34 -0400] "GET /wp-content/themes/leverage/assets/css/vendor/bootstrap.min.css?ver=2.1.3 HTTP/1.1" 200 0 "-" "Mozilla/5.0 AppleWebKit/537.36 (KHTML, like Gecko; compatible; GPTBot/1.2; +https://openai.com/gptbot)"
20.171.207.142 - - [21/May/2025:09:36:00 -0400] "GET /wp-json/wp/v2/pages/154 HTTP/1.1" 200 0 "-" "Mozilla/5.0 AppleWebKit/537.36 (KHTML, like Gecko; compatible; GPTBot/1.2; +https://openai.com/gptbot)"
20.171.207.142 - - [21/May/2025:09:37:17 -0400] "GET /wp-content/plugins/elementor/assets/lib/eicons/fonts/eicons.woff2?5.41.0 HTTP/1.1" 200 103012 "-" "Mozilla/5.0 AppleWebKit/537.36 (KHTML, like Gecko; compatible; GPTBot/1.2; +https://openai.com/gptbot)"
20.171.207.142 - - [21/May/2025:09:38:12 -0400] "GET /wp-content/plugins/elementor/assets/lib/eicons/fonts/eicons.svg?5.41.0 HTTP/1.1" 200 100898 "-" "Mozilla/5.0 AppleWebKit/537.36 (KHTML, like Gecko; compatible; GPTBot/1.2; +https://openai.com/gptbot)"
20.171.207.142 - - [21/May/2025:09:39:15 -0400] "GET /wp-content/plugins/elementor/assets/lib/eicons/fonts/eicons.eot?5.41.0 HTTP/1.1" 200 230756 "-" "Mozilla/5.0 AppleWebKit/537.36 (KHTML, like Gecko; compatible; GPTBot/1.2; +https://openai.com/gptbot)"
20.171.207.142 - - [21/May/2025:09:39:58 -0400] "GET /wp-content/plugins/elementor/assets/lib/eicons/fonts/eicons.woff?5.41.0 HTTP/1.1" 200 126676 "-" "Mozilla/5.0 AppleWebKit/537.36 (KHTML, like Gecko; compatible; GPTBot/1.2; +https://openai.com/gptbot)"
20.171.207.142 - - [21/May/2025:09:40:40 -0400] "GET /wp-content/plugins/elementor/assets/lib/eicons/fonts/eicons.ttf?5.41.0 HTTP/1.1" 200 230596 "-" "Mozilla/5.0 AppleWebKit/537.36 (KHTML, like Gecko; compatible; GPTBot/1.2; +https://openai.com/gptbot)"
20.171.207.142 - - [21/May/2025:09:44:14 -0400] "GET /wp-content/themes/leverage/assets/css/vendor/animation.min.css?ver=2.1.3 HTTP/1.1" 200 1539 "-" "Mozilla/5.0 AppleWebKit/537.36 (KHTML, like Gecko; compatible; GPTBot/1.2; +https://openai.com/gptbot)"
20.171.207.142 - - [21/May/2025:09:44:52 -0400] "GET /wp-content/themes/leverage/assets/fonts/icons/Icons-Line.svg?v=2.4.0 HTTP/1.1" 404 1251 "-" "Mozilla/5.0 AppleWebKit/537.36 (KHTML, like Gecko; compatible; GPTBot/1.2; +https://openai.com/gptbot)"
20.171.207.142 - - [21/May/2025:09:46:05 -0400] "GET /wp-content/plugins/elementor/assets/css/conditionals/e-swiper.min.css?ver=3.29.0 HTTP/1.1" 200 699 "-" "Mozilla/5.0 AppleWebKit/537.36 (KHTML, like Gecko; compatible; GPTBot/1.2; +https://openai.com/gptbot)"
20.171.207.142 - - [21/May/2025:09:46:42 -0400] "GET /wp-content/themes/leverage/assets/css/default.css?ver=2.1.3 HTTP/1.1" 200 1186 "-" "Mozilla/5.0 AppleWebKit/537.36 (KHTML, like Gecko; compatible; GPTBot/1.2; +https://openai.com/gptbot)"
20.171.207.142 - - [21/May/2025:09:49:35 -0400] "GET /wp-content/themes/leverage/assets/images/favicon.ico HTTP/1.1" 404 1251 "-" "Mozilla/5.0 AppleWebKit/537.36 (KHTML, like Gecko; compatible; GPTBot/1.2; +https://openai.com/gptbot)"
20.171.207.142 - - [21/May/2025:09:50:12 -0400] "GET /wp-content/themes/leverage/assets/fonts/gallery/Gallery.eot HTTP/1.1" 200 4024 "-" "Mozilla/5.0 AppleWebKit/537.36 (KHTML, like Gecko; compatible; GPTBot/1.2; +https://openai.com/gptbot)"
20.171.207.142 - - [21/May/2025:09:50:51 -0400] "GET /wp-content/themes/leverage/assets/fonts/gallery/Gallery.ttf?n1z373 HTTP/1.1" 200 3880 "-" "Mozilla/5.0 AppleWebKit/537.36 (KHTML, like Gecko; compatible; GPTBot/1.2; +https://openai.com/gptbot)"
20.171.207.142 - - [21/May/2025:09:51:27 -0400] "GET /wp-content/themes/leverage/assets/fonts/gallery/Gallery.woff?n1z373 HTTP/1.1" 200 3956 "-" "Mozilla/5.0 AppleWebKit/537.36 (KHTML, like Gecko; compatible; GPTBot/1.2; +https://openai.com/gptbot)"
20.171.207.142 - - [21/May/2025:09:52:04 -0400] "GET /wp-content/themes/leverage/assets/fonts/gallery/Gallery.svg?n1z373 HTTP/1.1" 200 2957 "-" "Mozilla/5.0 AppleWebKit/537.36 (KHTML, like Gecko; compatible; GPTBot/1.2; +https://openai.com/gptbot)"
20.171.207.142 - - [21/May/2025:09:52:42 -0400] "GET /wp-content/themes/leverage/assets/fonts/gallery/Gallery.eot?n1z373 HTTP/1.1" 200 4024 "-" "Mozilla/5.0 AppleWebKit/537.36 (KHTML, like Gecko; compatible; GPTBot/1.2; +https://openai.com/gptbot)"
20.171.207.142 - - [21/May/2025:09:53:36 -0400] "GET /wp-content/plugins/elementor/assets/lib/font-awesome/webfonts/fa-solid-900.woff HTTP/1.1" 200 101652 "-" "Mozilla/5.0 AppleWebKit/537.36 (KHTML, like Gecko; compatible; GPTBot/1.2; +https://openai.com/gptbot)"
20.171.207.142 - - [21/May/2025:09:54:14 -0400] "GET /wp-content/plugins/elementor/assets/lib/font-awesome/webfonts/fa-brands-400.eot HTTP/1.1" 200 151556 "-" "Mozilla/5.0 AppleWebKit/537.36 (KHTML, like Gecko; compatible; GPTBot/1.2; +https://openai.com/gptbot)"
20.171.207.142 - - [21/May/2025:09:41:19 -0400] "GET /wp-content/themes/leverage/assets/fonts/icons/Icons-Line.woff2?v=2.4.0 HTTP/1.1" 200 30064 "-" "Mozilla/5.0 AppleWebKit/537.36 (KHTML, like Gecko; compatible; GPTBot/1.2; +https://openai.com/gptbot)"
20.171.207.142 - - [21/May/2025:09:42:00 -0400] "GET /wp-content/themes/leverage/assets/fonts/icons/Icons-Line.woff?v=2.4.0 HTTP/1.1" 200 81332 "-" "Mozilla/5.0 AppleWebKit/537.36 (KHTML, like Gecko; compatible; GPTBot/1.2; +https://openai.com/gptbot)"
20.171.207.142 - - [21/May/2025:09:42:39 -0400] "GET /wp-content/themes/leverage/assets/fonts/icons/Icons-Line.eot?v=2.4.0 HTTP/1.1" 200 54266 "-" "Mozilla/5.0 AppleWebKit/537.36 (KHTML, like Gecko; compatible; GPTBot/1.2; +https://openai.com/gptbot)"
20.171.207.142 - - [21/May/2025:09:43:18 -0400] "GET /wp-content/themes/leverage/assets/fonts/icons/Icons-Line.ttf?v=2.4.0 HTTP/1.1" 200 54056 "-" "Mozilla/5.0 AppleWebKit/537.36 (KHTML, like Gecko; compatible; GPTBot/1.2; +https://openai.com/gptbot)"
20.171.207.142 - - [21/May/2025:09:45:28 -0400] "GET /wp-content/themes/leverage/assets/css/vendor/gallery.min.css?ver=2.1.3 HTTP/1.1" 200 3526 "-" "Mozilla/5.0 AppleWebKit/537.36 (KHTML, like Gecko; compatible; GPTBot/1.2; +https://openai.com/gptbot)"
20.171.207.142 - - [21/May/2025:09:47:20 -0400] "GET /wp-content/plugins/elementor/assets/lib/font-awesome/css/all.min.css?ver=3.29.0 HTTP/1.1" 200 12380 "-" "Mozilla/5.0 AppleWebKit/537.36 (KHTML, like Gecko; compatible; GPTBot/1.2; +https://openai.com/gptbot)"
20.171.207.142 - - [21/May/2025:09:48:57 -0400] "GET /wp-content/themes/leverage/assets/images/loading.gif HTTP/1.1" 200 4178 "-" "Mozilla/5.0 AppleWebKit/537.36 (KHTML, like Gecko; compatible; GPTBot/1.2; +https://openai.com/gptbot)"
20.171.207.142 - - [21/May/2025:09:56:07 -0400] "GET /wp-content/plugins/elementor/assets/lib/font-awesome/webfonts/fa-regular-400.svg HTTP/1.1" 200 35332 "-" "Mozilla/5.0 AppleWebKit/537.36 (KHTML, like Gecko; compatible; GPTBot/1.2; +https://openai.com/gptbot)"
196.251.118.209 - - [21/May/2025:09:56:23 -0400] "GET /wp-content/themes/seotheme/db.php?u HTTP/1.1" 404 1251 "www.google.com" "Mozlila/5.0 (Linux; Android 7.0; SM-G892A Bulid/NRD90M; wv) AppleWebKit/537.36 (KHTML, like Gecko) Version/4.0 Chrome/60.0.3112.107 Moblie Safari/537.36"
196.251.118.209 - - [21/May/2025:09:56:24 -0400] "GET /wp-content/themes/seotheme/db.php?u HTTP/1.1" 404 1251 "www.google.com" "Mozlila/5.0 (Linux; Android 7.0; SM-G892A Bulid/NRD90M; wv) AppleWebKit/537.36 (KHTML, like Gecko) Version/4.0 Chrome/60.0.3112.107 Moblie Safari/537.36"
196.251.118.209 - - [21/May/2025:09:56:23 -0400] "POST /wp-plain.php HTTP/1.1" 200 0 "www.google.com" "Mozilla/5.0 (Linux; Android 7.0; SM-G892A Bulid/NRD90M; wv) AppleWebKit/537.36 (KHTML, like Gecko) Version/4.0 Chrome/60.0.3112.107 Moblie Safari/537.36"
196.251.118.209 - - [21/May/2025:09:56:23 -0400] "GET / HTTP/1.1" 200 0 "-" "Mozlila/5.0 (Linux; Android 7.0; SM-G892A Bulid/NRD90M; wv) AppleWebKit/537.36 (KHTML, like Gecko) Version/4.0 Chrome/60.0.3112.107 Moblie Safari/537.36"
198.54.114.35 - - [21/May/2025:09:56:35 -0400] "POST /wp-cron.php?doing_wp_cron=1747835795.1453490257263183593750 HTTP/1.1" 200 0 "-" "WordPress/6.8.1; https://portfolio.socialdigiinnovator.com"
196.251.118.209 - - [21/May/2025:09:56:31 -0400] "GET / HTTP/1.1" 200 7262 "-" "Mozlila/5.0 (Linux; Android 7.0; SM-G892A Bulid/NRD90M; wv) AppleWebKit/537.36 (KHTML, like Gecko) Version/4.0 Chrome/60.0.3112.107 Moblie Safari/537.36"
196.251.118.209 - - [21/May/2025:09:56:31 -0400] "GET /wp-content/plugins/fix/up.php HTTP/1.1" 404 8744 "-" "Mozilla/5.0 (Windows NT 10.0; Win64; x64) AppleWebKit/537.36 (KHTML, like Gecko) Chrome/85.0.4183.102 Safari/537.36"
196.251.118.209 - - [21/May/2025:09:56:38 -0400] "POST /alfacgiapi/perl.alfa HTTP/1.1" 404 8751 "www.google.com" "Mozlila/5.0 (Linux; Android 7.0; SM-G892A Bulid/NRD90M; wv) AppleWebKit/537.36 (KHTML, like Gecko) Version/4.0 Chrome/60.0.3112.107 Moblie Safari/537.36"
20.171.207.142 - - [21/May/2025:09:54:51 -0400] "GET /wp-content/plugins/elementor/assets/lib/font-awesome/webfonts/fa-brands-400.svg HTTP/1.1" 200 251755 "-" "Mozilla/5.0 AppleWebKit/537.36 (KHTML, like Gecko; compatible; GPTBot/1.2; +https://openai.com/gptbot)"
20.171.207.142 - - [21/May/2025:09:55:29 -0400] "GET /wp-content/plugins/elementor/assets/lib/font-awesome/webfonts/fa-brands-400.ttf HTTP/1.1" 200 151368 "-" "Mozilla/5.0 AppleWebKit/537.36 (KHTML, like Gecko; compatible; GPTBot/1.2; +https://openai.com/gptbot)"
196.251.118.209 - - [21/May/2025:09:56:23 -0400] "GET /wp-content/plugins/fix/up.php HTTP/1.1" 200 0 "-" "Mozilla/5.0 (Windows NT 10.0; Win64; x64) AppleWebKit/537.36 (KHTML, like Gecko) Chrome/85.0.4183.102 Safari/537.36"
198.54.114.35 - - [21/May/2025:09:56:35 -0400] "POST /wp-cron.php?doing_wp_cron=1747835795.1442370414733886718750 HTTP/1.1" 200 0 "-" "WordPress/6.8.1; https://portfolio.socialdigiinnovator.com"
198.54.114.35 - - [21/May/2025:09:56:35 -0400] "POST /wp-cron.php?doing_wp_cron=1747835795.1887249946594238281250 HTTP/1.1" 200 0 "-" "WordPress/6.8.1; https://portfolio.socialdigiinnovator.com"
198.54.114.35 - - [21/May/2025:09:56:35 -0400] "POST /wp-cron.php?doing_wp_cron=1747835795.1554229259490966796875 HTTP/1.1" 200 0 "-" "WordPress/6.8.1; https://portfolio.socialdigiinnovator.com"
198.54.114.35 - - [21/May/2025:09:56:35 -0400] "POST /wp-cron.php?doing_wp_cron=1747835795.1735880374908447265625 HTTP/1.1" 200 0 "-" "WordPress/6.8.1; https://portfolio.socialdigiinnovator.com"
198.54.114.35 - - [21/May/2025:09:56:35 -0400] "POST /wp-cron.php?doing_wp_cron=1747835795.1894180774688720703125 HTTP/1.1" 200 0 "-" "WordPress/6.8.1; https://portfolio.socialdigiinnovator.com"
196.251.118.209 - - [21/May/2025:09:56:23 -0400] "POST /ALFA_DATA/alfacgiapi/perl.alfa HTTP/1.1" 404 8764 "www.google.com" "Mozlila/5.0 (Linux; Android 7.0; SM-G892A Bulid/NRD90M; wv) AppleWebKit/537.36 (KHTML, like Gecko) Version/4.0 Chrome/60.0.3112.107 Moblie Safari/537.36"
196.251.118.209 - - [21/May/2025:09:56:38 -0400] "GET /wp-content/plugins/apikey/apikey.php?test=hello HTTP/1.1" 404 8757 "-" "Mozlila/5.0 (Linux; Android 7.0; SM-G892A Bulid/NRD90M; wv) AppleWebKit/537.36 (KHTML, like Gecko) Version/4.0 Chrome/60.0.3112.107 Moblie Safari/537.36"
196.251.118.209 - - [21/May/2025:09:56:40 -0400] "GET /plugins/content/apismtp/apismtp.php?test=hello HTTP/1.1" 404 8758 "-" "Mozlila/5.0 (Linux; Android 7.0; SM-G892A Bulid/NRD90M; wv) AppleWebKit/537.36 (KHTML, like Gecko) Version/4.0 Chrome/60.0.3112.107 Moblie Safari/537.36"
196.251.118.209 - - [21/May/2025:09:56:42 -0400] "GET /wp-content/plugins/apikey/apikey.php.suspected?test=hello HTTP/1.1" 404 8758 "-" "Mozlila/5.0 (Linux; Android 7.0; SM-G892A Bulid/NRD90M; wv) AppleWebKit/537.36 (KHTML, like Gecko) Version/4.0 Chrome/60.0.3112.107 Moblie Safari/537.36"
20.171.207.142 - - [21/May/2025:09:56:44 -0400] "GET /wp-content/plugins/elementor/assets/lib/font-awesome/webfonts/fa-regular-400.woff HTTP/1.1" 200 16276 "-" "Mozilla/5.0 AppleWebKit/537.36 (KHTML, like Gecko; compatible; GPTBot/1.2; +https://openai.com/gptbot)"
20.171.207.142 - - [21/May/2025:09:58:51 -0400] "GET /wp-content/plugins/elementor/assets/lib/font-awesome/webfonts/fa-regular-400.ttf HTTP/1.1" 200 33736 "-" "Mozilla/5.0 AppleWebKit/537.36 (KHTML, like Gecko; compatible; GPTBot/1.2; +https://openai.com/gptbot)"
20.171.207.142 - - [21/May/2025:10:00:08 -0400] "GET /wp-content/plugins/elementor/assets/lib/font-awesome/webfonts/fa-solid-900.svg HTTP/1.1" 200 246159 "-" "Mozilla/5.0 AppleWebKit/537.36 (KHTML, like Gecko; compatible; GPTBot/1.2; +https://openai.com/gptbot)"
20.171.207.142 - - [21/May/2025:10:00:47 -0400] "GET /wp-content/plugins/elementor/assets/lib/font-awesome/webfonts/fa-solid-900.eot HTTP/1.1" 200 203030 "-" "Mozilla/5.0 AppleWebKit/537.36 (KHTML, like Gecko; compatible; GPTBot/1.2; +https://openai.com/gptbot)"
196.251.118.209 - - [21/May/2025:09:56:43 -0400] "GET /plugins/content/apismtp/apismtp.php.suspected?test=hello HTTP/1.1" 404 8755 "-" "Mozlila/5.0 (Linux; Android 7.0; SM-G892A Bulid/NRD90M; wv) AppleWebKit/537.36 (KHTML, like Gecko) Version/4.0 Chrome/60.0.3112.107 Moblie Safari/537.36"
20.171.207.142 - - [21/May/2025:09:58:13 -0400] "GET /wp-content/plugins/elementor/assets/lib/font-awesome/webfonts/fa-brands-400.woff HTTP/1.1" 200 97804 "-" "Mozilla/5.0 AppleWebKit/537.36 (KHTML, like Gecko; compatible; GPTBot/1.2; +https://openai.com/gptbot)"
20.171.207.142 - - [21/May/2025:09:59:29 -0400] "GET /wp-content/plugins/elementor/assets/lib/font-awesome/webfonts/fa-regular-400.eot HTTP/1.1" 200 34034 "-" "Mozilla/5.0 AppleWebKit/537.36 (KHTML, like Gecko; compatible; GPTBot/1.2; +https://openai.com/gptbot)"
20.171.207.142 - - [21/May/2025:10:02:03 -0400] "GET /wp-content/plugins/elementor/assets/lib/font-awesome/webfonts/fa-regular-400.woff2 HTTP/1.1" 200 13276 "-" "Mozilla/5.0 AppleWebKit/537.36 (KHTML, like Gecko; compatible; GPTBot/1.2; +https://openai.com/gptbot)"
20.171.207.142 - - [21/May/2025:10:02:35 -0400] "GET /wp-content/plugins/elementor/assets/lib/font-awesome/webfonts/fa-brands-400.woff2 HTTP/1.1" 200 81612 "-" "Mozilla/5.0 AppleWebKit/537.36 (KHTML, like Gecko; compatible; GPTBot/1.2; +https://openai.com/gptbot)"
20.171.207.142 - - [21/May/2025:10:03:52 -0400] "GET /wp-content/plugins/elementor/assets/css/frontend.min.css?ver=3.29.0 HTTP/1.1" 200 6472 "-" "Mozilla/5.0 AppleWebKit/537.36 (KHTML, like Gecko; compatible; GPTBot/1.2; +https://openai.com/gptbot)"
20.171.207.142 - - [21/May/2025:10:05:04 -0400] "GET /wp-content/plugins/elementor/assets/css/widget-spacer.min.css?ver=3.29.0 HTTP/1.1" 200 315 "-" "Mozilla/5.0 AppleWebKit/537.36 (KHTML, like Gecko; compatible; GPTBot/1.2; +https://openai.com/gptbot)"
20.171.207.142 - - [21/May/2025:10:05:42 -0400] "GET /wp-content/plugins/elementor/assets/css/widget-heading.min.css?ver=3.29.0 HTTP/1.1" 200 154 "-" "Mozilla/5.0 AppleWebKit/537.36 (KHTML, like Gecko; compatible; GPTBot/1.2; +https://openai.com/gptbot)"
20.171.207.142 - - [21/May/2025:10:07:36 -0400] "GET /wp-content/uploads/elementor/google-fonts/css/robotoslab.css?ver=1742261630 HTTP/1.1" 200 712 "-" "Mozilla/5.0 AppleWebKit/537.36 (KHTML, like Gecko; compatible; GPTBot/1.2; +https://openai.com/gptbot)"
20.171.207.142 - - [21/May/2025:10:08:15 -0400] "GET /wp-content/plugins/elementor/assets/lib/font-awesome/css/v4-shims.min.css?ver=3.29.0 HTTP/1.1" 200 3987 "-" "Mozilla/5.0 AppleWebKit/537.36 (KHTML, like Gecko; compatible; GPTBot/1.2; +https://openai.com/gptbot)"
20.171.207.142 - - [21/May/2025:10:08:53 -0400] "GET /wp-content/uploads/elementor/google-fonts/css/roboto.css?ver=1742261613 HTTP/1.1" 200 1879 "-" "Mozilla/5.0 AppleWebKit/537.36 (KHTML, like Gecko; compatible; GPTBot/1.2; +https://openai.com/gptbot)"
198.54.114.35 - - [21/May/2025:10:11:21 -0400] "POST /wp-cron.php?doing_wp_cron=1747836680.9303510189056396484375 HTTP/1.1" 200 0 "-" "WordPress/6.8.1; https://portfolio.socialdigiinnovator.com"
34.23.81.91 - - [21/May/2025:10:11:12 -0400] "GET /robots.txt HTTP/1.1" 200 109 "-" "Mozilla/5.0/(X11; Linux x86_64) AppleWebKit/537.36 (KHTML, like Gecko) Chrome/125.0.0.0 Safari/537.36"
20.171.207.142 - - [21/May/2025:10:11:43 -0400] "GET /wp-content/uploads/elementor/google-fonts/fonts/robotoslab-bngmuxzytxpivibgjjsb6ufc5qw54a.woff2 HTTP/1.1" 200 9872 "-" "Mozilla/5.0 AppleWebKit/537.36 (KHTML, like Gecko; compatible; GPTBot/1.2; +https://openai.com/gptbot)"
20.171.207.142 - - [21/May/2025:10:01:26 -0400] "GET /wp-content/plugins/elementor/assets/lib/font-awesome/webfonts/fa-solid-900.ttf HTTP/1.1" 200 202744 "-" "Mozilla/5.0 AppleWebKit/537.36 (KHTML, like Gecko; compatible; GPTBot/1.2; +https://openai.com/gptbot)"
20.171.207.142 - - [21/May/2025:10:03:13 -0400] "GET /wp-content/plugins/elementor/assets/lib/font-awesome/webfonts/fa-solid-900.woff2 HTTP/1.1" 200 78196 "-" "Mozilla/5.0 AppleWebKit/537.36 (KHTML, like Gecko; compatible; GPTBot/1.2; +https://openai.com/gptbot)"
20.171.207.142 - - [21/May/2025:10:04:28 -0400] "GET /wp-content/plugins/elementor/assets/css/widget-image.min.css?ver=3.29.0 HTTP/1.1" 200 254 "-" "Mozilla/5.0 AppleWebKit/537.36 (KHTML, like Gecko; compatible; GPTBot/1.2; +https://openai.com/gptbot)"
20.171.207.142 - - [21/May/2025:10:06:58 -0400] "GET /wp-content/plugins/elementor/assets/lib/swiper/v8/css/swiper.min.css?ver=8.4.5 HTTP/1.1" 200 4248 "-" "Mozilla/5.0 AppleWebKit/537.36 (KHTML, like Gecko; compatible; GPTBot/1.2; +https://openai.com/gptbot)"
20.171.207.142 - - [21/May/2025:10:11:05 -0400] "GET /wp-content/uploads/elementor/google-fonts/fonts/robotoslab-bngmuxzytxpivibgjjsb6ufo5qw54a.woff2 HTTP/1.1" 200 14852 "-" "Mozilla/5.0 AppleWebKit/537.36 (KHTML, like Gecko; compatible; GPTBot/1.2; +https://openai.com/gptbot)"
20.171.207.142 - - [21/May/2025:10:13:37 -0400] "GET /wp-content/uploads/elementor/google-fonts/fonts/robotoslab-bngmuxzytxpivibgjjsb6ufd5qw54a.woff2 HTTP/1.1" 200 20760 "-" "Mozilla/5.0 AppleWebKit/537.36 (KHTML, like Gecko; compatible; GPTBot/1.2; +https://openai.com/gptbot)"
20.171.207.142 - - [21/May/2025:10:12:22 -0400] "GET /wp-content/uploads/elementor/google-fonts/fonts/robotoslab-bngmuxzytxpivibgjjsb6ufb5qw54a.woff2 HTTP/1.1" 200 2184 "-" "Mozilla/5.0 AppleWebKit/537.36 (KHTML, like Gecko; compatible; GPTBot/1.2; +https://openai.com/gptbot)"
20.171.207.142 - - [21/May/2025:10:12:59 -0400] "GET /wp-content/uploads/elementor/google-fonts/fonts/robotoslab-bngmuxzytxpivibgjjsb6ufa5qw54a.woff2 HTTP/1.1" 200 32284 "-" "Mozilla/5.0 AppleWebKit/537.36 (KHTML, like Gecko; compatible; GPTBot/1.2; +https://openai.com/gptbot)"
20.171.207.142 - - [21/May/2025:10:14:16 -0400] "GET /wp-content/uploads/elementor/google-fonts/fonts/robotoslab-bngmuxzytxpivibgjjsb6ufj5qw54a.woff2 HTTP/1.1" 200 21272 "-" "Mozilla/5.0 AppleWebKit/537.36 (KHTML, like Gecko; compatible; GPTBot/1.2; +https://openai.com/gptbot)"
20.171.207.142 - - [21/May/2025:10:14:56 -0400] "GET /wp-content/uploads/elementor/google-fonts/fonts/robotoslab-bngmuxzytxpivibgjjsb6ufn5qu.woff2 HTTP/1.1" 200 34328 "-" "Mozilla/5.0 AppleWebKit/537.36 (KHTML, like Gecko; compatible; GPTBot/1.2; +https://openai.com/gptbot)"
20.171.207.142 - - [21/May/2025:10:15:35 -0400] "GET /wp-content/uploads/elementor/google-fonts/fonts/roboto-kfo7cnqeu92fr1me7ksn66agldtyluama3gubgee.woff2 HTTP/1.1" 200 35568 "-" "Mozilla/5.0 AppleWebKit/537.36 (KHTML, like Gecko; compatible; GPTBot/1.2; +https://openai.com/gptbot)"
20.171.207.142 - - [21/May/2025:10:17:29 -0400] "GET /wp-content/uploads/elementor/google-fonts/fonts/roboto-kfo5cnqeu92fr1mu53zec9_vu3r1gihoszmkcxkawzu.woff2 HTTP/1.1" 200 13888 "-" "Mozilla/5.0 AppleWebKit/537.36 (KHTML, like Gecko; compatible; GPTBot/1.2; +https://openai.com/gptbot)"
20.171.207.142 - - [21/May/2025:10:18:47 -0400] "GET /wp-content/uploads/elementor/google-fonts/fonts/roboto-kfo5cnqeu92fr1mu53zec9_vu3r1gihoszmkbnka.woff2 HTTP/1.1" 200 44192 "-" "Mozilla/5.0 AppleWebKit/537.36 (KHTML, like Gecko; compatible; GPTBot/1.2; +https://openai.com/gptbot)"
20.171.207.142 - - [21/May/2025:10:19:33 -0400] "GET /wp-content/uploads/elementor/google-fonts/fonts/roboto-kfo5cnqeu92fr1mu53zec9_vu3r1gihoszmkenkawzu.woff2 HTTP/1.1" 200 44336 "-" "Mozilla/5.0 AppleWebKit/537.36 (KHTML, like Gecko; compatible; GPTBot/1.2; +https://openai.com/gptbot)"
198.54.114.35 - - [21/May/2025:10:22:03 -0400] "POST /wp-cron.php?doing_wp_cron=1747837323.2773640155792236328125 HTTP/1.1" 200 0 "-" "WordPress/6.8.1; https://portfolio.socialdigiinnovator.com"
85.208.96.197 - - [21/May/2025:10:21:57 -0400] "GET /counterpenalty1067966.html HTTP/1.1" 404 8752 "-" "Mozilla/5.0 (compatible; SemrushBot/7~bl; +http://www.semrush.com/bot.html)"
198.54.114.35 - - [21/May/2025:10:23:49 -0400] "POST /wp-cron.php?doing_wp_cron=1747837429.0213670730590820312500 HTTP/1.1" 200 0 "-" "WordPress/6.8.1; https://portfolio.socialdigiinnovator.com"
20.171.207.142 - - [21/May/2025:10:24:00 -0400] "GET /wp-content/uploads/elementor/google-fonts/fonts/roboto-kfo7cnqeu92fr1me7ksn66agldtyluama3yuba.woff2 HTTP/1.1" 200 40128 "-" "Mozilla/5.0 AppleWebKit/537.36 (KHTML, like Gecko; compatible; GPTBot/1.2; +https://openai.com/gptbot)"
20.171.207.142 - - [21/May/2025:10:24:39 -0400] "GET /wp-content/uploads/elementor/google-fonts/fonts/roboto-kfo5cnqeu92fr1mu53zec9_vu3r1gihoszmkc3kawzu.woff2 HTTP/1.1" 200 39456 "-" "Mozilla/5.0 AppleWebKit/537.36 (KHTML, like Gecko; compatible; GPTBot/1.2; +https://openai.com/gptbot)"
20.171.207.142 - - [21/May/2025:10:25:17 -0400] "GET /wp-content/uploads/elementor/google-fonts/fonts/roboto-kfo7cnqeu92fr1me7ksn66agldtyluama3iubgee.woff2 HTTP/1.1" 200 22796 "-" "Mozilla/5.0 AppleWebKit/537.36 (KHTML, like Gecko; compatible; GPTBot/1.2; +https://openai.com/gptbot)"
20.171.207.142 - - [21/May/2025:10:16:13 -0400] "GET /wp-content/uploads/elementor/google-fonts/fonts/roboto-kfo7cnqeu92fr1me7ksn66agldtyluama3oubgee.woff2 HTTP/1.1" 200 13004 "-" "Mozilla/5.0 AppleWebKit/537.36 (KHTML, like Gecko; compatible; GPTBot/1.2; +https://openai.com/gptbot)"
198.54.114.35 - - [21/May/2025:10:16:26 -0400] "POST /wp-cron.php?doing_wp_cron=1747836986.5643610954284667968750 HTTP/1.1" 200 0 "-" "WordPress/6.8.1; https://portfolio.socialdigiinnovator.com"
34.23.81.91 - - [21/May/2025:10:16:17 -0400] "GET /books/ HTTP/1.1" 200 6907 "-" "Mozilla/5.0/(X11; Linux x86_64) AppleWebKit/537.36 (KHTML, like Gecko) Chrome/125.0.0.0 Safari/537.36"
20.171.207.142 - - [21/May/2025:10:16:52 -0400] "GET /wp-content/uploads/elementor/google-fonts/fonts/roboto-kfo7cnqeu92fr1me7ksn66agldtyluamawcubgee.woff2 HTTP/1.1" 200 40572 "-" "Mozilla/5.0 AppleWebKit/537.36 (KHTML, like Gecko; compatible; GPTBot/1.2; +https://openai.com/gptbot)"
20.171.207.142 - - [21/May/2025:10:18:08 -0400] "GET /wp-content/uploads/elementor/google-fonts/fonts/roboto-kfo5cnqeu92fr1mu53zec9_vu3r1gihoszmkbxkawzu.woff2 HTTP/1.1" 200 18800 "-" "Mozilla/5.0 AppleWebKit/537.36 (KHTML, like Gecko; compatible; GPTBot/1.2; +https://openai.com/gptbot)"
20.171.207.142 - - [21/May/2025:10:20:12 -0400] "GET /wp-content/uploads/elementor/google-fonts/fonts/roboto-kfo5cnqeu92fr1mu53zec9_vu3r1gihoszmkahkawzu.woff2 HTTP/1.1" 200 22288 "-" "Mozilla/5.0 AppleWebKit/537.36 (KHTML, like Gecko; compatible; GPTBot/1.2; +https://openai.com/gptbot)"
20.171.207.142 - - [21/May/2025:10:20:51 -0400] "GET /wp-content/uploads/elementor/google-fonts/fonts/roboto-kfo5cnqeu92fr1mu53zec9_vu3r1gihoszmkchkawzu.woff2 HTTP/1.1" 200 28536 "-" "Mozilla/5.0 AppleWebKit/537.36 (KHTML, like Gecko; compatible; GPTBot/1.2; +https://openai.com/gptbot)"
20.171.207.142 - - [21/May/2025:10:21:30 -0400] "GET /wp-content/uploads/elementor/google-fonts/fonts/roboto-kfo5cnqeu92fr1mu53zec9_vu3r1gihoszmkankawzu.woff2 HTTP/1.1" 200 24576 "-" "Mozilla/5.0 AppleWebKit/537.36 (KHTML, like Gecko; compatible; GPTBot/1.2; +https://openai.com/gptbot)"
20.171.207.142 - - [21/May/2025:10:22:08 -0400] "GET /wp-content/uploads/elementor/google-fonts/fonts/roboto-kfo5cnqeu92fr1mu53zec9_vu3r1gihoszmkcnkawzu.woff2 HTTP/1.1" 200 4468 "-" "Mozilla/5.0 AppleWebKit/537.36 (KHTML, like Gecko; compatible; GPTBot/1.2; +https://openai.com/gptbot)"
20.171.207.142 - - [21/May/2025:10:22:46 -0400] "GET /wp-content/uploads/elementor/google-fonts/fonts/roboto-kfo7cnqeu92fr1me7ksn66agldtyluama3-ubgee.woff2 HTTP/1.1" 200 17628 "-" "Mozilla/5.0 AppleWebKit/537.36 (KHTML, like Gecko; compatible; GPTBot/1.2; +https://openai.com/gptbot)"
34.23.81.91 - - [21/May/2025:10:23:42 -0400] "GET /comments/feed/ HTTP/1.1" 200 720 "-" "Mozilla/5.0/(X11; Linux x86_64) AppleWebKit/537.36 (KHTML, like Gecko) Chrome/125.0.0.0 Safari/537.36"
20.171.207.142 - - [21/May/2025:10:25:55 -0400] "GET /wp-content/uploads/elementor/google-fonts/fonts/roboto-kfo7cnqeu92fr1me7ksn66agldtyluama3kubgee.woff2 HTTP/1.1" 200 26428 "-" "Mozilla/5.0 AppleWebKit/537.36 (KHTML, like Gecko; compatible; GPTBot/1.2; +https://openai.com/gptbot)"
20.171.207.142 - - [21/May/2025:10:27:13 -0400] "GET /wp-content/uploads/elementor/google-fonts/fonts/roboto-kfo7cnqeu92fr1me7ksn66agldtyluamaxkubgee.woff2 HTTP/1.1" 200 20408 "-" "Mozilla/5.0 AppleWebKit/537.36 (KHTML, like Gecko; compatible; GPTBot/1.2; +https://openai.com/gptbot)"
198.54.114.35 - - [21/May/2025:10:44:22 -0400] "POST /wp-cron.php?doing_wp_cron=1747838661.9146609306335449218750 HTTP/1.1" 200 0 "-" "WordPress/6.8.1; https://portfolio.socialdigiinnovator.com"
198.54.114.35 - - [21/May/2025:10:59:31 -0400] "POST /wp-cron.php?doing_wp_cron=1747839571.2361819744110107421875 HTTP/1.1" 200 0 "-" "WordPress/6.8.1; https://portfolio.socialdigiinnovator.com"
51.222.253.13 - - [21/May/2025:10:59:23 -0400] "GET /2021/10/ HTTP/1.1" 200 8893 "-" "Mozilla/5.0 (compatible; AhrefsBot/7.0; +http://ahrefs.com/robot/)"
34.23.81.91 - - [21/May/2025:11:00:06 -0400] "GET /testimonials/ HTTP/1.1" 200 7958 "-" "Mozilla/5.0/(X11; Linux x86_64) AppleWebKit/537.36 (KHTML, like Gecko) Chrome/125.0.0.0 Safari/537.36"
209.6.3.166 - - [21/May/2025:11:18:49 -0400] "GET /wp-content/plugins/newsletter/style.css?ver=8.8.5 HTTP/1.1" 200 1431 "https://portfolio.socialdigiinnovator.com/contact/" "Mozilla/5.0 (iPhone; CPU iPhone OS 18_4_1 like Mac OS X) AppleWebKit/605.1.15 (KHTML, like Gecko) Mobile/15E148 [FBAN/FBIOS;FBAV/507.0.0.50.107;FBBV/734202868;FBDV/iPhone13,4;FBMD/iPhone;FBSN/iOS;FBSV/18.4.1;FBSS/3;FBCR/;FBID/phone;FBLC/en_US;FBOP/80]"
209.6.3.166 - - [21/May/2025:11:18:49 -0400] "GET /wp-content/themes/leverage/assets/css/vendor/gallery.min.css?ver=2.1.3 HTTP/1.1" 200 3526 "https://portfolio.socialdigiinnovator.com/contact/" "Mozilla/5.0 (iPhone; CPU iPhone OS 18_4_1 like Mac OS X) AppleWebKit/605.1.15 (KHTML, like Gecko) Mobile/15E148 [FBAN/FBIOS;FBAV/507.0.0.50.107;FBBV/734202868;FBDV/iPhone13,4;FBMD/iPhone;FBSN/iOS;FBSV/18.4.1;FBSS/3;FBCR/;FBID/phone;FBLC/en_US;FBOP/80]"
209.6.3.166 - - [21/May/2025:11:18:49 -0400] "GET /wp-content/plugins/contact-form-7/includes/css/styles.css?ver=6.0.6 HTTP/1.1" 200 890 "https://portfolio.socialdigiinnovator.com/contact/" "Mozilla/5.0 (iPhone; CPU iPhone OS 18_4_1 like Mac OS X) AppleWebKit/605.1.15 (KHTML, like Gecko) Mobile/15E148 [FBAN/FBIOS;FBAV/507.0.0.50.107;FBBV/734202868;FBDV/iPhone13,4;FBMD/iPhone;FBSN/iOS;FBSV/18.4.1;FBSS/3;FBCR/;FBID/phone;FBLC/en_US;FBOP/80]"
209.6.3.166 - - [21/May/2025:11:18:49 -0400] "GET /wp-content/uploads/elementor/google-fonts/css/robotoslab.css?ver=1742261630 HTTP/1.1" 200 712 "https://portfolio.socialdigiinnovator.com/contact/" "Mozilla/5.0 (iPhone; CPU iPhone OS 18_4_1 like Mac OS X) AppleWebKit/605.1.15 (KHTML, like Gecko) Mobile/15E148 [FBAN/FBIOS;FBAV/507.0.0.50.107;FBBV/734202868;FBDV/iPhone13,4;FBMD/iPhone;FBSN/iOS;FBSV/18.4.1;FBSS/3;FBCR/;FBID/phone;FBLC/en_US;FBOP/80]"
209.6.3.166 - - [21/May/2025:11:18:49 -0400] "GET /wp-content/themes/leverage/assets/css/default.css?ver=2.1.3 HTTP/1.1" 200 1186 "https://portfolio.socialdigiinnovator.com/contact/" "Mozilla/5.0 (iPhone; CPU iPhone OS 18_4_1 like Mac OS X) AppleWebKit/605.1.15 (KHTML, like Gecko) Mobile/15E148 [FBAN/FBIOS;FBAV/507.0.0.50.107;FBBV/734202868;FBDV/iPhone13,4;FBMD/iPhone;FBSN/iOS;FBSV/18.4.1;FBSS/3;FBCR/;FBID/phone;FBLC/en_US;FBOP/80]"
209.6.3.166 - - [21/May/2025:11:18:49 -0400] "GET /wp-content/plugins/elementor/assets/lib/font-awesome/css/all.min.css?ver=3.29.0 HTTP/1.1" 200 12380 "https://portfolio.socialdigiinnovator.com/contact/" "Mozilla/5.0 (iPhone; CPU iPhone OS 18_4_1 like Mac OS X) AppleWebKit/605.1.15 (KHTML, like Gecko) Mobile/15E148 [FBAN/FBIOS;FBAV/507.0.0.50.107;FBBV/734202868;FBDV/iPhone13,4;FBMD/iPhone;FBSN/iOS;FBSV/18.4.1;FBSS/3;FBCR/;FBID/phone;FBLC/en_US;FBOP/80]"
20.171.207.142 - - [21/May/2025:10:26:33 -0400] "GET /wp-content/uploads/elementor/google-fonts/fonts/roboto-kfo7cnqeu92fr1me7ksn66agldtyluama3cubgee.woff2 HTTP/1.1" 200 4340 "-" "Mozilla/5.0 AppleWebKit/537.36 (KHTML, like Gecko; compatible; GPTBot/1.2; +https://openai.com/gptbot)"
198.54.114.35 - - [21/May/2025:10:30:54 -0400] "POST /wp-cron.php?doing_wp_cron=1747837854.3846259117126464843750 HTTP/1.1" 200 0 "-" "WordPress/6.8.1; https://portfolio.socialdigiinnovator.com"
34.23.81.91 - - [21/May/2025:10:30:51 -0400] "GET /contact/ HTTP/1.1" 200 6943 "-" "Mozilla/5.0/(X11; Linux x86_64) AppleWebKit/537.36 (KHTML, like Gecko) Chrome/125.0.0.0 Safari/537.36"
85.208.96.202 - - [21/May/2025:10:44:15 -0400] "GET /irme379401.html HTTP/1.1" 404 8748 "-" "Mozilla/5.0 (compatible; SemrushBot/7~bl; +http://www.semrush.com/bot.html)"
198.54.114.35 - - [21/May/2025:10:48:54 -0400] "POST /wp-cron.php?doing_wp_cron=1747838933.8696489334106445312500 HTTP/1.1" 200 0 "-" "WordPress/6.8.1; https://portfolio.socialdigiinnovator.com"
34.23.81.91 - - [21/May/2025:10:48:48 -0400] "GET /feed/ HTTP/1.1" 500 1347 "-" "Mozilla/5.0/(X11; Linux x86_64) AppleWebKit/537.36 (KHTML, like Gecko) Chrome/125.0.0.0 Safari/537.36"
198.54.114.35 - - [21/May/2025:11:18:48 -0400] "POST /wp-cron.php?doing_wp_cron=1747840727.8107070922851562500000 HTTP/1.1" 200 0 "-" "WordPress/6.8.1; https://portfolio.socialdigiinnovator.com"
209.6.3.166 - - [21/May/2025:11:18:46 -0400] "GET /contact/ HTTP/1.1" 200 6943 "https://socialdigiinnovator.com/" "Mozilla/5.0 (iPhone; CPU iPhone OS 18_4_1 like Mac OS X) AppleWebKit/605.1.15 (KHTML, like Gecko) Mobile/15E148 [FBAN/FBIOS;FBAV/507.0.0.50.107;FBBV/734202868;FBDV/iPhone13,4;FBMD/iPhone;FBSN/iOS;FBSV/18.4.1;FBSS/3;FBCR/;FBID/phone;FBLC/en_US;FBOP/80]"
209.6.3.166 - - [21/May/2025:11:18:49 -0400] "GET /wp-content/themes/leverage-child/style.css?ver=2.1.3 HTTP/1.1" 200 195 "https://portfolio.socialdigiinnovator.com/contact/" "Mozilla/5.0 (iPhone; CPU iPhone OS 18_4_1 like Mac OS X) AppleWebKit/605.1.15 (KHTML, like Gecko) Mobile/15E148 [FBAN/FBIOS;FBAV/507.0.0.50.107;FBBV/734202868;FBDV/iPhone13,4;FBMD/iPhone;FBSN/iOS;FBSV/18.4.1;FBSS/3;FBCR/;FBID/phone;FBLC/en_US;FBOP/80]"
209.6.3.166 - - [21/May/2025:11:18:49 -0400] "GET /wp-content/themes/leverage/style.css?ver=2.1.3 HTTP/1.1" 200 15055 "https://portfolio.socialdigiinnovator.com/contact/" "Mozilla/5.0 (iPhone; CPU iPhone OS 18_4_1 like Mac OS X) AppleWebKit/605.1.15 (KHTML, like Gecko) Mobile/15E148 [FBAN/FBIOS;FBAV/507.0.0.50.107;FBBV/734202868;FBDV/iPhone13,4;FBMD/iPhone;FBSN/iOS;FBSV/18.4.1;FBSS/3;FBCR/;FBID/phone;FBLC/en_US;FBOP/80]"
209.6.3.166 - - [21/May/2025:11:18:49 -0400] "GET /wp-content/themes/leverage-child/style.css?ver=6.8.1 HTTP/1.1" 200 195 "https://portfolio.socialdigiinnovator.com/contact/" "Mozilla/5.0 (iPhone; CPU iPhone OS 18_4_1 like Mac OS X) AppleWebKit/605.1.15 (KHTML, like Gecko) Mobile/15E148 [FBAN/FBIOS;FBAV/507.0.0.50.107;FBBV/734202868;FBDV/iPhone13,4;FBMD/iPhone;FBSN/iOS;FBSV/18.4.1;FBSS/3;FBCR/;FBID/phone;FBLC/en_US;FBOP/80]"
209.6.3.166 - - [21/May/2025:11:18:49 -0400] "GET /wp-content/themes/leverage/assets/css/vendor/slider.min.css?ver=2.1.3 HTTP/1.1" 200 3805 "https://portfolio.socialdigiinnovator.com/contact/" "Mozilla/5.0 (iPhone; CPU iPhone OS 18_4_1 like Mac OS X) AppleWebKit/605.1.15 (KHTML, like Gecko) Mobile/15E148 [FBAN/FBIOS;FBAV/507.0.0.50.107;FBBV/734202868;FBDV/iPhone13,4;FBMD/iPhone;FBSN/iOS;FBSV/18.4.1;FBSS/3;FBCR/;FBID/phone;FBLC/en_US;FBOP/80]"
209.6.3.166 - - [21/May/2025:11:18:49 -0400] "GET /wp-content/plugins/elementor/assets/lib/eicons/css/elementor-icons.min.css?ver=5.40.0 HTTP/1.1" 200 3983 "https://portfolio.socialdigiinnovator.com/contact/" "Mozilla/5.0 (iPhone; CPU iPhone OS 18_4_1 like Mac OS X) AppleWebKit/605.1.15 (KHTML, like Gecko) Mobile/15E148 [FBAN/FBIOS;FBAV/507.0.0.50.107;FBBV/734202868;FBDV/iPhone13,4;FBMD/iPhone;FBSN/iOS;FBSV/18.4.1;FBSS/3;FBCR/;FBID/phone;FBLC/en_US;FBOP/80]"
209.6.3.166 - - [21/May/2025:11:18:49 -0400] "GET /wp-content/themes/leverage/assets/css/vendor/icons.min.css?ver=2.1.3 HTTP/1.1" 200 2362 "https://portfolio.socialdigiinnovator.com/contact/" "Mozilla/5.0 (iPhone; CPU iPhone OS 18_4_1 like Mac OS X) AppleWebKit/605.1.15 (KHTML, like Gecko) Mobile/15E148 [FBAN/FBIOS;FBAV/507.0.0.50.107;FBBV/734202868;FBDV/iPhone13,4;FBMD/iPhone;FBSN/iOS;FBSV/18.4.1;FBSS/3;FBCR/;FBID/phone;FBLC/en_US;FBOP/80]"
