芝麻web文件管理V1.00
编辑当前文件:/home/sditechnicalteam/access-logs/ppclaunchers.com.sdipmtools.com-ssl_log
43.135.134.127 - - [27/May/2025:08:34:10 -0400] "GET / HTTP/1.1" 200 22300 "http://ppclaunchers.com" "Mozilla/5.0 (iPhone; CPU iPhone OS 13_2_3 like Mac OS X) AppleWebKit/605.1.15 (KHTML, like Gecko) Version/13.0.3 Mobile/15E148 Safari/604.1"
194.50.16.252 - - [27/May/2025:08:29:27 -0400] "POST / HTTP/1.1" 200 860 "-" "Mozilla/5.0 (Macintosh; Intel Mac OS X 12.5) AppleWebKit/617.19 (KHTML, like Gecko) Version/17.6.47 Safari/617.19"
198.54.116.161 - - [27/May/2025:08:56:49 -0400] "POST /wp-cron.php?doing_wp_cron=1748350609.4110870361328125000000 HTTP/1.1" 200 0 "-" "WordPress/6.8.1; https://ppclaunchers.com"
54.38.154.186 - - [27/May/2025:08:56:46 -0400] "GET /wp-content/themes/classwithtostring.php HTTP/1.1" 404 48462 "-" "Mozilla/5.0 (Windows NT 10.0; Win64; x64) AppleWebKit/537.36 (KHTML, like Gecko) Chrome/127.0.0.0 Safari/537.36"
198.54.116.161 - - [27/May/2025:08:56:49 -0400] "POST /wp-admin/admin-ajax.php?action=async_litespeed&nonce=hBdqJCxDWSf2SunZJmgVjKcKQsho97HF&litespeed_type=imgoptm HTTP/1.1" 200 21 "-" "WordPress/6.8.1; https://ppclaunchers.com"
198.54.116.161 - - [27/May/2025:09:14:09 -0400] "POST /wp-cron.php?doing_wp_cron=1748351649.6251509189605712890625 HTTP/1.1" 200 0 "-" "WordPress/6.8.1; https://ppclaunchers.com"
198.54.116.161 - - [27/May/2025:09:14:09 -0400] "POST /wp-admin/admin-ajax.php?action=async_litespeed&nonce=SlovvJMQcuOuXONIRDArVXh2a6B1R9kG&litespeed_type=imgoptm HTTP/1.1" 200 21 "-" "WordPress/6.8.1; https://ppclaunchers.com"
144.76.139.216 - - [27/May/2025:09:14:07 -0400] "GET /wp-content/plugins/suretriggers/readme.txt HTTP/1.1" 404 12463 "www.google.com" "Mozilla/6.4 (Windows NT 11.1) Gecko/2010102 Firefox/99.0"
198.54.116.161 - - [27/May/2025:09:25:50 -0400] "POST /wp-admin/admin-ajax.php?action=async_litespeed&nonce=27wlz3juMZKZdIHZcjMfKjS6vBnJovSW&litespeed_type=imgoptm HTTP/1.1" 200 21 "-" "WordPress/6.8.1; https://ppclaunchers.com"
54.38.154.186 - - [27/May/2025:09:24:36 -0400] "GET / HTTP/1.1" 200 120900 "-" "Mozilla/5.0 (Windows NT 10.0; Win64; x64) AppleWebKit/537.36 (KHTML, like Gecko) Chrome/127.0.0.0 Safari/537.36"
198.54.116.161 - - [27/May/2025:09:25:50 -0400] "POST /wp-cron.php?doing_wp_cron=1748352350.4759418964385986328125 HTTP/1.1" 200 0 "-" "WordPress/6.8.1; https://ppclaunchers.com"
43.135.145.73 - - [27/May/2025:09:25:47 -0400] "GET / HTTP/1.1" 301 0 "http://www.ppclaunchers.com" "Mozilla/5.0 (iPhone; CPU iPhone OS 13_2_3 like Mac OS X) AppleWebKit/605.1.15 (KHTML, like Gecko) Version/13.0.3 Mobile/15E148 Safari/604.1"
43.135.145.73 - - [27/May/2025:09:25:51 -0400] "GET / HTTP/1.1" 200 22300 "https://www.ppclaunchers.com/" "Mozilla/5.0 (iPhone; CPU iPhone OS 13_2_3 like Mac OS X) AppleWebKit/605.1.15 (KHTML, like Gecko) Version/13.0.3 Mobile/15E148 Safari/604.1"
198.54.116.161 - - [27/May/2025:09:42:23 -0400] "POST /wp-cron.php?doing_wp_cron=1748353343.0841069221496582031250 HTTP/1.1" 200 0 "-" "WordPress/6.8.1; https://ppclaunchers.com"
198.54.116.161 - - [27/May/2025:09:42:23 -0400] "POST /wp-admin/admin-ajax.php?action=async_litespeed&nonce=CzKRyBl81RGzbv8n5AMeVqXQgBQOpU3U&litespeed_type=imgoptm HTTP/1.1" 200 21 "-" "WordPress/6.8.1; https://ppclaunchers.com"
40.69.66.139 - - [27/May/2025:09:42:25 -0400] "GET /chosen HTTP/1.1" 404 48462 "-" "-"
40.69.66.139 - - [27/May/2025:09:42:26 -0400] "GET /link.php HTTP/1.1" 404 48462 "-" "-"
40.69.66.139 - - [27/May/2025:09:42:27 -0400] "GET /moon.php HTTP/1.1" 404 48462 "-" "-"
40.69.66.139 - - [27/May/2025:09:42:28 -0400] "GET /404.php HTTP/1.1" 404 48462 "-" "-"
40.69.66.139 - - [27/May/2025:09:42:29 -0400] "GET /widgets.php HTTP/1.1" 404 48462 "-" "-"
40.69.66.139 - - [27/May/2025:09:42:30 -0400] "GET /classwithtostring.php HTTP/1.1" 404 48462 "-" "-"
40.69.66.139 - - [27/May/2025:09:42:31 -0400] "GET /aks.php HTTP/1.1" 404 48462 "-" "-"
40.69.66.139 - - [27/May/2025:09:42:33 -0400] "GET /log.php HTTP/1.1" 404 48462 "-" "-"
40.69.66.139 - - [27/May/2025:09:42:34 -0400] "GET / HTTP/1.1" 200 120900 "-" "-"
40.69.66.139 - - [27/May/2025:09:42:34 -0400] "GET /mail.php HTTP/1.1" 404 48462 "-" "-"
40.69.66.139 - - [27/May/2025:09:42:36 -0400] "GET /upfile.php HTTP/1.1" 404 48462 "-" "-"
40.69.66.139 - - [27/May/2025:09:42:20 -0400] "GET /wp-content/plugins/hellopress/wp_filemanager.php HTTP/1.1" 404 48462 "-" "-"
40.69.66.139 - - [27/May/2025:09:42:24 -0400] "GET /info.php HTTP/1.1" 404 48462 "-" "-"
40.69.66.139 - - [27/May/2025:09:42:28 -0400] "GET /x.php HTTP/1.1" 404 48462 "-" "-"
40.69.66.139 - - [27/May/2025:09:42:32 -0400] "GET /buy.php HTTP/1.1" 404 48462 "-" "-"
40.69.66.139 - - [27/May/2025:09:42:32 -0400] "GET /install.php HTTP/1.1" 404 48462 "-" "-"
40.69.66.139 - - [27/May/2025:09:42:34 -0400] "GET /index.php HTTP/1.1" 301 0 "-" "-"
40.69.66.139 - - [27/May/2025:09:42:35 -0400] "GET /content.php HTTP/1.1" 404 48462 "-" "-"
40.69.66.139 - - [27/May/2025:09:42:36 -0400] "GET /wp.php HTTP/1.1" 404 48462 "-" "-"
40.69.66.139 - - [27/May/2025:09:42:37 -0400] "GET /wp-conflg.php HTTP/1.1" 404 48462 "-" "-"
40.69.66.139 - - [27/May/2025:09:42:38 -0400] "GET /bypass.php HTTP/1.1" 404 48462 "-" "-"
40.69.66.139 - - [27/May/2025:09:42:39 -0400] "GET /updates.php HTTP/1.1" 404 48462 "-" "-"
182.43.70.143 - - [27/May/2025:10:27:35 -0400] "GET / HTTP/1.1" 200 22300 "http://ppclaunchers.com" "Mozilla/5.0 (iPhone; CPU iPhone OS 13_2_3 like Mac OS X) AppleWebKit/605.1.15 (KHTML, like Gecko) Version/13.0.3 Mobile/15E148 Safari/604.1"
198.54.116.161 - - [27/May/2025:12:29:40 -0400] "POST /wp-cron.php?doing_wp_cron=1748363380.1686279773712158203125 HTTP/1.1" 200 0 "-" "WordPress/6.8.1; https://ppclaunchers.com"
198.54.116.161 - - [27/May/2025:12:29:40 -0400] "POST /wp-admin/admin-ajax.php?action=async_litespeed&nonce=S03lEem10vTjKt1s4MSmTAmPkM29NwAh&litespeed_type=imgoptm HTTP/1.1" 200 21 "-" "WordPress/6.8.1; https://ppclaunchers.com"
57.155.66.151 - - [27/May/2025:12:29:37 -0400] "GET /wp-content/themes/hello_dolly_v2.php HTTP/1.1" 404 12463 "-" "Mozlila/5.0 (Linux; Android 7.0; SM-G892A Bulid/NRD90M; wv) AppleWebKit/537.36 (KHTML, like Gecko) Version/4.0 Chrome/60.0.3112.107 Moblie Safari/537.36"
57.155.66.151 - - [27/May/2025:12:29:50 -0400] "GET /wp-content/themes/hello_dolly_v2.php HTTP/1.1" 404 12463 "-" "Mozlila/5.0 (Linux; Android 7.0; SM-G892A Bulid/NRD90M; wv) AppleWebKit/537.36 (KHTML, like Gecko) Version/4.0 Chrome/60.0.3112.107 Moblie Safari/537.36"
198.54.116.161 - - [27/May/2025:12:29:56 -0400] "POST /wp-cron.php?doing_wp_cron=1748363396.5859889984130859375000 HTTP/1.1" 200 0 "-" "WordPress/6.8.1; https://ppclaunchers.com"
57.155.66.151 - - [27/May/2025:12:29:56 -0400] "GET /wp-content/plugins/HelloDollyV2/hello_dolly_v2.php HTTP/1.1" 404 12463 "-" "Mozlila/5.0 (Linux; Android 7.0; SM-G892A Bulid/NRD90M; wv) AppleWebKit/537.36 (KHTML, like Gecko) Version/4.0 Chrome/60.0.3112.107 Moblie Safari/537.36"
57.155.66.151 - - [27/May/2025:12:30:04 -0400] "GET /wp-content/plugins/HelloDollyV2/hello_dolly_v2.php HTTP/1.1" 404 12463 "-" "Mozlila/5.0 (Linux; Android 7.0; SM-G892A Bulid/NRD90M; wv) AppleWebKit/537.36 (KHTML, like Gecko) Version/4.0 Chrome/60.0.3112.107 Moblie Safari/537.36"
198.54.116.161 - - [27/May/2025:14:50:49 -0400] "POST /wp-cron.php?doing_wp_cron=1748371849.2508649826049804687500 HTTP/1.1" 200 0 "-" "WordPress/6.8.1; https://ppclaunchers.com"
54.236.241.105 - - [27/May/2025:14:54:34 -0400] "GET / HTTP/1.1" 200 18477 "-" "Mozilla/5.0 (Windows NT 10.0; Win64; x64) AppleWebKit/537.36 (KHTML, like Gecko) Chrome/104.0.0.0 Safari/537.36"
54.236.241.105 - - [27/May/2025:14:54:34 -0400] "GET / HTTP/1.1" 200 18477 "-" "Mozilla/5.0 (Windows NT 10.0; Win64; x64) AppleWebKit/537.36 (KHTML, like Gecko) Chrome/104.0.0.0 Safari/537.36"
198.54.116.161 - - [27/May/2025:14:50:49 -0400] "POST /wp-admin/admin-ajax.php?action=async_litespeed&nonce=dO6d0WU0lkAR0YdJhC11fTcQqzHuR0r8&litespeed_type=imgoptm HTTP/1.1" 200 21 "-" "WordPress/6.8.1; https://ppclaunchers.com"
68.65.123.38 - - [27/May/2025:14:50:47 -0400] "GET / HTTP/1.1" 200 22392 "http://ppclaunchers.com" "Mozilla/5.0 (Macintosh; Intel Mac OS X 10_15_7; rv:125.0.1) Gecko/20100101 Firefox/125.0.1"
68.65.123.38 - - [27/May/2025:14:50:51 -0400] "GET /index.php?rest_route=/wp/v2/users HTTP/1.1" 200 845 "https://ppclaunchers.com" "Mozilla/5.0 (Windows NT 10.0; Win64; x64) AppleWebKit/537.36 (KHTML, like Gecko) Chrome/126.0.0.0 Safari/537.36 Edg/126.0.0.0"
47.128.109.74 - - [27/May/2025:18:03:36 -0400] "GET /wp-content/plugins/metform/public/assets/css/text-editor.css?ver=3.9.8 HTTP/1.1" 200 3261 "https://ppclaunchers.com/" "Mozilla/5.0 (Linux; Android 5.0) AppleWebKit/537.36 (KHTML, like Gecko) Mobile Safari/537.36 (compatible; Bytespider; spider-feedback@bytedance.com)"
47.128.109.74 - - [27/May/2025:18:03:36 -0400] "GET /wp-content/uploads/elementor/css/post-24.css?ver=1726222340 HTTP/1.1" 200 1383 "https://ppclaunchers.com/" "Mozilla/5.0 (Linux; Android 5.0) AppleWebKit/537.36 (KHTML, like Gecko) Mobile Safari/537.36 (compatible; Bytespider; spider-feedback@bytedance.com)"
47.128.109.74 - - [27/May/2025:18:03:36 -0400] "GET /wp-content/themes/hello-elementor/style.min.css?ver=3.4.3 HTTP/1.1" 200 1591 "https://ppclaunchers.com/" "Mozilla/5.0 (Linux; Android 5.0) AppleWebKit/537.36 (KHTML, like Gecko) Mobile Safari/537.36 (compatible; Bytespider; spider-feedback@bytedance.com)"
47.128.109.74 - - [27/May/2025:18:03:36 -0400] "GET /wp-content/themes/hello-elementor/theme.min.css?ver=3.4.3 HTTP/1.1" 200 1158 "https://ppclaunchers.com/" "Mozilla/5.0 (Linux; Android 5.0) AppleWebKit/537.36 (KHTML, like Gecko) Mobile Safari/537.36 (compatible; Bytespider; spider-feedback@bytedance.com)"
47.128.109.74 - - [27/May/2025:18:03:36 -0400] "GET /wp-content/plugins/elementor/assets/lib/animations/styles/e-animation-float.min.css?ver=3.29.0 HTTP/1.1" 200 244 "https://ppclaunchers.com/" "Mozilla/5.0 (Linux; Android 5.0) AppleWebKit/537.36 (KHTML, like Gecko) Mobile Safari/537.36 (compatible; Bytespider; spider-feedback@bytedance.com)"
47.128.109.74 - - [27/May/2025:18:03:36 -0400] "GET /wp-content/themes/hello-elementor/style.css?ver=6.8.1 HTTP/1.1" 200 3363 "https://ppclaunchers.com/" "Mozilla/5.0 (Linux; Android 5.0) AppleWebKit/537.36 (KHTML, like Gecko) Mobile Safari/537.36 (compatible; Bytespider; spider-feedback@bytedance.com)"
47.128.109.74 - - [27/May/2025:18:03:36 -0400] "GET /wp-content/plugins/elementor/assets/css/widget-heading.min.css?ver=3.29.0 HTTP/1.1" 200 154 "https://ppclaunchers.com/" "Mozilla/5.0 (Linux; Android 5.0) AppleWebKit/537.36 (KHTML, like Gecko) Mobile Safari/537.36 (compatible; Bytespider; spider-feedback@bytedance.com)"
47.128.109.74 - - [27/May/2025:18:03:36 -0400] "GET /wp-content/plugins/elementor/assets/lib/animations/styles/fadeIn.min.css?ver=3.29.0 HTTP/1.1" 200 77 "https://ppclaunchers.com/" "Mozilla/5.0 (Linux; Android 5.0) AppleWebKit/537.36 (KHTML, like Gecko) Mobile Safari/537.36 (compatible; Bytespider; spider-feedback@bytedance.com)"
47.128.109.74 - - [27/May/2025:18:03:36 -0400] "GET /wp-content/plugins/elementor/assets/lib/animations/styles/e-animation-pulse.min.css?ver=3.29.0 HTTP/1.1" 200 143 "https://ppclaunchers.com/" "Mozilla/5.0 (Linux; Android 5.0) AppleWebKit/537.36 (KHTML, like Gecko) Mobile Safari/537.36 (compatible; Bytespider; spider-feedback@bytedance.com)"
47.128.109.74 - - [27/May/2025:18:03:36 -0400] "GET /wp-content/plugins/elementor/assets/css/widget-text-editor.min.css?ver=3.29.0 HTTP/1.1" 200 208 "https://ppclaunchers.com/" "Mozilla/5.0 (Linux; Android 5.0) AppleWebKit/537.36 (KHTML, like Gecko) Mobile Safari/537.36 (compatible; Bytespider; spider-feedback@bytedance.com)"
47.128.109.74 - - [27/May/2025:18:03:36 -0400] "GET /wp-content/plugins/elementor/assets/css/conditionals/shapes.min.css?ver=3.29.0 HTTP/1.1" 200 221 "https://ppclaunchers.com/" "Mozilla/5.0 (Linux; Android 5.0) AppleWebKit/537.36 (KHTML, like Gecko) Mobile Safari/537.36 (compatible; Bytespider; spider-feedback@bytedance.com)"
47.128.109.74 - - [27/May/2025:18:03:36 -0400] "GET /wp-content/uploads/elementor/css/post-34.css?ver=1726463687 HTTP/1.1" 200 6282 "https://ppclaunchers.com/" "Mozilla/5.0 (Linux; Android 5.0) AppleWebKit/537.36 (KHTML, like Gecko) Mobile Safari/537.36 (compatible; Bytespider; spider-feedback@bytedance.com)"
47.128.109.74 - - [27/May/2025:18:03:35 -0400] "GET / HTTP/1.1" 200 18477 "-" "Mozilla/5.0 (Linux; Android 5.0) AppleWebKit/537.36 (KHTML, like Gecko) Mobile Safari/537.36 (compatible; Bytespider; spider-feedback@bytedance.com)"
47.128.109.74 - - [27/May/2025:18:03:36 -0400] "GET /wp-content/uploads/elementor/css/post-12.css?ver=1726222339 HTTP/1.1" 200 1918 "https://ppclaunchers.com/" "Mozilla/5.0 (Linux; Android 5.0) AppleWebKit/537.36 (KHTML, like Gecko) Mobile Safari/537.36 (compatible; Bytespider; spider-feedback@bytedance.com)"
47.128.109.74 - - [27/May/2025:18:03:36 -0400] "GET /wp-content/plugins/metform/public/assets/lib/cute-alert/style.css?ver=3.9.8 HTTP/1.1" 200 1064 "https://ppclaunchers.com/" "Mozilla/5.0 (Linux; Android 5.0) AppleWebKit/537.36 (KHTML, like Gecko) Mobile Safari/537.36 (compatible; Bytespider; spider-feedback@bytedance.com)"
47.128.109.74 - - [27/May/2025:18:03:36 -0400] "GET /wp-content/uploads/elementor/css/custom-frontend.min.css?ver=1726222340 HTTP/1.1" 200 6889 "https://ppclaunchers.com/" "Mozilla/5.0 (Linux; Android 5.0) AppleWebKit/537.36 (KHTML, like Gecko) Mobile Safari/537.36 (compatible; Bytespider; spider-feedback@bytedance.com)"
47.128.109.74 - - [27/May/2025:18:03:36 -0400] "GET /wp-content/themes/child-hello-elementor/style.css?ver=6.8.1 HTTP/1.1" 200 188 "https://ppclaunchers.com/" "Mozilla/5.0 (Linux; Android 5.0) AppleWebKit/537.36 (KHTML, like Gecko) Mobile Safari/537.36 (compatible; Bytespider; spider-feedback@bytedance.com)"
47.128.109.74 - - [27/May/2025:18:03:36 -0400] "GET /wp-content/themes/hello-elementor/header-footer.min.css?ver=3.4.3 HTTP/1.1" 200 1304 "https://ppclaunchers.com/" "Mozilla/5.0 (Linux; Android 5.0) AppleWebKit/537.36 (KHTML, like Gecko) Mobile Safari/537.36 (compatible; Bytespider; spider-feedback@bytedance.com)"
47.128.109.74 - - [27/May/2025:18:03:36 -0400] "GET /wp-content/uploads/elementor/css/post-8.css?ver=1726222340 HTTP/1.1" 200 1679 "https://ppclaunchers.com/" "Mozilla/5.0 (Linux; Android 5.0) AppleWebKit/537.36 (KHTML, like Gecko) Mobile Safari/537.36 (compatible; Bytespider; spider-feedback@bytedance.com)"
47.128.109.74 - - [27/May/2025:18:03:36 -0400] "GET /wp-content/plugins/elementor/assets/lib/animations/styles/fadeInUp.min.css?ver=3.29.0 HTTP/1.1" 200 130 "https://ppclaunchers.com/" "Mozilla/5.0 (Linux; Android 5.0) AppleWebKit/537.36 (KHTML, like Gecko) Mobile Safari/537.36 (compatible; Bytespider; spider-feedback@bytedance.com)"
47.128.109.74 - - [27/May/2025:18:03:36 -0400] "GET /wp-content/plugins/elementor/assets/css/widget-image.min.css?ver=3.29.0 HTTP/1.1" 200 254 "https://ppclaunchers.com/" "Mozilla/5.0 (Linux; Android 5.0) AppleWebKit/537.36 (KHTML, like Gecko) Mobile Safari/537.36 (compatible; Bytespider; spider-feedback@bytedance.com)"
47.128.109.74 - - [27/May/2025:18:03:36 -0400] "GET /wp-content/uploads/elementor/google-fonts/css/sora.css?ver=1742270165 HTTP/1.1" 200 388 "https://ppclaunchers.com/" "Mozilla/5.0 (Linux; Android 5.0) AppleWebKit/537.36 (KHTML, like Gecko) Mobile Safari/537.36 (compatible; Bytespider; spider-feedback@bytedance.com)"
47.128.109.74 - - [27/May/2025:18:03:36 -0400] "GET /wp-content/plugins/elementskit-lite/widgets/init/assets/css/responsive.css?ver=3.5.2 HTTP/1.1" 200 2859 "https://ppclaunchers.com/" "Mozilla/5.0 (Linux; Android 5.0) AppleWebKit/537.36 (KHTML, like Gecko) Mobile Safari/537.36 (compatible; Bytespider; spider-feedback@bytedance.com)"
47.128.109.74 - - [27/May/2025:18:03:36 -0400] "GET /wp-content/plugins/elementskit-lite/widgets/init/assets/css/widget-styles.css?ver=3.5.2 HTTP/1.1" 200 48421 "https://ppclaunchers.com/" "Mozilla/5.0 (Linux; Android 5.0) AppleWebKit/537.36 (KHTML, like Gecko) Mobile Safari/537.36 (compatible; Bytespider; spider-feedback@bytedance.com)"
47.128.109.74 - - [27/May/2025:18:03:36 -0400] "GET /wp-content/plugins/elementor/assets/css/widget-spacer.min.css?ver=3.29.0 HTTP/1.1" 200 315 "https://ppclaunchers.com/" "Mozilla/5.0 (Linux; Android 5.0) AppleWebKit/537.36 (KHTML, like Gecko) Mobile Safari/537.36 (compatible; Bytespider; spider-feedback@bytedance.com)"
47.128.109.74 - - [27/May/2025:18:03:36 -0400] "GET /wp-content/plugins/elementor/assets/css/widget-counter.min.css?ver=3.29.0 HTTP/1.1" 200 234 "https://ppclaunchers.com/" "Mozilla/5.0 (Linux; Android 5.0) AppleWebKit/537.36 (KHTML, like Gecko) Mobile Safari/537.36 (compatible; Bytespider; spider-feedback@bytedance.com)"
47.128.109.74 - - [27/May/2025:18:03:36 -0400] "GET /wp-content/uploads/elementor/css/custom-widget-star-rating.min.css?ver=1726222340 HTTP/1.1" 200 452 "https://ppclaunchers.com/" "Mozilla/5.0 (Linux; Android 5.0) AppleWebKit/537.36 (KHTML, like Gecko) Mobile Safari/537.36 (compatible; Bytespider; spider-feedback@bytedance.com)"
47.128.109.74 - - [27/May/2025:18:03:36 -0400] "GET /wp-content/uploads/elementor/google-fonts/css/questrial.css?ver=1742270166 HTTP/1.1" 200 415 "https://ppclaunchers.com/" "Mozilla/5.0 (Linux; Android 5.0) AppleWebKit/537.36 (KHTML, like Gecko) Mobile Safari/537.36 (compatible; Bytespider; spider-feedback@bytedance.com)"
47.128.109.74 - - [27/May/2025:18:03:36 -0400] "GET /wp-content/plugins/elementskit-lite/modules/elementskit-icon-pack/assets/css/ekiticons.css?ver=3.5.2 HTTP/1.1" 200 11776 "https://ppclaunchers.com/" "Mozilla/5.0 (Linux; Android 5.0) AppleWebKit/537.36 (KHTML, like Gecko) Mobile Safari/537.36 (compatible; Bytespider; spider-feedback@bytedance.com)"
47.128.109.74 - - [27/May/2025:18:03:37 -0400] "GET /wp-content/plugins/elementor/assets/lib/font-awesome/css/all.min.css?ver=3.29.0 HTTP/1.1" 200 12380 "https://ppclaunchers.com/" "Mozilla/5.0 (Linux; Android 5.0) AppleWebKit/537.36 (KHTML, like Gecko) Mobile Safari/537.36 (compatible; Bytespider; spider-feedback@bytedance.com)"
47.128.109.74 - - [27/May/2025:18:03:37 -0400] "GET /wp-content/plugins/elementor/assets/lib/font-awesome/css/v4-shims.min.css?ver=3.29.0 HTTP/1.1" 200 3987 "https://ppclaunchers.com/" "Mozilla/5.0 (Linux; Android 5.0) AppleWebKit/537.36 (KHTML, like Gecko) Mobile Safari/537.36 (compatible; Bytespider; spider-feedback@bytedance.com)"
47.128.109.74 - - [27/May/2025:18:03:37 -0400] "GET /wp-content/plugins/elementor/assets/lib/swiper/v8/css/swiper.min.css?ver=8.4.5 HTTP/1.1" 200 4248 "https://ppclaunchers.com/" "Mozilla/5.0 (Linux; Android 5.0) AppleWebKit/537.36 (KHTML, like Gecko) Mobile Safari/537.36 (compatible; Bytespider; spider-feedback@bytedance.com)"
47.128.109.74 - - [27/May/2025:18:03:37 -0400] "GET /wp-content/uploads/2023/12/Icon017.png HTTP/1.1" 206 500 "https://ppclaunchers.com/" "Mozilla/5.0 (Linux; Android 5.0) AppleWebKit/537.36 (KHTML, like Gecko) Mobile Safari/537.36 (compatible; Bytespider; spider-feedback@bytedance.com)"
47.128.109.74 - - [27/May/2025:18:03:37 -0400] "GET /wp-content/uploads/2023/12/seobrand01.png HTTP/1.1" 206 500 "https://ppclaunchers.com/" "Mozilla/5.0 (Linux; Android 5.0) AppleWebKit/537.36 (KHTML, like Gecko) Mobile Safari/537.36 (compatible; Bytespider; spider-feedback@bytedance.com)"
47.128.109.74 - - [27/May/2025:18:03:37 -0400] "GET /wp-content/uploads/elementor/css/custom-apple-webkit.min.css?ver=1727862400 HTTP/1.1" 200 470 "https://ppclaunchers.com/" "Mozilla/5.0 (Linux; Android 5.0) AppleWebKit/537.36 (KHTML, like Gecko) Mobile Safari/537.36 (compatible; Bytespider; spider-feedback@bytedance.com)"
47.128.109.74 - - [27/May/2025:18:03:38 -0400] "GET /wp-content/uploads/2023/12/logo-01.png HTTP/1.1" 206 500 "https://ppclaunchers.com/" "Mozilla/5.0 (Linux; Android 5.0) AppleWebKit/537.36 (KHTML, like Gecko) Mobile Safari/537.36 (compatible; Bytespider; spider-feedback@bytedance.com)"
47.128.109.74 - - [27/May/2025:18:03:37 -0400] "GET /wp-content/plugins/elementor/assets/css/widget-social-icons.min.css?ver=3.29.0 HTTP/1.1" 200 1069 "https://ppclaunchers.com/" "Mozilla/5.0 (Linux; Android 5.0) AppleWebKit/537.36 (KHTML, like Gecko) Mobile Safari/537.36 (compatible; Bytespider; spider-feedback@bytedance.com)"
47.128.109.74 - - [27/May/2025:18:03:37 -0400] "GET /wp-content/uploads/2023/12/logo-main.webp HTTP/1.1" 206 500 "https://ppclaunchers.com/" "Mozilla/5.0 (Linux; Android 5.0) AppleWebKit/537.36 (KHTML, like Gecko) Mobile Safari/537.36 (compatible; Bytespider; spider-feedback@bytedance.com)"
47.128.109.74 - - [27/May/2025:18:03:37 -0400] "GET /wp-content/uploads/2023/12/seobrand04.png HTTP/1.1" 206 500 "https://ppclaunchers.com/" "Mozilla/5.0 (Linux; Android 5.0) AppleWebKit/537.36 (KHTML, like Gecko) Mobile Safari/537.36 (compatible; Bytespider; spider-feedback@bytedance.com)"
47.128.109.74 - - [27/May/2025:18:03:37 -0400] "GET /wp-content/uploads/elementor/css/custom-widget-icon-list.min.css?ver=1726222340 HTTP/1.1" 200 846 "https://ppclaunchers.com/" "Mozilla/5.0 (Linux; Android 5.0) AppleWebKit/537.36 (KHTML, like Gecko) Mobile Safari/537.36 (compatible; Bytespider; spider-feedback@bytedance.com)"
47.128.109.74 - - [27/May/2025:18:03:37 -0400] "GET /wp-content/uploads/2023/12/Icon035.png HTTP/1.1" 206 500 "https://ppclaunchers.com/wp-content/uploads/elementor/css/post-34.css?ver=1726463687" "Mozilla/5.0 (Linux; Android 5.0) AppleWebKit/537.36 (KHTML, like Gecko) Mobile Safari/537.36 (compatible; Bytespider; spider-feedback@bytedance.com)"
47.128.109.74 - - [27/May/2025:18:03:37 -0400] "GET /wp-content/uploads/2023/12/seobrand03.png HTTP/1.1" 206 500 "https://ppclaunchers.com/" "Mozilla/5.0 (Linux; Android 5.0) AppleWebKit/537.36 (KHTML, like Gecko) Mobile Safari/537.36 (compatible; Bytespider; spider-feedback@bytedance.com)"
47.128.109.74 - - [27/May/2025:18:03:37 -0400] "GET /wp-content/uploads/2023/12/seobrand02.png HTTP/1.1" 206 500 "https://ppclaunchers.com/" "Mozilla/5.0 (Linux; Android 5.0) AppleWebKit/537.36 (KHTML, like Gecko) Mobile Safari/537.36 (compatible; Bytespider; spider-feedback@bytedance.com)"
47.128.109.74 - - [27/May/2025:18:03:37 -0400] "GET /wp-content/uploads/2023/12/BG01.jpg HTTP/1.1" 206 500 "https://ppclaunchers.com/wp-content/uploads/elementor/css/post-34.css?ver=1726463687" "Mozilla/5.0 (Linux; Android 5.0) AppleWebKit/537.36 (KHTML, like Gecko) Mobile Safari/537.36 (compatible; Bytespider; spider-feedback@bytedance.com)"
47.128.109.74 - - [27/May/2025:18:03:37 -0400] "GET /wp-content/uploads/2023/12/Icon039-768x747.png HTTP/1.1" 206 500 "https://ppclaunchers.com/" "Mozilla/5.0 (Linux; Android 5.0) AppleWebKit/537.36 (KHTML, like Gecko) Mobile Safari/537.36 (compatible; Bytespider; spider-feedback@bytedance.com)"
47.128.109.74 - - [27/May/2025:18:03:38 -0400] "GET /wp-content/uploads/2023/12/keyrankjpg04.jpg HTTP/1.1" 206 500 "https://ppclaunchers.com/wp-content/uploads/elementor/css/post-34.css?ver=1726463687" "Mozilla/5.0 (Linux; Android 5.0) AppleWebKit/537.36 (KHTML, like Gecko) Mobile Safari/537.36 (compatible; Bytespider; spider-feedback@bytedance.com)"
47.128.109.74 - - [27/May/2025:18:03:38 -0400] "GET /wp-content/uploads/2023/12/keyrankjpg02.jpg HTTP/1.1" 206 500 "https://ppclaunchers.com/wp-content/uploads/elementor/css/post-34.css?ver=1726463687" "Mozilla/5.0 (Linux; Android 5.0) AppleWebKit/537.36 (KHTML, like Gecko) Mobile Safari/537.36 (compatible; Bytespider; spider-feedback@bytedance.com)"
47.128.109.74 - - [27/May/2025:18:03:38 -0400] "GET /wp-content/uploads/2023/12/Icon07.png HTTP/1.1" 206 500 "https://ppclaunchers.com/wp-content/uploads/elementor/css/post-34.css?ver=1726463687" "Mozilla/5.0 (Linux; Android 5.0) AppleWebKit/537.36 (KHTML, like Gecko) Mobile Safari/537.36 (compatible; Bytespider; spider-feedback@bytedance.com)"
47.128.109.74 - - [27/May/2025:18:03:38 -0400] "GET /wp-content/uploads/2023/12/Icon056.png HTTP/1.1" 206 500 "https://ppclaunchers.com/" "Mozilla/5.0 (Linux; Android 5.0) AppleWebKit/537.36 (KHTML, like Gecko) Mobile Safari/537.36 (compatible; Bytespider; spider-feedback@bytedance.com)"
47.128.109.74 - - [27/May/2025:18:03:38 -0400] "GET /wp-content/uploads/2023/12/Icon048.png HTTP/1.1" 206 500 "https://ppclaunchers.com/wp-content/uploads/elementor/css/post-34.css?ver=1726463687" "Mozilla/5.0 (Linux; Android 5.0) AppleWebKit/537.36 (KHTML, like Gecko) Mobile Safari/537.36 (compatible; Bytespider; spider-feedback@bytedance.com)"
47.128.109.74 - - [27/May/2025:18:03:38 -0400] "GET /wp-content/uploads/2023/12/Icon060.png HTTP/1.1" 206 500 "https://ppclaunchers.com/" "Mozilla/5.0 (Linux; Android 5.0) AppleWebKit/537.36 (KHTML, like Gecko) Mobile Safari/537.36 (compatible; Bytespider; spider-feedback@bytedance.com)"
47.128.109.74 - - [27/May/2025:18:03:38 -0400] "GET /wp-content/uploads/2023/12/Icon059.png HTTP/1.1" 206 500 "https://ppclaunchers.com/" "Mozilla/5.0 (Linux; Android 5.0) AppleWebKit/537.36 (KHTML, like Gecko) Mobile Safari/537.36 (compatible; Bytespider; spider-feedback@bytedance.com)"
47.128.109.74 - - [27/May/2025:18:03:38 -0400] "GET /wp-content/uploads/2023/12/Icon061.png HTTP/1.1" 206 500 "https://ppclaunchers.com/" "Mozilla/5.0 (Linux; Android 5.0) AppleWebKit/537.36 (KHTML, like Gecko) Mobile Safari/537.36 (compatible; Bytespider; spider-feedback@bytedance.com)"
47.128.109.74 - - [27/May/2025:18:03:38 -0400] "GET /wp-content/uploads/2023/12/Icon063.png HTTP/1.1" 206 500 "https://ppclaunchers.com/" "Mozilla/5.0 (Linux; Android 5.0) AppleWebKit/537.36 (KHTML, like Gecko) Mobile Safari/537.36 (compatible; Bytespider; spider-feedback@bytedance.com)"
47.128.109.74 - - [27/May/2025:18:03:38 -0400] "GET /wp-content/uploads/2023/12/Icon058.png HTTP/1.1" 206 500 "https://ppclaunchers.com/" "Mozilla/5.0 (Linux; Android 5.0) AppleWebKit/537.36 (KHTML, like Gecko) Mobile Safari/537.36 (compatible; Bytespider; spider-feedback@bytedance.com)"
47.128.109.74 - - [27/May/2025:18:03:38 -0400] "GET /wp-content/uploads/2023/12/Icon062.png HTTP/1.1" 206 500 "https://ppclaunchers.com/" "Mozilla/5.0 (Linux; Android 5.0) AppleWebKit/537.36 (KHTML, like Gecko) Mobile Safari/537.36 (compatible; Bytespider; spider-feedback@bytedance.com)"
47.128.109.74 - - [27/May/2025:18:03:38 -0400] "GET /wp-content/uploads/2023/12/keyrankjpg03.jpg HTTP/1.1" 206 500 "https://ppclaunchers.com/wp-content/uploads/elementor/css/post-34.css?ver=1726463687" "Mozilla/5.0 (Linux; Android 5.0) AppleWebKit/537.36 (KHTML, like Gecko) Mobile Safari/537.36 (compatible; Bytespider; spider-feedback@bytedance.com)"
47.128.109.74 - - [27/May/2025:18:03:38 -0400] "GET /wp-content/uploads/2023/12/Icon014.png HTTP/1.1" 206 500 "https://ppclaunchers.com/wp-content/uploads/elementor/css/post-34.css?ver=1726463687" "Mozilla/5.0 (Linux; Android 5.0) AppleWebKit/537.36 (KHTML, like Gecko) Mobile Safari/537.36 (compatible; Bytespider; spider-feedback@bytedance.com)"
43.153.85.46 - - [27/May/2025:18:05:43 -0400] "GET / HTTP/1.1" 200 22392 "http://ppclaunchers.com" "Mozilla/5.0 (iPhone; CPU iPhone OS 13_2_3 like Mac OS X) AppleWebKit/605.1.15 (KHTML, like Gecko) Version/13.0.3 Mobile/15E148 Safari/604.1"
198.54.116.161 - - [27/May/2025:18:07:39 -0400] "POST /wp-cron.php?doing_wp_cron=1748383659.3392179012298583984375 HTTP/1.1" 200 0 "-" "WordPress/6.8.1; https://ppclaunchers.com"
47.128.24.80 - - [27/May/2025:18:07:36 -0400] "GET /robots.txt HTTP/1.1" 200 70 "-" "Mozilla/5.0 (Linux; Android 5.0) AppleWebKit/537.36 (KHTML, like Gecko) Mobile Safari/537.36 (compatible; Bytespider; spider-feedback@bytedance.com)"
43.173.1.57 - - [27/May/2025:18:19:44 -0400] "GET / HTTP/1.1" 200 22392 "-" "Mozilla/5.0 (iPhone; CPU iPhone OS 13_2_3 like Mac OS X) AppleWebKit/605.1.15 (KHTML, like Gecko) Version/13.0.3 Mobile/15E148 Safari/604.1"
198.54.116.161 - - [27/May/2025:18:07:40 -0400] "POST /wp-admin/admin-ajax.php?action=async_litespeed&nonce=Z6wibLWjcracJN8aHtc2ymBTKI35E9Cd&litespeed_type=imgoptm HTTP/1.1" 200 21 "-" "WordPress/6.8.1; https://ppclaunchers.com"
51.68.111.219 - - [27/May/2025:18:25:09 -0400] "GET / HTTP/1.1" 302 771 "-" "Mozilla/5.0 (compatible; MJ12bot/v2.0.2; http://mj12bot.com/)"
51.68.111.219 - - [27/May/2025:18:25:09 -0400] "GET /robots.txt HTTP/1.1" 200 61 "-" "Mozilla/5.0 (compatible; MJ12bot/v2.0.2; http://mj12bot.com/)"
43.153.7.191 - - [27/May/2025:18:35:31 -0400] "GET / HTTP/1.1" 200 22392 "-" "Mozilla/5.0 (iPhone; CPU iPhone OS 13_2_3 like Mac OS X) AppleWebKit/605.1.15 (KHTML, like Gecko) Version/13.0.3 Mobile/15E148 Safari/604.1"
80.85.246.214 - - [27/May/2025:18:40:37 -0400] "GET / HTTP/1.1" 200 22392 "-" "Mozilla/5.0 (Macintosh; Intel Mac OS X 10_15_7) AppleWebKit/537.36 (KHTML, like Gecko) Chrome/133.0.0.0 Safari/537.36"
80.85.246.214 - - [27/May/2025:18:40:38 -0400] "GET /contact-us/ HTTP/1.1" 200 18639 "-" "Mozilla/5.0 (Macintosh; Intel Mac OS X 10_15_7) AppleWebKit/537.36 (KHTML, like Gecko) Chrome/133.0.0.0 Safari/537.36"
43.131.36.84 - - [27/May/2025:18:41:35 -0400] "GET / HTTP/1.1" 200 22392 "-" "Mozilla/5.0 (iPhone; CPU iPhone OS 13_2_3 like Mac OS X) AppleWebKit/605.1.15 (KHTML, like Gecko) Version/13.0.3 Mobile/15E148 Safari/604.1"
43.157.38.131 - - [27/May/2025:18:54:10 -0400] "GET /wp-json/ HTTP/1.1" 200 248570 "-" "Mozilla/5.0 (iPhone; CPU iPhone OS 13_2_3 like Mac OS X) AppleWebKit/605.1.15 (KHTML, like Gecko) Version/13.0.3 Mobile/15E148 Safari/604.1"
43.133.91.48 - - [27/May/2025:19:01:55 -0400] "GET /contact-us/ HTTP/1.1" 200 18639 "-" "Mozilla/5.0 (iPhone; CPU iPhone OS 13_2_3 like Mac OS X) AppleWebKit/605.1.15 (KHTML, like Gecko) Version/13.0.3 Mobile/15E148 Safari/604.1"
43.153.87.54 - - [27/May/2025:19:11:01 -0400] "GET / HTTP/1.1" 200 22392 "-" "Mozilla/5.0 (iPhone; CPU iPhone OS 13_2_3 like Mac OS X) AppleWebKit/605.1.15 (KHTML, like Gecko) Version/13.0.3 Mobile/15E148 Safari/604.1"
129.226.213.145 - - [27/May/2025:19:30:33 -0400] "GET /wp-content/uploads/2023/12/logo-main.webp HTTP/1.1" 200 6426 "-" "Mozilla/5.0 (iPhone; CPU iPhone OS 13_2_3 like Mac OS X) AppleWebKit/605.1.15 (KHTML, like Gecko) Version/13.0.3 Mobile/15E148 Safari/604.1"
43.157.158.178 - - [27/May/2025:19:21:05 -0400] "GET / HTTP/1.1" 200 22392 "-" "Mozilla/5.0 (iPhone; CPU iPhone OS 13_2_3 like Mac OS X) AppleWebKit/605.1.15 (KHTML, like Gecko) Version/13.0.3 Mobile/15E148 Safari/604.1"
43.129.51.239 - - [27/May/2025:19:42:25 -0400] "GET / HTTP/1.1" 200 22392 "-" "Mozilla/5.0 (iPhone; CPU iPhone OS 13_2_3 like Mac OS X) AppleWebKit/605.1.15 (KHTML, like Gecko) Version/13.0.3 Mobile/15E148 Safari/604.1"
119.28.177.175 - - [27/May/2025:19:50:38 -0400] "GET /wp-content/uploads/2023/12/logo-main-300x65.webp HTTP/1.1" 200 5892 "-" "Mozilla/5.0 (iPhone; CPU iPhone OS 13_2_3 like Mac OS X) AppleWebKit/605.1.15 (KHTML, like Gecko) Version/13.0.3 Mobile/15E148 Safari/604.1"
42.83.147.53 - - [27/May/2025:19:57:33 -0400] "GET / HTTP/1.1" 200 22392 "-" "Mozilla/5.0 (Windows NT 6.1; Win64; x64) AppleWebKit/537.36 (KHTML, like Gecko)Chrome/74.0.3729.169 Safari/537.36"
54.219.223.254 - - [27/May/2025:20:00:18 -0400] "GET / HTTP/1.1" 200 22392 "-" "Mozilla/5.0 (X11; Linux x86_64) AppleWebKit/537.36 (KHTML, like Gecko) Chrome/51.0.2704.103 Safari/537.36"
198.54.116.161 - - [27/May/2025:20:03:46 -0400] "POST /wp-cron.php?doing_wp_cron=1748390626.7172760963439941406250 HTTP/1.1" 200 0 "-" "WordPress/6.8.1; https://ppclaunchers.com"
198.54.116.161 - - [27/May/2025:20:03:47 -0400] "POST /wp-admin/admin-ajax.php?action=async_litespeed&nonce=csxOhwhMJ4FpIobEougRd9YM0RDY0JmK&litespeed_type=imgoptm HTTP/1.1" 200 0 "-" "WordPress/6.8.1; https://ppclaunchers.com"
43.159.143.187 - - [27/May/2025:20:03:40 -0400] "GET /wp-json/wp/v2/pages/269 HTTP/1.1" 200 33596 "-" "Mozilla/5.0 (iPhone; CPU iPhone OS 13_2_3 like Mac OS X) AppleWebKit/605.1.15 (KHTML, like Gecko) Version/13.0.3 Mobile/15E148 Safari/604.1"
198.54.116.161 - - [27/May/2025:20:04:26 -0400] "POST /wp-cron.php?doing_wp_cron=1748390666.0524780750274658203125 HTTP/1.1" 200 0 "-" "WordPress/6.8.1; https://ppclaunchers.com"
49.51.50.147 - - [27/May/2025:20:04:25 -0400] "GET / HTTP/1.1" 301 0 "http://www.ppclaunchers.com" "Mozilla/5.0 (iPhone; CPU iPhone OS 13_2_3 like Mac OS X) AppleWebKit/605.1.15 (KHTML, like Gecko) Version/13.0.3 Mobile/15E148 Safari/604.1"
198.54.116.161 - - [27/May/2025:20:04:26 -0400] "POST /wp-admin/admin-ajax.php?action=async_litespeed&nonce=TkmEoJ8blre8kSEIelOIu8tsTA0BvjTY&litespeed_type=imgoptm HTTP/1.1" 200 21 "-" "WordPress/6.8.1; https://ppclaunchers.com"
49.51.50.147 - - [27/May/2025:20:04:29 -0400] "GET / HTTP/1.1" 200 22392 "https://www.ppclaunchers.com/" "Mozilla/5.0 (iPhone; CPU iPhone OS 13_2_3 like Mac OS X) AppleWebKit/605.1.15 (KHTML, like Gecko) Version/13.0.3 Mobile/15E148 Safari/604.1"
43.135.140.225 - - [27/May/2025:20:16:41 -0400] "GET /wp-json/oembed/1.0/embed?url=https%3A%2F%2Fppclaunchers.com%2F HTTP/1.1" 200 2029 "-" "Mozilla/5.0 (iPhone; CPU iPhone OS 13_2_3 like Mac OS X) AppleWebKit/605.1.15 (KHTML, like Gecko) Version/13.0.3 Mobile/15E148 Safari/604.1"
69.171.231.114 - - [27/May/2025:20:30:07 -0400] "GET /robots.txt HTTP/1.1" 200 67 "-" "facebookexternalhit/1.1 (+http://www.facebook.com/externalhit_uatext.php)"
69.171.230.1 - - [27/May/2025:20:54:22 -0400] "GET /robots.txt HTTP/1.1" 200 67 "-" "facebookexternalhit/1.1 (+http://www.facebook.com/externalhit_uatext.php)"
69.171.230.11 - - [27/May/2025:20:54:36 -0400] "GET /robots.txt HTTP/1.1" 200 67 "-" "facebookexternalhit/1.1 (+http://www.facebook.com/externalhit_uatext.php)"
69.171.230.114 - - [27/May/2025:20:54:45 -0400] "GET /robots.txt HTTP/1.1" 200 67 "-" "facebookexternalhit/1.1 (+http://www.facebook.com/externalhit_uatext.php)"
69.171.230.2 - - [27/May/2025:20:55:19 -0400] "GET /robots.txt HTTP/1.1" 301 0 "-" "facebookexternalhit/1.1 (+http://www.facebook.com/externalhit_uatext.php)"
69.171.230.2 - - [27/May/2025:20:55:20 -0400] "GET /robots.txt HTTP/1.1" 200 67 "-" "facebookexternalhit/1.1 (+http://www.facebook.com/externalhit_uatext.php)"
198.54.116.161 - - [27/May/2025:20:55:38 -0400] "POST /wp-cron.php?doing_wp_cron=1748393738.5206630229949951171875 HTTP/1.1" 200 0 "-" "WordPress/6.8.1; https://ppclaunchers.com"
198.54.116.161 - - [27/May/2025:20:55:39 -0400] "POST /wp-admin/admin-ajax.php?action=async_litespeed&nonce=fzBzHxV2pepes0WEVCC3WDjq0QkbH1r4&litespeed_type=imgoptm HTTP/1.1" 200 21 "-" "WordPress/6.8.1; https://ppclaunchers.com"
57.141.0.26 - - [27/May/2025:20:56:12 -0400] "GET / HTTP/1.1" 200 1513 "-" "meta-externalagent/1.1 (+https://developers.facebook.com/docs/sharing/webmasters/crawler)"
198.54.116.161 - - [27/May/2025:20:57:30 -0400] "GET / HTTP/1.1" 200 121002 "-" "Softaculous"
198.54.116.161 - - [27/May/2025:20:57:30 -0400] "GET / HTTP/1.1" 200 121002 "-" "Mozilla/5.0 (Windows NT 10.0; Win64; x64; rv:122.0) Gecko/20100101 Firefox/122.0"
69.171.230.1 - - [27/May/2025:20:54:22 -0400] "GET /robots.txt HTTP/1.1" 301 0 "-" "facebookexternalhit/1.1 (+http://www.facebook.com/externalhit_uatext.php)"
69.171.230.11 - - [27/May/2025:20:54:36 -0400] "GET /robots.txt HTTP/1.1" 301 0 "-" "facebookexternalhit/1.1 (+http://www.facebook.com/externalhit_uatext.php)"
57.141.0.20 - - [27/May/2025:20:54:45 -0400] "GET /index.html HTTP/1.1" 200 1513 "-" "meta-externalagent/1.1 (+https://developers.facebook.com/docs/sharing/webmasters/crawler)"
69.171.230.114 - - [27/May/2025:20:54:45 -0400] "GET /robots.txt HTTP/1.1" 301 0 "-" "facebookexternalhit/1.1 (+http://www.facebook.com/externalhit_uatext.php)"
134.17.14.12 - - [27/May/2025:20:55:32 -0400] "GET /wp-content/plugins/masterstudy-lms-learning-management-system-pro/readme.txt HTTP/1.1" 404 10982 "-" "Mozilla/4.0 (compatible; MSIE 6.0; Windows NT 5.1; SV1)"
198.54.116.161 - - [27/May/2025:20:57:16 -0400] "GET / HTTP/1.1" 200 121002 "-" "Mozilla/5.0 (Windows NT 10.0; Win64; x64; rv:122.0) Gecko/20100101 Firefox/122.0"
57.141.0.16 - - [27/May/2025:21:13:02 -0400] "GET / HTTP/1.1" 200 1513 "-" "meta-externalagent/1.1 (+https://developers.facebook.com/docs/sharing/webmasters/crawler)"
195.82.146.214 - - [27/May/2025:21:14:24 -0400] "GET /contact-us/ HTTP/1.0" 200 79844 "https://ppclaunchers.com/contact-us/" "Mozilla/5.0 (Windows NT 10.0; Win64; x64) AppleWebKit/537.36 (KHTML, like Gecko) Chrome/130.0.0.0 Safari/537.36 CCleaner/130.0.0.0"
198.54.116.161 - - [27/May/2025:21:14:28 -0400] "POST /wp-cron.php?doing_wp_cron=1748394868.6477301120758056640625 HTTP/1.1" 200 0 "-" "WordPress/6.8.1; https://ppclaunchers.com"
198.54.116.161 - - [27/May/2025:21:14:28 -0400] "POST /wp-admin/admin-ajax.php?action=async_litespeed&nonce=BJzh4xHV3obE1GMqZLmF2YPmNNMI9Ywy&litespeed_type=imgoptm HTTP/1.1" 200 21 "-" "WordPress/6.8.1; https://ppclaunchers.com"
195.82.146.214 - - [27/May/2025:21:14:26 -0400] "POST /contact-us/ HTTP/1.0" 200 79878 "https://ppclaunchers.com/contact-us/" "Mozilla/5.0 (Windows NT 10.0; Win64; x64) AppleWebKit/537.36 (KHTML, like Gecko) Chrome/130.0.0.0 Safari/537.36 CCleaner/130.0.0.0"
195.82.146.214 - - [27/May/2025:21:14:23 -0400] "GET / HTTP/1.0" 200 121002 "https://ppclaunchers.com/" "Mozilla/5.0 (Windows NT 10.0; Win64; x64) AppleWebKit/537.36 (KHTML, like Gecko) Chrome/130.0.0.0 Safari/537.36 CCleaner/130.0.0.0"
80.85.247.231 - - [27/May/2025:22:37:08 -0400] "GET /contact-us/ HTTP/1.1" 200 18639 "-" "Mozilla/5.0 (Macintosh; Intel Mac OS X 10_15_7) AppleWebKit/537.36 (KHTML, like Gecko) Chrome/133.0.0.0 Safari/537.36"
80.85.247.231 - - [27/May/2025:22:37:07 -0400] "GET / HTTP/1.1" 200 22392 "-" "Mozilla/5.0 (Macintosh; Intel Mac OS X 10_15_7) AppleWebKit/537.36 (KHTML, like Gecko) Chrome/133.0.0.0 Safari/537.36"
198.54.116.161 - - [27/May/2025:22:39:23 -0400] "POST /wp-cron.php?doing_wp_cron=1748399963.3933649063110351562500 HTTP/1.1" 200 0 "-" "WordPress/6.8.1; https://ppclaunchers.com"
198.54.116.161 - - [27/May/2025:22:39:23 -0400] "POST /wp-admin/admin-ajax.php?action=async_litespeed&nonce=1r6L6xNqkyCNQ4iD3Gi5QPKZVhPRD3dj&litespeed_type=imgoptm HTTP/1.1" 200 21 "-" "WordPress/6.8.1; https://ppclaunchers.com"
196.251.87.127 - - [27/May/2025:22:39:21 -0400] "GET /wp-content/plugins/cleantalk-spam-protect/readme.txt HTTP/1.1" 404 12464 "www.google.com" "Mozilla/6.4 (Windows NT 11.1) Gecko/2010102 Firefox/99.0"
94.191.43.82 - - [27/May/2025:23:21:25 -0400] "GET / HTTP/1.1" 200 22392 "http://ppclaunchers.com" "Mozilla/5.0 (iPhone; CPU iPhone OS 13_2_3 like Mac OS X) AppleWebKit/605.1.15 (KHTML, like Gecko) Version/13.0.3 Mobile/15E148 Safari/604.1"
85.214.12.146 - - [27/May/2025:23:21:27 -0400] "GET / HTTP/1.1" 200 22392 "-" "ImageVisu/v4.x.x"
198.54.116.161 - - [28/May/2025:00:01:43 -0400] "POST /wp-admin/admin-ajax.php?action=async_litespeed&nonce=6TYR8UVeBlG4FmCZQavOqugvEDxJgJyd&litespeed_type=imgoptm HTTP/1.1" 200 21 "-" "WordPress/6.8.1; https://ppclaunchers.com"
198.54.116.161 - - [28/May/2025:00:01:43 -0400] "POST /wp-cron.php?doing_wp_cron=1748404903.4640240669250488281250 HTTP/1.1" 200 0 "-" "WordPress/6.8.1; https://ppclaunchers.com"
45.120.177.111 - - [28/May/2025:00:01:40 -0400] "GET /wp-content/themes/masterstudy/style.css HTTP/1.1" 404 12457 "-" "python-requests/2.32.3"
181.214.206.47 - - [28/May/2025:02:23:28 -0400] "GET //web/wp-includes/wlwmanifest.xml HTTP/1.1" 301 0 "-" "Mozilla/5.0 (Windows NT 10.0; Win64; x64) AppleWebKit/537.36 (KHTML, like Gecko) Chrome/95.0.4638.69 Safari/537.36"
181.214.206.47 - - [28/May/2025:02:23:29 -0400] "GET //wp/wp-includes/wlwmanifest.xml HTTP/1.1" 301 0 "-" "Mozilla/5.0 (Windows NT 10.0; Win64; x64) AppleWebKit/537.36 (KHTML, like Gecko) Chrome/95.0.4638.69 Safari/537.36"
181.214.206.47 - - [28/May/2025:02:23:30 -0400] "GET //2020/wp-includes/wlwmanifest.xml HTTP/1.1" 301 0 "-" "Mozilla/5.0 (Windows NT 10.0; Win64; x64) AppleWebKit/537.36 (KHTML, like Gecko) Chrome/95.0.4638.69 Safari/537.36"
181.214.206.47 - - [28/May/2025:02:23:30 -0400] "GET //2019/wp-includes/wlwmanifest.xml HTTP/1.1" 301 0 "-" "Mozilla/5.0 (Windows NT 10.0; Win64; x64) AppleWebKit/537.36 (KHTML, like Gecko) Chrome/95.0.4638.69 Safari/537.36"
181.214.206.47 - - [28/May/2025:02:23:31 -0400] "GET //shop/wp-includes/wlwmanifest.xml HTTP/1.1" 301 0 "-" "Mozilla/5.0 (Windows NT 10.0; Win64; x64) AppleWebKit/537.36 (KHTML, like Gecko) Chrome/95.0.4638.69 Safari/537.36"
181.214.206.47 - - [28/May/2025:02:23:34 -0400] "GET //cms/wp-includes/wlwmanifest.xml HTTP/1.1" 301 0 "-" "Mozilla/5.0 (Windows NT 10.0; Win64; x64) AppleWebKit/537.36 (KHTML, like Gecko) Chrome/95.0.4638.69 Safari/537.36"
181.214.206.47 - - [28/May/2025:02:23:23 -0400] "GET //wp-includes/ID3/license.txt HTTP/1.1" 403 1242 "-" "Mozilla/5.0 (Windows NT 10.0; Win64; x64) AppleWebKit/537.36 (KHTML, like Gecko) Chrome/95.0.4638.69 Safari/537.36"
198.54.116.161 - - [28/May/2025:02:23:27 -0400] "POST /wp-cron.php?doing_wp_cron=1748413406.9390799999237060546875 HTTP/1.1" 200 0 "-" "WordPress/6.8.1; https://ppclaunchers.com"
181.214.206.47 - - [28/May/2025:02:23:23 -0400] "GET //feed/ HTTP/1.1" 301 0 "-" "Mozilla/5.0 (Windows NT 10.0; Win64; x64) AppleWebKit/537.36 (KHTML, like Gecko) Chrome/95.0.4638.69 Safari/537.36"
198.54.116.161 - - [28/May/2025:02:23:27 -0400] "POST /wp-admin/admin-ajax.php?action=async_litespeed&nonce=9QagzHeM71Mb0hoKWPuAEvm8vnNNAdap&litespeed_type=imgoptm HTTP/1.1" 200 21 "-" "WordPress/6.8.1; https://ppclaunchers.com"
181.214.206.47 - - [28/May/2025:02:23:27 -0400] "GET //blog/wp-includes/wlwmanifest.xml HTTP/1.1" 301 0 "-" "Mozilla/5.0 (Windows NT 10.0; Win64; x64) AppleWebKit/537.36 (KHTML, like Gecko) Chrome/95.0.4638.69 Safari/537.36"
181.214.206.47 - - [28/May/2025:02:23:28 -0400] "GET //wordpress/wp-includes/wlwmanifest.xml HTTP/1.1" 301 0 "-" "Mozilla/5.0 (Windows NT 10.0; Win64; x64) AppleWebKit/537.36 (KHTML, like Gecko) Chrome/95.0.4638.69 Safari/537.36"
181.214.206.47 - - [28/May/2025:02:23:31 -0400] "GET //2021/wp-includes/wlwmanifest.xml HTTP/1.1" 301 0 "-" "Mozilla/5.0 (Windows NT 10.0; Win64; x64) AppleWebKit/537.36 (KHTML, like Gecko) Chrome/95.0.4638.69 Safari/537.36"
181.214.206.47 - - [28/May/2025:02:23:32 -0400] "GET //wp1/wp-includes/wlwmanifest.xml HTTP/1.1" 301 0 "-" "Mozilla/5.0 (Windows NT 10.0; Win64; x64) AppleWebKit/537.36 (KHTML, like Gecko) Chrome/95.0.4638.69 Safari/537.36"
181.214.206.47 - - [28/May/2025:02:23:33 -0400] "GET //test/wp-includes/wlwmanifest.xml HTTP/1.1" 301 0 "-" "Mozilla/5.0 (Windows NT 10.0; Win64; x64) AppleWebKit/537.36 (KHTML, like Gecko) Chrome/95.0.4638.69 Safari/537.36"
181.214.206.47 - - [28/May/2025:02:23:33 -0400] "GET //site/wp-includes/wlwmanifest.xml HTTP/1.1" 301 0 "-" "Mozilla/5.0 (Windows NT 10.0; Win64; x64) AppleWebKit/537.36 (KHTML, like Gecko) Chrome/95.0.4638.69 Safari/537.36"
198.54.116.161 - - [28/May/2025:02:34:57 -0400] "POST /wp-cron.php?doing_wp_cron=1748414097.2957010269165039062500 HTTP/1.1" 200 0 "-" "WordPress/6.8.1; https://ppclaunchers.com"
175.6.217.4 - - [28/May/2025:02:34:54 -0400] "GET / HTTP/1.1" 301 0 "http://www.ppclaunchers.com" "Mozilla/5.0 (iPhone; CPU iPhone OS 13_2_3 like Mac OS X) AppleWebKit/605.1.15 (KHTML, like Gecko) Version/13.0.3 Mobile/15E148 Safari/604.1"
198.54.116.161 - - [28/May/2025:02:34:57 -0400] "POST /wp-admin/admin-ajax.php?action=async_litespeed&nonce=Ux25O9bOV0iez0nJfA3o1hDmPagXKl6r&litespeed_type=imgoptm HTTP/1.1" 200 21 "-" "WordPress/6.8.1; https://ppclaunchers.com"
175.6.217.4 - - [28/May/2025:02:34:59 -0400] "GET / HTTP/1.1" 200 22392 "https://www.ppclaunchers.com/" "Mozilla/5.0 (iPhone; CPU iPhone OS 13_2_3 like Mac OS X) AppleWebKit/605.1.15 (KHTML, like Gecko) Version/13.0.3 Mobile/15E148 Safari/604.1"