95.108.213.166 - - [28/May/2025:11:48:43 -0400] "GET /wp-includes/js/wp-emoji-release.min.js?ver=6.8.1 HTTP/1.1" 200 4771 "https://socialdigiinnovator.com/" "Mozilla/5.0 (compatible; YandexRenderResourcesBot/1.0; +http://yandex.com/bots) AppleWebKit/537.36 (KHTML, like Gecko) Chrome/108.0.0.0"
213.180.203.169 - - [28/May/2025:11:48:45 -0400] "GET /wp-content/uploads/2022/08/cropped-cropped-Logo-Presentation-Final-06-2-300x241-1-100x100.png HTTP/1.1" 200 1706 "https://socialdigiinnovator.com/" "Mozilla/5.0 (compatible; YandexRenderResourcesBot/1.0; +http://yandex.com/bots) AppleWebKit/537.36 (KHTML, like Gecko) Chrome/108.0.0.0"
5.255.231.162 - - [28/May/2025:11:47:48 -0400] "GET /wp-content/plugins/auxin-elements/public/assets/js/scripts.js?ver=2.17.6 HTTP/1.1" 304 0 "https://socialdigiinnovator.com/" "Mozilla/5.0 (compatible; YandexRenderResourcesBot/1.0; +http://yandex.com/bots) AppleWebKit/537.36 (KHTML, like Gecko) Chrome/108.0.0.0"
95.108.213.166 - - [28/May/2025:11:47:50 -0400] "GET /wp-content/plugins/auxin-pro-tools/public/assets/js/pro-tools.js?ver=1.9.5 HTTP/1.1" 304 0 "https://socialdigiinnovator.com/" "Mozilla/5.0 (compatible; YandexRenderResourcesBot/1.0; +http://yandex.com/bots) AppleWebKit/537.36 (KHTML, like Gecko) Chrome/108.0.0.0"
5.255.231.244 - - [28/May/2025:11:47:55 -0400] "GET /wp-content/plugins/contact-form-7/includes/swv/js/index.js?ver=6.0.6 HTTP/1.1" 200 3369 "https://socialdigiinnovator.com/" "Mozilla/5.0 (compatible; YandexRenderResourcesBot/1.0; +http://yandex.com/bots) AppleWebKit/537.36 (KHTML, like Gecko) Chrome/108.0.0.0"
5.255.231.31 - - [28/May/2025:11:47:57 -0400] "GET /wp-content/plugins/contact-form-7/includes/js/index.js?ver=6.0.6 HTTP/1.1" 200 4008 "https://socialdigiinnovator.com/" "Mozilla/5.0 (compatible; YandexRenderResourcesBot/1.0; +http://yandex.com/bots) AppleWebKit/537.36 (KHTML, like Gecko) Chrome/108.0.0.0"
213.180.203.59 - - [28/May/2025:11:47:58 -0400] "GET /wp-content/plugins/depicter/resources/scripts/player/depicter.js?ver=1746475589 HTTP/1.1" 304 0 "https://socialdigiinnovator.com/" "Mozilla/5.0 (compatible; YandexRenderResourcesBot/1.0; +http://yandex.com/bots) AppleWebKit/537.36 (KHTML, like Gecko) Chrome/108.0.0.0"
5.255.231.38 - - [28/May/2025:11:48:00 -0400] "GET /wp-content/plugins/elementor/assets/js/frontend-modules.min.js?ver=3.29.0 HTTP/1.1" 200 14423 "https://socialdigiinnovator.com/" "Mozilla/5.0 (compatible; YandexRenderResourcesBot/1.0; +http://yandex.com/bots) AppleWebKit/537.36 (KHTML, like Gecko) Chrome/108.0.0.0"
87.250.224.98 - - [28/May/2025:11:48:02 -0400] "GET /wp-includes/js/jquery/ui/core.min.js?ver=1.13.3 HTTP/1.1" 200 6812 "https://socialdigiinnovator.com/" "Mozilla/5.0 (compatible; YandexRenderResourcesBot/1.0; +http://yandex.com/bots) AppleWebKit/537.36 (KHTML, like Gecko) Chrome/108.0.0.0"
157.55.39.56 - - [28/May/2025:11:47:55 -0400] "GET /wp-sitemap.xml HTTP/1.1" 200 197 "-" "Mozilla/5.0 AppleWebKit/537.36 (KHTML, like Gecko; compatible; bingbot/2.0; +http://www.bing.com/bingbot.htm) Chrome/116.0.1938.76 Safari/537.36"
5.255.231.44 - - [28/May/2025:11:48:25 -0400] "GET /wp-content/uploads/phlox-pro/custom.js?ver=3.3 HTTP/1.1" 304 0 "https://socialdigiinnovator.com/" "Mozilla/5.0 (compatible; YandexRenderResourcesBot/1.0; +http://yandex.com/bots) AppleWebKit/537.36 (KHTML, like Gecko) Chrome/108.0.0.0"
213.180.203.176 - - [28/May/2025:11:48:40 -0400] "GET /wp-content/plugins/elementor-pro/assets/js/webpack-pro.runtime.min.js?ver=3.29.0 HTTP/1.1" 200 2621 "https://socialdigiinnovator.com/" "Mozilla/5.0 (compatible; YandexRenderResourcesBot/1.0; +http://yandex.com/bots) AppleWebKit/537.36 (KHTML, like Gecko) Chrome/108.0.0.0"
5.255.231.158 - - [28/May/2025:11:48:42 -0400] "GET /wp-content/plugins/elementor-pro/assets/js/elements-handlers.min.js?ver=3.29.0 HTTP/1.1" 200 10221 "https://socialdigiinnovator.com/" "Mozilla/5.0 (compatible; YandexRenderResourcesBot/1.0; +http://yandex.com/bots) AppleWebKit/537.36 (KHTML, like Gecko) Chrome/108.0.0.0"
198.54.114.35 - - [28/May/2025:11:49:32 -0400] "POST /wp-cron.php?doing_wp_cron=1748447372.2842450141906738281250 HTTP/1.1" 200 0 "-" "WordPress/6.8.1; https://socialdigiinnovator.com"
13.220.113.33 - - [28/May/2025:11:49:33 -0400] "GET /blog/ HTTP/1.1" 200 19392 "-" "Mozilla/5.0 (Windows NT 10.0; Win64; x64) AppleWebKit/537.36 (KHTML, like Gecko) Chrome/86.0.4240.75 Safari/537.36"
198.54.114.35 - - [28/May/2025:11:50:16 -0400] "POST /wp-cron.php?doing_wp_cron=1748447416.2152578830718994140625 HTTP/1.1" 200 0 "-" "WordPress/6.8.1; https://socialdigiinnovator.com"
13.220.113.33 - - [28/May/2025:11:49:32 -0400] "GET /blog HTTP/1.1" 301 0 "-" "Mozilla/5.0 (Windows NT 10.0; Win64; x64) AppleWebKit/537.36 (KHTML, like Gecko) Chrome/86.0.4240.75 Safari/537.36"
13.220.113.33 - - [28/May/2025:11:49:28 -0400] "GET /faq/ HTTP/1.1" 200 18360 "-" "Mozilla/5.0 (Windows NT 10.0; Win64; x64) AppleWebKit/537.36 (KHTML, like Gecko) Chrome/86.0.4240.75 Safari/537.36"
13.220.113.33 - - [28/May/2025:11:49:28 -0400] "GET /sdi-services-catalog-ebook/ HTTP/1.1" 200 16606 "-" "Mozilla/5.0 (Windows NT 10.0; Win64; x64) AppleWebKit/537.36 (KHTML, like Gecko) Chrome/86.0.4240.75 Safari/537.36"
13.220.113.33 - - [28/May/2025:11:49:32 -0400] "GET /importance-of-a-brand-logo/ HTTP/1.1" 200 18543 "-" "Mozilla/5.0 (Windows NT 10.0; Win64; x64) AppleWebKit/537.36 (KHTML, like Gecko) Chrome/86.0.4240.75 Safari/537.36"
13.220.113.33 - - [28/May/2025:11:50:14 -0400] "GET /technical-services/crm-customization-integrations-management/ HTTP/1.1" 200 16287 "-" "Mozilla/5.0 (Windows NT 10.0; Win64; x64) AppleWebKit/537.36 (KHTML, like Gecko) Chrome/86.0.4240.75 Safari/537.36"
13.220.113.33 - - [28/May/2025:11:50:15 -0400] "GET /virtual-assistant-complete-guide-ebook/ HTTP/1.1" 200 16599 "-" "Mozilla/5.0 (Windows NT 10.0; Win64; x64) AppleWebKit/537.36 (KHTML, like Gecko) Chrome/86.0.4240.75 Safari/537.36"
13.220.113.33 - - [28/May/2025:11:50:15 -0400] "GET /ultimate-list-of-facebook/ HTTP/1.1" 200 16595 "-" "Mozilla/5.0 (Windows NT 10.0; Win64; x64) AppleWebKit/537.36 (KHTML, like Gecko) Chrome/86.0.4240.75 Safari/537.36"
13.220.113.33 - - [28/May/2025:11:50:14 -0400] "GET /bad-seo-practices-which-can-harm-your-business/ HTTP/1.1" 200 18869 "-" "Mozilla/5.0 (Windows NT 10.0; Win64; x64) AppleWebKit/537.36 (KHTML, like Gecko) Chrome/86.0.4240.75 Safari/537.36"
13.220.113.33 - - [28/May/2025:11:50:15 -0400] "GET /paid-advertisement/ HTTP/1.1" 200 16259 "-" "Mozilla/5.0 (Windows NT 10.0; Win64; x64) AppleWebKit/537.36 (KHTML, like Gecko) Chrome/86.0.4240.75 Safari/537.36"
13.220.113.33 - - [28/May/2025:11:50:15 -0400] "GET /technical-services/ HTTP/1.1" 200 15472 "-" "Mozilla/5.0 (Windows NT 10.0; Win64; x64) AppleWebKit/537.36 (KHTML, like Gecko) Chrome/86.0.4240.75 Safari/537.36"
13.220.113.33 - - [28/May/2025:11:50:14 -0400] "GET /virtual-assistant-services/social-seller/ HTTP/1.1" 200 16595 "-" "Mozilla/5.0 (Windows NT 10.0; Win64; x64) AppleWebKit/537.36 (KHTML, like Gecko) Chrome/86.0.4240.75 Safari/537.36"
198.54.114.35 - - [28/May/2025:11:52:29 -0400] "POST /wp-cron.php?doing_wp_cron=1748447549.2911849021911621093750 HTTP/1.1" 200 0 "-" "WordPress/6.8.1; https://socialdigiinnovator.com"
13.220.113.33 - - [28/May/2025:11:52:23 -0400] "GET /virtual-assistant-services/community-management/ HTTP/1.1" 200 16677 "-" "Mozilla/5.0 (Windows NT 10.0; Win64; x64) AppleWebKit/537.36 (KHTML, like Gecko) Chrome/86.0.4240.75 Safari/537.36"
13.220.113.33 - - [28/May/2025:11:52:23 -0400] "GET /business-dfy/ HTTP/1.1" 200 16300 "-" "Mozilla/5.0 (Windows NT 10.0; Win64; x64) AppleWebKit/537.36 (KHTML, like Gecko) Chrome/86.0.4240.75 Safari/537.36"
13.220.113.33 - - [28/May/2025:11:52:42 -0400] "GET /talk HTTP/1.1" 301 0 "-" "Mozilla/5.0 (Windows NT 10.0; Win64; x64) AppleWebKit/537.36 (KHTML, like Gecko) Chrome/86.0.4240.75 Safari/537.36"
13.220.113.33 - - [28/May/2025:11:52:42 -0400] "GET /lg-sales-playbook/ HTTP/1.1" 200 16555 "-" "Mozilla/5.0 (Windows NT 10.0; Win64; x64) AppleWebKit/537.36 (KHTML, like Gecko) Chrome/86.0.4240.75 Safari/537.36"
13.220.113.33 - - [28/May/2025:11:52:42 -0400] "GET /virtual-assistant-services/ghl-expert/ HTTP/1.1" 200 16393 "-" "Mozilla/5.0 (Windows NT 10.0; Win64; x64) AppleWebKit/537.36 (KHTML, like Gecko) Chrome/86.0.4240.75 Safari/537.36"
13.220.113.33 - - [28/May/2025:11:52:42 -0400] "GET /virtual-assistant-services/social-media-management/ HTTP/1.1" 200 17141 "-" "Mozilla/5.0 (Windows NT 10.0; Win64; x64) AppleWebKit/537.36 (KHTML, like Gecko) Chrome/86.0.4240.75 Safari/537.36"
13.220.113.33 - - [28/May/2025:11:50:15 -0400] "GET /social-media-marketing/ HTTP/1.1" 200 20828 "-" "Mozilla/5.0 (Windows NT 10.0; Win64; x64) AppleWebKit/537.36 (KHTML, like Gecko) Chrome/86.0.4240.75 Safari/537.36"
13.220.113.33 - - [28/May/2025:11:50:15 -0400] "GET /technical-services/web-ada-comply/ HTTP/1.1" 200 16478 "-" "Mozilla/5.0 (Windows NT 10.0; Win64; x64) AppleWebKit/537.36 (KHTML, like Gecko) Chrome/86.0.4240.75 Safari/537.36"
198.54.114.35 - - [28/May/2025:11:52:29 -0400] "POST /wp-cron.php?doing_wp_cron=1748447549.2924320697784423828125 HTTP/1.1" 200 0 "-" "WordPress/6.8.1; https://socialdigiinnovator.com"
13.220.113.33 - - [28/May/2025:11:52:23 -0400] "GET /yasir-saleem-dhr/ HTTP/1.1" 200 17194 "-" "Mozilla/5.0 (Windows NT 10.0; Win64; x64) AppleWebKit/537.36 (KHTML, like Gecko) Chrome/86.0.4240.75 Safari/537.36"
198.54.114.35 - - [28/May/2025:11:52:43 -0400] "POST /wp-cron.php?doing_wp_cron=1748447563.5517799854278564453125 HTTP/1.1" 200 0 "-" "WordPress/6.8.1; https://socialdigiinnovator.com"
13.220.113.33 - - [28/May/2025:11:52:42 -0400] "GET /virtual-assistant-services/general-virtual-workers/ HTTP/1.1" 200 16598 "-" "Mozilla/5.0 (Windows NT 10.0; Win64; x64) AppleWebKit/537.36 (KHTML, like Gecko) Chrome/86.0.4240.75 Safari/537.36"
13.220.113.33 - - [28/May/2025:11:52:42 -0400] "GET /virtual-assistant-services/ HTTP/1.1" 200 18957 "-" "Mozilla/5.0 (Windows NT 10.0; Win64; x64) AppleWebKit/537.36 (KHTML, like Gecko) Chrome/86.0.4240.75 Safari/537.36"
13.220.113.33 - - [28/May/2025:11:52:42 -0400] "GET /talk/ HTTP/1.1" 200 17893 "-" "Mozilla/5.0 (Windows NT 10.0; Win64; x64) AppleWebKit/537.36 (KHTML, like Gecko) Chrome/86.0.4240.75 Safari/537.36"
13.220.113.33 - - [28/May/2025:11:52:44 -0400] "GET /talk/ HTTP/1.1" 200 17816 "-" "Mozilla/5.0 (Windows NT 10.0; Win64; x64) AppleWebKit/537.36 (KHTML, like Gecko) Chrome/86.0.4240.75 Safari/537.36"
13.220.113.33 - - [28/May/2025:11:52:42 -0400] "GET / HTTP/1.1" 200 26103 "-" "Mozilla/5.0 (Windows NT 10.0; Win64; x64) AppleWebKit/537.36 (KHTML, like Gecko) Chrome/86.0.4240.75 Safari/537.36"
198.54.114.35 - - [28/May/2025:11:54:40 -0400] "POST /wp-cron.php?doing_wp_cron=1748447679.9963068962097167968750 HTTP/1.1" 200 0 "-" "WordPress/6.8.1; https://socialdigiinnovator.com"
43.135.172.89 - - [28/May/2025:11:54:44 -0400] "GET / HTTP/1.1" 200 26153 "https://www.socialdigiinnovator.com" "Mozilla/5.0 (iPhone; CPU iPhone OS 13_2_3 like Mac OS X) AppleWebKit/605.1.15 (KHTML, like Gecko) Version/13.0.3 Mobile/15E148 Safari/604.1"
13.220.113.33 - - [28/May/2025:11:52:42 -0400] "GET /essentials-of-a-successful-e-commerce-store/ HTTP/1.1" 200 18771 "-" "Mozilla/5.0 (Windows NT 10.0; Win64; x64) AppleWebKit/537.36 (KHTML, like Gecko) Chrome/86.0.4240.75 Safari/537.36"
43.135.172.89 - - [28/May/2025:11:54:34 -0400] "GET / HTTP/1.1" 301 0 "-" "Mozilla/5.0 (iPhone; CPU iPhone OS 13_2_3 like Mac OS X) AppleWebKit/605.1.15 (KHTML, like Gecko) Version/13.0.3 Mobile/15E148 Safari/604.1"
5.188.86.70 - - [28/May/2025:12:13:05 -0400] "GET /wp-login.php HTTP/1.1" 302 0 "http://socialdigiinnovator.com/wp-login.php" "Mozilla/5.0 (Windows NT 10.0; Win64; x64) AppleWebKit/537.36 (KHTML, like Gecko) Chrome/115.0.0.0 Safari/537.36"
198.54.114.35 - - [28/May/2025:12:13:11 -0400] "POST /wp-cron.php?doing_wp_cron=1748448791.7077579498291015625000 HTTP/1.1" 200 0 "-" "WordPress/6.8.1; https://socialdigiinnovator.com"
5.188.86.70 - - [28/May/2025:12:13:08 -0400] "GET /404 HTTP/1.1" 404 15042 "https://socialdigiinnovator.com/wp-login.php" "Mozilla/5.0 (Windows NT 10.0; Win64; x64) AppleWebKit/537.36 (KHTML, like Gecko) Chrome/115.0.0.0 Safari/537.36"
35.247.100.106 - - [28/May/2025:12:21:51 -0400] "HEAD /wordpress HTTP/1.1" 404 0 "http://socialdigiinnovator.com/wordpress" "Mozilla/5.0 (Windows NT 10.0; Win64; x64) AppleWebKit/537.36 (KHTML, like Gecko) Chrome/74.0.3729.169 Safari/537.36"
35.247.100.106 - - [28/May/2025:12:21:57 -0400] "HEAD /wp HTTP/1.1" 404 0 "http://socialdigiinnovator.com/wp" "Mozilla/5.0 (Windows NT 10.0; Win64; x64) AppleWebKit/537.36 (KHTML, like Gecko) Chrome/74.0.3729.169 Safari/537.36"
35.247.100.106 - - [28/May/2025:12:21:58 -0400] "HEAD /bc HTTP/1.1" 404 0 "http://socialdigiinnovator.com/bc" "Mozilla/5.0 (Windows NT 10.0; Win64; x64) AppleWebKit/537.36 (KHTML, like Gecko) Chrome/74.0.3729.169 Safari/537.36"
35.247.100.106 - - [28/May/2025:12:21:59 -0400] "HEAD /backup HTTP/1.1" 404 0 "http://socialdigiinnovator.com/backup" "Mozilla/5.0 (Windows NT 10.0; Win64; x64) AppleWebKit/537.36 (KHTML, like Gecko) Chrome/74.0.3729.169 Safari/537.36"
35.247.100.106 - - [28/May/2025:12:22:00 -0400] "HEAD /old HTTP/1.1" 404 0 "http://socialdigiinnovator.com/old" "Mozilla/5.0 (Windows NT 10.0; Win64; x64) AppleWebKit/537.36 (KHTML, like Gecko) Chrome/74.0.3729.169 Safari/537.36"
35.247.100.106 - - [28/May/2025:12:22:00 -0400] "HEAD /new HTTP/1.1" 404 0 "http://socialdigiinnovator.com/new" "Mozilla/5.0 (Windows NT 10.0; Win64; x64) AppleWebKit/537.36 (KHTML, like Gecko) Chrome/74.0.3729.169 Safari/537.36"
35.247.100.106 - - [28/May/2025:12:22:02 -0400] "HEAD / HTTP/1.1" 200 0 "https://socialdigiinnovator.com/home" "Mozilla/5.0 (Windows NT 10.0; Win64; x64) AppleWebKit/537.36 (KHTML, like Gecko) Chrome/74.0.3729.169 Safari/537.36"
5.188.86.70 - - [28/May/2025:12:13:05 -0400] "GET /xmlrpc.php HTTP/1.1" 403 1242 "http://socialdigiinnovator.com/xmlrpc.php" "Mozilla/5.0 (Macintosh; Intel Mac OS X 11_3_0) AppleWebKit/605.1.15 (KHTML, like Gecko) Version/14.0.3 Safari/605.1.15"
198.54.114.35 - - [28/May/2025:12:21:56 -0400] "POST /wp-cron.php?doing_wp_cron=1748449316.2603399753570556640625 HTTP/1.1" 200 0 "-" "WordPress/6.8.1; https://socialdigiinnovator.com"
35.247.100.106 - - [28/May/2025:12:21:56 -0400] "HEAD / HTTP/1.1" 200 0 "http://socialdigiinnovator.com/" "Mozilla/5.0 (Windows NT 10.0; Win64; x64) AppleWebKit/537.36 (KHTML, like Gecko) Chrome/74.0.3729.169 Safari/537.36"
35.247.100.106 - - [28/May/2025:12:21:59 -0400] "HEAD /bk HTTP/1.1" 404 0 "http://socialdigiinnovator.com/bk" "Mozilla/5.0 (Windows NT 10.0; Win64; x64) AppleWebKit/537.36 (KHTML, like Gecko) Chrome/74.0.3729.169 Safari/537.36"
35.247.100.106 - - [28/May/2025:12:22:01 -0400] "HEAD /main HTTP/1.1" 404 0 "http://socialdigiinnovator.com/main" "Mozilla/5.0 (Windows NT 10.0; Win64; x64) AppleWebKit/537.36 (KHTML, like Gecko) Chrome/74.0.3729.169 Safari/537.36"
35.247.100.106 - - [28/May/2025:12:22:01 -0400] "HEAD /home HTTP/1.1" 301 0 "http://socialdigiinnovator.com/home" "Mozilla/5.0 (Windows NT 10.0; Win64; x64) AppleWebKit/537.36 (KHTML, like Gecko) Chrome/74.0.3729.169 Safari/537.36"
178.23.189.67 - - [28/May/2025:12:35:06 -0400] "GET /importance-of-a-brand-logo/ HTTP/1.1" 200 0 "https://socialdigiinnovator.com/importance-of-a-brand-logo/" "Mozilla/5.0 (Windows NT 10.0; Win64; x64) AppleWebKit/537.36 (KHTML, like Gecko) Chrome/130.0.0.0 Safari/537.36 CCleaner/130.0.0.0"
198.54.114.35 - - [28/May/2025:12:40:21 -0400] "POST /wp-cron.php?doing_wp_cron=1748450421.2277979850769042968750 HTTP/1.1" 200 0 "-" "WordPress/6.8.1; https://socialdigiinnovator.com"
2a03:2880:f800:5:: - - [28/May/2025:12:40:15 -0400] "GET /wp-sitemap.xml HTTP/1.1" 200 197 "-" "meta-externalagent/1.1 (+https://developers.facebook.com/docs/sharing/webmasters/crawler)"
198.54.114.35 - - [28/May/2025:12:35:18 -0400] "POST /wp-cron.php?doing_wp_cron=1748450118.6721301078796386718750 HTTP/1.1" 200 0 "-" "WordPress/6.8.1; https://socialdigiinnovator.com"
178.23.189.67 - - [28/May/2025:12:35:21 -0400] "GET / HTTP/1.1" 200 26171 "https://socialdigiinnovator.com/" "Mozilla/5.0 (Windows NT 10.0; Win64; x64) AppleWebKit/537.36 (KHTML, like Gecko) Chrome/130.0.0.0 Safari/537.36 CCleaner/130.0.0.0"
178.23.189.67 - - [28/May/2025:12:35:27 -0400] "GET /blog/ HTTP/1.1" 200 19339 "https://socialdigiinnovator.com/blog/" "Mozilla/5.0 (Windows NT 10.0; Win64; x64) AppleWebKit/537.36 (KHTML, like Gecko) Chrome/130.0.0.0 Safari/537.36 CCleaner/130.0.0.0"
178.23.189.67 - - [28/May/2025:12:35:30 -0400] "GET /virtual-assistant-services/community-management/ HTTP/1.1" 200 16677 "https://socialdigiinnovator.com/virtual-assistant-services/community-management/" "Mozilla/5.0 (Windows NT 10.0; Win64; x64) AppleWebKit/537.36 (KHTML, like Gecko) Chrome/130.0.0.0 Safari/537.36 CCleaner/130.0.0.0"
198.54.114.35 - - [28/May/2025:12:41:49 -0400] "POST /wp-cron.php?doing_wp_cron=1748450509.6301100254058837890625 HTTP/1.1" 200 0 "-" "WordPress/6.8.1; https://socialdigiinnovator.com"
44.212.232.231 - - [28/May/2025:12:41:44 -0400] "GET /faq/ HTTP/1.1" 200 18361 "-" "Mozilla/5.0 AppleWebKit/537.36 (KHTML, like Gecko; compatible; Amazonbot/0.1; +https://developer.amazon.com/support/amazonbot) Chrome/119.0.6045.214 Safari/537.36"
198.54.114.35 - - [28/May/2025:12:49:19 -0400] "POST /wp-cron.php?doing_wp_cron=1748450959.7825429439544677734375 HTTP/1.1" 200 0 "-" "WordPress/6.8.1; https://socialdigiinnovator.com"
198.54.114.35 - - [28/May/2025:13:01:36 -0400] "POST /wp-cron.php?doing_wp_cron=1748451696.1007020473480224609375 HTTP/1.1" 200 0 "-" "WordPress/6.8.1; https://socialdigiinnovator.com"
2607:fb90:9f2a:488:242b:ff6a:96e1:4636 - - [28/May/2025:13:01:31 -0400] "GET /talk HTTP/1.1" 301 0 "-" "Mozilla/5.0 (iPhone; CPU iPhone OS 18_4_1 like Mac OS X) AppleWebKit/605.1.15 (KHTML, like Gecko) Mobile/15E148"
2607:fb90:9f2a:488:242b:ff6a:96e1:4636 - - [28/May/2025:13:01:36 -0400] "GET /talk/ HTTP/1.1" 200 17892 "-" "Mozilla/5.0 (iPhone; CPU iPhone OS 18_4_1 like Mac OS X) AppleWebKit/605.1.15 (KHTML, like Gecko) Mobile/15E148"
2607:fb90:9f2a:488:242b:ff6a:96e1:4636 - - [28/May/2025:13:01:40 -0400] "GET /wp-content/uploads/2022/08/WhatsApp-Image-2022-08-02-at-9.21.44-PM-2.jpeg HTTP/1.1" 200 83810 "https://socialdigiinnovator.com/talk/" "Mozilla/5.0 (iPhone; CPU iPhone OS 18_4_1 like Mac OS X) AppleWebKit/605.1.15 (KHTML, like Gecko) Mobile/15E148"
2607:fb90:9f2a:488:242b:ff6a:96e1:4636 - - [28/May/2025:13:03:04 -0400] "GET /talk HTTP/1.1" 301 0 "-" "Mozilla/5.0 (iPhone; CPU iPhone OS 18_4_1 like Mac OS X) AppleWebKit/605.1.15 (KHTML, like Gecko) Mobile/15E148"
182.44.67.97 - - [28/May/2025:12:49:14 -0400] "GET / HTTP/1.1" 200 26172 "http://socialdigiinnovator.com" "Mozilla/5.0 (iPhone; CPU iPhone OS 13_2_3 like Mac OS X) AppleWebKit/605.1.15 (KHTML, like Gecko) Version/13.0.3 Mobile/15E148 Safari/604.1"
198.54.114.35 - - [28/May/2025:13:03:15 -0400] "POST /wp-cron.php?doing_wp_cron=1748451795.3946850299835205078125 HTTP/1.1" 200 0 "-" "WordPress/6.8.1; https://socialdigiinnovator.com"
40.77.167.16 - - [28/May/2025:13:13:31 -0400] "GET /?s= HTTP/1.1" 200 18509 "-" "Mozilla/5.0 AppleWebKit/537.36 (KHTML, like Gecko; compatible; bingbot/2.0; +http://www.bing.com/bingbot.htm) Chrome/116.0.1938.76 Safari/537.36"
66.249.73.100 - - [28/May/2025:13:21:08 -0400] "GET /wp-content/plugins/elementor/assets/lib/font-awesome/css/solid.min.css?ver=5.15.3 HTTP/1.1" 200 286 "https://socialdigiinnovator.com/" "Mozilla/5.0 (Linux; Android 6.0.1; Nexus 5X Build/MMB29P) AppleWebKit/537.36 (KHTML, like Gecko) Chrome/136.0.7103.92 Mobile Safari/537.36 (compatible; Googlebot/2.1; +http://www.google.com/bot.html)"
66.249.73.100 - - [28/May/2025:13:21:11 -0400] "GET /wp-content/plugins/depicter/resources/scripts/player/depicter.js?ver=1746475589 HTTP/1.1" 200 66896 "https://socialdigiinnovator.com/" "Mozilla/5.0 (Linux; Android 6.0.1; Nexus 5X Build/MMB29P) AppleWebKit/537.36 (KHTML, like Gecko) Chrome/136.0.7103.92 Mobile Safari/537.36 (compatible; Googlebot/2.1; +http://www.google.com/bot.html)"
198.54.114.35 - - [28/May/2025:13:13:38 -0400] "POST /wp-cron.php?doing_wp_cron=1748452418.1538140773773193359375 HTTP/1.1" 200 0 "-" "WordPress/6.8.1; https://socialdigiinnovator.com"
198.54.114.35 - - [28/May/2025:13:15:34 -0400] "POST /wp-cron.php?doing_wp_cron=1748452534.7673640251159667968750 HTTP/1.1" 200 0 "-" "WordPress/6.8.1; https://socialdigiinnovator.com"
170.106.165.186 - - [28/May/2025:13:15:30 -0400] "GET / HTTP/1.1" 200 26169 "http://socialdigiinnovator.com" "Mozilla/5.0 (iPhone; CPU iPhone OS 13_2_3 like Mac OS X) AppleWebKit/605.1.15 (KHTML, like Gecko) Version/13.0.3 Mobile/15E148 Safari/604.1"
66.249.73.100 - - [28/May/2025:13:21:10 -0400] "GET /wp-content/themes/phlox-pro/css/other/elementor.css?ver=5.17.6 HTTP/1.1" 200 229 "https://socialdigiinnovator.com/" "Mozilla/5.0 (Linux; Android 6.0.1; Nexus 5X Build/MMB29P) AppleWebKit/537.36 (KHTML, like Gecko) Chrome/136.0.7103.92 Mobile Safari/537.36 (compatible; Googlebot/2.1; +http://www.google.com/bot.html)"
66.249.73.101 - - [28/May/2025:13:21:10 -0400] "GET /wp-content/uploads/phlox-pro/custom.css?ver=7.3 HTTP/1.1" 200 1618 "https://socialdigiinnovator.com/" "Mozilla/5.0 (Linux; Android 6.0.1; Nexus 5X Build/MMB29P) AppleWebKit/537.36 (KHTML, like Gecko) Chrome/136.0.7103.92 Mobile Safari/537.36 (compatible; Googlebot/2.1; +http://www.google.com/bot.html)"
196.251.118.195 - - [28/May/2025:13:42:10 -0400] "GET / HTTP/1.1" 200 0 "-" "Mozlila/5.0 (Linux; Android 7.0; SM-G892A Bulid/NRD90M; wv) AppleWebKit/537.36 (KHTML, like Gecko) Version/4.0 Chrome/60.0.3112.107 Moblie Safari/537.36"
196.251.118.195 - - [28/May/2025:13:42:10 -0400] "GET /wp-content/plugins/fix/up.php HTTP/1.1" 200 0 "-" "Mozilla/5.0 (Windows NT 10.0; Win64; x64) AppleWebKit/537.36 (KHTML, like Gecko) Chrome/85.0.4183.102 Safari/537.36"
196.251.118.195 - - [28/May/2025:13:42:10 -0400] "GET /wp-content/themes/seotheme/db.php?u HTTP/1.1" 200 0 "www.google.com" "Mozlila/5.0 (Linux; Android 7.0; SM-G892A Bulid/NRD90M; wv) AppleWebKit/537.36 (KHTML, like Gecko) Version/4.0 Chrome/60.0.3112.107 Moblie Safari/537.36"
196.251.118.195 - - [28/May/2025:13:42:10 -0400] "GET /ofvedudl.php?Fox=d3wL7 HTTP/1.1" 200 0 "www.google.com" "Mozilla/5.0 (Linux; Android 7.0; SM-G892A Bulid/NRD90M; wv) AppleWebKit/537.36 (KHTML, like Gecko) Version/4.0 Chrome/60.0.3112.107 Moblie Safari/537.36"
196.251.118.195 - - [28/May/2025:13:42:11 -0400] "GET /wp-content/plugins/fix/up.php HTTP/1.1" 200 0 "-" "Mozilla/5.0 (Windows NT 10.0; Win64; x64) AppleWebKit/537.36 (KHTML, like Gecko) Chrome/85.0.4183.102 Safari/537.36"
196.251.118.195 - - [28/May/2025:13:42:11 -0400] "GET / HTTP/1.1" 200 0 "-" "Mozlila/5.0 (Linux; Android 7.0; SM-G892A Bulid/NRD90M; wv) AppleWebKit/537.36 (KHTML, like Gecko) Version/4.0 Chrome/60.0.3112.107 Moblie Safari/537.36"
196.251.118.195 - - [28/May/2025:13:42:13 -0400] "GET / HTTP/1.1" 200 0 "-" "Mozlila/5.0 (Linux; Android 7.0; SM-G892A Bulid/NRD90M; wv) AppleWebKit/537.36 (KHTML, like Gecko) Version/4.0 Chrome/60.0.3112.107 Moblie Safari/537.36"
196.251.118.195 - - [28/May/2025:13:42:13 -0400] "GET /wp-content/themes/seotheme/db.php?u HTTP/1.1" 200 0 "www.google.com" "Mozlila/5.0 (Linux; Android 7.0; SM-G892A Bulid/NRD90M; wv) AppleWebKit/537.36 (KHTML, like Gecko) Version/4.0 Chrome/60.0.3112.107 Moblie Safari/537.36"
196.251.118.195 - - [28/May/2025:13:42:13 -0400] "GET /wp-content/plugins/fix/up.php HTTP/1.1" 200 0 "-" "Mozilla/5.0 (Windows NT 10.0; Win64; x64) AppleWebKit/537.36 (KHTML, like Gecko) Chrome/85.0.4183.102 Safari/537.36"
196.251.118.195 - - [28/May/2025:13:42:17 -0400] "GET /ofvedudl.php?Fox=d3wL7 HTTP/1.1" 200 0 "www.google.com" "Mozilla/5.0 (Linux; Android 7.0; SM-G892A Bulid/NRD90M; wv) AppleWebKit/537.36 (KHTML, like Gecko) Version/4.0 Chrome/60.0.3112.107 Moblie Safari/537.36"
196.251.118.195 - - [28/May/2025:13:42:29 -0400] "GET /wp-content/themes/seotheme/db.php?u HTTP/1.1" 200 0 "www.google.com" "Mozlila/5.0 (Linux; Android 7.0; SM-G892A Bulid/NRD90M; wv) AppleWebKit/537.36 (KHTML, like Gecko) Version/4.0 Chrome/60.0.3112.107 Moblie Safari/537.36"
196.251.118.195 - - [28/May/2025:13:42:07 -0400] "POST /ALFA_DATA/alfacgiapi/perl.alfa HTTP/1.1" 404 33400 "www.google.com" "Mozlila/5.0 (Linux; Android 7.0; SM-G892A Bulid/NRD90M; wv) AppleWebKit/537.36 (KHTML, like Gecko) Version/4.0 Chrome/60.0.3112.107 Moblie Safari/537.36"
196.251.118.195 - - [28/May/2025:13:42:38 -0400] "GET /wp-content/themes/seotheme/db.php?u HTTP/1.1" 200 0 "www.google.com" "Mozlila/5.0 (Linux; Android 7.0; SM-G892A Bulid/NRD90M; wv) AppleWebKit/537.36 (KHTML, like Gecko) Version/4.0 Chrome/60.0.3112.107 Moblie Safari/537.36"
196.251.118.195 - - [28/May/2025:13:42:46 -0400] "GET /wp-content/themes/seotheme/db.php?u HTTP/1.1" 200 0 "www.google.com" "Mozlila/5.0 (Linux; Android 7.0; SM-G892A Bulid/NRD90M; wv) AppleWebKit/537.36 (KHTML, like Gecko) Version/4.0 Chrome/60.0.3112.107 Moblie Safari/537.36"
196.251.118.195 - - [28/May/2025:13:42:49 -0400] "GET /wp-content/themes/seotheme/db.php?u HTTP/1.1" 200 0 "www.google.com" "Mozlila/5.0 (Linux; Android 7.0; SM-G892A Bulid/NRD90M; wv) AppleWebKit/537.36 (KHTML, like Gecko) Version/4.0 Chrome/60.0.3112.107 Moblie Safari/537.36"
103.159.188.123 - - [28/May/2025:13:37:56 -0400] "GET / HTTP/1.1" 200 0 "-" "-"
43.152.72.244 - - [28/May/2025:13:38:33 -0400] "GET /wp-content/uploads/2022/09/7402118-scaled-822x822.jpg, HTTP/1.1" 200 0 "-" "Mozilla/5.0 (iPhone; CPU iPhone OS 13_2_3 like Mac OS X) AppleWebKit/605.1.15 (KHTML, like Gecko) Version/13.0.3 Mobile/15E148 Safari/604.1"
196.251.118.195 - - [28/May/2025:13:42:00 -0400] "GET /wp-content/themes/seotheme/db.php?u HTTP/1.1" 200 0 "www.google.com" "Mozlila/5.0 (Linux; Android 7.0; SM-G892A Bulid/NRD90M; wv) AppleWebKit/537.36 (KHTML, like Gecko) Version/4.0 Chrome/60.0.3112.107 Moblie Safari/537.36"
196.251.118.195 - - [28/May/2025:13:42:01 -0400] "GET /ofvedudl.php?Fox=d3wL7 HTTP/1.1" 200 0 "www.google.com" "Mozilla/5.0 (Linux; Android 7.0; SM-G892A Bulid/NRD90M; wv) AppleWebKit/537.36 (KHTML, like Gecko) Version/4.0 Chrome/60.0.3112.107 Moblie Safari/537.36"
44.213.202.136 - - [28/May/2025:13:44:41 -0400] "GET /virtual-assistant-complete-guide-ebook/ HTTP/1.1" 200 0 "-" "Mozilla/5.0 AppleWebKit/537.36 (KHTML, like Gecko; compatible; Amazonbot/0.1; +https://developer.amazon.com/support/amazonbot) Chrome/119.0.6045.214 Safari/537.36"
18.232.11.247 - - [28/May/2025:13:44:42 -0400] "GET /ultimate-list-of-facebook/ HTTP/1.1" 200 0 "-" "Mozilla/5.0 AppleWebKit/537.36 (KHTML, like Gecko; compatible; Amazonbot/0.1; +https://developer.amazon.com/support/amazonbot) Chrome/119.0.6045.214 Safari/537.36"
198.54.114.35 - - [28/May/2025:13:44:55 -0400] "POST /wp-cron.php?doing_wp_cron=1748454294.9285929203033447265625 HTTP/1.1" 200 0 "-" "WordPress/6.8.1; https://socialdigiinnovator.com"
49.51.253.26 - - [28/May/2025:13:47:31 -0400] "GET /virtual-assistant-services/ HTTP/1.1" 200 0 "-" "Mozilla/5.0 (iPhone; CPU iPhone OS 13_2_3 like Mac OS X) AppleWebKit/605.1.15 (KHTML, like Gecko) Version/13.0.3 Mobile/15E148 Safari/604.1"
142.93.41.218 - - [28/May/2025:13:48:10 -0400] "POST /wp-login.php HTTP/1.1" 200 0 "https://socialdigiinnovator.com/wp-admin/" "Mozilla/5.0 (Windows NT 10.0; Win64; x64) AppleWebKit/537.36 (KHTML, like Gecko) Chrome/90.0.4430.85 Safari/537.36"
196.251.118.195 - - [28/May/2025:13:42:50 -0400] "POST /alfacgiapi/perl.alfa HTTP/1.1" 404 15043 "www.google.com" "Mozlila/5.0 (Linux; Android 7.0; SM-G892A Bulid/NRD90M; wv) AppleWebKit/537.36 (KHTML, like Gecko) Version/4.0 Chrome/60.0.3112.107 Moblie Safari/537.36"
196.251.118.195 - - [28/May/2025:13:43:00 -0400] "GET /wp-content/themes/seotheme/db.php?u HTTP/1.1" 200 0 "www.google.com" "Mozlila/5.0 (Linux; Android 7.0; SM-G892A Bulid/NRD90M; wv) AppleWebKit/537.36 (KHTML, like Gecko) Version/4.0 Chrome/60.0.3112.107 Moblie Safari/537.36"
198.54.114.35 - - [28/May/2025:13:44:55 -0400] "POST /wp-cron.php?doing_wp_cron=1748454294.9285409450531005859375 HTTP/1.1" 200 0 "-" "WordPress/6.8.1; https://socialdigiinnovator.com"
198.54.114.35 - - [28/May/2025:13:48:08 -0400] "POST /wp-cron.php?doing_wp_cron=1748454470.4953498840332031250000 HTTP/1.1" 200 0 "-" "WordPress/6.8.1; https://socialdigiinnovator.com"
142.93.41.218 - - [28/May/2025:13:49:03 -0400] "POST /wp-login.php HTTP/1.1" 200 0 "https://socialdigiinnovator.com/wp-admin/" "Mozilla/5.0 (Windows NT 10.0; Win64; x64) AppleWebKit/537.36 (KHTML, like Gecko) Chrome/90.0.4430.85 Safari/537.36"