芝麻web文件管理V1.00
编辑当前文件:/home/sditechnicalteam/access-logs/socialdigiinnovator.com.sdipmtools.com-ssl_log
198.54.114.35 - - [28/May/2025:08:16:14 -0400] "POST /wp-cron.php?doing_wp_cron=1748434574.7157499790191650390625 HTTP/1.1" 200 0 "-" "WordPress/6.8.1; https://socialdigiinnovator.com"
196.251.86.133 - - [28/May/2025:08:16:12 -0400] "GET /wp-content/plugins/fix/up.php HTTP/1.1" 404 33461 "-" "Mozilla/5.0 (Windows NT 10.0; Win64; x64) AppleWebKit/537.36 (KHTML, like Gecko) Chrome/85.0.4183.102 Safari/537.36"
196.251.86.133 - - [28/May/2025:08:16:12 -0400] "GET /wp-content/themes/seotheme/db.php?u HTTP/1.1" 404 33504 "www.google.com" "Mozlila/5.0 (Linux; Android 7.0; SM-G892A Bulid/NRD90M; wv) AppleWebKit/537.36 (KHTML, like Gecko) Version/4.0 Chrome/60.0.3112.107 Moblie Safari/537.36"
196.251.86.133 - - [28/May/2025:08:16:13 -0400] "GET / HTTP/1.1" 200 26175 "-" "Mozlila/5.0 (Linux; Android 7.0; SM-G892A Bulid/NRD90M; wv) AppleWebKit/537.36 (KHTML, like Gecko) Version/4.0 Chrome/60.0.3112.107 Moblie Safari/537.36"
196.251.86.133 - - [28/May/2025:08:16:16 -0400] "POST /alfacgiapi/perl.alfa HTTP/1.1" 404 15046 "www.google.com" "Mozlila/5.0 (Linux; Android 7.0; SM-G892A Bulid/NRD90M; wv) AppleWebKit/537.36 (KHTML, like Gecko) Version/4.0 Chrome/60.0.3112.107 Moblie Safari/537.36"
196.251.86.133 - - [28/May/2025:08:16:16 -0400] "GET /wp-content/themes/seotheme/db.php?u HTTP/1.1" 404 33518 "www.google.com" "Mozlila/5.0 (Linux; Android 7.0; SM-G892A Bulid/NRD90M; wv) AppleWebKit/537.36 (KHTML, like Gecko) Version/4.0 Chrome/60.0.3112.107 Moblie Safari/537.36"
196.251.86.133 - - [28/May/2025:08:16:19 -0400] "GET /plugins/content/apismtp/apismtp.php?test=hello HTTP/1.1" 404 33541 "-" "Mozlila/5.0 (Linux; Android 7.0; SM-G892A Bulid/NRD90M; wv) AppleWebKit/537.36 (KHTML, like Gecko) Version/4.0 Chrome/60.0.3112.107 Moblie Safari/537.36"
198.54.114.35 - - [28/May/2025:08:36:30 -0400] "POST /wp-cron.php?doing_wp_cron=1748435789.8038749694824218750000 HTTP/1.1" 200 0 "-" "WordPress/6.8.1; https://socialdigiinnovator.com"
54.36.148.75 - - [28/May/2025:08:36:33 -0400] "GET /wp-sitemap-posts-post-1.xml HTTP/1.1" 200 524 "-" "Mozilla/5.0 (compatible; AhrefsBot/7.0; +http://ahrefs.com/robot/)"
198.54.114.35 - - [28/May/2025:08:36:49 -0400] "POST /wp-cron.php?doing_wp_cron=1748435809.4534399509429931640625 HTTP/1.1" 200 0 "-" "WordPress/6.8.1; https://socialdigiinnovator.com"
54.36.148.66 - - [28/May/2025:08:36:48 -0400] "GET /wp-sitemap-taxonomies-category-1.xml HTTP/1.1" 200 168 "-" "Mozilla/5.0 (compatible; AhrefsBot/7.0; +http://ahrefs.com/robot/)"
198.54.114.35 - - [28/May/2025:08:36:53 -0400] "POST /wp-cron.php?doing_wp_cron=1748435812.9231610298156738281250 HTTP/1.1" 200 0 "-" "WordPress/6.8.1; https://socialdigiinnovator.com"
35.195.203.15 - - [28/May/2025:08:56:49 -0400] "GET /media/system/js/core.js HTTP/1.1" 200 0 "http://socialdigiinnovator.com/media/system/js/core.js" "Mozilla/5.0 (Macintosh; Intel Mac OS X 10_10_1) AppleWebKit/537.36 (KHTML, like Gecko) Chrome/39.0.2171.95 Safari/537.36"
198.54.114.35 - - [28/May/2025:08:57:03 -0400] "POST /wp-cron.php?doing_wp_cron=1748437023.4752290248870849609375 HTTP/1.1" 200 0 "-" "WordPress/6.8.1; https://socialdigiinnovator.com"
34.231.156.59 - - [28/May/2025:08:58:10 -0400] "GET /5-red-flags-to-watch-for-while-hiring-a-va/ HTTP/1.1" 200 0 "-" "Mozilla/5.0 AppleWebKit/537.36 (KHTML, like Gecko; compatible; Amazonbot/0.1; +https://developer.amazon.com/support/amazonbot) Chrome/119.0.6045.214 Safari/537.36"
119.110.249.123 - - [28/May/2025:08:15:03 -0400] "GET /wp-login.php HTTP/1.1" 302 0 "-" "Mozilla/6.0 (Windows NT 11.0; Win64; x64) AppleWebKit/537.36 (KHTML, like Gecko) Chrome/135.7.43.25 Safari/537.36"
196.251.86.133 - - [28/May/2025:08:16:13 -0400] "GET /sjskusij.php?Fox=d3wL7 HTTP/1.1" 404 15050 "www.google.com" "Mozilla/5.0 (Linux; Android 7.0; SM-G892A Bulid/NRD90M; wv) AppleWebKit/537.36 (KHTML, like Gecko) Version/4.0 Chrome/60.0.3112.107 Moblie Safari/537.36"
196.251.86.133 - - [28/May/2025:08:16:12 -0400] "POST /ALFA_DATA/alfacgiapi/perl.alfa HTTP/1.1" 404 33464 "www.google.com" "Mozlila/5.0 (Linux; Android 7.0; SM-G892A Bulid/NRD90M; wv) AppleWebKit/537.36 (KHTML, like Gecko) Version/4.0 Chrome/60.0.3112.107 Moblie Safari/537.36"
196.251.86.133 - - [28/May/2025:08:16:17 -0400] "GET /wp-content/plugins/apikey/apikey.php?test=hello HTTP/1.1" 404 33544 "-" "Mozlila/5.0 (Linux; Android 7.0; SM-G892A Bulid/NRD90M; wv) AppleWebKit/537.36 (KHTML, like Gecko) Version/4.0 Chrome/60.0.3112.107 Moblie Safari/537.36"
196.251.86.133 - - [28/May/2025:08:16:21 -0400] "GET /wp-content/plugins/apikey/apikey.php.suspected?test=hello HTTP/1.1" 404 33564 "-" "Mozlila/5.0 (Linux; Android 7.0; SM-G892A Bulid/NRD90M; wv) AppleWebKit/537.36 (KHTML, like Gecko) Version/4.0 Chrome/60.0.3112.107 Moblie Safari/537.36"
196.251.86.133 - - [28/May/2025:08:16:22 -0400] "GET /plugins/content/apismtp/apismtp.php.suspected?test=hello HTTP/1.1" 404 33535 "-" "Mozlila/5.0 (Linux; Android 7.0; SM-G892A Bulid/NRD90M; wv) AppleWebKit/537.36 (KHTML, like Gecko) Version/4.0 Chrome/60.0.3112.107 Moblie Safari/537.36"
54.36.148.13 - - [28/May/2025:08:36:21 -0400] "GET /wp-sitemap.xml HTTP/1.1" 200 197 "-" "Mozilla/5.0 (compatible; AhrefsBot/7.0; +http://ahrefs.com/robot/)"
54.36.148.102 - - [28/May/2025:08:36:35 -0400] "GET /wp-sitemap-posts-page-1.xml HTTP/1.1" 200 687 "-" "Mozilla/5.0 (compatible; AhrefsBot/7.0; +http://ahrefs.com/robot/)"
54.36.148.116 - - [28/May/2025:08:36:51 -0400] "GET /wp-sitemap-users-1.xml HTTP/1.1" 200 164 "-" "Mozilla/5.0 (compatible; AhrefsBot/7.0; +http://ahrefs.com/robot/)"
198.54.114.35 - - [28/May/2025:08:58:22 -0400] "POST /wp-cron.php?doing_wp_cron=1748437099.5742559432983398437500 HTTP/1.1" 200 0 "-" "WordPress/6.8.1; https://socialdigiinnovator.com"
198.54.114.35 - - [28/May/2025:09:14:35 -0400] "POST /wp-cron.php?doing_wp_cron=1748438075.5933859348297119140625 HTTP/1.1" 200 0 "-" "WordPress/6.8.1; https://socialdigiinnovator.com"
129.28.14.231 - - [28/May/2025:09:26:10 -0400] "GET / HTTP/1.1" 301 0 "http://www.socialdigiinnovator.com" "Mozilla/5.0 (iPhone; CPU iPhone OS 13_2_3 like Mac OS X) AppleWebKit/605.1.15 (KHTML, like Gecko) Version/13.0.3 Mobile/15E148 Safari/604.1"
129.28.14.231 - - [28/May/2025:09:26:20 -0400] "GET / HTTP/1.1" 200 26173 "https://www.socialdigiinnovator.com/" "Mozilla/5.0 (iPhone; CPU iPhone OS 13_2_3 like Mac OS X) AppleWebKit/605.1.15 (KHTML, like Gecko) Version/13.0.3 Mobile/15E148 Safari/604.1"
142.93.41.218 - - [28/May/2025:09:46:53 -0400] "POST /wp-login.php HTTP/1.1" 302 0 "https://socialdigiinnovator.com/wp-admin/" "Mozilla/5.0 (Windows NT 10.0; Win64; x64) AppleWebKit/537.36 (KHTML, like Gecko) Chrome/90.0.4430.85 Safari/537.36"
142.93.41.218 - - [28/May/2025:09:46:56 -0400] "GET /404 HTTP/1.1" 404 15063 "https://socialdigiinnovator.com/wp-admin/" "Mozilla/5.0 (Windows NT 10.0; Win64; x64) AppleWebKit/537.36 (KHTML, like Gecko) Chrome/90.0.4430.85 Safari/537.36"
142.93.41.218 - - [28/May/2025:09:47:02 -0400] "GET /wp-admin/ HTTP/1.1" 302 0 "www.google.com" "Mozilla/5.0 (Windows NT 10.0; Win64; x64) AppleWebKit/537.36 (KHTML, like Gecko) Chrome/90.0.4430.85 Safari/537.36"
142.93.41.218 - - [28/May/2025:09:47:04 -0400] "GET /wp-login.php?redirect_to=https%3A%2F%2Fsocialdigiinnovator.com%2Fwp-admin%2F&reauth=1 HTTP/1.1" 302 0 "www.google.com" "Mozilla/5.0 (Windows NT 10.0; Win64; x64) AppleWebKit/537.36 (KHTML, like Gecko) Chrome/90.0.4430.85 Safari/537.36"
198.54.114.35 - - [28/May/2025:10:07:45 -0400] "POST /wp-cron.php?doing_wp_cron=1748441264.6245450973510742187500 HTTP/1.1" 200 0 "-" "WordPress/6.8.1; https://socialdigiinnovator.com"
198.54.114.35 - - [28/May/2025:10:27:02 -0400] "POST /wp-cron.php?doing_wp_cron=1748442422.3676440715789794921875 HTTP/1.1" 200 0 "-" "WordPress/6.8.1; https://socialdigiinnovator.com"
52.169.23.59 - - [28/May/2025:10:26:55 -0400] "GET /autoload_classmap.php HTTP/1.1" 404 15043 "-" "-"
52.169.23.59 - - [28/May/2025:10:27:05 -0400] "GET /post.php HTTP/1.1" 404 15044 "-" "-"
52.169.23.59 - - [28/May/2025:10:27:14 -0400] "GET /flower.php HTTP/1.1" 404 15043 "-" "-"
52.169.23.59 - - [28/May/2025:10:27:17 -0400] "GET /admin.php HTTP/1.1" 404 15062 "-" "-"
52.169.23.59 - - [28/May/2025:10:27:19 -0400] "GET /file.php HTTP/1.1" 404 15044 "-" "-"
52.169.23.59 - - [28/May/2025:10:27:21 -0400] "GET /meta.php HTTP/1.1" 404 15045 "-" "-"
52.169.23.59 - - [28/May/2025:10:27:23 -0400] "GET /index.php HTTP/1.1" 301 0 "-" "-"
52.167.144.175 - - [28/May/2025:10:27:46 -0400] "GET /posumitara219/cdedbe5594301.htm HTTP/1.1" 301 0 "-" "Mozilla/5.0 AppleWebKit/537.36 (KHTML, like Gecko; compatible; bingbot/2.0; +http://www.bing.com/bingbot.htm) Chrome/116.0.1938.76 Safari/537.36"
52.169.23.59 - - [28/May/2025:10:27:55 -0400] "GET /baxa1.php HTTP/1.1" 404 15062 "-" "-"
52.169.23.59 - - [28/May/2025:10:27:57 -0400] "GET /.well-known//index.php HTTP/1.1" 301 0 "-" "-"
52.169.23.59 - - [28/May/2025:10:28:18 -0400] "GET /wp-content/plugins//about.php HTTP/1.1" 301 0 "-" "-"
52.169.23.59 - - [28/May/2025:10:28:19 -0400] "GET /wp-content/plugins/about.php HTTP/1.1" 404 33438 "-" "-"
52.169.23.59 - - [28/May/2025:10:28:25 -0400] "GET /wp-content/uploads/BbUMY/flower.php HTTP/1.1" 404 33545 "-" "-"
52.169.23.59 - - [28/May/2025:10:28:30 -0400] "GET /wp-includes/ID3/file.php HTTP/1.1" 404 33513 "-" "-"
52.169.23.59 - - [28/May/2025:10:28:33 -0400] "GET /wp-includes/Text/Diff/Engine//about.php HTTP/1.1" 301 0 "-" "-"
52.169.23.59 - - [28/May/2025:10:28:34 -0400] "GET /wp-includes/Text/Diff/Engine/about.php HTTP/1.1" 404 33495 "-" "-"
52.169.23.59 - - [28/May/2025:10:28:36 -0400] "GET /wp-includes/Text/Diff/Engine//index.php HTTP/1.1" 301 0 "-" "-"
52.169.23.59 - - [28/May/2025:10:28:37 -0400] "GET /wp-includes/Text/Diff/Engine/ HTTP/1.1" 403 1242 "-" "-"
2a02:598:128:8a00::b00:15 - - [28/May/2025:09:14:30 -0400] "GET /wp-sitemap-posts-post-1.xml HTTP/1.1" 200 524 "-" "Mozilla/5.0 (compatible; SeznamBot/4.0; +https://o-seznam.cz/napoveda/vyhledavani/en/seznambot-crawler/)"
198.54.114.35 - - [28/May/2025:09:26:14 -0400] "POST /wp-cron.php?doing_wp_cron=1748438774.4370229244232177734375 HTTP/1.1" 200 0 "-" "WordPress/6.8.1; https://socialdigiinnovator.com"
198.54.114.35 - - [28/May/2025:09:46:59 -0400] "POST /wp-cron.php?doing_wp_cron=1748440019.7369520664215087890625 HTTP/1.1" 200 0 "-" "WordPress/6.8.1; https://socialdigiinnovator.com"
142.93.41.218 - - [28/May/2025:09:47:05 -0400] "GET /404 HTTP/1.1" 404 15064 "www.google.com" "Mozilla/5.0 (Windows NT 10.0; Win64; x64) AppleWebKit/537.36 (KHTML, like Gecko) Chrome/90.0.4430.85 Safari/537.36"
49.51.50.147 - - [28/May/2025:10:07:38 -0400] "GET / HTTP/1.1" 301 0 "http://www.socialdigiinnovator.com" "Mozilla/5.0 (iPhone; CPU iPhone OS 13_2_3 like Mac OS X) AppleWebKit/605.1.15 (KHTML, like Gecko) Version/13.0.3 Mobile/15E148 Safari/604.1"
49.51.50.147 - - [28/May/2025:10:07:46 -0400] "GET / HTTP/1.1" 200 21497 "https://www.socialdigiinnovator.com/" "Mozilla/5.0 (iPhone; CPU iPhone OS 13_2_3 like Mac OS X) AppleWebKit/605.1.15 (KHTML, like Gecko) Version/13.0.3 Mobile/15E148 Safari/604.1"
52.169.23.59 - - [28/May/2025:10:27:09 -0400] "GET /1.php HTTP/1.1" 404 15042 "-" "-"
52.169.23.59 - - [28/May/2025:10:27:25 -0400] "GET / HTTP/1.1" 200 26167 "-" "-"
52.169.23.59 - - [28/May/2025:10:27:30 -0400] "GET /about.php HTTP/1.1" 404 15044 "-" "-"
52.169.23.59 - - [28/May/2025:10:27:34 -0400] "GET /randkeyword.php HTTP/1.1" 404 15044 "-" "-"
198.54.114.35 - - [28/May/2025:10:27:40 -0400] "POST /wp-cron.php?doing_wp_cron=1748442459.8245949745178222656250 HTTP/1.1" 200 0 "-" "WordPress/6.8.1; https://socialdigiinnovator.com"
52.169.23.59 - - [28/May/2025:10:27:38 -0400] "GET /goods.php HTTP/1.1" 404 15044 "-" "-"
52.169.23.59 - - [28/May/2025:10:27:42 -0400] "GET /hehe.php HTTP/1.1" 404 15062 "-" "-"
52.169.23.59 - - [28/May/2025:10:27:44 -0400] "GET /yindu.php HTTP/1.1" 404 15044 "-" "-"
52.169.23.59 - - [28/May/2025:10:27:48 -0400] "GET /wp-admin/class-db.php HTTP/1.1" 404 15042 "-" "-"
198.54.114.35 - - [28/May/2025:10:27:53 -0400] "POST /wp-cron.php?doing_wp_cron=1748442473.6482551097869873046875 HTTP/1.1" 200 0 "-" "WordPress/6.8.1; https://socialdigiinnovator.com"
52.169.23.59 - - [28/May/2025:10:27:52 -0400] "GET /baxa1.phP8 HTTP/1.1" 404 15046 "-" "-"
52.169.23.59 - - [28/May/2025:10:27:59 -0400] "GET /.well-known/ HTTP/1.1" 404 15045 "-" "-"
52.169.23.59 - - [28/May/2025:10:28:02 -0400] "GET /libraries/phpmailer//index.php HTTP/1.1" 301 0 "-" "-"
52.169.23.59 - - [28/May/2025:10:28:04 -0400] "GET /libraries/phpmailer/ HTTP/1.1" 404 15043 "-" "-"
52.169.23.59 - - [28/May/2025:10:28:07 -0400] "GET /wp-admin/autoload_classmap.php HTTP/1.1" 404 15043 "-" "-"
52.169.23.59 - - [28/May/2025:10:28:11 -0400] "GET /wp-admin/css/colors/blue//1.php HTTP/1.1" 301 0 "-" "-"
52.169.23.59 - - [28/May/2025:10:28:13 -0400] "GET /wp-admin/css/colors/blue/1.php HTTP/1.1" 404 33516 "-" "-"
52.169.23.59 - - [28/May/2025:10:28:22 -0400] "GET /wp-content/plugins//index.php HTTP/1.1" 403 1242 "-" "-"
52.169.23.59 - - [28/May/2025:10:28:23 -0400] "GET /wp-content/plugins/about.php HTTP/1.1" 404 33512 "-" "-"
52.169.23.59 - - [28/May/2025:10:28:28 -0400] "GET /wp-includes/ID3//file.php HTTP/1.1" 301 0 "-" "-"
198.54.114.35 - - [28/May/2025:10:28:38 -0400] "POST /wp-cron.php?doing_wp_cron=1748442518.7293250560760498046875 HTTP/1.1" 200 0 "-" "WordPress/6.8.1; https://socialdigiinnovator.com"
52.169.23.59 - - [28/May/2025:10:28:37 -0400] "GET /wp-includes/css//index.php HTTP/1.1" 301 0 "-" "-"
52.169.23.59 - - [28/May/2025:10:28:39 -0400] "GET /wp-includes/css/ HTTP/1.1" 403 1242 "-" "-"
52.169.23.59 - - [28/May/2025:10:28:39 -0400] "GET /wp-includes/css//xc.php HTTP/1.1" 301 0 "-" "-"
52.169.23.59 - - [28/May/2025:10:28:41 -0400] "GET /wp-includes/css/xc.php HTTP/1.1" 404 33533 "-" "-"
52.169.23.59 - - [28/May/2025:10:28:44 -0400] "GET /wp-includes/images//about.php HTTP/1.1" 301 0 "-" "-"
52.169.23.59 - - [28/May/2025:10:28:50 -0400] "GET /wp/ HTTP/1.1" 404 15044 "-" "-"
52.169.23.59 - - [28/May/2025:10:28:55 -0400] "GET /user.php HTTP/1.1" 404 15044 "-" "-"
52.169.23.59 - - [28/May/2025:10:28:57 -0400] "GET /wp-2019.php HTTP/1.1" 404 15042 "-" "-"
52.169.23.59 - - [28/May/2025:10:29:05 -0400] "GET /edit.php HTTP/1.1" 404 15051 "-" "-"
52.169.23.59 - - [28/May/2025:10:29:06 -0400] "GET /gecko-new.php HTTP/1.1" 404 15045 "-" "-"
52.169.23.59 - - [28/May/2025:10:29:12 -0400] "GET /xleet.php HTTP/1.1" 404 15064 "-" "-"
52.169.23.59 - - [28/May/2025:10:29:14 -0400] "GET /spip.php HTTP/1.1" 404 15045 "-" "-"
52.169.23.59 - - [28/May/2025:10:29:17 -0400] "GET /room.php HTTP/1.1" 404 15044 "-" "-"
52.169.23.59 - - [28/May/2025:10:29:20 -0400] "GET /text.php HTTP/1.1" 404 15044 "-" "-"
52.169.23.59 - - [28/May/2025:10:29:25 -0400] "GET /feeds.php HTTP/1.1" 404 15043 "-" "-"
52.169.23.59 - - [28/May/2025:10:29:28 -0400] "GET /dropdown.php HTTP/1.1" 404 15063 "-" "-"
52.169.23.59 - - [28/May/2025:10:29:32 -0400] "GET /xmlrpc.php HTTP/1.1" 403 1242 "-" "-"
52.169.23.59 - - [28/May/2025:10:29:32 -0400] "GET /xmlrpc.php0 HTTP/1.1" 404 15043 "-" "-"
52.169.23.59 - - [28/May/2025:10:29:35 -0400] "GET /updates.php HTTP/1.1" 404 15045 "-" "-"
198.54.114.35 - - [28/May/2025:10:29:39 -0400] "POST /wp-cron.php?doing_wp_cron=1748442579.5328280925750732421875 HTTP/1.1" 200 0 "-" "WordPress/6.8.1; https://socialdigiinnovator.com"
52.169.23.59 - - [28/May/2025:10:29:38 -0400] "GET /wp-index.php HTTP/1.1" 404 15046 "-" "-"
52.169.23.59 - - [28/May/2025:10:29:42 -0400] "GET /alfa.php HTTP/1.1" 404 15063 "-" "-"
52.169.23.59 - - [28/May/2025:10:29:45 -0400] "GET /locale.php HTTP/1.1" 404 15043 "-" "-"
52.169.23.59 - - [28/May/2025:10:29:50 -0400] "GET /colour.php HTTP/1.1" 404 15043 "-" "-"
52.169.23.59 - - [28/May/2025:10:29:53 -0400] "GET /install.php HTTP/1.1" 404 15043 "-" "-"
52.169.23.59 - - [28/May/2025:10:29:58 -0400] "GET /config.php7 HTTP/1.1" 404 15069 "-" "-"
52.169.23.59 - - [28/May/2025:10:30:00 -0400] "GET /config.php HTTP/1.1" 404 15044 "-" "-"
52.169.23.59 - - [28/May/2025:10:30:07 -0400] "GET /block-bindings.php HTTP/1.1" 404 15045 "-" "-"
52.169.23.59 - - [28/May/2025:10:30:16 -0400] "GET /class_api.php HTTP/1.1" 404 15063 "-" "-"
47.236.38.150 - - [28/May/2025:10:30:22 -0400] "GET /wp-login.php HTTP/1.1" 302 0 "http://socialdigiinnovator.com/wp-admin/" "Mozilla/5.0 (Windows NT 10.0; Win64; x64) AppleWebKit/537.36 (KHTML, like Gecko) Chrome/90.0.4430.85 Safari/537.36"
47.236.38.150 - - [28/May/2025:10:30:32 -0400] "POST /404/wp-login.php HTTP/1.1" 302 0 "http://socialdigiinnovator.com/wp-admin/" "Mozilla/5.0 (Windows NT 10.0; Win64; x64) AppleWebKit/537.36 (KHTML, like Gecko) Chrome/90.0.4430.85 Safari/537.36"
198.54.114.35 - - [28/May/2025:10:30:38 -0400] "POST /wp-cron.php?doing_wp_cron=1748442638.4514911174774169921875 HTTP/1.1" 200 0 "-" "WordPress/6.8.1; https://socialdigiinnovator.com"
52.169.23.59 - - [28/May/2025:10:30:36 -0400] "GET /plugin.php HTTP/1.1" 404 15051 "-" "-"
198.54.114.35 - - [28/May/2025:10:30:48 -0400] "POST /wp-cron.php?doing_wp_cron=1748442648.6686050891876220703125 HTTP/1.1" 200 0 "-" "WordPress/6.8.1; https://socialdigiinnovator.com"
52.169.23.59 - - [28/May/2025:10:30:48 -0400] "GET /2.php HTTP/1.1" 404 15043 "-" "-"
52.169.23.59 - - [28/May/2025:10:30:49 -0400] "GET /input.php HTTP/1.1" 404 15044 "-" "-"
198.54.114.35 - - [28/May/2025:10:30:52 -0400] "POST /wp-cron.php?doing_wp_cron=1748442652.2479610443115234375000 HTTP/1.1" 200 0 "-" "WordPress/6.8.1; https://socialdigiinnovator.com"
34.127.85.95 - - [28/May/2025:10:51:14 -0400] "GET /media/system/js/core.js HTTP/1.1" 200 0 "http://socialdigiinnovator.com/media/system/js/core.js" "Mozilla/5.0 (Macintosh; Intel Mac OS X 10_10_1) AppleWebKit/537.36 (KHTML, like Gecko) Chrome/39.0.2171.95 Safari/537.36"
52.169.23.59 - - [28/May/2025:10:28:45 -0400] "GET /wp-includes/images/about.php HTTP/1.1" 404 33499 "-" "-"
52.169.23.59 - - [28/May/2025:10:28:47 -0400] "GET /wp-includes/images/crystal//index.php HTTP/1.1" 301 0 "-" "-"
52.169.23.59 - - [28/May/2025:10:28:49 -0400] "GET /wp-includes/images/crystal/ HTTP/1.1" 403 1242 "-" "-"
52.169.23.59 - - [28/May/2025:10:28:49 -0400] "GET /wp//index.php HTTP/1.1" 301 0 "-" "-"
198.54.114.35 - - [28/May/2025:10:28:53 -0400] "POST /wp-cron.php?doing_wp_cron=1748442533.0455420017242431640625 HTTP/1.1" 200 0 "-" "WordPress/6.8.1; https://socialdigiinnovator.com"
52.169.23.59 - - [28/May/2025:10:28:59 -0400] "GET /chosen.php HTTP/1.1" 404 15064 "-" "-"
52.169.23.59 - - [28/May/2025:10:29:01 -0400] "GET /functions.php HTTP/1.1" 404 15044 "-" "-"
52.169.23.59 - - [28/May/2025:10:29:03 -0400] "GET /cron.php HTTP/1.1" 404 15043 "-" "-"
52.169.23.59 - - [28/May/2025:10:29:08 -0400] "GET /cookie.php HTTP/1.1" 404 15045 "-" "-"
52.169.23.59 - - [28/May/2025:10:29:15 -0400] "GET /22.php HTTP/1.1" 404 15040 "-" "-"
52.169.23.59 - - [28/May/2025:10:29:18 -0400] "GET /disagreed.php HTTP/1.1" 404 15047 "-" "-"
52.169.23.59 - - [28/May/2025:10:29:22 -0400] "GET /alfa-rex.php HTTP/1.1" 404 15043 "-" "-"
52.169.23.59 - - [28/May/2025:10:29:23 -0400] "GET /alfa-rex.php7 HTTP/1.1" 404 15044 "-" "-"
52.169.23.59 - - [28/May/2025:10:29:26 -0400] "GET /radio.php HTTP/1.1" 404 15043 "-" "-"
52.169.23.59 - - [28/May/2025:10:29:29 -0400] "GET /defaults.php HTTP/1.1" 404 15046 "-" "-"
52.169.23.59 - - [28/May/2025:10:29:31 -0400] "GET /system.php HTTP/1.1" 404 15044 "-" "-"
52.169.23.59 - - [28/May/2025:10:29:33 -0400] "GET /colors.php HTTP/1.1" 404 15043 "-" "-"
52.169.23.59 - - [28/May/2025:10:29:36 -0400] "GET /alfa-rex1.php HTTP/1.1" 404 15045 "-" "-"
52.169.23.59 - - [28/May/2025:10:29:40 -0400] "GET /wp-admin.php HTTP/1.1" 404 15044 "-" "-"
52.169.23.59 - - [28/May/2025:10:29:44 -0400] "GET /alfanew.php7 HTTP/1.1" 404 15043 "-" "-"
52.169.23.59 - - [28/May/2025:10:29:47 -0400] "GET /wxo.php HTTP/1.1" 404 15064 "-" "-"
198.54.114.35 - - [28/May/2025:10:29:53 -0400] "POST /wp-cron.php?doing_wp_cron=1748442592.9194500446319580078125 HTTP/1.1" 200 0 "-" "WordPress/6.8.1; https://socialdigiinnovator.com"
52.169.23.59 - - [28/May/2025:10:29:51 -0400] "GET /files.php HTTP/1.1" 404 15042 "-" "-"
52.169.23.59 - - [28/May/2025:10:29:55 -0400] "GET /wp-contentt.php HTTP/1.1" 404 15045 "-" "-"
52.169.23.59 - - [28/May/2025:10:30:02 -0400] "GET /theme.php HTTP/1.1" 404 15042 "-" "-"
52.169.23.59 - - [28/May/2025:10:30:23 -0400] "GET /inputs.php HTTP/1.1" 404 15044 "-" "-"
47.236.38.150 - - [28/May/2025:10:30:25 -0400] "GET /404 HTTP/1.1" 404 15043 "http://socialdigiinnovator.com/wp-admin/" "Mozilla/5.0 (Windows NT 10.0; Win64; x64) AppleWebKit/537.36 (KHTML, like Gecko) Chrome/90.0.4430.85 Safari/537.36"
52.169.23.59 - - [28/May/2025:10:30:27 -0400] "GET /root.php HTTP/1.1" 404 15043 "-" "-"
52.169.23.59 - - [28/May/2025:10:30:32 -0400] "GET /menu.php HTTP/1.1" 404 15044 "-" "-"
47.236.38.150 - - [28/May/2025:10:30:34 -0400] "GET /404 HTTP/1.1" 404 15044 "http://socialdigiinnovator.com/wp-admin/" "Mozilla/5.0 (Windows NT 10.0; Win64; x64) AppleWebKit/537.36 (KHTML, like Gecko) Chrome/90.0.4430.85 Safari/537.36"
47.236.38.150 - - [28/May/2025:10:30:37 -0400] "GET /404/wp-admin/ HTTP/1.1" 404 15043 "www.google.com" "Mozilla/5.0 (Windows NT 10.0; Win64; x64) AppleWebKit/537.36 (KHTML, like Gecko) Chrome/90.0.4430.85 Safari/537.36"
52.169.23.59 - - [28/May/2025:10:30:39 -0400] "GET /cloud.php HTTP/1.1" 404 15041 "-" "-"
52.169.23.59 - - [28/May/2025:10:30:41 -0400] "GET /configs.php HTTP/1.1" 404 15058 "-" "-"
52.169.23.59 - - [28/May/2025:10:30:43 -0400] "GET /wp-configs.php HTTP/1.1" 404 15043 "-" "-"
52.169.23.59 - - [28/May/2025:10:30:46 -0400] "GET /update.php HTTP/1.1" 404 15044 "-" "-"
52.169.23.59 - - [28/May/2025:10:30:51 -0400] "GET /aaa.php HTTP/1.1" 404 15063 "-" "-"
198.54.114.35 - - [28/May/2025:10:51:24 -0400] "POST /wp-cron.php?doing_wp_cron=1748443883.7808010578155517578125 HTTP/1.1" 200 0 "-" "WordPress/6.8.1; https://socialdigiinnovator.com"
198.54.114.35 - - [28/May/2025:11:09:10 -0400] "POST /wp-cron.php?doing_wp_cron=1748444949.9023420810699462890625 HTTP/1.1" 200 0 "-" "WordPress/6.8.1; https://socialdigiinnovator.com"
85.208.96.205 - - [28/May/2025:11:09:04 -0400] "GET /robots.txt HTTP/1.1" 200 102 "-" "Mozilla/5.0 (compatible; SemrushBot/7~bl; +http://www.semrush.com/bot.html)"
85.208.96.200 - - [28/May/2025:11:09:10 -0400] "GET /doorstops3f2/fb48833.html HTTP/1.1" 404 15045 "-" "Mozilla/5.0 (compatible; SemrushBot/7~bl; +http://www.semrush.com/bot.html)"
13.220.113.33 - - [28/May/2025:11:25:01 -0400] "GET /virtual-assistant-services/social-media-management/branding/ HTTP/1.1" 200 17346 "-" "Mozilla/5.0 (Windows NT 10.0; Win64; x64) AppleWebKit/537.36 (KHTML, like Gecko) Chrome/86.0.4240.75 Safari/537.36"
13.220.113.33 - - [28/May/2025:11:25:16 -0400] "GET /technical-services/website-design-and-development/ HTTP/1.1" 200 16522 "-" "Mozilla/5.0 (Windows NT 10.0; Win64; x64) AppleWebKit/537.36 (KHTML, like Gecko) Chrome/86.0.4240.75 Safari/537.36"
13.220.113.33 - - [28/May/2025:11:25:17 -0400] "GET /showcase/ HTTP/1.1" 404 15043 "-" "Mozilla/5.0 (Windows NT 10.0; Win64; x64) AppleWebKit/537.36 (KHTML, like Gecko) Chrome/86.0.4240.75 Safari/537.36"
13.220.113.33 - - [28/May/2025:11:25:17 -0400] "GET /sdi-services-brochure-ebook/ HTTP/1.1" 200 16614 "-" "Mozilla/5.0 (Windows NT 10.0; Win64; x64) AppleWebKit/537.36 (KHTML, like Gecko) Chrome/86.0.4240.75 Safari/537.36"
13.220.113.33 - - [28/May/2025:11:25:18 -0400] "GET /blog/ HTTP/1.1" 200 19399 "-" "Mozilla/5.0 (Windows NT 10.0; Win64; x64) AppleWebKit/537.36 (KHTML, like Gecko) Chrome/86.0.4240.75 Safari/537.36"
2601:647:4900:8330:cdff:96fa:3ade:e740 - - [28/May/2025:11:31:43 -0400] "GET /talk HTTP/1.1" 301 0 "-" "Mozilla/5.0 (iPhone; CPU iPhone OS 18_4_1 like Mac OS X) AppleWebKit/605.1.15 (KHTML, like Gecko) Mobile/15E148"
2601:647:4900:8330:cdff:96fa:3ade:e740 - - [28/May/2025:11:31:52 -0400] "GET /wp-content/plugins/elementor/assets/css/widget-heading.min.css?ver=3.29.0 HTTP/1.1" 200 154 "https://socialdigiinnovator.com/talk/" "Mozilla/5.0 (iPhone; CPU iPhone OS 18_4_1 like Mac OS X) AppleWebKit/605.1.15 (KHTML, like Gecko) Mobile/15E148"
2601:647:4900:8330:cdff:96fa:3ade:e740 - - [28/May/2025:11:31:52 -0400] "GET /wp-content/uploads/elementor/google-fonts/css/quicksand.css?ver=1742243705 HTTP/1.1" 200 450 "https://socialdigiinnovator.com/talk/" "Mozilla/5.0 (iPhone; CPU iPhone OS 18_4_1 like Mac OS X) AppleWebKit/605.1.15 (KHTML, like Gecko) Mobile/15E148"
198.54.114.35 - - [28/May/2025:11:25:10 -0400] "POST /wp-cron.php?doing_wp_cron=1748445910.2545590400695800781250 HTTP/1.1" 200 0 "-" "WordPress/6.8.1; https://socialdigiinnovator.com"
13.220.113.33 - - [28/May/2025:11:25:16 -0400] "GET /author/ HTTP/1.1" 404 15045 "-" "Mozilla/5.0 (Windows NT 10.0; Win64; x64) AppleWebKit/537.36 (KHTML, like Gecko) Chrome/86.0.4240.75 Safari/537.36"
13.220.113.33 - - [28/May/2025:11:25:18 -0400] "GET /non-technical-services/ HTTP/1.1" 200 16222 "-" "Mozilla/5.0 (Windows NT 10.0; Win64; x64) AppleWebKit/537.36 (KHTML, like Gecko) Chrome/86.0.4240.75 Safari/537.36"
13.220.113.33 - - [28/May/2025:11:25:18 -0400] "GET /virtual-assistant-services/lead-generation-appointment-setter/ HTTP/1.1" 200 16897 "-" "Mozilla/5.0 (Windows NT 10.0; Win64; x64) AppleWebKit/537.36 (KHTML, like Gecko) Chrome/86.0.4240.75 Safari/537.36"
198.54.114.35 - - [28/May/2025:11:31:50 -0400] "POST /wp-cron.php?doing_wp_cron=1748446310.2377378940582275390625 HTTP/1.1" 200 0 "-" "WordPress/6.8.1; https://socialdigiinnovator.com"
2601:647:4900:8330:cdff:96fa:3ade:e740 - - [28/May/2025:11:31:52 -0400] "GET /wp-content/plugins/contact-form-7/includes/css/styles.css?ver=6.0.6 HTTP/1.1" 200 890 "https://socialdigiinnovator.com/talk/" "Mozilla/5.0 (iPhone; CPU iPhone OS 18_4_1 like Mac OS X) AppleWebKit/605.1.15 (KHTML, like Gecko) Mobile/15E148"
2601:647:4900:8330:cdff:96fa:3ade:e740 - - [28/May/2025:11:31:52 -0400] "GET /wp-content/plugins/auxin-elements/admin/assets/css/elementor-widgets.css?ver=2.17.6 HTTP/1.1" 200 109 "https://socialdigiinnovator.com/talk/" "Mozilla/5.0 (iPhone; CPU iPhone OS 18_4_1 like Mac OS X) AppleWebKit/605.1.15 (KHTML, like Gecko) Mobile/15E148"
2601:647:4900:8330:cdff:96fa:3ade:e740 - - [28/May/2025:11:31:52 -0400] "GET /wp-content/uploads/elementor/google-fonts/css/robotoslab.css?ver=1742243687 HTTP/1.1" 200 703 "https://socialdigiinnovator.com/talk/" "Mozilla/5.0 (iPhone; CPU iPhone OS 18_4_1 like Mac OS X) AppleWebKit/605.1.15 (KHTML, like Gecko) Mobile/15E148"
2601:647:4900:8330:cdff:96fa:3ade:e740 - - [28/May/2025:11:31:50 -0400] "GET /talk/ HTTP/1.1" 200 17892 "-" "Mozilla/5.0 (iPhone; CPU iPhone OS 18_4_1 like Mac OS X) AppleWebKit/605.1.15 (KHTML, like Gecko) Mobile/15E148"
45.157.54.23 - - [28/May/2025:11:38:06 -0400] "GET /wp-content/plugins/suffer/sec_upload.php HTTP/1.1" 200 0 "-" "Mozilla/5.0 (Windows NT 10.0; Win64; x64) AppleWebKit/537.36 (KHTML, like Gecko) Chrome/127.0.0.0 Safari/537.36"
198.54.114.35 - - [28/May/2025:11:38:15 -0400] "POST /wp-cron.php?doing_wp_cron=1748446695.1298139095306396484375 HTTP/1.1" 200 0 "-" "WordPress/6.8.1; https://socialdigiinnovator.com"
87.250.224.101 - - [28/May/2025:11:45:43 -0400] "GET /robots.txt HTTP/1.1" 301 0 "-" "Mozilla/5.0 (compatible; YandexBot/3.0; +http://yandex.com/bots)"
5.255.231.119 - - [28/May/2025:11:45:57 -0400] "GET / HTTP/1.1" 301 0 "-" "Mozilla/5.0 (compatible; YandexRenderResourcesBot/1.0; +http://yandex.com/bots) AppleWebKit/537.36 (KHTML, like Gecko) Chrome/108.0.0.0"
95.108.213.166 - - [28/May/2025:11:46:10 -0400] "GET /wp-content/plugins/depicter/resources/styles/player/depicter.css?ver=1746475589 HTTP/1.1" 200 3448 "https://socialdigiinnovator.com/" "Mozilla/5.0 (compatible; YandexRenderResourcesBot/1.0; +http://yandex.com/bots) AppleWebKit/537.36 (KHTML, like Gecko) Chrome/108.0.0.0"
5.255.231.169 - - [28/May/2025:11:46:10 -0400] "GET /wp-content/plugins/elementor/assets/css/widget-counter.min.css?ver=3.29.0 HTTP/1.1" 200 234 "https://socialdigiinnovator.com/" "Mozilla/5.0 (compatible; YandexRenderResourcesBot/1.0; +http://yandex.com/bots) AppleWebKit/537.36 (KHTML, like Gecko) Chrome/108.0.0.0"
5.255.231.31 - - [28/May/2025:11:46:10 -0400] "GET /wp-content/plugins/elementor/assets/css/frontend.min.css?ver=3.29.0 HTTP/1.1" 200 6472 "https://socialdigiinnovator.com/" "Mozilla/5.0 (compatible; YandexRenderResourcesBot/1.0; +http://yandex.com/bots) AppleWebKit/537.36 (KHTML, like Gecko) Chrome/108.0.0.0"
5.255.231.244 - - [28/May/2025:11:46:10 -0400] "GET /wp-content/plugins/elementor/assets/css/widget-image-carousel.min.css?ver=3.29.0 HTTP/1.1" 200 163 "https://socialdigiinnovator.com/" "Mozilla/5.0 (compatible; YandexRenderResourcesBot/1.0; +http://yandex.com/bots) AppleWebKit/537.36 (KHTML, like Gecko) Chrome/108.0.0.0"
5.255.231.38 - - [28/May/2025:11:46:12 -0400] "GET /wp-content/themes/phlox-pro/js/solo/modernizr-custom.min.js?ver=5.17.6 HTTP/1.1" 304 0 "https://socialdigiinnovator.com/" "Mozilla/5.0 (compatible; YandexRenderResourcesBot/1.0; +http://yandex.com/bots) AppleWebKit/537.36 (KHTML, like Gecko) Chrome/108.0.0.0"
213.180.203.59 - - [28/May/2025:11:46:12 -0400] "GET /wp-content/plugins/auxin-elements/admin/assets/css/elementor-widgets.css?ver=2.17.6 HTTP/1.1" 200 109 "https://socialdigiinnovator.com/" "Mozilla/5.0 (compatible; YandexRenderResourcesBot/1.0; +http://yandex.com/bots) AppleWebKit/537.36 (KHTML, like Gecko) Chrome/108.0.0.0"
87.250.224.98 - - [28/May/2025:11:46:12 -0400] "GET /wp-content/themes/phlox-pro-child/style.css?ver=5.17.6 HTTP/1.1" 200 217 "https://socialdigiinnovator.com/" "Mozilla/5.0 (compatible; YandexRenderResourcesBot/1.0; +http://yandex.com/bots) AppleWebKit/537.36 (KHTML, like Gecko) Chrome/108.0.0.0"
5.255.231.44 - - [28/May/2025:11:46:14 -0400] "GET /wp-content/uploads/elementor/css/post-85.css?ver=1747768301 HTTP/1.1" 200 6048 "https://socialdigiinnovator.com/" "Mozilla/5.0 (compatible; YandexRenderResourcesBot/1.0; +http://yandex.com/bots) AppleWebKit/537.36 (KHTML, like Gecko) Chrome/108.0.0.0"
5.255.231.162 - - [28/May/2025:11:46:15 -0400] "GET /wp-content/uploads/elementor/google-fonts/css/robotoslab.css?ver=1742243687 HTTP/1.1" 200 703 "https://socialdigiinnovator.com/" "Mozilla/5.0 (compatible; YandexRenderResourcesBot/1.0; +http://yandex.com/bots) AppleWebKit/537.36 (KHTML, like Gecko) Chrome/108.0.0.0"
5.255.231.158 - - [28/May/2025:11:46:15 -0400] "GET /wp-content/uploads/elementor/google-fonts/css/nunito.css?ver=1742245159 HTTP/1.1" 200 724 "https://socialdigiinnovator.com/" "Mozilla/5.0 (compatible; YandexRenderResourcesBot/1.0; +http://yandex.com/bots) AppleWebKit/537.36 (KHTML, like Gecko) Chrome/108.0.0.0"
213.180.203.176 - - [28/May/2025:11:46:16 -0400] "GET /wp-content/plugins/elementor/assets/lib/font-awesome/js/v4-shims.min.js?ver=3.29.0 HTTP/1.1" 200 4042 "https://socialdigiinnovator.com/" "Mozilla/5.0 (compatible; YandexRenderResourcesBot/1.0; +http://yandex.com/bots) AppleWebKit/537.36 (KHTML, like Gecko) Chrome/108.0.0.0"
134.209.188.120 - - [28/May/2025:11:40:30 -0400] "GET /wp-content/plugins/wp-catcher/index.php HTTP/1.1" 403 1242 "www.google.com" "Mozilla/5.0 (Linux; Android 7.0; SM-G892A Build/NRD90M; wv) AppleWebKit/537.36 (KHTML, like Gecko) Version/4.0 Chrome/60.0.3112.107 Mobile Safari/537.36"
198.54.114.35 - - [28/May/2025:11:45:52 -0400] "POST /wp-cron.php?doing_wp_cron=1748447152.0316729545593261718750 HTTP/1.1" 200 0 "-" "WordPress/6.8.1; https://socialdigiinnovator.com"
87.250.224.101 - - [28/May/2025:11:45:53 -0400] "GET /robots.txt HTTP/1.1" 200 102 "-" "Mozilla/5.0 (compatible; YandexBot/3.0; +http://yandex.com/bots)"
5.255.231.162 - - [28/May/2025:11:46:01 -0400] "GET / HTTP/1.1" 200 26172 "-" "Mozilla/5.0 (compatible; YandexRenderResourcesBot/1.0; +http://yandex.com/bots) AppleWebKit/537.36 (KHTML, like Gecko) Chrome/108.0.0.0"
5.255.231.158 - - [28/May/2025:11:46:10 -0400] "GET /wp-content/plugins/elementor/assets/lib/font-awesome/css/solid.min.css?ver=5.15.3 HTTP/1.1" 200 286 "https://socialdigiinnovator.com/" "Mozilla/5.0 (compatible; YandexRenderResourcesBot/1.0; +http://yandex.com/bots) AppleWebKit/537.36 (KHTML, like Gecko) Chrome/108.0.0.0"
213.180.203.169 - - [28/May/2025:11:46:10 -0400] "GET /wp-content/uploads/elementor/google-fonts/css/ubuntu.css?ver=1742243701 HTTP/1.1" 200 805 "https://socialdigiinnovator.com/" "Mozilla/5.0 (compatible; YandexRenderResourcesBot/1.0; +http://yandex.com/bots) AppleWebKit/537.36 (KHTML, like Gecko) Chrome/108.0.0.0"
95.108.213.152 - - [28/May/2025:11:46:11 -0400] "GET /wp-content/plugins/elementor/assets/lib/font-awesome/css/brands.min.css?ver=5.15.3 HTTP/1.1" 200 284 "https://socialdigiinnovator.com/" "Mozilla/5.0 (compatible; YandexRenderResourcesBot/1.0; +http://yandex.com/bots) AppleWebKit/537.36 (KHTML, like Gecko) Chrome/108.0.0.0"
213.180.203.250 - - [28/May/2025:11:46:13 -0400] "GET /wp-includes/js/mediaelement/wp-mediaelement.min.css?ver=6.8.1 HTTP/1.1" 200 982 "https://socialdigiinnovator.com/" "Mozilla/5.0 (compatible; YandexRenderResourcesBot/1.0; +http://yandex.com/bots) AppleWebKit/537.36 (KHTML, like Gecko) Chrome/108.0.0.0"
95.108.213.210 - - [28/May/2025:11:46:13 -0400] "GET /wp-content/plugins/contact-form-7/includes/css/styles.css?ver=6.0.6 HTTP/1.1" 200 890 "https://socialdigiinnovator.com/" "Mozilla/5.0 (compatible; YandexRenderResourcesBot/1.0; +http://yandex.com/bots) AppleWebKit/537.36 (KHTML, like Gecko) Chrome/108.0.0.0"
5.255.231.169 - - [28/May/2025:11:46:17 -0400] "GET /wp-includes/js/jquery/jquery-migrate.min.js?ver=3.4.1 HTTP/1.1" 200 4678 "https://socialdigiinnovator.com/" "Mozilla/5.0 (compatible; YandexRenderResourcesBot/1.0; +http://yandex.com/bots) AppleWebKit/537.36 (KHTML, like Gecko) Chrome/108.0.0.0"
5.255.231.244 - - [28/May/2025:11:46:18 -0400] "GET /wp-content/uploads/elementor/css/post-83.css?ver=1747767259 HTTP/1.1" 200 1512 "https://socialdigiinnovator.com/" "Mozilla/5.0 (compatible; YandexRenderResourcesBot/1.0; +http://yandex.com/bots) AppleWebKit/537.36 (KHTML, like Gecko) Chrome/108.0.0.0"
95.108.213.152 - - [28/May/2025:11:46:19 -0400] "GET /wp-content/uploads/elementor/css/post-84.css?ver=1747767259 HTTP/1.1" 200 1153 "https://socialdigiinnovator.com/" "Mozilla/5.0 (compatible; YandexRenderResourcesBot/1.0; +http://yandex.com/bots) AppleWebKit/537.36 (KHTML, like Gecko) Chrome/108.0.0.0"
5.255.231.38 - - [28/May/2025:11:46:19 -0400] "GET /wp-content/plugins/elementor/assets/css/widget-image.min.css?ver=3.29.0 HTTP/1.1" 200 254 "https://socialdigiinnovator.com/" "Mozilla/5.0 (compatible; YandexRenderResourcesBot/1.0; +http://yandex.com/bots) AppleWebKit/537.36 (KHTML, like Gecko) Chrome/108.0.0.0"
87.250.224.98 - - [28/May/2025:11:46:20 -0400] "GET /wp-content/themes/phlox-pro/css/auxin-icon.css?ver=5.17.6 HTTP/1.1" 200 7959 "https://socialdigiinnovator.com/" "Mozilla/5.0 (compatible; YandexRenderResourcesBot/1.0; +http://yandex.com/bots) AppleWebKit/537.36 (KHTML, like Gecko) Chrome/108.0.0.0"
95.108.213.166 - - [28/May/2025:11:46:16 -0400] "GET /wp-content/plugins/elementor/assets/css/conditionals/e-swiper.min.css?ver=3.29.0 HTTP/1.1" 200 699 "https://socialdigiinnovator.com/" "Mozilla/5.0 (compatible; YandexRenderResourcesBot/1.0; +http://yandex.com/bots) AppleWebKit/537.36 (KHTML, like Gecko) Chrome/108.0.0.0"
213.180.203.169 - - [28/May/2025:11:46:17 -0400] "GET /wp-content/plugins/auxin-pro-tools/admin/assets/js/elementor/widgets.js?ver=1.9.5 HTTP/1.1" 200 394 "https://socialdigiinnovator.com/" "Mozilla/5.0 (compatible; YandexRenderResourcesBot/1.0; +http://yandex.com/bots) AppleWebKit/537.36 (KHTML, like Gecko) Chrome/108.0.0.0"
5.255.231.31 - - [28/May/2025:11:46:18 -0400] "GET /wp-content/plugins/elementor/assets/lib/font-awesome/css/v4-shims.min.css?ver=3.29.0 HTTP/1.1" 200 3987 "https://socialdigiinnovator.com/" "Mozilla/5.0 (compatible; YandexRenderResourcesBot/1.0; +http://yandex.com/bots) AppleWebKit/537.36 (KHTML, like Gecko) Chrome/108.0.0.0"
213.180.203.59 - - [28/May/2025:11:46:19 -0400] "GET /wp-content/themes/phlox-pro/css/other/elementor.css?ver=5.17.6 HTTP/1.1" 200 229 "https://socialdigiinnovator.com/" "Mozilla/5.0 (compatible; YandexRenderResourcesBot/1.0; +http://yandex.com/bots) AppleWebKit/537.36 (KHTML, like Gecko) Chrome/108.0.0.0"
213.180.203.250 - - [28/May/2025:11:46:20 -0400] "GET /wp-content/themes/phlox-pro/css/go-pricing.css?ver=5.17.6 HTTP/1.1" 200 1355 "https://socialdigiinnovator.com/" "Mozilla/5.0 (compatible; YandexRenderResourcesBot/1.0; +http://yandex.com/bots) AppleWebKit/537.36 (KHTML, like Gecko) Chrome/108.0.0.0"
95.108.213.210 - - [28/May/2025:11:46:21 -0400] "GET /wp-content/uploads/depicter/css/135.css?ver=1747768304 HTTP/1.1" 200 714 "https://socialdigiinnovator.com/" "Mozilla/5.0 (compatible; YandexRenderResourcesBot/1.0; +http://yandex.com/bots) AppleWebKit/537.36 (KHTML, like Gecko) Chrome/108.0.0.0"
213.180.203.176 - - [28/May/2025:11:46:22 -0400] "GET /wp-content/uploads/elementor/google-fonts/css/roboto.css?ver=1742243672 HTTP/1.1" 200 1871 "https://socialdigiinnovator.com/" "Mozilla/5.0 (compatible; YandexRenderResourcesBot/1.0; +http://yandex.com/bots) AppleWebKit/537.36 (KHTML, like Gecko) Chrome/108.0.0.0"
5.255.231.162 - - [28/May/2025:11:46:22 -0400] "GET /wp-content/themes/phlox-pro/css/base.css?ver=5.17.6 HTTP/1.1" 200 18187 "https://socialdigiinnovator.com/" "Mozilla/5.0 (compatible; YandexRenderResourcesBot/1.0; +http://yandex.com/bots) AppleWebKit/537.36 (KHTML, like Gecko) Chrome/108.0.0.0"
95.108.213.166 - - [28/May/2025:11:46:23 -0400] "GET /wp-content/themes/phlox-pro/css/main.css?ver=5.17.6 HTTP/1.1" 200 83775 "https://socialdigiinnovator.com/" "Mozilla/5.0 (compatible; YandexRenderResourcesBot/1.0; +http://yandex.com/bots) AppleWebKit/537.36 (KHTML, like Gecko) Chrome/108.0.0.0"
213.180.203.169 - - [28/May/2025:11:46:24 -0400] "GET /wp-content/plugins/elementor-pro/assets/css/conditionals/transitions.min.css?ver=3.29.0 HTTP/1.1" 200 599 "https://socialdigiinnovator.com/" "Mozilla/5.0 (compatible; YandexRenderResourcesBot/1.0; +http://yandex.com/bots) AppleWebKit/537.36 (KHTML, like Gecko) Chrome/108.0.0.0"
5.255.231.244 - - [28/May/2025:11:46:25 -0400] "GET /wp-content/plugins/elementor/assets/lib/eicons/css/elementor-icons.min.css?ver=5.40.0 HTTP/1.1" 200 3983 "https://socialdigiinnovator.com/" "Mozilla/5.0 (compatible; YandexRenderResourcesBot/1.0; +http://yandex.com/bots) AppleWebKit/537.36 (KHTML, like Gecko) Chrome/108.0.0.0"
5.255.231.31 - - [28/May/2025:11:46:25 -0400] "GET /wp-includes/js/mediaelement/mediaelementplayer-legacy.min.css?ver=4.2.17 HTTP/1.1" 200 2394 "https://socialdigiinnovator.com/" "Mozilla/5.0 (compatible; YandexRenderResourcesBot/1.0; +http://yandex.com/bots) AppleWebKit/537.36 (KHTML, like Gecko) Chrome/108.0.0.0"
213.180.203.59 - - [28/May/2025:11:46:26 -0400] "GET /wp-content/uploads/elementor/css/post-86.css?ver=1747767258 HTTP/1.1" 200 421 "https://socialdigiinnovator.com/" "Mozilla/5.0 (compatible; YandexRenderResourcesBot/1.0; +http://yandex.com/bots) AppleWebKit/537.36 (KHTML, like Gecko) Chrome/108.0.0.0"
213.180.203.250 - - [28/May/2025:11:46:28 -0400] "GET /wp-content/uploads/elementor/google-fonts/css/quicksand.css?ver=1742243705 HTTP/1.1" 200 450 "https://socialdigiinnovator.com/" "Mozilla/5.0 (compatible; YandexRenderResourcesBot/1.0; +http://yandex.com/bots) AppleWebKit/537.36 (KHTML, like Gecko) Chrome/108.0.0.0"
95.108.213.152 - - [28/May/2025:11:46:28 -0400] "GET /wp-content/plugins/depicter/resources/styles/player/depicter-pre.css?ver=1746475589 HTTP/1.1" 200 884 "https://socialdigiinnovator.com/" "Mozilla/5.0 (compatible; YandexRenderResourcesBot/1.0; +http://yandex.com/bots) AppleWebKit/537.36 (KHTML, like Gecko) Chrome/108.0.0.0"
5.255.231.38 - - [28/May/2025:11:46:32 -0400] "GET /wp-content/plugins/elementor/assets/lib/font-awesome/css/fontawesome.min.css?ver=5.15.3 HTTP/1.1" 200 12164 "https://socialdigiinnovator.com/" "Mozilla/5.0 (compatible; YandexRenderResourcesBot/1.0; +http://yandex.com/bots) AppleWebKit/537.36 (KHTML, like Gecko) Chrome/108.0.0.0"
5.255.231.44 - - [28/May/2025:11:47:11 -0400] "GET /wp-content/plugins/elementor/assets/css/widget-heading.min.css?ver=3.29.0 HTTP/1.1" 200 154 "https://socialdigiinnovator.com/" "Mozilla/5.0 (compatible; YandexRenderResourcesBot/1.0; +http://yandex.com/bots) AppleWebKit/537.36 (KHTML, like Gecko) Chrome/108.0.0.0"
213.180.203.176 - - [28/May/2025:11:47:12 -0400] "GET /wp-content/plugins/elementor/assets/css/widget-google_maps.min.css?ver=3.29.0 HTTP/1.1" 200 117 "https://socialdigiinnovator.com/" "Mozilla/5.0 (compatible; YandexRenderResourcesBot/1.0; +http://yandex.com/bots) AppleWebKit/537.36 (KHTML, like Gecko) Chrome/108.0.0.0"
95.108.213.152 - - [28/May/2025:11:47:41 -0400] "GET /wp-content/plugins/elementor/assets/lib/font-awesome/webfonts/fa-brands-400.ttf HTTP/1.1" 200 151368 "https://socialdigiinnovator.com/wp-content/plugins/elementor/assets/lib/font-awesome/css/all.min.css?ver=3.29.0" "Mozilla/5.0 (compatible; YandexRenderResourcesBot/1.0; +http://yandex.com/bots) AppleWebKit/537.36 (KHTML, like Gecko) Chrome/108.0.0.0"
5.255.231.31 - - [28/May/2025:11:47:41 -0400] "GET /wp-content/themes/phlox-pro/css/fonts/fontastic/auxicon/auxin-front.ttf HTTP/1.1" 200 208992 "https://socialdigiinnovator.com/wp-content/themes/phlox-pro/css/auxin-icon.css?ver=5.17.6" "Mozilla/5.0 (compatible; YandexRenderResourcesBot/1.0; +http://yandex.com/bots) AppleWebKit/537.36 (KHTML, like Gecko) Chrome/108.0.0.0"
5.255.231.38 - - [28/May/2025:11:47:42 -0400] "GET /wp-content/plugins/elementor/assets/lib/font-awesome/webfonts/fa-solid-900.ttf HTTP/1.1" 200 202744 "https://socialdigiinnovator.com/wp-content/plugins/elementor/assets/lib/font-awesome/css/all.min.css?ver=3.29.0" "Mozilla/5.0 (compatible; YandexRenderResourcesBot/1.0; +http://yandex.com/bots) AppleWebKit/537.36 (KHTML, like Gecko) Chrome/108.0.0.0"
87.250.224.98 - - [28/May/2025:11:47:43 -0400] "GET /wp-content/plugins/elementor/assets/lib/eicons/fonts/eicons.woff?5.41.0 HTTP/1.1" 200 126676 "https://socialdigiinnovator.com/wp-content/plugins/elementor/assets/lib/eicons/css/elementor-icons.min.css?ver=5.40.0" "Mozilla/5.0 (compatible; YandexRenderResourcesBot/1.0; +http://yandex.com/bots) AppleWebKit/537.36 (KHTML, like Gecko) Chrome/108.0.0.0"
213.180.203.250 - - [28/May/2025:11:47:44 -0400] "GET /wp-includes/js/mediaelement/mediaelement-migrate.min.js?ver=6.8.1 HTTP/1.1" 200 479 "https://socialdigiinnovator.com/" "Mozilla/5.0 (compatible; YandexRenderResourcesBot/1.0; +http://yandex.com/bots) AppleWebKit/537.36 (KHTML, like Gecko) Chrome/108.0.0.0"
5.255.231.44 - - [28/May/2025:11:46:22 -0400] "GET /wp-content/plugins/elementor-pro/assets/css/widget-call-to-action.min.css?ver=3.29.0 HTTP/1.1" 200 1376 "https://socialdigiinnovator.com/" "Mozilla/5.0 (compatible; YandexRenderResourcesBot/1.0; +http://yandex.com/bots) AppleWebKit/537.36 (KHTML, like Gecko) Chrome/108.0.0.0"
5.255.231.158 - - [28/May/2025:11:46:23 -0400] "GET /wp-content/plugins/elementor/assets/lib/font-awesome/css/all.min.css?ver=3.29.0 HTTP/1.1" 200 12380 "https://socialdigiinnovator.com/" "Mozilla/5.0 (compatible; YandexRenderResourcesBot/1.0; +http://yandex.com/bots) AppleWebKit/537.36 (KHTML, like Gecko) Chrome/108.0.0.0"
5.255.231.169 - - [28/May/2025:11:46:24 -0400] "GET /wp-content/uploads/phlox-pro/custom.css?ver=7.3 HTTP/1.1" 200 1618 "https://socialdigiinnovator.com/" "Mozilla/5.0 (compatible; YandexRenderResourcesBot/1.0; +http://yandex.com/bots) AppleWebKit/537.36 (KHTML, like Gecko) Chrome/108.0.0.0"
87.250.224.98 - - [28/May/2025:11:46:27 -0400] "GET /wp-content/plugins/elementor/assets/lib/swiper/v8/css/swiper.min.css?ver=8.4.5 HTTP/1.1" 200 4248 "https://socialdigiinnovator.com/" "Mozilla/5.0 (compatible; YandexRenderResourcesBot/1.0; +http://yandex.com/bots) AppleWebKit/537.36 (KHTML, like Gecko) Chrome/108.0.0.0"
5.255.231.162 - - [28/May/2025:11:47:19 -0400] "GET /wp-includes/js/imagesloaded.min.js?ver=5.0.0 HTTP/1.1" 304 0 "https://socialdigiinnovator.com/" "Mozilla/5.0 (compatible; YandexRenderResourcesBot/1.0; +http://yandex.com/bots) AppleWebKit/537.36 (KHTML, like Gecko) Chrome/108.0.0.0"
5.255.231.158 - - [28/May/2025:11:47:21 -0400] "GET /wp-includes/js/masonry.min.js?ver=4.2.2 HTTP/1.1" 200 7117 "https://socialdigiinnovator.com/" "Mozilla/5.0 (compatible; YandexRenderResourcesBot/1.0; +http://yandex.com/bots) AppleWebKit/537.36 (KHTML, like Gecko) Chrome/108.0.0.0"
95.108.213.166 - - [28/May/2025:11:47:22 -0400] "GET /wp-content/themes/phlox-pro/js/plugins.min.js?ver=5.17.6 HTTP/1.1" 200 141965 "https://socialdigiinnovator.com/" "Mozilla/5.0 (compatible; YandexRenderResourcesBot/1.0; +http://yandex.com/bots) AppleWebKit/537.36 (KHTML, like Gecko) Chrome/108.0.0.0"
213.180.203.169 - - [28/May/2025:11:47:24 -0400] "GET /wp-content/themes/phlox-pro/js/scripts.min.js?ver=5.17.6 HTTP/1.1" 304 0 "https://socialdigiinnovator.com/" "Mozilla/5.0 (compatible; YandexRenderResourcesBot/1.0; +http://yandex.com/bots) AppleWebKit/537.36 (KHTML, like Gecko) Chrome/108.0.0.0"
5.255.231.169 - - [28/May/2025:11:47:34 -0400] "GET /wp-content/plugins/auxin-elements/admin/assets/js/elementor/widgets.js?ver=2.17.6 HTTP/1.1" 200 697 "https://socialdigiinnovator.com/" "Mozilla/5.0 (compatible; YandexRenderResourcesBot/1.0; +http://yandex.com/bots) AppleWebKit/537.36 (KHTML, like Gecko) Chrome/108.0.0.0"
5.255.231.244 - - [28/May/2025:11:47:36 -0400] "GET /wp-includes/js/mediaelement/mediaelement-and-player.min.js?ver=4.2.17 HTTP/1.1" 200 36433 "https://socialdigiinnovator.com/" "Mozilla/5.0 (compatible; YandexRenderResourcesBot/1.0; +http://yandex.com/bots) AppleWebKit/537.36 (KHTML, like Gecko) Chrome/108.0.0.0"
213.180.203.59 - - [28/May/2025:11:47:40 -0400] "GET /wp-content/plugins/elementor/assets/lib/eicons/fonts/eicons.woff2?5.41.0 HTTP/1.1" 200 103012 "https://socialdigiinnovator.com/wp-content/plugins/elementor/assets/lib/eicons/css/elementor-icons.min.css?ver=5.40.0" "Mozilla/5.0 (compatible; YandexRenderResourcesBot/1.0; +http://yandex.com/bots) AppleWebKit/537.36 (KHTML, like Gecko) Chrome/108.0.0.0"
5.255.231.44 - - [28/May/2025:11:47:45 -0400] "GET /wp-content/plugins/elementor/assets/lib/eicons/fonts/eicons.ttf?5.41.0 HTTP/1.1" 200 230596 "https://socialdigiinnovator.com/wp-content/plugins/elementor/assets/lib/eicons/css/elementor-icons.min.css?ver=5.40.0" "Mozilla/5.0 (compatible; YandexRenderResourcesBot/1.0; +http://yandex.com/bots) AppleWebKit/537.36 (KHTML, like Gecko) Chrome/108.0.0.0"
95.108.213.210 - - [28/May/2025:11:47:45 -0400] "GET /wp-includes/js/mediaelement/wp-mediaelement.min.js?ver=6.8.1 HTTP/1.1" 200 453 "https://socialdigiinnovator.com/" "Mozilla/5.0 (compatible; YandexRenderResourcesBot/1.0; +http://yandex.com/bots) AppleWebKit/537.36 (KHTML, like Gecko) Chrome/108.0.0.0"
213.180.203.176 - - [28/May/2025:11:47:46 -0400] "GET /wp-content/plugins/auxin-elements/public/assets/js/plugins.min.js?ver=2.17.6 HTTP/1.1" 200 8942 "https://socialdigiinnovator.com/" "Mozilla/5.0 (compatible; YandexRenderResourcesBot/1.0; +http://yandex.com/bots) AppleWebKit/537.36 (KHTML, like Gecko) Chrome/108.0.0.0"
5.255.231.158 - - [28/May/2025:11:47:49 -0400] "GET /wp-content/plugins/elementor/assets/lib/jquery-numerator/jquery-numerator.min.js?ver=0.2.1 HTTP/1.1" 200 677 "https://socialdigiinnovator.com/" "Mozilla/5.0 (compatible; YandexRenderResourcesBot/1.0; +http://yandex.com/bots) AppleWebKit/537.36 (KHTML, like Gecko) Chrome/108.0.0.0"
213.180.203.169 - - [28/May/2025:11:47:51 -0400] "GET /wp-includes/js/dist/hooks.min.js?ver=4d63a3d491d11ffd8ac6 HTTP/1.1" 200 1571 "https://socialdigiinnovator.com/" "Mozilla/5.0 (compatible; YandexRenderResourcesBot/1.0; +http://yandex.com/bots) AppleWebKit/537.36 (KHTML, like Gecko) Chrome/108.0.0.0"
5.255.231.169 - - [28/May/2025:11:47:54 -0400] "GET /wp-includes/js/dist/i18n.min.js?ver=5e580eb46a90c2b997e6 HTTP/1.1" 304 0 "https://socialdigiinnovator.com/" "Mozilla/5.0 (compatible; YandexRenderResourcesBot/1.0; +http://yandex.com/bots) AppleWebKit/537.36 (KHTML, like Gecko) Chrome/108.0.0.0"
95.108.213.152 - - [28/May/2025:11:47:58 -0400] "GET /wp-content/plugins/elementor/assets/js/webpack.runtime.min.js?ver=3.29.0 HTTP/1.1" 200 2323 "https://socialdigiinnovator.com/" "Mozilla/5.0 (compatible; YandexRenderResourcesBot/1.0; +http://yandex.com/bots) AppleWebKit/537.36 (KHTML, like Gecko) Chrome/108.0.0.0"
213.180.203.250 - - [28/May/2025:11:48:03 -0400] "GET /wp-content/plugins/elementor/assets/js/frontend.min.js?ver=3.29.0 HTTP/1.1" 200 10288 "https://socialdigiinnovator.com/" "Mozilla/5.0 (compatible; YandexRenderResourcesBot/1.0; +http://yandex.com/bots) AppleWebKit/537.36 (KHTML, like Gecko) Chrome/108.0.0.0"
95.108.213.210 - - [28/May/2025:11:48:04 -0400] "GET /wp-content/plugins/elementor/assets/lib/swiper/v8/swiper.min.js?ver=8.4.5 HTTP/1.1" 304 0 "https://socialdigiinnovator.com/" "Mozilla/5.0 (compatible; YandexRenderResourcesBot/1.0; +http://yandex.com/bots) AppleWebKit/537.36 (KHTML, like Gecko) Chrome/108.0.0.0"
198.54.114.35 - - [28/May/2025:11:48:05 -0400] "POST /wp-cron.php?doing_wp_cron=1748447285.7373230457305908203125 HTTP/1.1" 200 0 "-" "WordPress/6.8.1; https://socialdigiinnovator.com"
52.167.144.238 - - [28/May/2025:11:48:11 -0400] "GET /wp-sitemap-posts-page-1.xml HTTP/1.1" 200 687 "-" "Mozilla/5.0 AppleWebKit/537.36 (KHTML, like Gecko; compatible; bingbot/2.0; +http://www.bing.com/bingbot.htm) Chrome/116.0.1938.76 Safari/537.36"
5.255.231.162 - - [28/May/2025:11:48:41 -0400] "GET /wp-content/plugins/elementor-pro/assets/js/frontend.min.js?ver=3.29.0 HTTP/1.1" 200 6279 "https://socialdigiinnovator.com/" "Mozilla/5.0 (compatible; YandexRenderResourcesBot/1.0; +http://yandex.com/bots) AppleWebKit/537.36 (KHTML, like Gecko) Chrome/108.0.0.0"
