125.94.144.102 - - [29/May/2025:11:06:21 -0400] "GET / HTTP/1.1" 301 0 "http://www.socialsolargreen.com" "Mozilla/5.0 (iPhone; CPU iPhone OS 13_2_3 like Mac OS X) AppleWebKit/605.1.15 (KHTML, like Gecko) Version/13.0.3 Mobile/15E148 Safari/604.1"
125.94.144.102 - - [29/May/2025:11:06:35 -0400] "GET / HTTP/1.1" 200 29839 "https://www.socialsolargreen.com/" "Mozilla/5.0 (iPhone; CPU iPhone OS 13_2_3 like Mac OS X) AppleWebKit/605.1.15 (KHTML, like Gecko) Version/13.0.3 Mobile/15E148 Safari/604.1"
74.225.186.185 - - [29/May/2025:11:06:59 -0400] "GET /wp-includes/class-wp-http.php HTTP/1.1" 200 6 "binance.com" "Mozilla/5.0 (Windows NT 10.0; Win64; x64) AppleWebKit/537.36 (KHTML, like Gecko) Chrome/90.0.4430.85 Safari/537.36"
74.225.186.185 - - [29/May/2025:11:07:07 -0400] "GET /wp-includes/class-wp-navigation-fallback.php HTTP/1.1" 200 0 "binance.com" "Mozilla/5.0 (Windows NT 10.0; Win64; x64) AppleWebKit/537.36 (KHTML, like Gecko) Chrome/90.0.4430.85 Safari/537.36"
74.225.186.185 - - [29/May/2025:11:07:17 -0400] "GET /wp-includes/class-wp-phpmailer.php HTTP/1.1" 500 0 "binance.com" "Mozilla/5.0 (Windows NT 10.0; Win64; x64) AppleWebKit/537.36 (KHTML, like Gecko) Chrome/90.0.4430.85 Safari/537.36"
74.225.186.185 - - [29/May/2025:11:07:27 -0400] "GET /wp-includes/class-wp-plugin-dependencies.php HTTP/1.1" 200 0 "binance.com" "Mozilla/5.0 (Windows NT 10.0; Win64; x64) AppleWebKit/537.36 (KHTML, like Gecko) Chrome/90.0.4430.85 Safari/537.36"
74.225.186.185 - - [29/May/2025:11:07:34 -0400] "GET /wp-includes/class-wp-script-modules.php HTTP/1.1" 200 0 "binance.com" "Mozilla/5.0 (Windows NT 10.0; Win64; x64) AppleWebKit/537.36 (KHTML, like Gecko) Chrome/90.0.4430.85 Safari/537.36"
74.225.186.185 - - [29/May/2025:11:07:43 -0400] "GET /wp-includes/class-wp-scripts.php HTTP/1.1" 500 0 "binance.com" "Mozilla/5.0 (Windows NT 10.0; Win64; x64) AppleWebKit/537.36 (KHTML, like Gecko) Chrome/90.0.4430.85 Safari/537.36"
74.225.186.185 - - [29/May/2025:11:08:50 -0400] "GET /wp-includes/class-wp-theme-json-schema.php HTTP/1.1" 200 0 "binance.com" "Mozilla/5.0 (Windows NT 10.0; Win64; x64) AppleWebKit/537.36 (KHTML, like Gecko) Chrome/90.0.4430.85 Safari/537.36"
74.225.186.185 - - [29/May/2025:11:09:12 -0400] "GET /wp-includes/class-wp-token-map.php HTTP/1.1" 200 0 "binance.com" "Mozilla/5.0 (Windows NT 10.0; Win64; x64) AppleWebKit/537.36 (KHTML, like Gecko) Chrome/90.0.4430.85 Safari/537.36"
74.225.186.185 - - [29/May/2025:11:09:24 -0400] "GET /wp-includes/class-wp-url-pattern-prefixer.php HTTP/1.1" 200 0 "binance.com" "Mozilla/5.0 (Windows NT 10.0; Win64; x64) AppleWebKit/537.36 (KHTML, like Gecko) Chrome/90.0.4430.85 Safari/537.36"
74.225.186.185 - - [29/May/2025:11:09:33 -0400] "GET /wp-includes/class-wpdb.php HTTP/1.1" 200 0 "binance.com" "Mozilla/5.0 (Windows NT 10.0; Win64; x64) AppleWebKit/537.36 (KHTML, like Gecko) Chrome/90.0.4430.85 Safari/537.36"
74.225.186.185 - - [29/May/2025:11:09:42 -0400] "GET /wp-includes/fonts.php HTTP/1.1" 200 0 "binance.com" "Mozilla/5.0 (Windows NT 10.0; Win64; x64) AppleWebKit/537.36 (KHTML, like Gecko) Chrome/90.0.4430.85 Safari/537.36"
74.225.186.185 - - [29/May/2025:11:09:53 -0400] "GET /wp-includes/global-styles-and-settings.php HTTP/1.1" 200 0 "binance.com" "Mozilla/5.0 (Windows NT 10.0; Win64; x64) AppleWebKit/537.36 (KHTML, like Gecko) Chrome/90.0.4430.85 Safari/537.36"
74.225.186.185 - - [29/May/2025:11:10:43 -0400] "GET /wp-includes/https-migration.php HTTP/1.1" 200 0 "binance.com" "Mozilla/5.0 (Windows NT 10.0; Win64; x64) AppleWebKit/537.36 (KHTML, like Gecko) Chrome/90.0.4430.85 Safari/537.36"
74.225.186.185 - - [29/May/2025:11:11:24 -0400] "GET /wp-includes/style-engine.php HTTP/1.1" 200 0 "binance.com" "Mozilla/5.0 (Windows NT 10.0; Win64; x64) AppleWebKit/537.36 (KHTML, like Gecko) Chrome/90.0.4430.85 Safari/537.36"
74.225.186.185 - - [29/May/2025:11:11:32 -0400] "GET /wp-includes/template-canvas.php HTTP/1.1" 500 0 "binance.com" "Mozilla/5.0 (Windows NT 10.0; Win64; x64) AppleWebKit/537.36 (KHTML, like Gecko) Chrome/90.0.4430.85 Safari/537.36"
74.225.186.185 - - [29/May/2025:11:12:04 -0400] "GET /wp-includes/ID3/ HTTP/1.1" 200 1369 "binance.com" "Mozilla/5.0 (Windows NT 10.0; Win64; x64) AppleWebKit/537.36 (KHTML, like Gecko) Chrome/90.0.4430.85 Safari/537.36"
74.225.186.185 - - [29/May/2025:11:12:16 -0400] "GET /wp-includes/ID3/ HTTP/1.1" 200 1369 "binance.com" "Mozilla/5.0 (Windows NT 10.0; Win64; x64) AppleWebKit/537.36 (KHTML, like Gecko) Chrome/90.0.4430.85 Safari/537.36"
74.225.186.185 - - [29/May/2025:11:12:25 -0400] "GET /wp-includes/IXR/ HTTP/1.1" 200 1221 "binance.com" "Mozilla/5.0 (Windows NT 10.0; Win64; x64) AppleWebKit/537.36 (KHTML, like Gecko) Chrome/90.0.4430.85 Safari/537.36"
74.225.186.185 - - [29/May/2025:11:12:54 -0400] "GET /wp-includes/PHPMailer/ HTTP/1.1" 200 713 "binance.com" "Mozilla/5.0 (Windows NT 10.0; Win64; x64) AppleWebKit/537.36 (KHTML, like Gecko) Chrome/90.0.4430.85 Safari/537.36"
74.225.186.185 - - [29/May/2025:11:13:11 -0400] "GET /wp-includes/Text/ HTTP/1.1" 200 723 "binance.com" "Mozilla/5.0 (Windows NT 10.0; Win64; x64) AppleWebKit/537.36 (KHTML, like Gecko) Chrome/90.0.4430.85 Safari/537.36"
74.225.186.185 - - [29/May/2025:11:13:56 -0400] "GET /wp-includes/Text/Diff/Engine/ HTTP/1.1" 200 715 "binance.com" "Mozilla/5.0 (Windows NT 10.0; Win64; x64) AppleWebKit/537.36 (KHTML, like Gecko) Chrome/90.0.4430.85 Safari/537.36"
74.225.186.185 - - [29/May/2025:11:14:07 -0400] "GET /wp-includes/Text/Diff/Engine/ HTTP/1.1" 200 715 "binance.com" "Mozilla/5.0 (Windows NT 10.0; Win64; x64) AppleWebKit/537.36 (KHTML, like Gecko) Chrome/90.0.4430.85 Safari/537.36"
74.225.186.185 - - [29/May/2025:11:14:15 -0400] "GET /wp-includes/Text/Diff/Renderer/ HTTP/1.1" 200 635 "binance.com" "Mozilla/5.0 (Windows NT 10.0; Win64; x64) AppleWebKit/537.36 (KHTML, like Gecko) Chrome/90.0.4430.85 Safari/537.36"
74.225.186.185 - - [29/May/2025:11:09:02 -0400] "GET /wp-includes/class-wp-theme-json.php HTTP/1.1" 200 0 "binance.com" "Mozilla/5.0 (Windows NT 10.0; Win64; x64) AppleWebKit/537.36 (KHTML, like Gecko) Chrome/90.0.4430.85 Safari/537.36"
74.225.186.185 - - [29/May/2025:11:10:31 -0400] "GET /wp-includes/https-detection.php HTTP/1.1" 200 0 "binance.com" "Mozilla/5.0 (Windows NT 10.0; Win64; x64) AppleWebKit/537.36 (KHTML, like Gecko) Chrome/90.0.4430.85 Safari/537.36"
74.225.186.185 - - [29/May/2025:11:10:54 -0400] "GET /wp-includes/robots-template.php HTTP/1.1" 200 0 "binance.com" "Mozilla/5.0 (Windows NT 10.0; Win64; x64) AppleWebKit/537.36 (KHTML, like Gecko) Chrome/90.0.4430.85 Safari/537.36"
74.225.186.185 - - [29/May/2025:11:11:07 -0400] "GET /wp-includes/script-modules.php HTTP/1.1" 200 0 "binance.com" "Mozilla/5.0 (Windows NT 10.0; Win64; x64) AppleWebKit/537.36 (KHTML, like Gecko) Chrome/90.0.4430.85 Safari/537.36"
74.225.186.185 - - [29/May/2025:11:11:17 -0400] "GET /wp-includes/speculative-loading.php HTTP/1.1" 200 0 "binance.com" "Mozilla/5.0 (Windows NT 10.0; Win64; x64) AppleWebKit/537.36 (KHTML, like Gecko) Chrome/90.0.4430.85 Safari/537.36"
74.225.186.185 - - [29/May/2025:11:11:42 -0400] "GET /wp-includes/theme-previews.php HTTP/1.1" 200 0 "binance.com" "Mozilla/5.0 (Windows NT 10.0; Win64; x64) AppleWebKit/537.36 (KHTML, like Gecko) Chrome/90.0.4430.85 Safari/537.36"
74.225.186.185 - - [29/May/2025:11:11:51 -0400] "GET /wp-includes/theme-templates.php HTTP/1.1" 200 0 "binance.com" "Mozilla/5.0 (Windows NT 10.0; Win64; x64) AppleWebKit/537.36 (KHTML, like Gecko) Chrome/90.0.4430.85 Safari/537.36"
74.225.186.185 - - [29/May/2025:11:12:32 -0400] "GET /wp-includes/IXR/ HTTP/1.1" 200 1221 "binance.com" "Mozilla/5.0 (Windows NT 10.0; Win64; x64) AppleWebKit/537.36 (KHTML, like Gecko) Chrome/90.0.4430.85 Safari/537.36"
74.225.186.185 - - [29/May/2025:11:12:44 -0400] "GET /wp-includes/PHPMailer/ HTTP/1.1" 200 713 "binance.com" "Mozilla/5.0 (Windows NT 10.0; Win64; x64) AppleWebKit/537.36 (KHTML, like Gecko) Chrome/90.0.4430.85 Safari/537.36"
74.225.186.185 - - [29/May/2025:11:13:04 -0400] "GET /wp-includes/Text/ HTTP/1.1" 200 723 "binance.com" "Mozilla/5.0 (Windows NT 10.0; Win64; x64) AppleWebKit/537.36 (KHTML, like Gecko) Chrome/90.0.4430.85 Safari/537.36"
74.225.186.185 - - [29/May/2025:11:13:21 -0400] "GET /wp-includes/Text/Diff/ HTTP/1.1" 200 706 "binance.com" "Mozilla/5.0 (Windows NT 10.0; Win64; x64) AppleWebKit/537.36 (KHTML, like Gecko) Chrome/90.0.4430.85 Safari/537.36"
74.225.186.185 - - [29/May/2025:11:13:33 -0400] "GET /wp-includes/Text/Diff/ HTTP/1.1" 200 706 "binance.com" "Mozilla/5.0 (Windows NT 10.0; Win64; x64) AppleWebKit/537.36 (KHTML, like Gecko) Chrome/90.0.4430.85 Safari/537.36"
74.225.186.185 - - [29/May/2025:11:14:26 -0400] "GET /wp-includes/Text/Diff/Renderer/ HTTP/1.1" 200 635 "binance.com" "Mozilla/5.0 (Windows NT 10.0; Win64; x64) AppleWebKit/537.36 (KHTML, like Gecko) Chrome/90.0.4430.85 Safari/537.36"
74.225.186.185 - - [29/May/2025:11:14:36 -0400] "GET /wp-includes/blocks/ HTTP/1.1" 200 6 "binance.com" "Mozilla/5.0 (Windows NT 10.0; Win64; x64) AppleWebKit/537.36 (KHTML, like Gecko) Chrome/90.0.4430.85 Safari/537.36"
74.225.186.185 - - [29/May/2025:11:14:45 -0400] "GET /wp-includes/pomo/ HTTP/1.1" 200 1107 "binance.com" "Mozilla/5.0 (Windows NT 10.0; Win64; x64) AppleWebKit/537.36 (KHTML, like Gecko) Chrome/90.0.4430.85 Safari/537.36"
74.225.186.185 - - [29/May/2025:11:16:26 -0400] "GET /wp-includes/css/ HTTP/1.1" 200 1913 "binance.com" "Mozilla/5.0 (Windows NT 10.0; Win64; x64) AppleWebKit/537.36 (KHTML, like Gecko) Chrome/90.0.4430.85 Safari/537.36"
74.225.186.185 - - [29/May/2025:11:16:33 -0400] "GET /wp-includes/css/dist/ HTTP/1.1" 200 1158 "binance.com" "Mozilla/5.0 (Windows NT 10.0; Win64; x64) AppleWebKit/537.36 (KHTML, like Gecko) Chrome/90.0.4430.85 Safari/537.36"
74.225.186.185 - - [29/May/2025:11:15:11 -0400] "GET /wp-includes/pomo/ HTTP/1.1" 200 1107 "binance.com" "Mozilla/5.0 (Windows NT 10.0; Win64; x64) AppleWebKit/537.36 (KHTML, like Gecko) Chrome/90.0.4430.85 Safari/537.36"
74.225.186.185 - - [29/May/2025:11:15:19 -0400] "GET /wp-includes/sitemaps/ HTTP/1.1" 200 1141 "binance.com" "Mozilla/5.0 (Windows NT 10.0; Win64; x64) AppleWebKit/537.36 (KHTML, like Gecko) Chrome/90.0.4430.85 Safari/537.36"
74.225.186.185 - - [29/May/2025:11:15:27 -0400] "GET /wp-includes/sitemaps/ HTTP/1.1" 200 1141 "binance.com" "Mozilla/5.0 (Windows NT 10.0; Win64; x64) AppleWebKit/537.36 (KHTML, like Gecko) Chrome/90.0.4430.85 Safari/537.36"
74.225.186.185 - - [29/May/2025:11:15:35 -0400] "GET /wp-includes/sitemaps/providers/ HTTP/1.1" 200 732 "binance.com" "Mozilla/5.0 (Windows NT 10.0; Win64; x64) AppleWebKit/537.36 (KHTML, like Gecko) Chrome/90.0.4430.85 Safari/537.36"
74.225.186.185 - - [29/May/2025:11:15:46 -0400] "GET /wp-includes/sitemaps/providers/ HTTP/1.1" 200 732 "binance.com" "Mozilla/5.0 (Windows NT 10.0; Win64; x64) AppleWebKit/537.36 (KHTML, like Gecko) Chrome/90.0.4430.85 Safari/537.36"
74.225.186.185 - - [29/May/2025:11:15:57 -0400] "GET /wp-includes/widgets/ HTTP/1.1" 200 1587 "binance.com" "Mozilla/5.0 (Windows NT 10.0; Win64; x64) AppleWebKit/537.36 (KHTML, like Gecko) Chrome/90.0.4430.85 Safari/537.36"
74.225.186.185 - - [29/May/2025:11:16:06 -0400] "GET /wp-includes/widgets/ HTTP/1.1" 200 1585 "binance.com" "Mozilla/5.0 (Windows NT 10.0; Win64; x64) AppleWebKit/537.36 (KHTML, like Gecko) Chrome/90.0.4430.85 Safari/537.36"
74.225.186.185 - - [29/May/2025:11:16:16 -0400] "GET /wp-includes/widgets/class-wp-widget-block.php HTTP/1.1" 500 0 "binance.com" "Mozilla/5.0 (Windows NT 10.0; Win64; x64) AppleWebKit/537.36 (KHTML, like Gecko) Chrome/90.0.4430.85 Safari/537.36"
74.225.186.185 - - [29/May/2025:11:16:41 -0400] "GET /wp-includes/fonts/ HTTP/1.1" 200 1249 "binance.com" "Mozilla/5.0 (Windows NT 10.0; Win64; x64) AppleWebKit/537.36 (KHTML, like Gecko) Chrome/90.0.4430.85 Safari/537.36"
74.225.186.185 - - [29/May/2025:11:16:52 -0400] "GET /wp-includes/fonts/ HTTP/1.1" 200 1249 "binance.com" "Mozilla/5.0 (Windows NT 10.0; Win64; x64) AppleWebKit/537.36 (KHTML, like Gecko) Chrome/90.0.4430.85 Safari/537.36"
74.225.186.185 - - [29/May/2025:11:17:02 -0400] "GET /wp-includes/fonts/class-wp-font-collection.php HTTP/1.1" 200 0 "binance.com" "Mozilla/5.0 (Windows NT 10.0; Win64; x64) AppleWebKit/537.36 (KHTML, like Gecko) Chrome/90.0.4430.85 Safari/537.36"
74.225.186.185 - - [29/May/2025:11:17:08 -0400] "GET /wp-includes/fonts/class-wp-font-face-resolver.php HTTP/1.1" 200 0 "binance.com" "Mozilla/5.0 (Windows NT 10.0; Win64; x64) AppleWebKit/537.36 (KHTML, like Gecko) Chrome/90.0.4430.85 Safari/537.36"
74.225.186.185 - - [29/May/2025:11:17:23 -0400] "GET /wp-includes/fonts/class-wp-font-library.php HTTP/1.1" 200 0 "binance.com" "Mozilla/5.0 (Windows NT 10.0; Win64; x64) AppleWebKit/537.36 (KHTML, like Gecko) Chrome/90.0.4430.85 Safari/537.36"
74.225.186.185 - - [29/May/2025:11:17:37 -0400] "GET /wp-includes/images/ HTTP/1.1" 200 1647 "binance.com" "Mozilla/5.0 (Windows NT 10.0; Win64; x64) AppleWebKit/537.36 (KHTML, like Gecko) Chrome/90.0.4430.85 Safari/537.36"
74.225.186.185 - - [29/May/2025:11:18:03 -0400] "GET /wp-includes/images/smilies/ HTTP/1.1" 200 1418 "binance.com" "Mozilla/5.0 (Windows NT 10.0; Win64; x64) AppleWebKit/537.36 (KHTML, like Gecko) Chrome/90.0.4430.85 Safari/537.36"
198.54.114.35 - - [29/May/2025:11:18:18 -0400] "POST /wp-admin/admin-ajax.php?action=async_litespeed&nonce=g7fKQbalWWjeWOpbDMDFgrxH9Gtx8fff&litespeed_type=imgoptm HTTP/1.1" 200 5 "-" "WordPress/6.8.1; https://socialsolargreen.com"
74.225.186.185 - - [29/May/2025:11:18:50 -0400] "GET /wp-includes/js/plupload/ HTTP/1.1" 200 1187 "binance.com" "Mozilla/5.0 (Windows NT 10.0; Win64; x64) AppleWebKit/537.36 (KHTML, like Gecko) Chrome/90.0.4430.85 Safari/537.36"
74.225.186.185 - - [29/May/2025:11:17:14 -0400] "GET /wp-includes/fonts/class-wp-font-face.php HTTP/1.1" 200 0 "binance.com" "Mozilla/5.0 (Windows NT 10.0; Win64; x64) AppleWebKit/537.36 (KHTML, like Gecko) Chrome/90.0.4430.85 Safari/537.36"
74.225.186.185 - - [29/May/2025:11:17:31 -0400] "GET /wp-includes/fonts/class-wp-font-utils.php HTTP/1.1" 200 0 "binance.com" "Mozilla/5.0 (Windows NT 10.0; Win64; x64) AppleWebKit/537.36 (KHTML, like Gecko) Chrome/90.0.4430.85 Safari/537.36"
74.225.186.185 - - [29/May/2025:11:17:45 -0400] "GET /wp-includes/images/crystal/ HTTP/1.1" 200 1186 "binance.com" "Mozilla/5.0 (Windows NT 10.0; Win64; x64) AppleWebKit/537.36 (KHTML, like Gecko) Chrome/90.0.4430.85 Safari/537.36"
74.225.186.185 - - [29/May/2025:11:17:54 -0400] "GET /wp-includes/images/media/ HTTP/1.1" 200 1260 "binance.com" "Mozilla/5.0 (Windows NT 10.0; Win64; x64) AppleWebKit/537.36 (KHTML, like Gecko) Chrome/90.0.4430.85 Safari/537.36"
198.54.114.35 - - [29/May/2025:11:18:18 -0400] "POST /wp-cron.php?doing_wp_cron=1748531898.2127261161804199218750 HTTP/1.1" 200 0 "-" "WordPress/6.8.1; https://socialsolargreen.com"
74.225.186.185 - - [29/May/2025:11:18:14 -0400] "GET /wp-includes/images/wlw/ HTTP/1.1" 404 22473 "binance.com" "Mozilla/5.0 (Windows NT 10.0; Win64; x64) AppleWebKit/537.36 (KHTML, like Gecko) Chrome/90.0.4430.85 Safari/537.36"
74.225.186.185 - - [29/May/2025:11:18:29 -0400] "GET /wp-includes/js/%20 HTTP/1.1" 301 0 "binance.com" "Mozilla/5.0 (Windows NT 10.0; Win64; x64) AppleWebKit/537.36 (KHTML, like Gecko) Chrome/90.0.4430.85 Safari/537.36"
74.225.186.185 - - [29/May/2025:11:18:30 -0400] "GET /wp-includes/js/ HTTP/1.1" 200 4036 "binance.com" "Mozilla/5.0 (Windows NT 10.0; Win64; x64) AppleWebKit/537.36 (KHTML, like Gecko) Chrome/90.0.4430.85 Safari/537.36"
74.225.186.185 - - [29/May/2025:11:18:39 -0400] "GET /wp-includes/js/codemirror/ HTTP/1.1" 200 1135 "binance.com" "Mozilla/5.0 (Windows NT 10.0; Win64; x64) AppleWebKit/537.36 (KHTML, like Gecko) Chrome/90.0.4430.85 Safari/537.36"
198.54.114.35 - - [29/May/2025:11:19:00 -0400] "POST /wp-cron.php?doing_wp_cron=1748531940.7410399913787841796875 HTTP/1.1" 200 0 "-" "WordPress/6.8.1; https://socialsolargreen.com"
74.225.186.185 - - [29/May/2025:11:19:00 -0400] "GET /.well-known/ HTTP/1.1" 404 22251 "binance.com" "Mozilla/5.0 (Windows NT 10.0; Win64; x64) AppleWebKit/537.36 (KHTML, like Gecko) Chrome/90.0.4430.85 Safari/537.36"
198.54.114.35 - - [29/May/2025:11:19:01 -0400] "POST /wp-admin/admin-ajax.php?action=async_litespeed&nonce=byvmHDlT0cwlOcWQZBF3uiSFLaURSsI4&litespeed_type=imgoptm HTTP/1.1" 200 5 "-" "WordPress/6.8.1; https://socialsolargreen.com"
198.54.114.35 - - [29/May/2025:11:58:55 -0400] "POST /wp-cron.php?doing_wp_cron=1748534335.4147000312805175781250 HTTP/1.1" 200 0 "-" "WordPress/6.8.1; https://socialsolargreen.com"
66.249.70.32 - - [29/May/2025:11:58:50 -0400] "GET /robots.txt HTTP/1.1" 200 102 "-" "Mozilla/5.0 (compatible; Googlebot/2.1; +http://www.google.com/bot.html)"
198.54.114.35 - - [29/May/2025:11:58:55 -0400] "POST /wp-admin/admin-ajax.php?action=async_litespeed&nonce=4XbnOSScDrJrNb67PkQs4uhXjlyKjE7M&litespeed_type=imgoptm HTTP/1.1" 200 5 "-" "WordPress/6.8.1; https://socialsolargreen.com"
66.249.70.39 - - [29/May/2025:11:58:56 -0400] "GET /ads.txt HTTP/1.1" 404 22251 "-" "Mozilla/5.0 (compatible; Googlebot/2.1; +http://www.google.com/bot.html)"
198.54.114.35 - - [29/May/2025:11:58:55 -0400] "POST /wp-cron.php?doing_wp_cron=1748534334.8935570716857910156250 HTTP/1.1" 200 0 "-" "WordPress/6.8.1; https://socialsolargreen.com"
198.54.114.35 - - [29/May/2025:12:08:05 -0400] "POST /wp-cron.php?doing_wp_cron=1748534885.3198609352111816406250 HTTP/1.1" 200 0 "-" "WordPress/6.8.1; https://socialsolargreen.com"
45.58.165.137 - - [29/May/2025:12:08:02 -0400] "POST / HTTP/1.1" 200 29788 "-" "python-requests/2.32.3"
45.58.165.137 - - [29/May/2025:12:07:55 -0400] "GET /.env HTTP/1.1" 403 1242 "-" "python-requests/2.32.3"
198.54.114.35 - - [29/May/2025:12:08:05 -0400] "POST /wp-admin/admin-ajax.php?action=async_litespeed&nonce=a3KNGTw6Q7JwwZzjRAFYQQC9f3hebjAP&litespeed_type=imgoptm HTTP/1.1" 200 5 "-" "WordPress/6.8.1; https://socialsolargreen.com"
43.155.188.157 - - [29/May/2025:12:33:54 -0400] "GET / HTTP/1.1" 200 29839 "http://socialsolargreen.com" "Mozilla/5.0 (iPhone; CPU iPhone OS 13_2_3 like Mac OS X) AppleWebKit/605.1.15 (KHTML, like Gecko) Version/13.0.3 Mobile/15E148 Safari/604.1"
198.54.114.35 - - [29/May/2025:12:53:44 -0400] "POST /wp-cron.php?doing_wp_cron=1748537624.2809250354766845703125 HTTP/1.1" 200 0 "-" "WordPress/6.8.1; https://socialsolargreen.com"
198.54.114.35 - - [29/May/2025:12:53:44 -0400] "POST /wp-admin/admin-ajax.php?action=async_litespeed&nonce=zUPmHQzUkUnWohCmu2jVwzQJlFHGSz4W&litespeed_type=imgoptm HTTP/1.1" 200 5 "-" "WordPress/6.8.1; https://socialsolargreen.com"
52.167.144.175 - - [29/May/2025:12:53:41 -0400] "GET /vPnf-f1ba-Gl8Gd HTTP/1.1" 404 22251 "-" "Mozilla/5.0 AppleWebKit/537.36 (KHTML, like Gecko; compatible; bingbot/2.0; +http://www.bing.com/bingbot.htm) Chrome/116.0.1938.76 Safari/537.36"
198.54.114.35 - - [29/May/2025:13:18:50 -0400] "POST /wp-cron.php?doing_wp_cron=1748539130.5438570976257324218750 HTTP/1.1" 200 0 "-" "WordPress/6.8.1; https://socialsolargreen.com"
198.54.114.35 - - [29/May/2025:13:21:46 -0400] "POST /wp-cron.php?doing_wp_cron=1748539305.8069620132446289062500 HTTP/1.1" 200 0 "-" "WordPress/6.8.1; https://socialsolargreen.com"
198.54.114.35 - - [29/May/2025:13:21:46 -0400] "POST /wp-admin/admin-ajax.php?action=async_litespeed&nonce=zl7a4zTzrEIWc4Etz4McavikGGoe9TzN&litespeed_type=imgoptm HTTP/1.1" 200 5 "-" "WordPress/6.8.1; https://socialsolargreen.com"
198.54.114.35 - - [29/May/2025:13:15:50 -0400] "POST /wp-cron.php?doing_wp_cron=1748538950.0978391170501708984375 HTTP/1.1" 200 0 "-" "WordPress/6.8.1; https://socialsolargreen.com"
198.54.114.35 - - [29/May/2025:13:15:50 -0400] "POST /wp-cron.php?doing_wp_cron=1748538950.4727149009704589843750 HTTP/1.1" 200 0 "-" "WordPress/6.8.1; https://socialsolargreen.com"
198.54.114.35 - - [29/May/2025:13:15:50 -0400] "POST /wp-admin/admin-ajax.php?action=async_litespeed&nonce=C7RWPGldTeE3gHHosNT1qK3GOxhUyQnE&litespeed_type=imgoptm HTTP/1.1" 200 5 "-" "WordPress/6.8.1; https://socialsolargreen.com"
52.167.144.175 - - [29/May/2025:13:15:46 -0400] "GET /messroom/184733 HTTP/1.1" 404 22251 "-" "Mozilla/5.0 AppleWebKit/537.36 (KHTML, like Gecko; compatible; bingbot/2.0; +http://www.bing.com/bingbot.htm) Chrome/116.0.1938.76 Safari/537.36"
198.54.114.35 - - [29/May/2025:13:18:51 -0400] "POST /wp-admin/admin-ajax.php?action=async_litespeed&nonce=bzA4bxUPmCbYU2T1pad5gSq3YDEIBomQ&litespeed_type=imgoptm HTTP/1.1" 200 5 "-" "WordPress/6.8.1; https://socialsolargreen.com"
40.77.167.19 - - [29/May/2025:13:18:47 -0400] "GET /Nz63-11eb-gHk0X HTTP/1.1" 404 22251 "-" "Mozilla/5.0 AppleWebKit/537.36 (KHTML, like Gecko; compatible; bingbot/2.0; +http://www.bing.com/bingbot.htm) Chrome/116.0.1938.76 Safari/537.36"
40.77.167.74 - - [29/May/2025:13:21:43 -0400] "GET /category1/flower/botany/155/growth HTTP/1.1" 301 0 "-" "Mozilla/5.0 AppleWebKit/537.36 (KHTML, like Gecko; compatible; bingbot/2.0; +http://www.bing.com/bingbot.htm) Chrome/116.0.1938.76 Safari/537.36"
170.39.218.60 - - [29/May/2025:13:38:07 -0400] "GET /wp-content/plugins/elementskit-lite/widgets/init/assets/js/animate-circle.min.js?ver=3.5.0 HTTP/1.1" 200 393 "-" "Mozilla/5.0 (Windows NT 10.0; Win64; x64) AppleWebKit/537.36 Chrome/121.0.0.0"
198.54.114.35 - - [29/May/2025:14:04:32 -0400] "POST /wp-cron.php?doing_wp_cron=1748541872.0583140850067138671875 HTTP/1.1" 200 0 "-" "WordPress/6.8.1; https://socialsolargreen.com"
52.167.144.238 - - [29/May/2025:14:04:27 -0400] "GET /xP9a-39bdeb-ssbBW HTTP/1.1" 301 0 "-" "Mozilla/5.0 AppleWebKit/537.36 (KHTML, like Gecko; compatible; bingbot/2.0; +http://www.bing.com/bingbot.htm) Chrome/116.0.1938.76 Safari/537.36"
198.54.114.35 - - [29/May/2025:14:04:32 -0400] "POST /wp-admin/admin-ajax.php?action=async_litespeed&nonce=JeKo3oi8rUCTXEwlGEakCKJxNmHR4zHh&litespeed_type=imgoptm HTTP/1.1" 200 5 "-" "WordPress/6.8.1; https://socialsolargreen.com"
198.54.114.35 - - [29/May/2025:14:09:44 -0400] "POST /wp-cron.php?doing_wp_cron=1748542183.7458770275115966796875 HTTP/1.1" 200 0 "-" "WordPress/6.8.1; https://socialsolargreen.com"
52.138.141.167 - - [29/May/2025:14:09:40 -0400] "GET /404 HTTP/1.1" 404 22251 "-" "-"
52.138.141.167 - - [29/May/2025:14:09:37 -0400] "GET /wp-login.php HTTP/1.1" 302 0 "-" "-"
198.54.114.35 - - [29/May/2025:14:09:44 -0400] "POST /wp-admin/admin-ajax.php?action=async_litespeed&nonce=ytC0HC4RBCB7om5kBRaxBSP5CIQdObxb&litespeed_type=imgoptm HTTP/1.1" 200 0 "-" "WordPress/6.8.1; https://socialsolargreen.com"