185.238.231.175 - - [16/Jun/2025:13:51:25 -0400] "GET /css.php HTTP/1.1" 404 8470 "http://client.socialdigiinnovator.com/css.php" "Go-http-client/2.0"
185.238.231.175 - - [16/Jun/2025:13:51:26 -0400] "GET /wp-admin/includes/String.php HTTP/1.1" 403 1242 "http://client.socialdigiinnovator.com/wp-admin/includes/String.php" "Go-http-client/2.0"
185.238.231.175 - - [16/Jun/2025:13:51:27 -0400] "GET /404 HTTP/1.1" 404 8470 "https://client.socialdigiinnovator.com/wp-content/languages/wp-login.php" "Go-http-client/2.0"
185.238.231.175 - - [16/Jun/2025:13:51:27 -0400] "GET /install.php HTTP/1.1" 404 8470 "http://client.socialdigiinnovator.com/install.php" "Go-http-client/2.0"
185.238.231.175 - - [16/Jun/2025:13:51:29 -0400] "GET /alfa-rex.php HTTP/1.1" 404 8470 "http://client.socialdigiinnovator.com/alfa-rex.php" "Go-http-client/2.0"
185.238.231.175 - - [16/Jun/2025:13:51:31 -0400] "GET /inc.php HTTP/1.1" 404 8470 "http://client.socialdigiinnovator.com/inc.php" "Go-http-client/2.0"
185.238.231.175 - - [16/Jun/2025:13:51:32 -0400] "GET /wp-mail.php HTTP/1.1" 403 958 "http://client.socialdigiinnovator.com/wp-mail.php" "Go-http-client/2.0"
185.238.231.175 - - [16/Jun/2025:13:51:33 -0400] "GET /randkeyword.PhP7 HTTP/1.1" 404 8470 "http://client.socialdigiinnovator.com/randkeyword.PhP7" "Go-http-client/2.0"
185.238.231.175 - - [16/Jun/2025:13:51:34 -0400] "GET /as.php HTTP/1.1" 404 8470 "http://client.socialdigiinnovator.com/as.php" "Go-http-client/2.0"
185.238.231.175 - - [16/Jun/2025:13:51:35 -0400] "GET /byp.php HTTP/1.1" 404 8469 "http://client.socialdigiinnovator.com/byp.php" "Go-http-client/2.0"
185.238.231.175 - - [16/Jun/2025:13:51:36 -0400] "GET /click.php HTTP/1.1" 404 8470 "http://client.socialdigiinnovator.com/click.php" "Go-http-client/2.0"
185.238.231.175 - - [16/Jun/2025:13:51:37 -0400] "GET /defaults.php HTTP/1.1" 404 8470 "http://client.socialdigiinnovator.com/defaults.php" "Go-http-client/2.0"
185.238.231.175 - - [16/Jun/2025:13:51:39 -0400] "GET /wp-includes/Text/wp-login.php HTTP/1.1" 302 0 "http://client.socialdigiinnovator.com/wp-includes/Text/wp-login.php" "Go-http-client/2.0"
185.238.231.175 - - [16/Jun/2025:13:51:40 -0400] "GET /wp-content/plugins/js_composer/vc_classmap.json-list.php HTTP/1.1" 404 8470 "http://client.socialdigiinnovator.com/wp-content/plugins/js_composer/vc_classmap.json-list.php" "Go-http-client/2.0"
185.238.231.175 - - [16/Jun/2025:13:51:42 -0400] "GET /wp-admin/css/colors/index.php HTTP/1.1" 301 0 "http://client.socialdigiinnovator.com/wp-admin/css/colors/index.php" "Go-http-client/2.0"
185.238.231.175 - - [16/Jun/2025:13:51:43 -0400] "GET /wp-admin/css/colors/ HTTP/1.1" 403 1242 "https://client.socialdigiinnovator.com/wp-admin/css/colors/index.php" "Go-http-client/2.0"
185.238.231.175 - - [16/Jun/2025:13:51:43 -0400] "GET /wp-content/uploads/about.php HTTP/1.1" 404 8470 "http://client.socialdigiinnovator.com/wp-content/uploads/about.php" "Go-http-client/2.0"
185.238.231.175 - - [16/Jun/2025:13:51:44 -0400] "GET /wp-includes/rest-api/index.php HTTP/1.1" 301 0 "http://client.socialdigiinnovator.com/wp-includes/rest-api/index.php" "Go-http-client/2.0"
185.238.231.175 - - [16/Jun/2025:13:51:45 -0400] "GET /plugin.php HTTP/1.1" 404 8469 "http://client.socialdigiinnovator.com/plugin.php" "Go-http-client/2.0"
185.238.231.175 - - [16/Jun/2025:13:51:46 -0400] "GET /wp-includes/product.php HTTP/1.1" 403 1242 "http://client.socialdigiinnovator.com/wp-includes/product.php" "Go-http-client/2.0"
185.238.231.175 - - [16/Jun/2025:13:51:46 -0400] "GET /alfa.php HTTP/1.1" 404 8470 "http://client.socialdigiinnovator.com/alfa.php" "Go-http-client/2.0"
185.238.231.175 - - [16/Jun/2025:13:51:47 -0400] "GET /wp-includes/sitemaps/about.php HTTP/1.1" 404 8470 "http://client.socialdigiinnovator.com/wp-includes/sitemaps/about.php" "Go-http-client/2.0"
185.238.231.175 - - [16/Jun/2025:13:51:49 -0400] "GET /404 HTTP/1.1" 404 8470 "https://client.socialdigiinnovator.com/wp-admin/wp-login.php" "Go-http-client/2.0"
185.238.231.175 - - [16/Jun/2025:13:51:13 -0400] "GET /wp-login.php?action=register HTTP/1.1" 302 0 "https://client.socialdigiinnovator.com/wp-signup.php" "Go-http-client/2.0"
185.238.231.175 - - [16/Jun/2025:13:51:14 -0400] "GET /404 HTTP/1.1" 404 8470 "https://client.socialdigiinnovator.com/wp-login.php?action=register" "Go-http-client/2.0"
185.238.231.175 - - [16/Jun/2025:13:51:16 -0400] "GET /wp-includes/SimplePie/ HTTP/1.1" 403 1242 "https://client.socialdigiinnovator.com/wp-includes/SimplePie/index.php" "Go-http-client/2.0"
185.238.231.175 - - [16/Jun/2025:13:51:16 -0400] "GET /wp-includes/images/about.php HTTP/1.1" 404 8470 "http://client.socialdigiinnovator.com/wp-includes/images/about.php" "Go-http-client/2.0"
185.238.231.175 - - [16/Jun/2025:13:51:17 -0400] "GET /product.php HTTP/1.1" 404 8470 "http://client.socialdigiinnovator.com/product.php" "Go-http-client/2.0"
185.238.231.175 - - [16/Jun/2025:13:51:18 -0400] "GET /wp-l0gin.php HTTP/1.1" 404 8470 "http://client.socialdigiinnovator.com/wp-l0gin.php" "Go-http-client/2.0"
185.238.231.175 - - [16/Jun/2025:13:51:20 -0400] "GET /log.php HTTP/1.1" 404 8470 "http://client.socialdigiinnovator.com/log.php" "Go-http-client/2.0"
185.238.231.175 - - [16/Jun/2025:13:51:21 -0400] "GET /xx.php HTTP/1.1" 404 8470 "http://client.socialdigiinnovator.com/xx.php" "Go-http-client/2.0"
185.238.231.175 - - [16/Jun/2025:13:51:24 -0400] "GET /wp-login.php?redirect_to=https%3A%2F%2Fclient.socialdigiinnovator.com%2Fwp-admin%2Fuser%2Findex.php&reauth=1 HTTP/1.1" 302 0 "https://client.socialdigiinnovator.com/wp-admin/user/index.php" "Go-http-client/2.0"
185.238.231.175 - - [16/Jun/2025:13:51:26 -0400] "GET /wp-content/languages/wp-login.php HTTP/1.1" 302 0 "http://client.socialdigiinnovator.com/wp-content/languages/wp-login.php" "Go-http-client/2.0"
185.238.231.175 - - [16/Jun/2025:13:51:28 -0400] "GET /atomlib.php HTTP/1.1" 404 8470 "http://client.socialdigiinnovator.com/atomlib.php" "Go-http-client/2.0"
185.238.231.175 - - [16/Jun/2025:13:51:30 -0400] "GET /wp-includes/admin.php HTTP/1.1" 403 1242 "http://client.socialdigiinnovator.com/wp-includes/admin.php" "Go-http-client/2.0"
185.238.231.175 - - [16/Jun/2025:13:51:31 -0400] "GET /jp.php HTTP/1.1" 404 8470 "http://client.socialdigiinnovator.com/jp.php" "Go-http-client/2.0"
198.54.114.35 - - [16/Jun/2025:13:51:33 -0400] "POST /wp-cron.php?doing_wp_cron=1750096293.3819580078125000000000 HTTP/1.1" 200 0 "-" "WordPress/6.8.1; https://client.socialdigiinnovator.com"
185.238.231.175 - - [16/Jun/2025:13:51:34 -0400] "GET /radio.php HTTP/1.1" 404 8470 "http://client.socialdigiinnovator.com/radio.php" "Go-http-client/2.0"
185.238.231.175 - - [16/Jun/2025:13:51:38 -0400] "GET /403.php HTTP/1.1" 404 8470 "http://client.socialdigiinnovator.com/403.php" "Go-http-client/2.0"
185.238.231.175 - - [16/Jun/2025:13:51:39 -0400] "GET /404 HTTP/1.1" 404 8470 "https://client.socialdigiinnovator.com/wp-includes/Text/wp-login.php" "Go-http-client/2.0"
185.238.231.175 - - [16/Jun/2025:13:51:41 -0400] "GET /wp-content/item.php HTTP/1.1" 404 8470 "http://client.socialdigiinnovator.com/wp-content/item.php" "Go-http-client/2.0"
185.238.231.175 - - [16/Jun/2025:13:51:42 -0400] "GET /wp-admin/css/about.php HTTP/1.1" 404 8470 "http://client.socialdigiinnovator.com/wp-admin/css/about.php" "Go-http-client/2.0"
185.238.231.175 - - [16/Jun/2025:13:51:45 -0400] "GET /wp-includes/rest-api/ HTTP/1.1" 403 1242 "https://client.socialdigiinnovator.com/wp-includes/rest-api/index.php" "Go-http-client/2.0"
185.238.231.175 - - [16/Jun/2025:13:51:48 -0400] "GET /wp-content/json.php HTTP/1.1" 404 8470 "http://client.socialdigiinnovator.com/wp-content/json.php" "Go-http-client/2.0"
185.238.231.175 - - [16/Jun/2025:13:51:49 -0400] "GET /wp-admin/wp-login.php HTTP/1.1" 302 0 "http://client.socialdigiinnovator.com/wp-admin/wp-login.php" "Go-http-client/2.0"
185.238.231.175 - - [16/Jun/2025:13:51:51 -0400] "GET /edit.php HTTP/1.1" 404 8470 "http://client.socialdigiinnovator.com/edit.php" "Go-http-client/2.0"
185.238.231.175 - - [16/Jun/2025:13:51:52 -0400] "GET /wp-content/cong.php HTTP/1.1" 404 8470 "http://client.socialdigiinnovator.com/wp-content/cong.php" "Go-http-client/2.0"
185.238.231.175 - - [16/Jun/2025:13:51:52 -0400] "GET /wp-content/mah.php HTTP/1.1" 404 8470 "http://client.socialdigiinnovator.com/wp-content/mah.php" "Go-http-client/2.0"
185.238.231.175 - - [16/Jun/2025:13:51:54 -0400] "GET /wp-login.php?redirect_to=https%3A%2F%2Fclient.socialdigiinnovator.com%2Fwp-admin%2Fnetwork%2Fabout.php&reauth=1 HTTP/1.1" 302 0 "https://client.socialdigiinnovator.com/wp-admin/network/about.php" "Go-http-client/2.0"
185.238.231.175 - - [16/Jun/2025:13:51:54 -0400] "GET /404 HTTP/1.1" 404 8470 "https://client.socialdigiinnovator.com/wp-login.php?redirect_to=https%3A%2F%2Fclient.socialdigiinnovator.com%2Fwp-admin%2Fnetwork%2Fabout.php&reauth=1" "Go-http-client/2.0"
185.238.231.175 - - [16/Jun/2025:13:51:55 -0400] "GET /wp-config-sample.php HTTP/1.1" 403 1242 "http://client.socialdigiinnovator.com/wp-config-sample.php" "Go-http-client/2.0"
185.238.231.175 - - [16/Jun/2025:13:51:58 -0400] "GET /doc.php HTTP/1.1" 404 8470 "http://client.socialdigiinnovator.com/doc.php" "Go-http-client/2.0"
185.238.231.175 - - [16/Jun/2025:13:52:00 -0400] "GET /wp-content/content.php HTTP/1.1" 404 8470 "http://client.socialdigiinnovator.com/wp-content/content.php" "Go-http-client/2.0"
185.238.231.175 - - [16/Jun/2025:13:52:02 -0400] "GET /small.php HTTP/1.1" 404 8470 "http://client.socialdigiinnovator.com/small.php" "Go-http-client/2.0"
185.238.231.175 - - [16/Jun/2025:13:52:04 -0400] "GET /wp-content/tmpls.php HTTP/1.1" 404 8470 "http://client.socialdigiinnovator.com/wp-content/tmpls.php" "Go-http-client/2.0"
185.238.231.175 - - [16/Jun/2025:13:52:06 -0400] "GET /ws.php HTTP/1.1" 404 8470 "http://client.socialdigiinnovator.com/ws.php" "Go-http-client/2.0"
185.238.231.175 - - [16/Jun/2025:13:52:07 -0400] "GET /wp-includes/wp-login.php HTTP/1.1" 403 1242 "http://client.socialdigiinnovator.com/wp-includes/wp-login.php" "Go-http-client/2.0"
185.238.231.175 - - [16/Jun/2025:13:52:08 -0400] "GET /wp-admin/about.php HTTP/1.1" 302 0 "http://client.socialdigiinnovator.com/wp-admin/about.php" "Go-http-client/2.0"
185.238.231.175 - - [16/Jun/2025:13:52:09 -0400] "GET /wp-login.php?redirect_to=https%3A%2F%2Fclient.socialdigiinnovator.com%2Fwp-admin%2Fabout.php&reauth=1 HTTP/1.1" 302 0 "https://client.socialdigiinnovator.com/wp-admin/about.php" "Go-http-client/2.0"
185.238.231.175 - - [16/Jun/2025:13:52:09 -0400] "GET /404 HTTP/1.1" 404 8470 "https://client.socialdigiinnovator.com/wp-login.php?redirect_to=https%3A%2F%2Fclient.socialdigiinnovator.com%2Fwp-admin%2Fabout.php&reauth=1" "Go-http-client/2.0"
185.238.231.175 - - [16/Jun/2025:13:52:10 -0400] "GET /sck.php HTTP/1.1" 404 8470 "http://client.socialdigiinnovator.com/sck.php" "Go-http-client/2.0"
185.238.231.175 - - [16/Jun/2025:13:52:11 -0400] "GET /templates/beez3/error.php HTTP/1.1" 404 8470 "http://client.socialdigiinnovator.com/templates/beez3/error.php" "Go-http-client/2.0"
185.238.231.175 - - [16/Jun/2025:13:52:11 -0400] "GET /wp-admin/maint/go.php HTTP/1.1" 404 8470 "http://client.socialdigiinnovator.com/wp-admin/maint/go.php" "Go-http-client/2.0"
185.238.231.175 - - [16/Jun/2025:13:52:15 -0400] "GET /wp-includes/link.php HTTP/1.1" 403 1242 "http://client.socialdigiinnovator.com/wp-includes/link.php" "Go-http-client/2.0"
185.238.231.175 - - [16/Jun/2025:13:52:15 -0400] "GET /templates/beez/index.php HTTP/1.1" 301 0 "http://client.socialdigiinnovator.com/templates/beez/index.php" "Go-http-client/2.0"
185.238.231.175 - - [16/Jun/2025:13:52:16 -0400] "GET /templates/beez/ HTTP/1.1" 404 8470 "https://client.socialdigiinnovator.com/templates/beez/index.php" "Go-http-client/2.0"
185.238.231.175 - - [16/Jun/2025:13:52:19 -0400] "GET /wp-admin/admin.php HTTP/1.1" 302 0 "http://client.socialdigiinnovator.com/wp-admin/admin.php" "Go-http-client/2.0"
185.238.231.175 - - [16/Jun/2025:13:51:50 -0400] "GET /link.php HTTP/1.1" 404 8469 "http://client.socialdigiinnovator.com/link.php" "Go-http-client/2.0"
185.238.231.175 - - [16/Jun/2025:13:51:53 -0400] "GET /wp-admin/network/about.php HTTP/1.1" 302 0 "http://client.socialdigiinnovator.com/wp-admin/network/about.php" "Go-http-client/2.0"
185.238.231.175 - - [16/Jun/2025:13:51:55 -0400] "GET /wp-admin/css/colors/coffee/index.php HTTP/1.1" 301 0 "http://client.socialdigiinnovator.com/wp-admin/css/colors/coffee/index.php" "Go-http-client/2.0"
185.238.231.175 - - [16/Jun/2025:13:51:56 -0400] "GET /wp-admin/css/colors/coffee/ HTTP/1.1" 403 1242 "https://client.socialdigiinnovator.com/wp-admin/css/colors/coffee/index.php" "Go-http-client/2.0"
185.238.231.175 - - [16/Jun/2025:13:51:56 -0400] "GET /wp-content/plugins/dummyyummy/wp-signup.php HTTP/1.1" 404 8470 "http://client.socialdigiinnovator.com/wp-content/plugins/dummyyummy/wp-signup.php" "Go-http-client/2.0"
185.238.231.175 - - [16/Jun/2025:13:51:57 -0400] "GET /bypass.php HTTP/1.1" 404 8470 "http://client.socialdigiinnovator.com/bypass.php" "Go-http-client/2.0"
185.238.231.175 - - [16/Jun/2025:13:51:58 -0400] "GET /wp-content/classwithtostring.php HTTP/1.1" 404 8470 "http://client.socialdigiinnovator.com/wp-content/classwithtostring.php" "Go-http-client/2.0"
185.238.231.175 - - [16/Jun/2025:13:51:59 -0400] "GET /.well-known/pki-validation/about.php HTTP/1.1" 404 1251 "http://client.socialdigiinnovator.com/.well-known/pki-validation/about.php" "Go-http-client/2.0"
185.238.231.175 - - [16/Jun/2025:13:52:01 -0400] "GET /wp-includes/fonts/wp-login.php HTTP/1.1" 302 0 "http://client.socialdigiinnovator.com/wp-includes/fonts/wp-login.php" "Go-http-client/2.0"
185.238.231.175 - - [16/Jun/2025:13:52:01 -0400] "GET /404 HTTP/1.1" 404 8470 "https://client.socialdigiinnovator.com/wp-includes/fonts/wp-login.php" "Go-http-client/2.0"
185.238.231.175 - - [16/Jun/2025:13:52:02 -0400] "GET /.well-known/pki-validation/index.php HTTP/1.1" 404 1251 "http://client.socialdigiinnovator.com/.well-known/pki-validation/index.php" "Go-http-client/2.0"
185.238.231.175 - - [16/Jun/2025:13:52:03 -0400] "GET /editor.php HTTP/1.1" 404 8469 "http://client.socialdigiinnovator.com/editor.php" "Go-http-client/2.0"
185.238.231.175 - - [16/Jun/2025:13:52:05 -0400] "GET /user.php HTTP/1.1" 404 8470 "http://client.socialdigiinnovator.com/user.php" "Go-http-client/2.0"
185.238.231.175 - - [16/Jun/2025:13:52:12 -0400] "GET /1337.php HTTP/1.1" 404 8470 "http://client.socialdigiinnovator.com/1337.php" "Go-http-client/2.0"
185.238.231.175 - - [16/Jun/2025:13:52:13 -0400] "GET /cgi-bin/wp-login.php HTTP/1.1" 302 0 "http://client.socialdigiinnovator.com/cgi-bin/wp-login.php" "Go-http-client/2.0"
185.238.231.175 - - [16/Jun/2025:13:52:13 -0400] "GET /404 HTTP/1.1" 404 8470 "https://client.socialdigiinnovator.com/cgi-bin/wp-login.php" "Go-http-client/2.0"
185.238.231.175 - - [16/Jun/2025:13:52:14 -0400] "GET /wp-includes/fonts/about.php HTTP/1.1" 404 8470 "http://client.socialdigiinnovator.com/wp-includes/fonts/about.php" "Go-http-client/2.0"
185.238.231.175 - - [16/Jun/2025:13:52:17 -0400] "GET /lock.php HTTP/1.1" 404 8470 "http://client.socialdigiinnovator.com/lock.php" "Go-http-client/2.0"
185.238.231.175 - - [16/Jun/2025:13:52:18 -0400] "GET /wp-log1n.php HTTP/1.1" 404 8469 "http://client.socialdigiinnovator.com/wp-log1n.php" "Go-http-client/2.0"
185.238.231.175 - - [16/Jun/2025:13:52:19 -0400] "GET /wp-login.php?redirect_to=https%3A%2F%2Fclient.socialdigiinnovator.com%2Fwp-admin%2Fadmin.php&reauth=1 HTTP/1.1" 302 0 "https://client.socialdigiinnovator.com/wp-admin/admin.php" "Go-http-client/2.0"
185.238.231.175 - - [16/Jun/2025:13:52:22 -0400] "GET /lufix.php HTTP/1.1" 404 8470 "http://client.socialdigiinnovator.com/lufix.php" "Go-http-client/2.0"
185.238.231.175 - - [16/Jun/2025:13:52:23 -0400] "GET /wp-2019.php HTTP/1.1" 404 8469 "http://client.socialdigiinnovator.com/wp-2019.php" "Go-http-client/2.0"
185.238.231.175 - - [16/Jun/2025:13:52:24 -0400] "GET /randkeyword.php HTTP/1.1" 404 8470 "http://client.socialdigiinnovator.com/randkeyword.php" "Go-http-client/2.0"
185.238.231.175 - - [16/Jun/2025:13:52:25 -0400] "GET /makeasmtp.php HTTP/1.1" 404 8470 "http://client.socialdigiinnovator.com/makeasmtp.php" "Go-http-client/2.0"
185.238.231.175 - - [16/Jun/2025:13:52:26 -0400] "GET /wp-content/plugins/ubh/up.php HTTP/1.1" 404 8470 "http://client.socialdigiinnovator.com/wp-content/plugins/ubh/up.php" "Go-http-client/2.0"
185.238.231.175 - - [16/Jun/2025:13:52:28 -0400] "GET /wp-content/themes/seotheme/db.php HTTP/1.1" 404 8469 "http://client.socialdigiinnovator.com/wp-content/themes/seotheme/db.php" "Go-http-client/2.0"
185.238.231.175 - - [16/Jun/2025:13:52:29 -0400] "GET /wp-content/ThreeFox_Exploit/index.php?threefox HTTP/1.1" 301 0 "http://client.socialdigiinnovator.com/wp-content/ThreeFox_Exploit/index.php?threefox" "Go-http-client/2.0"
185.238.231.175 - - [16/Jun/2025:13:52:32 -0400] "GET /modules/mod_simplefileuploadv1.3/elements/udd.php HTTP/1.1" 404 8470 "http://client.socialdigiinnovator.com/modules/mod_simplefileuploadv1.3/elements/udd.php" "Go-http-client/2.0"
198.54.114.35 - - [16/Jun/2025:13:52:33 -0400] "POST /wp-cron.php?doing_wp_cron=1750096353.2383089065551757812500 HTTP/1.1" 200 0 "-" "WordPress/6.8.1; https://client.socialdigiinnovator.com"
185.238.231.175 - - [16/Jun/2025:13:52:34 -0400] "GET /test.php HTTP/1.1" 404 8470 "http://client.socialdigiinnovator.com/test.php" "Go-http-client/2.0"
185.238.231.175 - - [16/Jun/2025:13:52:19 -0400] "GET /404 HTTP/1.1" 404 8470 "https://client.socialdigiinnovator.com/wp-login.php?redirect_to=https%3A%2F%2Fclient.socialdigiinnovator.com%2Fwp-admin%2Fadmin.php&reauth=1" "Go-http-client/2.0"
185.238.231.175 - - [16/Jun/2025:13:52:20 -0400] "GET /mini.php HTTP/1.1" 404 8470 "http://client.socialdigiinnovator.com/mini.php" "Go-http-client/2.0"
185.238.231.175 - - [16/Jun/2025:13:52:21 -0400] "GET /wp-includes/wp-class.php HTTP/1.1" 403 1242 "http://client.socialdigiinnovator.com/wp-includes/wp-class.php" "Go-http-client/2.0"
185.238.231.175 - - [16/Jun/2025:13:52:22 -0400] "GET /hehehehe.php HTTP/1.1" 404 8470 "http://client.socialdigiinnovator.com/hehehehe.php" "Go-http-client/2.0"
185.238.231.175 - - [16/Jun/2025:13:52:26 -0400] "GET /alfa.php?solevisible HTTP/1.1" 404 8470 "http://client.socialdigiinnovator.com/alfa.php?solevisible" "Go-http-client/2.0"
185.238.231.175 - - [16/Jun/2025:13:52:27 -0400] "GET /wp-content/themes/pridmag/db.php?u HTTP/1.1" 404 8470 "http://client.socialdigiinnovator.com/wp-content/themes/pridmag/db.php?u" "Go-http-client/2.0"
185.238.231.175 - - [16/Jun/2025:13:52:29 -0400] "GET /wp-content/ThreeFox_Exploit/?threefox HTTP/1.1" 404 8470 "https://client.socialdigiinnovator.com/wp-content/ThreeFox_Exploit/index.php?threefox" "Go-http-client/2.0"
185.238.231.175 - - [16/Jun/2025:13:52:30 -0400] "GET /wp-content/plugins/helloapx/wp-apxupx.php?apx=upx HTTP/1.1" 404 8470 "http://client.socialdigiinnovator.com/wp-content/plugins/helloapx/wp-apxupx.php?apx=upx" "Go-http-client/2.0"
185.238.231.175 - - [16/Jun/2025:13:52:31 -0400] "GET /wp-content/plugins/pwnd/pwnd.php HTTP/1.1" 404 8470 "http://client.socialdigiinnovator.com/wp-content/plugins/pwnd/pwnd.php" "Go-http-client/2.0"
185.238.231.175 - - [16/Jun/2025:13:52:33 -0400] "GET /wp-admin/maint/upfile.php HTTP/1.1" 404 8470 "http://client.socialdigiinnovator.com/wp-admin/maint/upfile.php" "Go-http-client/2.0"
120.34.67.53 - - [16/Jun/2025:13:58:11 -0400] "POST /wp-login.php HTTP/1.1" 302 0 "-" "Mozilla/5.0 (Windows NT 6.1; Win64; x64) AppleWebKit/537.36 (KHTML, like Gecko) Chrome/92.0.4515.159 Safari/537.36"
47.82.60.191 - - [16/Jun/2025:14:06:12 -0400] "GET / HTTP/1.1" 200 9219 "https://client.socialdigiinnovator.com/" "Mozilla/5.0 (Windows NT 10.0; Win64; x64) AppleWebKit/537.36 (KHTML, like Gecko) Chrome/114.0.0.0 Safari/537.36 Edg/114.0.1823.43"
198.54.114.35 - - [16/Jun/2025:14:05:52 -0400] "POST /wp-cron.php?doing_wp_cron=1750097152.6926360130310058593750 HTTP/1.1" 200 0 "-" "WordPress/6.8.1; https://client.socialdigiinnovator.com"
196.251.81.180 - - [16/Jun/2025:14:05:50 -0400] "GET //wp-content/plugins/excel-like-price-change-for-woocommerce-and-wp-e-commerce-light/readme.txt HTTP/1.1" 301 0 "-" "Mozilla/5.0 (Macintosh; Intel Mac OS X 10_15_7) AppleWebKit/537.36 (KHTML, like Gecko) Chrome/91.0.4472.124 Safari/537.36"
196.251.81.180 - - [16/Jun/2025:14:05:53 -0400] "GET /wp-content/plugins/excel-like-price-change-for-woocommerce-and-wp-e-commerce-light/readme.txt HTTP/1.1" 404 8470 "https://client.socialdigiinnovator.com//wp-content/plugins/excel-like-price-change-for-woocommerce-and-wp-e-commerce-light/readme.txt" "Mozilla/5.0 (Macintosh; Intel Mac OS X 10_15_7) AppleWebKit/537.36 (KHTML, like Gecko) Chrome/91.0.4472.124 Safari/537.36"
154.26.128.154 - - [16/Jun/2025:15:20:56 -0400] "GET /404 HTTP/1.1" 404 8470 "-" "Mozila/5.0"
154.26.128.154 - - [16/Jun/2025:15:20:54 -0400] "GET /wp-login.php HTTP/1.1" 302 0 "-" "Mozila/5.0"
198.54.114.35 - - [16/Jun/2025:15:20:57 -0400] "POST /wp-cron.php?doing_wp_cron=1750101657.5230820178985595703125 HTTP/1.1" 200 0 "-" "WordPress/6.8.1; https://client.socialdigiinnovator.com"
198.54.114.35 - - [16/Jun/2025:15:27:35 -0400] "POST /wp-cron.php?doing_wp_cron=1750102055.3066198825836181640625 HTTP/1.1" 200 0 "-" "WordPress/6.8.1; https://client.socialdigiinnovator.com"
52.53.211.176 - - [16/Jun/2025:15:27:33 -0400] "GET / HTTP/1.1" 200 9219 "-" "Mozilla/5.0 (X11; Linux x86_64) AppleWebKit/537.36 (KHTML, like Gecko) Chrome/137.0.0.0 Safari/537.36"
45.135.232.178 - - [16/Jun/2025:16:22:40 -0400] "GET /wp-login.php?wp_lang=en_US HTTP/1.1" 302 0 "https://client.socialdigiinnovator.com/wp-login.php" "Mozilla/5.0 (Windows NT 10.0; Win64; x64) AppleWebKit/537.36 (KHTML, like Gecko) Chrome/135.0.0.0 Safari/537.36"
45.135.232.178 - - [16/Jun/2025:16:22:42 -0400] "GET /404 HTTP/1.1" 404 8470 "https://client.socialdigiinnovator.com/wp-login.php" "Mozilla/5.0 (Windows NT 10.0; Win64; x64) AppleWebKit/537.36 (KHTML, like Gecko) Chrome/135.0.0.0 Safari/537.36"
45.147.234.228 - - [16/Jun/2025:16:24:20 -0400] "GET / HTTP/1.1" 200 9219 "-" "Mozilla/5.0 (Windows NT 6.3) AppleWebKit/537.36 (KHTML, like Gecko) Chrome/78.0.3813.106 Safari/537.36"
45.147.234.228 - - [16/Jun/2025:16:24:24 -0400] "GET / HTTP/1.1" 200 9219 "-" "Mozilla/5.0 (Windows NT 6.3) AppleWebKit/537.36 (KHTML, like Gecko) Chrome/78.0.3813.106 Safari/537.36"
45.147.234.228 - - [16/Jun/2025:16:24:25 -0400] "GET /404 HTTP/1.1" 404 8470 "-" "Mozilla/5.0 (Windows NT 6.3) AppleWebKit/537.36 (KHTML, like Gecko) Chrome/78.0.3813.106 Safari/537.36"
45.147.234.228 - - [16/Jun/2025:16:24:28 -0400] "GET /404 HTTP/1.1" 404 8470 "-" "Mozilla/5.0 (Windows NT 6.3) AppleWebKit/537.36 (KHTML, like Gecko) Chrome/78.0.3813.106 Safari/537.36"
198.54.114.35 - - [16/Jun/2025:16:28:31 -0400] "POST /wp-cron.php?doing_wp_cron=1750105711.2636060714721679687500 HTTP/1.1" 200 0 "-" "WordPress/6.8.1; https://client.socialdigiinnovator.com"
198.54.114.35 - - [16/Jun/2025:16:22:44 -0400] "POST /wp-cron.php?doing_wp_cron=1750105363.9810690879821777343750 HTTP/1.1" 200 0 "-" "WordPress/6.8.1; https://client.socialdigiinnovator.com"
198.54.114.35 - - [16/Jun/2025:16:24:22 -0400] "POST /wp-cron.php?doing_wp_cron=1750105462.5924580097198486328125 HTTP/1.1" 200 0 "-" "WordPress/6.8.1; https://client.socialdigiinnovator.com"
45.147.234.228 - - [16/Jun/2025:16:24:25 -0400] "GET /wp-login.php HTTP/1.1" 302 0 "-" "Mozilla/5.0 (Windows NT 6.3) AppleWebKit/537.36 (KHTML, like Gecko) Chrome/78.0.3813.106 Safari/537.36"
45.147.234.228 - - [16/Jun/2025:16:24:26 -0400] "GET /wp-admin/ HTTP/1.1" 302 0 "-" "Mozilla/5.0 (Windows NT 6.3) AppleWebKit/537.36 (KHTML, like Gecko) Chrome/78.0.3813.106 Safari/537.36"
45.147.234.228 - - [16/Jun/2025:16:24:27 -0400] "GET /wp-login.php?redirect_to=https%3A%2F%2Fclient.socialdigiinnovator.com%2Fwp-admin%2F&reauth=1 HTTP/1.1" 302 0 "-" "Mozilla/5.0 (Windows NT 6.3) AppleWebKit/537.36 (KHTML, like Gecko) Chrome/78.0.3813.106 Safari/537.36"
216.39.249.135 - - [16/Jun/2025:16:28:29 -0400] "GET /_fragment?_path=what%3D-1%26_controller%3Dphpinfo&_hash=2drRvnZ8WJ0Ohzt5Z1Wt1PE5go0%3D HTTP/1.1" 404 8470 "-" "Mozilla/5.0 (Windows NT 10.0; Win64; x64) AppleWebKit/537.36 (KHTML, like Gecko) Chrome/91.0.4472.124 Safari/537.3"
198.54.114.35 - - [16/Jun/2025:17:32:08 -0400] "POST /wp-cron.php?doing_wp_cron=1750109527.8060519695281982421875 HTTP/1.1" 200 0 "-" "WordPress/6.8.1; https://client.socialdigiinnovator.com"
196.251.83.73 - - [16/Jun/2025:17:32:10 -0400] "GET /404 HTTP/1.1" 404 8470 "www.google.com" "Mozilla/5.0 (Windows NT 10.0; Win64; x64) AppleWebKit/537.36 (KHTML, like Gecko) Chrome/90.0.4430.85 Safari/537.36"
196.251.83.73 - - [16/Jun/2025:17:32:04 -0400] "POST /wp-login.php HTTP/1.1" 302 0 "https://client.socialdigiinnovator.com/wp-admin/" "Mozilla/5.0 (Windows NT 10.0; Win64; x64) AppleWebKit/537.36 (KHTML, like Gecko) Chrome/90.0.4430.85 Safari/537.36"
196.251.83.73 - - [16/Jun/2025:17:32:06 -0400] "GET /404 HTTP/1.1" 404 8470 "https://client.socialdigiinnovator.com/wp-admin/" "Mozilla/5.0 (Windows NT 10.0; Win64; x64) AppleWebKit/537.36 (KHTML, like Gecko) Chrome/90.0.4430.85 Safari/537.36"
196.251.83.73 - - [16/Jun/2025:17:32:09 -0400] "GET /wp-admin/ HTTP/1.1" 302 0 "www.google.com" "Mozilla/5.0 (Windows NT 10.0; Win64; x64) AppleWebKit/537.36 (KHTML, like Gecko) Chrome/90.0.4430.85 Safari/537.36"
196.251.83.73 - - [16/Jun/2025:17:32:09 -0400] "GET /wp-login.php?redirect_to=https%3A%2F%2Fclient.socialdigiinnovator.com%2Fwp-admin%2F&reauth=1 HTTP/1.1" 302 0 "www.google.com" "Mozilla/5.0 (Windows NT 10.0; Win64; x64) AppleWebKit/537.36 (KHTML, like Gecko) Chrome/90.0.4430.85 Safari/537.36"
120.34.67.53 - - [16/Jun/2025:17:49:58 -0400] "POST /wp-login.php HTTP/1.1" 302 0 "-" "Mozilla/5.0 (Windows NT 6.1; Win64; x64) AppleWebKit/537.36 (KHTML, like Gecko) Chrome/92.0.4515.159 Safari/537.36"
198.54.114.35 - - [16/Jun/2025:18:09:00 -0400] "POST /wp-cron.php?doing_wp_cron=1750111739.8377399444580078125000 HTTP/1.1" 200 0 "-" "WordPress/6.8.1; https://client.socialdigiinnovator.com"
143.198.53.0 - - [16/Jun/2025:18:08:56 -0400] "GET /blurbs.php HTTP/1.1" 404 8470 "-" "Mozilla/5.0 (Linux; Android 7.0; SM-G892A Build/NRD90M; wv) AppleWebKit/537.36 (KHTML, like Gecko) Version/4.0 Chrome/60.0.3112.107 Mobile Safari/537.36"
2804:390:3204:8900:523e:aaff:fe13:5f1 - - [16/Jun/2025:18:22:47 -0400] "POST /wp-login.php?wpe-login=true HTTP/1.1" 302 0 "https://client.socialdigiinnovator.com/wp-login.php" "Mozilla/5.0 (Windows NT 10.0; Win64; x64) AppleWebKit/537.36 (KHTML, like Gecko) Chrome/103.0.0.0 Safari/537.36"
2602:fb54:c7c:: - - [16/Jun/2025:18:22:58 -0400] "GET /wp-login.php HTTP/1.1" 302 0 "-" "Mozilla/5.0 (Windows NT 10.0; Win64; x64) AppleWebKit/537.36 (KHTML, like Gecko) Chrome/91.0.4472.124 Safari/537.36"
198.54.114.35 - - [16/Jun/2025:18:23:00 -0400] "POST /wp-cron.php?doing_wp_cron=1750112580.1687939167022705078125 HTTP/1.1" 200 0 "-" "WordPress/6.8.1; https://client.socialdigiinnovator.com"
2602:fb54:c7c:: - - [16/Jun/2025:18:23:01 -0400] "GET /wp-login.php?redirect_to=https%3A%2F%2Fclient.socialdigiinnovator.com%2Fwp-admin%2F&reauth=1 HTTP/1.1" 302 0 "-" "Mozilla/5.0 (Windows NT 10.0; Win64; x64) AppleWebKit/537.36 (KHTML, like Gecko) Chrome/91.0.4472.124 Safari/537.36"
2602:fb54:c7c:: - - [16/Jun/2025:18:23:02 -0400] "GET /404 HTTP/1.1" 404 8470 "-" "Mozilla/5.0 (Windows NT 10.0; Win64; x64) AppleWebKit/537.36 (KHTML, like Gecko) Chrome/91.0.4472.124 Safari/537.36"
2602:fb54:c7c:: - - [16/Jun/2025:18:23:03 -0400] "GET /admin HTTP/1.1" 302 0 "-" "Mozilla/5.0 (Windows NT 10.0; Win64; x64) AppleWebKit/537.36 (KHTML, like Gecko) Chrome/91.0.4472.124 Safari/537.36"
2602:fb54:c7c:: - - [16/Jun/2025:18:23:04 -0400] "GET /404 HTTP/1.1" 404 8470 "-" "Mozilla/5.0 (Windows NT 10.0; Win64; x64) AppleWebKit/537.36 (KHTML, like Gecko) Chrome/91.0.4472.124 Safari/537.36"
2602:fb54:c7c:: - - [16/Jun/2025:18:23:04 -0400] "GET /user/ HTTP/1.1" 302 0 "-" "Mozilla/5.0 (Windows NT 10.0; Win64; x64) AppleWebKit/537.36 (KHTML, like Gecko) Chrome/91.0.4472.124 Safari/537.36"
2602:fb54:c7c:: - - [16/Jun/2025:18:23:05 -0400] "POST /user HTTP/1.1" 302 0 "https://client.socialdigiinnovator.com/wp-admin/" "Mozilla/5.0 (Windows NT 10.0; Win64; x64) AppleWebKit/537.36 (KHTML, like Gecko) Chrome/91.0.4472.124 Safari/537.36"
2602:fb54:c7c:: - - [16/Jun/2025:18:23:06 -0400] "GET /?redirect_to=https%3A%2F%2Fclient.socialdigiinnovator.com%2Fuser HTTP/1.1" 200 9228 "https://client.socialdigiinnovator.com/wp-admin/" "Mozilla/5.0 (Windows NT 10.0; Win64; x64) AppleWebKit/537.36 (KHTML, like Gecko) Chrome/91.0.4472.124 Safari/537.36"
2804:390:3204:8900:523e:aaff:fe13:5f1 - - [16/Jun/2025:18:21:59 -0400] "GET /wp-login.php?wpe-login=true HTTP/1.1" 302 0 "-" "Go-http-client/2.0"
2804:390:3204:8900:523e:aaff:fe13:5f1 - - [16/Jun/2025:18:22:01 -0400] "POST /wp-login.php?wpe-login=true HTTP/1.1" 302 0 "https://client.socialdigiinnovator.com/wp-login.php" "Mozilla/5.0 (Windows NT 10.0; Win64; x64) AppleWebKit/537.36 (KHTML, like Gecko) Chrome/103.0.0.0 Safari/537.36"
2804:390:3204:8900:523e:aaff:fe13:5f1 - - [16/Jun/2025:18:22:47 -0400] "GET /wp-login.php?wpe-login=true HTTP/1.1" 302 0 "-" "Go-http-client/2.0"
2602:fb54:c7c:: - - [16/Jun/2025:18:22:59 -0400] "GET /404 HTTP/1.1" 404 8469 "-" "Mozilla/5.0 (Windows NT 10.0; Win64; x64) AppleWebKit/537.36 (KHTML, like Gecko) Chrome/91.0.4472.124 Safari/537.36"
2602:fb54:c7c:: - - [16/Jun/2025:18:23:01 -0400] "GET /wp-admin HTTP/1.1" 301 795 "-" "Mozilla/5.0 (Windows NT 10.0; Win64; x64) AppleWebKit/537.36 (KHTML, like Gecko) Chrome/91.0.4472.124 Safari/537.36"
2602:fb54:c7c:: - - [16/Jun/2025:18:23:01 -0400] "GET /wp-admin/ HTTP/1.1" 302 0 "-" "Mozilla/5.0 (Windows NT 10.0; Win64; x64) AppleWebKit/537.36 (KHTML, like Gecko) Chrome/91.0.4472.124 Safari/537.36"
2602:fb54:c7c:: - - [16/Jun/2025:18:23:02 -0400] "GET /wp-admin-login/ HTTP/1.1" 404 8470 "-" "Mozilla/5.0 (Windows NT 10.0; Win64; x64) AppleWebKit/537.36 (KHTML, like Gecko) Chrome/91.0.4472.124 Safari/537.36"
2602:fb54:c7c:: - - [16/Jun/2025:18:23:03 -0400] "GET /wp-admin/ HTTP/1.1" 302 0 "-" "Mozilla/5.0 (Windows NT 10.0; Win64; x64) AppleWebKit/537.36 (KHTML, like Gecko) Chrome/91.0.4472.124 Safari/537.36"
2602:fb54:c7c:: - - [16/Jun/2025:18:23:03 -0400] "GET /wp-login.php?redirect_to=https%3A%2F%2Fclient.socialdigiinnovator.com%2Fwp-admin%2F&reauth=1 HTTP/1.1" 302 0 "-" "Mozilla/5.0 (Windows NT 10.0; Win64; x64) AppleWebKit/537.36 (KHTML, like Gecko) Chrome/91.0.4472.124 Safari/537.36"
2602:fb54:c7c:: - - [16/Jun/2025:18:23:04 -0400] "GET /user HTTP/1.1" 301 0 "-" "Mozilla/5.0 (Windows NT 10.0; Win64; x64) AppleWebKit/537.36 (KHTML, like Gecko) Chrome/91.0.4472.124 Safari/537.36"
2602:fb54:c7c:: - - [16/Jun/2025:18:23:05 -0400] "GET /?redirect_to=https%3A%2F%2Fclient.socialdigiinnovator.com%2Fuser%2F HTTP/1.1" 200 9223 "-" "Mozilla/5.0 (Windows NT 10.0; Win64; x64) AppleWebKit/537.36 (KHTML, like Gecko) Chrome/91.0.4472.124 Safari/537.36"
2602:fb54:c7c:: - - [16/Jun/2025:18:23:06 -0400] "GET /wp-admin/ HTTP/1.1" 302 0 "-" "Mozilla/5.0 (Windows NT 10.0; Win64; x64) AppleWebKit/537.36 (KHTML, like Gecko) Chrome/91.0.4472.124 Safari/537.36"
2602:fb54:c7c:: - - [16/Jun/2025:18:23:06 -0400] "GET /wp-login.php?redirect_to=https%3A%2F%2Fclient.socialdigiinnovator.com%2Fwp-admin%2F&reauth=1 HTTP/1.1" 302 0 "-" "Mozilla/5.0 (Windows NT 10.0; Win64; x64) AppleWebKit/537.36 (KHTML, like Gecko) Chrome/91.0.4472.124 Safari/537.36"
2602:fb54:c7c:: - - [16/Jun/2025:18:23:07 -0400] "GET /404 HTTP/1.1" 404 8470 "-" "Mozilla/5.0 (Windows NT 10.0; Win64; x64) AppleWebKit/537.36 (KHTML, like Gecko) Chrome/91.0.4472.124 Safari/537.36"
198.54.114.35 - - [16/Jun/2025:18:43:39 -0400] "POST /wp-cron.php?doing_wp_cron=1750113818.9601469039916992187500 HTTP/1.1" 200 0 "-" "WordPress/6.8.1; https://client.socialdigiinnovator.com"
196.251.72.18 - - [16/Jun/2025:18:43:36 -0400] "GET / HTTP/1.1" 200 9219 "-" "Mozlila/5.0 (Linux; Android 7.0; SM-G892A Bulid/NRD90M; wv) AppleWebKit/537.36 (KHTML, like Gecko) Version/4.0 Chrome/60.0.3112.107 Moblie Safari/537.36"
196.251.72.18 - - [16/Jun/2025:18:43:36 -0400] "GET /lbwvypwd.php?Fox=d3wL7 HTTP/1.1" 404 8470 "www.google.com" "Mozilla/5.0 (Linux; Android 7.0; SM-G892A Bulid/NRD90M; wv) AppleWebKit/537.36 (KHTML, like Gecko) Version/4.0 Chrome/60.0.3112.107 Moblie Safari/537.36"
196.251.72.18 - - [16/Jun/2025:18:43:36 -0400] "POST /ALFA_DATA/alfacgiapi/perl.alfa HTTP/1.1" 404 8470 "www.google.com" "Mozlila/5.0 (Linux; Android 7.0; SM-G892A Bulid/NRD90M; wv) AppleWebKit/537.36 (KHTML, like Gecko) Version/4.0 Chrome/60.0.3112.107 Moblie Safari/537.36"
196.251.72.18 - - [16/Jun/2025:18:43:39 -0400] "POST /alfacgiapi/perl.alfa HTTP/1.1" 404 8470 "www.google.com" "Mozlila/5.0 (Linux; Android 7.0; SM-G892A Bulid/NRD90M; wv) AppleWebKit/537.36 (KHTML, like Gecko) Version/4.0 Chrome/60.0.3112.107 Moblie Safari/537.36"
196.251.72.18 - - [16/Jun/2025:18:43:40 -0400] "GET /plugins/content/apismtp/apismtp.php?test=hello HTTP/1.1" 404 8470 "-" "Mozlila/5.0 (Linux; Android 7.0; SM-G892A Bulid/NRD90M; wv) AppleWebKit/537.36 (KHTML, like Gecko) Version/4.0 Chrome/60.0.3112.107 Moblie Safari/537.36"
196.251.72.18 - - [16/Jun/2025:18:43:41 -0400] "GET /plugins/content/apismtp/apismtp.php.suspected?test=hello HTTP/1.1" 404 8470 "-" "Mozlila/5.0 (Linux; Android 7.0; SM-G892A Bulid/NRD90M; wv) AppleWebKit/537.36 (KHTML, like Gecko) Version/4.0 Chrome/60.0.3112.107 Moblie Safari/537.36"
47.82.60.60 - - [16/Jun/2025:18:45:17 -0400] "GET / HTTP/1.1" 200 9219 "https://client.socialdigiinnovator.com/" "Mozilla/5.0 (Windows NT 10.0; Win64; x64) AppleWebKit/537.36 (KHTML, like Gecko) Chrome/114.0.0.0 Safari/537.36 Edg/114.0.1823.43"
198.54.114.35 - - [16/Jun/2025:18:43:39 -0400] "POST /wp-cron.php?doing_wp_cron=1750113818.9601531028747558593750 HTTP/1.1" 200 0 "-" "WordPress/6.8.1; https://client.socialdigiinnovator.com"
198.54.114.35 - - [16/Jun/2025:18:43:39 -0400] "POST /wp-cron.php?doing_wp_cron=1750113818.9606399536132812500000 HTTP/1.1" 200 0 "-" "WordPress/6.8.1; https://client.socialdigiinnovator.com"
196.251.72.18 - - [16/Jun/2025:18:43:36 -0400] "GET /wp-content/themes/seotheme/db.php?u HTTP/1.1" 404 8470 "www.google.com" "Mozlila/5.0 (Linux; Android 7.0; SM-G892A Bulid/NRD90M; wv) AppleWebKit/537.36 (KHTML, like Gecko) Version/4.0 Chrome/60.0.3112.107 Moblie Safari/537.36"
196.251.72.18 - - [16/Jun/2025:18:43:39 -0400] "GET /wp-content/plugins/apikey/apikey.php?test=hello HTTP/1.1" 404 8470 "-" "Mozlila/5.0 (Linux; Android 7.0; SM-G892A Bulid/NRD90M; wv) AppleWebKit/537.36 (KHTML, like Gecko) Version/4.0 Chrome/60.0.3112.107 Moblie Safari/537.36"
196.251.72.18 - - [16/Jun/2025:18:43:39 -0400] "GET /wp-content/themes/seotheme/db.php?u HTTP/1.1" 404 8470 "www.google.com" "Mozlila/5.0 (Linux; Android 7.0; SM-G892A Bulid/NRD90M; wv) AppleWebKit/537.36 (KHTML, like Gecko) Version/4.0 Chrome/60.0.3112.107 Moblie Safari/537.36"
196.251.72.18 - - [16/Jun/2025:18:43:40 -0400] "GET /wp-content/plugins/apikey/apikey.php.suspected?test=hello HTTP/1.1" 404 8470 "-" "Mozlila/5.0 (Linux; Android 7.0; SM-G892A Bulid/NRD90M; wv) AppleWebKit/537.36 (KHTML, like Gecko) Version/4.0 Chrome/60.0.3112.107 Moblie Safari/537.36"
198.54.114.35 - - [16/Jun/2025:18:45:19 -0400] "POST /wp-cron.php?doing_wp_cron=1750113919.1238610744476318359375 HTTP/1.1" 200 0 "-" "WordPress/6.8.1; https://client.socialdigiinnovator.com"
45.135.232.178 - - [16/Jun/2025:19:07:18 -0400] "GET /404 HTTP/1.1" 404 8470 "https://client.socialdigiinnovator.com/wp-login.php" "Mozilla/5.0 (Windows NT 10.0; Win64; x64; rv:136.0) Gecko/20100101 Firefox/136.0"
45.135.232.178 - - [16/Jun/2025:19:07:16 -0400] "GET /wp-login.php?wp_lang=en_US HTTP/1.1" 302 0 "https://client.socialdigiinnovator.com/wp-login.php" "Mozilla/5.0 (Windows NT 10.0; Win64; x64; rv:136.0) Gecko/20100101 Firefox/136.0"
198.54.114.35 - - [16/Jun/2025:19:07:20 -0400] "POST /wp-cron.php?doing_wp_cron=1750115240.1327040195465087890625 HTTP/1.1" 200 0 "-" "WordPress/6.8.1; https://client.socialdigiinnovator.com"
198.54.114.35 - - [16/Jun/2025:19:18:55 -0400] "POST /wp-cron.php?doing_wp_cron=1750115935.2122859954833984375000 HTTP/1.1" 200 0 "-" "WordPress/6.8.1; https://client.socialdigiinnovator.com"
143.244.183.164 - - [16/Jun/2025:19:18:52 -0400] "GET /blurbs.php HTTP/1.1" 404 8470 "-" "Mozilla/5.0 (Linux; Android 7.0; SM-G892A Build/NRD90M; wv) AppleWebKit/537.36 (KHTML, like Gecko) Version/4.0 Chrome/60.0.3112.107 Mobile Safari/537.36"
198.54.114.35 - - [16/Jun/2025:20:06:58 -0400] "POST /wp-cron.php?doing_wp_cron=1750118817.9609460830688476562500 HTTP/1.1" 200 0 "-" "WordPress/6.8.1; https://client.socialdigiinnovator.com"
45.138.74.229 - - [16/Jun/2025:20:06:56 -0400] "GET /404 HTTP/1.1" 404 8469 "-" "Mozilla/5.0 (Windows NT 10.0; Win64; x64) AppleWebKit/537.36 (KHTML, like Gecko) Chrome/115.0.0.0 Safari/537.36 Edg/115.0.1901.203"
45.138.74.229 - - [16/Jun/2025:20:06:54 -0400] "GET /wp-login.php HTTP/1.1" 302 0 "-" "Mozilla/5.0 (Windows NT 10.0; Win64; x64) AppleWebKit/537.36 (KHTML, like Gecko) Chrome/115.0.0.0 Safari/537.36 Edg/115.0.1901.203"
196.251.83.121 - - [16/Jun/2025:20:16:33 -0400] "HEAD / HTTP/1.1" 302 0 "-" "python-requests/2.32.3"
196.251.83.121 - - [16/Jun/2025:20:16:34 -0400] "HEAD / HTTP/1.1" 302 0 "-" "python-requests/2.32.3"
198.54.114.35 - - [16/Jun/2025:20:48:55 -0400] "POST /wp-cron.php?doing_wp_cron=1750121335.3411049842834472656250 HTTP/1.1" 200 0 "-" "WordPress/6.8.1; https://client.socialdigiinnovator.com"
198.54.114.35 - - [16/Jun/2025:20:48:44 -0400] "GET / HTTP/1.1" 200 9211 "-" "Mozilla/5.0 (Windows NT 10.0; Win64; x64; rv:122.0) Gecko/20100101 Firefox/122.0"