43.153.67.21 - - [16/Jun/2025:16:13:07 -0400] "GET /register/ HTTP/1.1" 200 11800 "https://jobs.socialdigiinnovator.com/?p=344" "Mozilla/5.0 (iPhone; CPU iPhone OS 13_2_3 like Mac OS X) AppleWebKit/605.1.15 (KHTML, like Gecko) Version/13.0.3 Mobile/15E148 Safari/604.1"
198.54.114.35 - - [16/Jun/2025:16:29:35 -0400] "POST /wp-cron.php?doing_wp_cron=1750105775.6815469264984130859375 HTTP/1.1" 200 0 "-" "WordPress/6.8.1; https://jobs.socialdigiinnovator.com"
43.157.95.239 - - [16/Jun/2025:16:29:33 -0400] "GET /register/ HTTP/1.1" 200 11800 "-" "Mozilla/5.0 (iPhone; CPU iPhone OS 13_2_3 like Mac OS X) AppleWebKit/605.1.15 (KHTML, like Gecko) Version/13.0.3 Mobile/15E148 Safari/604.1"
198.54.114.35 - - [16/Jun/2025:16:19:46 -0400] "POST /wp-cron.php?doing_wp_cron=1750105186.1883509159088134765625 HTTP/1.1" 200 0 "-" "WordPress/6.8.1; https://jobs.socialdigiinnovator.com"
43.153.96.79 - - [16/Jun/2025:16:19:44 -0400] "GET /wp-json/oembed/1.0/embed?url=https%3A%2F%2Fjobs.socialdigiinnovator.com%2Fregister%2F HTTP/1.1" 200 2219 "-" "Mozilla/5.0 (iPhone; CPU iPhone OS 13_2_3 like Mac OS X) AppleWebKit/605.1.15 (KHTML, like Gecko) Version/13.0.3 Mobile/15E148 Safari/604.1"
170.106.180.246 - - [16/Jun/2025:16:39:05 -0400] "GET /wp-json/oembed/1.0/embed?url=https%3A%2F%2Fjobs.socialdigiinnovator.com%2Fregister%2F&format=xml HTTP/1.1" 200 1081 "-" "Mozilla/5.0 (iPhone; CPU iPhone OS 13_2_3 like Mac OS X) AppleWebKit/605.1.15 (KHTML, like Gecko) Version/13.0.3 Mobile/15E148 Safari/604.1"
198.54.114.35 - - [16/Jun/2025:16:39:08 -0400] "POST /wp-cron.php?doing_wp_cron=1750106348.0557799339294433593750 HTTP/1.1" 200 0 "-" "WordPress/6.8.1; https://jobs.socialdigiinnovator.com"
198.54.114.35 - - [16/Jun/2025:17:32:30 -0400] "POST /wp-cron.php?doing_wp_cron=1750109549.8611230850219726562500 HTTP/1.1" 200 0 "-" "WordPress/6.8.1; https://jobs.socialdigiinnovator.com"
120.24.215.174 - - [16/Jun/2025:17:32:27 -0400] "GET /public/plugins/ckeditor/images/spacer.gif HTTP/1.1" 404 10799 "http://jobs.socialdigiinnovator.com/public/plugins/ckeditor/images/spacer.gif" "Mozilla/5.0 (Windows NT 10.0; Win64; x64) AppleWebKit/537.36 (KHTML, like Gecko) Chrome/83.0.4103.61 Safari/537.36"
198.54.114.35 - - [16/Jun/2025:17:41:36 -0400] "POST /wp-cron.php?doing_wp_cron=1750110096.7835938930511474609375 HTTP/1.1" 200 0 "-" "WordPress/6.8.1; https://jobs.socialdigiinnovator.com"
43.166.244.251 - - [16/Jun/2025:17:41:34 -0400] "GET /register/embed/ HTTP/1.1" 200 6135 "-" "Mozilla/5.0 (iPhone; CPU iPhone OS 13_2_3 like Mac OS X) AppleWebKit/605.1.15 (KHTML, like Gecko) Version/13.0.3 Mobile/15E148 Safari/604.1"
120.24.215.174 - - [16/Jun/2025:17:32:33 -0400] "GET /public/plugins/Ueditor/dialogs/attachment/fileTypeImages/icon_psd.gif HTTP/1.1" 404 10799 "http://jobs.socialdigiinnovator.com/public/plugins/Ueditor/dialogs/attachment/fileTypeImages/icon_psd.gif" "Mozilla/5.0 (Windows NT 10.0; Win64; x64) AppleWebKit/537.36 (KHTML, like Gecko) Chrome/83.0.4103.61 Safari/537.36"
120.24.215.174 - - [16/Jun/2025:17:32:35 -0400] "GET /public/plugins/Ueditor/dialogs/attachment/images/alignicon.gif HTTP/1.1" 404 10799 "http://jobs.socialdigiinnovator.com/public/plugins/Ueditor/dialogs/attachment/images/alignicon.gif" "Mozilla/5.0 (Windows NT 10.0; Win64; x64) AppleWebKit/537.36 (KHTML, like Gecko) Chrome/83.0.4103.61 Safari/537.36"
2804:390:3204:8900:523e:aaff:fe13:5f1 - - [16/Jun/2025:18:22:36 -0400] "POST /wp-login.php?wpe-login=true HTTP/1.1" 302 0 "https://jobs.socialdigiinnovator.com/wp-login.php" "Mozilla/5.0 (Windows NT 10.0; Win64; x64) AppleWebKit/537.36 (KHTML, like Gecko) Chrome/103.0.0.0 Safari/537.36"
2804:390:3204:8900:523e:aaff:fe13:5f1 - - [16/Jun/2025:18:22:34 -0400] "GET /wp-login.php?wpe-login=true HTTP/1.1" 302 0 "-" "Go-http-client/2.0"
198.54.114.35 - - [16/Jun/2025:18:36:53 -0400] "POST /wp-cron.php?doing_wp_cron=1750113413.3387839794158935546875 HTTP/1.1" 200 0 "-" "WordPress/6.8.1; https://jobs.socialdigiinnovator.com"
198.54.114.35 - - [16/Jun/2025:18:36:53 -0400] "POST /wp-cron.php?doing_wp_cron=1750113413.3387739658355712890625 HTTP/1.1" 200 0 "-" "WordPress/6.8.1; https://jobs.socialdigiinnovator.com"
196.251.72.18 - - [16/Jun/2025:18:36:51 -0400] "POST /ALFA_DATA/alfacgiapi/perl.alfa HTTP/1.1" 404 10799 "www.google.com" "Mozlila/5.0 (Linux; Android 7.0; SM-G892A Bulid/NRD90M; wv) AppleWebKit/537.36 (KHTML, like Gecko) Version/4.0 Chrome/60.0.3112.107 Moblie Safari/537.36"
196.251.72.18 - - [16/Jun/2025:18:36:51 -0400] "GET /hbmecran.php?Fox=d3wL7 HTTP/1.1" 404 10799 "www.google.com" "Mozilla/5.0 (Linux; Android 7.0; SM-G892A Bulid/NRD90M; wv) AppleWebKit/537.36 (KHTML, like Gecko) Version/4.0 Chrome/60.0.3112.107 Moblie Safari/537.36"
196.251.72.18 - - [16/Jun/2025:18:36:53 -0400] "POST /alfacgiapi/perl.alfa HTTP/1.1" 404 10799 "www.google.com" "Mozlila/5.0 (Linux; Android 7.0; SM-G892A Bulid/NRD90M; wv) AppleWebKit/537.36 (KHTML, like Gecko) Version/4.0 Chrome/60.0.3112.107 Moblie Safari/537.36"
196.251.72.18 - - [16/Jun/2025:18:36:51 -0400] "GET / HTTP/1.1" 200 12895 "-" "Mozlila/5.0 (Linux; Android 7.0; SM-G892A Bulid/NRD90M; wv) AppleWebKit/537.36 (KHTML, like Gecko) Version/4.0 Chrome/60.0.3112.107 Moblie Safari/537.36"
196.251.72.18 - - [16/Jun/2025:18:36:55 -0400] "GET /plugins/content/apismtp/apismtp.php.suspected?test=hello HTTP/1.1" 404 10799 "-" "Mozlila/5.0 (Linux; Android 7.0; SM-G892A Bulid/NRD90M; wv) AppleWebKit/537.36 (KHTML, like Gecko) Version/4.0 Chrome/60.0.3112.107 Moblie Safari/537.36"
198.54.114.35 - - [16/Jun/2025:18:36:53 -0400] "POST /wp-cron.php?doing_wp_cron=1750113413.3387579917907714843750 HTTP/1.1" 200 0 "-" "WordPress/6.8.1; https://jobs.socialdigiinnovator.com"
198.54.114.35 - - [16/Jun/2025:18:36:53 -0400] "POST /wp-cron.php?doing_wp_cron=1750113413.3387489318847656250000 HTTP/1.1" 200 0 "-" "WordPress/6.8.1; https://jobs.socialdigiinnovator.com"
196.251.72.18 - - [16/Jun/2025:18:36:51 -0400] "GET /wp-content/themes/seotheme/db.php?u HTTP/1.1" 404 10799 "www.google.com" "Mozlila/5.0 (Linux; Android 7.0; SM-G892A Bulid/NRD90M; wv) AppleWebKit/537.36 (KHTML, like Gecko) Version/4.0 Chrome/60.0.3112.107 Moblie Safari/537.36"
196.251.72.18 - - [16/Jun/2025:18:36:53 -0400] "GET /wp-content/themes/seotheme/db.php?u HTTP/1.1" 404 10799 "www.google.com" "Mozlila/5.0 (Linux; Android 7.0; SM-G892A Bulid/NRD90M; wv) AppleWebKit/537.36 (KHTML, like Gecko) Version/4.0 Chrome/60.0.3112.107 Moblie Safari/537.36"
196.251.72.18 - - [16/Jun/2025:18:36:54 -0400] "GET /wp-content/plugins/apikey/apikey.php?test=hello HTTP/1.1" 404 10799 "-" "Mozlila/5.0 (Linux; Android 7.0; SM-G892A Bulid/NRD90M; wv) AppleWebKit/537.36 (KHTML, like Gecko) Version/4.0 Chrome/60.0.3112.107 Moblie Safari/537.36"
196.251.72.18 - - [16/Jun/2025:18:36:54 -0400] "GET /plugins/content/apismtp/apismtp.php?test=hello HTTP/1.1" 404 10799 "-" "Mozlila/5.0 (Linux; Android 7.0; SM-G892A Bulid/NRD90M; wv) AppleWebKit/537.36 (KHTML, like Gecko) Version/4.0 Chrome/60.0.3112.107 Moblie Safari/537.36"
196.251.72.18 - - [16/Jun/2025:18:36:55 -0400] "GET /wp-content/plugins/apikey/apikey.php.suspected?test=hello HTTP/1.1" 404 10799 "-" "Mozlila/5.0 (Linux; Android 7.0; SM-G892A Bulid/NRD90M; wv) AppleWebKit/537.36 (KHTML, like Gecko) Version/4.0 Chrome/60.0.3112.107 Moblie Safari/537.36"
198.54.114.35 - - [16/Jun/2025:18:55:55 -0400] "POST /wp-cron.php?doing_wp_cron=1750114555.2441639900207519531250 HTTP/1.1" 200 0 "-" "WordPress/6.8.1; https://jobs.socialdigiinnovator.com"
216.244.66.226 - - [16/Jun/2025:18:55:52 -0400] "GET /robots.txt HTTP/1.1" 200 106 "-" "Mozilla/5.0 (compatible; DotBot/1.2; +https://opensiteexplorer.org/dotbot; help@moz.com)"
198.54.114.35 - - [16/Jun/2025:19:48:18 -0400] "POST /wp-cron.php?doing_wp_cron=1750117698.7373669147491455078125 HTTP/1.1" 200 0 "-" "WordPress/6.8.1; https://jobs.socialdigiinnovator.com"
44.244.202.68 - - [16/Jun/2025:19:48:19 -0400] "GET /wp-content/plugins/elementor-pro/assets/css/frontend.min.css?ver=3.23.3 HTTP/1.1" 304 0 "https://jobs.socialdigiinnovator.com/" "Mozilla/5.0 (Linux; Android 8.0.0; SM-G965U Build/R16NW) AppleWebKit/537.36 (KHTML, like Gecko) Chrome/63.0.3239.111 Mobile Safari/537.36"
44.244.202.68 - - [16/Jun/2025:19:48:19 -0400] "GET /wp-content/plugins/elementor/assets/css/widget-text-editor.min.css?ver=3.29.2 HTTP/1.1" 304 0 "https://jobs.socialdigiinnovator.com/" "Mozilla/5.0 (Linux; Android 8.0.0; SM-G965U Build/R16NW) AppleWebKit/537.36 (KHTML, like Gecko) Chrome/63.0.3239.111 Mobile Safari/537.36"
44.244.202.68 - - [16/Jun/2025:19:48:19 -0400] "GET /wp-content/plugins/ultimate-member/assets/css/um-fileupload.min.css?ver=2.10.4 HTTP/1.1" 304 0 "https://jobs.socialdigiinnovator.com/" "Mozilla/5.0 (Linux; Android 8.0.0; SM-G965U Build/R16NW) AppleWebKit/537.36 (KHTML, like Gecko) Chrome/63.0.3239.111 Mobile Safari/537.36"
44.244.202.68 - - [16/Jun/2025:19:48:19 -0400] "GET /wp-content/plugins/ultimate-member/assets/libs/pickadate/default.min.css?ver=3.6.2 HTTP/1.1" 200 574 "https://jobs.socialdigiinnovator.com/" "Mozilla/5.0 (Linux; Android 8.0.0; SM-G965U Build/R16NW) AppleWebKit/537.36 (KHTML, like Gecko) Chrome/63.0.3239.111 Mobile Safari/537.36"
44.244.202.68 - - [16/Jun/2025:19:48:19 -0400] "GET /wp-content/plugins/ultimate-member/assets/libs/legacy/fonticons/fonticons-ii.min.css?ver=2.10.4 HTTP/1.1" 304 0 "https://jobs.socialdigiinnovator.com/" "Mozilla/5.0 (Linux; Android 8.0.0; SM-G965U Build/R16NW) AppleWebKit/537.36 (KHTML, like Gecko) Chrome/63.0.3239.111 Mobile Safari/537.36"
44.244.202.68 - - [16/Jun/2025:19:48:19 -0400] "GET /wp-content/uploads/elementor/google-fonts/css/roboto.css?ver=1742261594 HTTP/1.1" 304 0 "https://jobs.socialdigiinnovator.com/" "Mozilla/5.0 (Linux; Android 8.0.0; SM-G965U Build/R16NW) AppleWebKit/537.36 (KHTML, like Gecko) Chrome/63.0.3239.111 Mobile Safari/537.36"
44.244.202.68 - - [16/Jun/2025:19:48:19 -0400] "GET /wp-content/plugins/ultimate-member/assets/css/common.min.css?ver=2.10.4 HTTP/1.1" 304 0 "https://jobs.socialdigiinnovator.com/" "Mozilla/5.0 (Linux; Android 8.0.0; SM-G965U Build/R16NW) AppleWebKit/537.36 (KHTML, like Gecko) Chrome/63.0.3239.111 Mobile Safari/537.36"
44.244.202.68 - - [16/Jun/2025:19:48:19 -0400] "GET /wp-content/plugins/material-design-icons-for-elementor/assets/material-icons/css/material-icons-regular.css?ver=1.5.1 HTTP/1.1" 304 0 "https://jobs.socialdigiinnovator.com/" "Mozilla/5.0 (Linux; Android 8.0.0; SM-G965U Build/R16NW) AppleWebKit/537.36 (KHTML, like Gecko) Chrome/63.0.3239.111 Mobile Safari/537.36"
44.244.202.68 - - [16/Jun/2025:19:48:20 -0400] "GET /wp-content/plugins/ultimate-member/assets/libs/jquery-form/jquery-form.min.js?ver=2.10.4 HTTP/1.1" 304 0 "https://jobs.socialdigiinnovator.com/" "Mozilla/5.0 (Linux; Android 8.0.0; SM-G965U Build/R16NW) AppleWebKit/537.36 (KHTML, like Gecko) Chrome/63.0.3239.111 Mobile Safari/537.36"
44.244.202.68 - - [16/Jun/2025:19:48:20 -0400] "GET /wp-content/plugins/ultimate-member/assets/js/um-responsive.min.js?ver=2.10.4 HTTP/1.1" 304 0 "https://jobs.socialdigiinnovator.com/" "Mozilla/5.0 (Linux; Android 8.0.0; SM-G965U Build/R16NW) AppleWebKit/537.36 (KHTML, like Gecko) Chrome/63.0.3239.111 Mobile Safari/537.36"
44.244.202.68 - - [16/Jun/2025:19:48:20 -0400] "GET /wp-content/themes/jobify/js/select2.full.min.js?ver=4.0.9 HTTP/1.1" 304 0 "https://jobs.socialdigiinnovator.com/" "Mozilla/5.0 (Linux; Android 8.0.0; SM-G965U Build/R16NW) AppleWebKit/537.36 (KHTML, like Gecko) Chrome/63.0.3239.111 Mobile Safari/537.36"
44.244.202.68 - - [16/Jun/2025:19:48:16 -0400] "GET / HTTP/1.1" 200 12895 "-" "Mozilla/5.0 (Linux; Android 8.0.0; SM-G965U Build/R16NW) AppleWebKit/537.36 (KHTML, like Gecko) Chrome/63.0.3239.111 Mobile Safari/537.36"
44.244.202.68 - - [16/Jun/2025:19:48:19 -0400] "GET /wp-content/plugins/elementor/assets/css/widget-heading.min.css?ver=3.29.2 HTTP/1.1" 304 0 "https://jobs.socialdigiinnovator.com/" "Mozilla/5.0 (Linux; Android 8.0.0; SM-G965U Build/R16NW) AppleWebKit/537.36 (KHTML, like Gecko) Chrome/63.0.3239.111 Mobile Safari/537.36"
44.244.202.68 - - [16/Jun/2025:19:48:19 -0400] "GET /wp-content/plugins/ultimate-member/assets/libs/jquery-ui/jquery-ui.min.css?ver=1.13.2 HTTP/1.1" 304 0 "https://jobs.socialdigiinnovator.com/" "Mozilla/5.0 (Linux; Android 8.0.0; SM-G965U Build/R16NW) AppleWebKit/537.36 (KHTML, like Gecko) Chrome/63.0.3239.111 Mobile Safari/537.36"
44.244.202.68 - - [16/Jun/2025:19:48:19 -0400] "GET /wp-content/plugins/ultimate-member/assets/css/um-responsive.min.css?ver=2.10.4 HTTP/1.1" 200 1404 "https://jobs.socialdigiinnovator.com/" "Mozilla/5.0 (Linux; Android 8.0.0; SM-G965U Build/R16NW) AppleWebKit/537.36 (KHTML, like Gecko) Chrome/63.0.3239.111 Mobile Safari/537.36"
44.244.202.68 - - [16/Jun/2025:19:48:19 -0400] "GET /wp-content/plugins/ultimate-member/assets/css/um-misc.min.css?ver=2.10.4 HTTP/1.1" 304 0 "https://jobs.socialdigiinnovator.com/" "Mozilla/5.0 (Linux; Android 8.0.0; SM-G965U Build/R16NW) AppleWebKit/537.36 (KHTML, like Gecko) Chrome/63.0.3239.111 Mobile Safari/537.36"
44.244.202.68 - - [16/Jun/2025:19:48:19 -0400] "GET /wp-content/plugins/ultimate-member/assets/css/um-profile.min.css?ver=2.10.4 HTTP/1.1" 304 0 "https://jobs.socialdigiinnovator.com/" "Mozilla/5.0 (Linux; Android 8.0.0; SM-G965U Build/R16NW) AppleWebKit/537.36 (KHTML, like Gecko) Chrome/63.0.3239.111 Mobile Safari/537.36"
44.244.202.68 - - [16/Jun/2025:19:48:19 -0400] "GET /wp-includes/js/jquery/jquery-migrate.min.js?ver=3.4.1 HTTP/1.1" 304 0 "https://jobs.socialdigiinnovator.com/" "Mozilla/5.0 (Linux; Android 8.0.0; SM-G965U Build/R16NW) AppleWebKit/537.36 (KHTML, like Gecko) Chrome/63.0.3239.111 Mobile Safari/537.36"
44.244.202.68 - - [16/Jun/2025:19:48:19 -0400] "GET /wp-content/plugins/ultimate-member/assets/js/um-gdpr.min.js?ver=2.10.4 HTTP/1.1" 304 0 "https://jobs.socialdigiinnovator.com/" "Mozilla/5.0 (Linux; Android 8.0.0; SM-G965U Build/R16NW) AppleWebKit/537.36 (KHTML, like Gecko) Chrome/63.0.3239.111 Mobile Safari/537.36"
44.244.202.68 - - [16/Jun/2025:19:48:19 -0400] "GET /wp-includes/js/jquery/jquery.min.js?ver=3.7.1 HTTP/1.1" 200 29744 "https://jobs.socialdigiinnovator.com/" "Mozilla/5.0 (Linux; Android 8.0.0; SM-G965U Build/R16NW) AppleWebKit/537.36 (KHTML, like Gecko) Chrome/63.0.3239.111 Mobile Safari/537.36"
44.244.202.68 - - [16/Jun/2025:19:48:20 -0400] "GET /wp-includes/js/dist/hooks.min.js?ver=4d63a3d491d11ffd8ac6 HTTP/1.1" 304 0 "https://jobs.socialdigiinnovator.com/" "Mozilla/5.0 (Linux; Android 8.0.0; SM-G965U Build/R16NW) AppleWebKit/537.36 (KHTML, like Gecko) Chrome/63.0.3239.111 Mobile Safari/537.36"
44.244.202.68 - - [16/Jun/2025:19:48:20 -0400] "GET /wp-includes/js/wp-util.min.js?ver=6.8.1 HTTP/1.1" 304 0 "https://jobs.socialdigiinnovator.com/" "Mozilla/5.0 (Linux; Android 8.0.0; SM-G965U Build/R16NW) AppleWebKit/537.36 (KHTML, like Gecko) Chrome/63.0.3239.111 Mobile Safari/537.36"
44.244.202.68 - - [16/Jun/2025:19:48:20 -0400] "GET /wp-content/plugins/ultimate-member/assets/js/common-frontend.min.js?ver=2.10.4 HTTP/1.1" 304 0 "https://jobs.socialdigiinnovator.com/" "Mozilla/5.0 (Linux; Android 8.0.0; SM-G965U Build/R16NW) AppleWebKit/537.36 (KHTML, like Gecko) Chrome/63.0.3239.111 Mobile Safari/537.36"
44.244.202.68 - - [16/Jun/2025:19:48:20 -0400] "GET /wp-content/plugins/elementor-pro/assets/js/frontend.min.js?ver=3.23.3 HTTP/1.1" 304 0 "https://jobs.socialdigiinnovator.com/" "Mozilla/5.0 (Linux; Android 8.0.0; SM-G965U Build/R16NW) AppleWebKit/537.36 (KHTML, like Gecko) Chrome/63.0.3239.111 Mobile Safari/537.36"
44.244.202.68 - - [16/Jun/2025:19:48:20 -0400] "GET /wp-content/plugins/ultimate-member/assets/libs/pickadate/picker.time.min.js?ver=3.6.2 HTTP/1.1" 304 0 "https://jobs.socialdigiinnovator.com/" "Mozilla/5.0 (Linux; Android 8.0.0; SM-G965U Build/R16NW) AppleWebKit/537.36 (KHTML, like Gecko) Chrome/63.0.3239.111 Mobile Safari/537.36"
44.244.202.68 - - [16/Jun/2025:19:48:20 -0400] "GET /wp-content/plugins/ultimate-member/assets/libs/tipsy/tipsy.min.js?ver=1.0.0a HTTP/1.1" 200 1448 "https://jobs.socialdigiinnovator.com/" "Mozilla/5.0 (Linux; Android 8.0.0; SM-G965U Build/R16NW) AppleWebKit/537.36 (KHTML, like Gecko) Chrome/63.0.3239.111 Mobile Safari/537.36"
44.244.202.68 - - [16/Jun/2025:19:48:20 -0400] "GET /wp-content/plugins/ultimate-member/assets/libs/select2/select2.full.min.js?ver=4.0.13 HTTP/1.1" 304 0 "https://jobs.socialdigiinnovator.com/" "Mozilla/5.0 (Linux; Android 8.0.0; SM-G965U Build/R16NW) AppleWebKit/537.36 (KHTML, like Gecko) Chrome/63.0.3239.111 Mobile Safari/537.36"
44.244.202.68 - - [16/Jun/2025:19:48:20 -0400] "GET /wp-content/plugins/ultimate-member/assets/libs/pickadate/picker.min.js?ver=3.6.2 HTTP/1.1" 304 0 "https://jobs.socialdigiinnovator.com/" "Mozilla/5.0 (Linux; Android 8.0.0; SM-G965U Build/R16NW) AppleWebKit/537.36 (KHTML, like Gecko) Chrome/63.0.3239.111 Mobile Safari/537.36"
44.244.202.68 - - [16/Jun/2025:19:48:20 -0400] "GET /wp-content/plugins/ultimate-member/assets/libs/um-confirm/um-confirm.min.js?ver=1.0 HTTP/1.1" 304 0 "https://jobs.socialdigiinnovator.com/" "Mozilla/5.0 (Linux; Android 8.0.0; SM-G965U Build/R16NW) AppleWebKit/537.36 (KHTML, like Gecko) Chrome/63.0.3239.111 Mobile Safari/537.36"
44.244.202.68 - - [16/Jun/2025:19:48:20 -0400] "GET /wp-content/themes/jobify/js/jobify.min.js?ver=4.0.9 HTTP/1.1" 304 0 "https://jobs.socialdigiinnovator.com/" "Mozilla/5.0 (Linux; Android 8.0.0; SM-G965U Build/R16NW) AppleWebKit/537.36 (KHTML, like Gecko) Chrome/63.0.3239.111 Mobile Safari/537.36"
44.244.202.68 - - [16/Jun/2025:19:48:20 -0400] "GET /wp-content/plugins/ultimate-member/assets/js/um-conditional.min.js?ver=2.10.4 HTTP/1.1" 304 0 "https://jobs.socialdigiinnovator.com/" "Mozilla/5.0 (Linux; Android 8.0.0; SM-G965U Build/R16NW) AppleWebKit/537.36 (KHTML, like Gecko) Chrome/63.0.3239.111 Mobile Safari/537.36"
44.244.202.68 - - [16/Jun/2025:19:48:20 -0400] "GET /wp-includes/js/underscore.min.js?ver=1.13.7 HTTP/1.1" 304 0 "https://jobs.socialdigiinnovator.com/" "Mozilla/5.0 (Linux; Android 8.0.0; SM-G965U Build/R16NW) AppleWebKit/537.36 (KHTML, like Gecko) Chrome/63.0.3239.111 Mobile Safari/537.36"
44.244.202.68 - - [16/Jun/2025:19:48:20 -0400] "GET /wp-content/plugins/ultimate-member/assets/libs/select2/i18n/en.js?ver=4.0.13 HTTP/1.1" 304 0 "https://jobs.socialdigiinnovator.com/" "Mozilla/5.0 (Linux; Android 8.0.0; SM-G965U Build/R16NW) AppleWebKit/537.36 (KHTML, like Gecko) Chrome/63.0.3239.111 Mobile Safari/537.36"
44.244.202.68 - - [16/Jun/2025:19:48:20 -0400] "GET /wp-content/plugins/ultimate-member/assets/js/um-account.min.js?ver=2.10.4 HTTP/1.1" 304 0 "https://jobs.socialdigiinnovator.com/" "Mozilla/5.0 (Linux; Android 8.0.0; SM-G965U Build/R16NW) AppleWebKit/537.36 (KHTML, like Gecko) Chrome/63.0.3239.111 Mobile Safari/537.36"
44.244.202.68 - - [16/Jun/2025:19:48:20 -0400] "GET /wp-content/plugins/ultimate-member/assets/js/um-functions.min.js?ver=2.10.4 HTTP/1.1" 304 0 "https://jobs.socialdigiinnovator.com/" "Mozilla/5.0 (Linux; Android 8.0.0; SM-G965U Build/R16NW) AppleWebKit/537.36 (KHTML, like Gecko) Chrome/63.0.3239.111 Mobile Safari/537.36"
44.244.202.68 - - [16/Jun/2025:19:48:20 -0400] "GET /wp-content/plugins/ultimate-member/assets/js/um-scripts.min.js?ver=2.10.4 HTTP/1.1" 304 0 "https://jobs.socialdigiinnovator.com/" "Mozilla/5.0 (Linux; Android 8.0.0; SM-G965U Build/R16NW) AppleWebKit/537.36 (KHTML, like Gecko) Chrome/63.0.3239.111 Mobile Safari/537.36"
44.244.202.68 - - [16/Jun/2025:19:48:20 -0400] "GET /wp-content/plugins/ultimate-member/assets/libs/cropper/cropper.min.js?ver=1.6.1 HTTP/1.1" 304 0 "https://jobs.socialdigiinnovator.com/" "Mozilla/5.0 (Linux; Android 8.0.0; SM-G965U Build/R16NW) AppleWebKit/537.36 (KHTML, like Gecko) Chrome/63.0.3239.111 Mobile Safari/537.36"
44.244.202.68 - - [16/Jun/2025:19:48:20 -0400] "GET /wp-content/themes/jobify/js/vendor/validatejs/jquery.validate.min.js?ver=4.0.9 HTTP/1.1" 304 0 "https://jobs.socialdigiinnovator.com/" "Mozilla/5.0 (Linux; Android 8.0.0; SM-G965U Build/R16NW) AppleWebKit/537.36 (KHTML, like Gecko) Chrome/63.0.3239.111 Mobile Safari/537.36"
44.244.202.68 - - [16/Jun/2025:19:48:20 -0400] "GET /wp-content/plugins/ultimate-member/assets/libs/pickadate/picker.date.min.js?ver=3.6.2 HTTP/1.1" 304 0 "https://jobs.socialdigiinnovator.com/" "Mozilla/5.0 (Linux; Android 8.0.0; SM-G965U Build/R16NW) AppleWebKit/537.36 (KHTML, like Gecko) Chrome/63.0.3239.111 Mobile Safari/537.36"
44.244.202.68 - - [16/Jun/2025:19:48:20 -0400] "GET /wp-content/themes/jobify/js/vendor/salvattore/salvattore.min.js?ver=6.8.1 HTTP/1.1" 200 2542 "https://jobs.socialdigiinnovator.com/" "Mozilla/5.0 (Linux; Android 8.0.0; SM-G965U Build/R16NW) AppleWebKit/537.36 (KHTML, like Gecko) Chrome/63.0.3239.111 Mobile Safari/537.36"
44.244.202.68 - - [16/Jun/2025:19:48:20 -0400] "GET /wp-content/plugins/elementor/assets/js/frontend.min.js?ver=3.29.2 HTTP/1.1" 304 0 "https://jobs.socialdigiinnovator.com/" "Mozilla/5.0 (Linux; Android 8.0.0; SM-G965U Build/R16NW) AppleWebKit/537.36 (KHTML, like Gecko) Chrome/63.0.3239.111 Mobile Safari/537.36"
44.244.202.68 - - [16/Jun/2025:19:48:20 -0400] "GET /wp-content/plugins/ultimate-member/assets/js/common.min.js?ver=2.10.4 HTTP/1.1" 304 0 "https://jobs.socialdigiinnovator.com/" "Mozilla/5.0 (Linux; Android 8.0.0; SM-G965U Build/R16NW) AppleWebKit/537.36 (KHTML, like Gecko) Chrome/63.0.3239.111 Mobile Safari/537.36"
44.244.202.68 - - [16/Jun/2025:19:48:20 -0400] "GET /wp-content/plugins/elementor/assets/js/webpack.runtime.min.js?ver=3.29.2 HTTP/1.1" 304 0 "https://jobs.socialdigiinnovator.com/" "Mozilla/5.0 (Linux; Android 8.0.0; SM-G965U Build/R16NW) AppleWebKit/537.36 (KHTML, like Gecko) Chrome/63.0.3239.111 Mobile Safari/537.36"
44.244.202.68 - - [16/Jun/2025:19:48:20 -0400] "GET /wp-content/plugins/elementor-pro/assets/js/elements-handlers.min.js?ver=3.23.3 HTTP/1.1" 304 0 "https://jobs.socialdigiinnovator.com/" "Mozilla/5.0 (Linux; Android 8.0.0; SM-G965U Build/R16NW) AppleWebKit/537.36 (KHTML, like Gecko) Chrome/63.0.3239.111 Mobile Safari/537.36"
44.244.202.68 - - [16/Jun/2025:19:48:20 -0400] "GET /wp-content/plugins/ultimate-member/assets/js/um-modal.min.js?ver=2.10.4 HTTP/1.1" 304 0 "https://jobs.socialdigiinnovator.com/" "Mozilla/5.0 (Linux; Android 8.0.0; SM-G965U Build/R16NW) AppleWebKit/537.36 (KHTML, like Gecko) Chrome/63.0.3239.111 Mobile Safari/537.36"
44.244.202.68 - - [16/Jun/2025:19:48:20 -0400] "GET /wp-includes/js/dist/i18n.min.js?ver=5e580eb46a90c2b997e6 HTTP/1.1" 304 0 "https://jobs.socialdigiinnovator.com/" "Mozilla/5.0 (Linux; Android 8.0.0; SM-G965U Build/R16NW) AppleWebKit/537.36 (KHTML, like Gecko) Chrome/63.0.3239.111 Mobile Safari/537.36"
44.244.202.68 - - [16/Jun/2025:19:48:20 -0400] "GET /wp-content/plugins/ultimate-member/assets/libs/fileupload/fileupload.js?ver=2.10.4 HTTP/1.1" 304 0 "https://jobs.socialdigiinnovator.com/" "Mozilla/5.0 (Linux; Android 8.0.0; SM-G965U Build/R16NW) AppleWebKit/537.36 (KHTML, like Gecko) Chrome/63.0.3239.111 Mobile Safari/537.36"
44.244.202.68 - - [16/Jun/2025:19:48:20 -0400] "GET /wp-content/plugins/ultimate-member/assets/js/um-profile.min.js?ver=2.10.4 HTTP/1.1" 304 0 "https://jobs.socialdigiinnovator.com/" "Mozilla/5.0 (Linux; Android 8.0.0; SM-G965U Build/R16NW) AppleWebKit/537.36 (KHTML, like Gecko) Chrome/63.0.3239.111 Mobile Safari/537.36"
44.244.202.68 - - [16/Jun/2025:19:48:20 -0400] "GET /wp-content/plugins/elementor-pro/assets/js/webpack-pro.runtime.min.js?ver=3.23.3 HTTP/1.1" 304 0 "https://jobs.socialdigiinnovator.com/" "Mozilla/5.0 (Linux; Android 8.0.0; SM-G965U Build/R16NW) AppleWebKit/537.36 (KHTML, like Gecko) Chrome/63.0.3239.111 Mobile Safari/537.36"
198.54.114.35 - - [16/Jun/2025:19:48:48 -0400] "POST /wp-cron.php?doing_wp_cron=1750117728.4284238815307617187500 HTTP/1.1" 200 0 "-" "WordPress/6.8.1; https://jobs.socialdigiinnovator.com"
165.22.222.185 - - [16/Jun/2025:19:48:48 -0400] "GET / HTTP/1.1" 200 12895 "-" "Mozilla/5.0 (Windows NT 10.0; Win64; x64) AppleWebKit/537.36 (KHTML, like Gecko) Chrome/89.0.4389.114 Safari/537.36"
165.22.222.185 - - [16/Jun/2025:19:48:49 -0400] "GET //wp-includes/wlwmanifest.xml HTTP/1.1" 301 0 "-" "Mozilla/5.0 (Windows NT 10.0; Win64; x64) AppleWebKit/537.36 (KHTML, like Gecko) Chrome/89.0.4389.114 Safari/537.36"
165.22.222.185 - - [16/Jun/2025:19:48:50 -0400] "GET //?author=1 HTTP/1.1" 403 1242 "-" "Mozilla/5.0 (Windows NT 10.0; Win64; x64) AppleWebKit/537.36 (KHTML, like Gecko) Chrome/89.0.4389.114 Safari/537.36"
44.244.202.68 - - [16/Jun/2025:19:48:20 -0400] "GET /wp-content/plugins/elementor/assets/js/frontend-modules.min.js?ver=3.29.2 HTTP/1.1" 304 0 "https://jobs.socialdigiinnovator.com/" "Mozilla/5.0 (Linux; Android 8.0.0; SM-G965U Build/R16NW) AppleWebKit/537.36 (KHTML, like Gecko) Chrome/63.0.3239.111 Mobile Safari/537.36"
44.244.202.68 - - [16/Jun/2025:19:48:20 -0400] "GET /wp-content/plugins/ultimate-member/assets/libs/raty/um-raty.min.js?ver=2.6.0 HTTP/1.1" 304 0 "https://jobs.socialdigiinnovator.com/" "Mozilla/5.0 (Linux; Android 8.0.0; SM-G965U Build/R16NW) AppleWebKit/537.36 (KHTML, like Gecko) Chrome/63.0.3239.111 Mobile Safari/537.36"
44.244.202.68 - - [16/Jun/2025:19:48:20 -0400] "GET /wp-includes/js/jquery/ui/core.min.js?ver=1.13.3 HTTP/1.1" 304 0 "https://jobs.socialdigiinnovator.com/" "Mozilla/5.0 (Linux; Android 8.0.0; SM-G965U Build/R16NW) AppleWebKit/537.36 (KHTML, like Gecko) Chrome/63.0.3239.111 Mobile Safari/537.36"
44.244.202.68 - - [16/Jun/2025:19:48:20 -0400] "GET /wp-includes/js/wp-emoji-release.min.js?ver=6.8.1 HTTP/1.1" 304 0 "https://jobs.socialdigiinnovator.com/" "Mozilla/5.0 (Linux; Android 8.0.0; SM-G965U Build/R16NW) AppleWebKit/537.36 (KHTML, like Gecko) Chrome/63.0.3239.111 Mobile Safari/537.36"
165.22.222.185 - - [16/Jun/2025:19:48:49 -0400] "GET / HTTP/1.1" 200 12895 "-" "Mozilla/5.0 (Windows NT 10.0; Win64; x64) AppleWebKit/537.36 (KHTML, like Gecko) Chrome/89.0.4389.114 Safari/537.36"
165.22.222.185 - - [16/Jun/2025:19:48:50 -0400] "GET //?author=2 HTTP/1.1" 403 1242 "-" "Mozilla/5.0 (Windows NT 10.0; Win64; x64) AppleWebKit/537.36 (KHTML, like Gecko) Chrome/89.0.4389.114 Safari/537.36"
165.22.222.185 - - [16/Jun/2025:19:48:51 -0400] "GET //?author=3 HTTP/1.1" 403 1242 "-" "Mozilla/5.0 (Windows NT 10.0; Win64; x64) AppleWebKit/537.36 (KHTML, like Gecko) Chrome/89.0.4389.114 Safari/537.36"
165.22.222.185 - - [16/Jun/2025:19:48:51 -0400] "GET //wp-json/wp/v2/users/ HTTP/1.1" 200 917 "-" "Mozilla/5.0 (Windows NT 10.0; Win64; x64) AppleWebKit/537.36 (KHTML, like Gecko) Chrome/89.0.4389.114 Safari/537.36"
198.54.114.35 - - [16/Jun/2025:20:48:57 -0400] "POST /wp-cron.php?doing_wp_cron=1750121337.2894051074981689453125 HTTP/1.1" 200 0 "-" "WordPress/6.8.1; https://jobs.socialdigiinnovator.com"
198.54.114.35 - - [16/Jun/2025:20:48:45 -0400] "GET / HTTP/1.1" 200 12896 "-" "Mozilla/5.0 (Windows NT 10.0; Win64; x64; rv:122.0) Gecko/20100101 Firefox/122.0"
198.54.114.35 - - [16/Jun/2025:20:53:25 -0400] "POST /wp-cron.php?doing_wp_cron=1750121605.1952428817749023437500 HTTP/1.1" 200 0 "-" "WordPress/6.8.1; https://jobs.socialdigiinnovator.com"
185.191.171.14 - - [16/Jun/2025:20:53:22 -0400] "GET /robots.txt HTTP/1.1" 200 106 "-" "Mozilla/5.0 (compatible; SemrushBot/7~bl; +http://www.semrush.com/bot.html)"
85.208.96.207 - - [16/Jun/2025:20:53:25 -0400] "GET /e2593dawanqi/eebcbd431300.html HTTP/1.1" 404 10798 "-" "Mozilla/5.0 (compatible; SemrushBot/7~bl; +http://www.semrush.com/bot.html)"
198.54.114.35 - - [16/Jun/2025:20:57:21 -0400] "POST /wp-cron.php?doing_wp_cron=1750121841.3779129981994628906250 HTTP/1.1" 200 0 "-" "WordPress/6.8.1; https://jobs.socialdigiinnovator.com"
99.81.216.206 - - [16/Jun/2025:20:57:19 -0400] "GET / HTTP/1.1" 200 12896 "-" "Mozilla/5.0 (Windows; U; Windows NT 6.0; tr-TR) AppleWebKit/533.18.1 (KHTML, like Gecko) Version/5.0.2 Safari/533.18.5"
198.54.114.35 - - [16/Jun/2025:21:27:58 -0400] "POST /wp-cron.php?doing_wp_cron=1750123678.4241569042205810546875 HTTP/1.1" 200 0 "-" "WordPress/6.8.1; https://jobs.socialdigiinnovator.com"
85.208.96.210 - - [16/Jun/2025:21:27:55 -0400] "GET /bb8subsidise/bbccc1251805.html HTTP/1.1" 404 10798 "-" "Mozilla/5.0 (compatible; SemrushBot/7~bl; +http://www.semrush.com/bot.html)"
45.136.25.113 - - [16/Jun/2025:21:54:53 -0400] "GET / HTTP/1.1" 200 12896 "-" "Mozilla/5.0 (Windows NT 6.1; Win64; x64) AppleWebKit/537.36 (KHTML, like Gecko) Chrome/75.0.2508.118 Safari/537.36"
45.136.25.113 - - [16/Jun/2025:21:54:58 -0400] "POST /wp-login.php HTTP/1.1" 302 0 "-" "Mozilla/5.0 (Windows NT 6.1; Win64; x64) AppleWebKit/537.36 (KHTML, like Gecko) Chrome/75.0.2508.118 Safari/537.36"
185.77.223.217 - - [16/Jun/2025:21:55:00 -0400] "GET / HTTP/1.1" 200 12896 "-" "Mozilla/5.0 (Windows NT 6.1; Win64; x64; rv:72.0) Gecko/20100101 Firefox/72.0"
185.77.223.217 - - [16/Jun/2025:21:55:01 -0400] "GET /wp-login.php HTTP/1.1" 302 0 "-" "Mozilla/5.0 (Windows NT 6.1; Win64; x64; rv:72.0) Gecko/20100101 Firefox/72.0"
185.77.223.217 - - [16/Jun/2025:21:55:04 -0400] "GET /wp-login.php?redirect_to=https%3A%2F%2Fjobs.socialdigiinnovator.com%2Fwp-admin%2F&reauth=1 HTTP/1.1" 302 0 "-" "Mozilla/5.0 (Windows NT 6.1; Win64; x64; rv:72.0) Gecko/20100101 Firefox/72.0"
185.77.223.217 - - [16/Jun/2025:21:55:04 -0400] "GET /404 HTTP/1.1" 404 10798 "-" "Mozilla/5.0 (Windows NT 6.1; Win64; x64; rv:72.0) Gecko/20100101 Firefox/72.0"
198.54.114.35 - - [16/Jun/2025:21:54:56 -0400] "POST /wp-cron.php?doing_wp_cron=1750125296.5216660499572753906250 HTTP/1.1" 200 0 "-" "WordPress/6.8.1; https://jobs.socialdigiinnovator.com"
45.136.25.113 - - [16/Jun/2025:21:54:58 -0400] "POST /xmlrpc.php HTTP/1.1" 403 1242 "-" "Mozilla/5.0 (Windows NT 6.1; Win64; x64) AppleWebKit/537.36 (KHTML, like Gecko) Chrome/75.0.2508.118 Safari/537.36"
185.77.223.217 - - [16/Jun/2025:21:55:00 -0400] "GET / HTTP/1.1" 200 12896 "-" "Mozilla/5.0 (Windows NT 6.1; Win64; x64; rv:72.0) Gecko/20100101 Firefox/72.0"
185.77.223.217 - - [16/Jun/2025:21:55:02 -0400] "GET /404 HTTP/1.1" 404 10798 "-" "Mozilla/5.0 (Windows NT 6.1; Win64; x64; rv:72.0) Gecko/20100101 Firefox/72.0"
185.77.223.217 - - [16/Jun/2025:21:55:03 -0400] "GET /wp-admin/ HTTP/1.1" 302 0 "-" "Mozilla/5.0 (Windows NT 6.1; Win64; x64; rv:72.0) Gecko/20100101 Firefox/72.0"
196.251.81.91 - - [16/Jun/2025:22:46:35 -0400] "GET /wp-content/themes/seotheme/db.php?u HTTP/1.1" 404 10798 "www.google.com" "Mozlila/5.0 (Linux; Android 7.0; SM-G892A Bulid/NRD90M; wv) AppleWebKit/537.36 (KHTML, like Gecko) Version/4.0 Chrome/60.0.3112.107 Moblie Safari/537.36"
196.251.81.91 - - [16/Jun/2025:22:46:35 -0400] "POST /ALFA_DATA/alfacgiapi/perl.alfa HTTP/1.1" 404 10798 "www.google.com" "Mozlila/5.0 (Linux; Android 7.0; SM-G892A Bulid/NRD90M; wv) AppleWebKit/537.36 (KHTML, like Gecko) Version/4.0 Chrome/60.0.3112.107 Moblie Safari/537.36"
196.251.81.91 - - [16/Jun/2025:22:46:35 -0400] "GET /nlgufzfp.php?Fox=d3wL7 HTTP/1.1" 404 10798 "www.google.com" "Mozilla/5.0 (Linux; Android 7.0; SM-G892A Bulid/NRD90M; wv) AppleWebKit/537.36 (KHTML, like Gecko) Version/4.0 Chrome/60.0.3112.107 Moblie Safari/537.36"
196.251.81.91 - - [16/Jun/2025:22:46:36 -0400] "POST /alfacgiapi/perl.alfa HTTP/1.1" 404 10798 "www.google.com" "Mozlila/5.0 (Linux; Android 7.0; SM-G892A Bulid/NRD90M; wv) AppleWebKit/537.36 (KHTML, like Gecko) Version/4.0 Chrome/60.0.3112.107 Moblie Safari/537.36"
196.251.81.91 - - [16/Jun/2025:22:46:37 -0400] "GET /wp-content/plugins/apikey/apikey.php?test=hello HTTP/1.1" 404 10798 "-" "Mozlila/5.0 (Linux; Android 7.0; SM-G892A Bulid/NRD90M; wv) AppleWebKit/537.36 (KHTML, like Gecko) Version/4.0 Chrome/60.0.3112.107 Moblie Safari/537.36"
196.251.81.91 - - [16/Jun/2025:22:46:38 -0400] "GET /plugins/content/apismtp/apismtp.php?test=hello HTTP/1.1" 404 10798 "-" "Mozlila/5.0 (Linux; Android 7.0; SM-G892A Bulid/NRD90M; wv) AppleWebKit/537.36 (KHTML, like Gecko) Version/4.0 Chrome/60.0.3112.107 Moblie Safari/537.36"
196.251.81.91 - - [16/Jun/2025:22:46:39 -0400] "GET /wp-content/plugins/apikey/apikey.php.suspected?test=hello HTTP/1.1" 404 10798 "-" "Mozlila/5.0 (Linux; Android 7.0; SM-G892A Bulid/NRD90M; wv) AppleWebKit/537.36 (KHTML, like Gecko) Version/4.0 Chrome/60.0.3112.107 Moblie Safari/537.36"
196.251.81.91 - - [16/Jun/2025:22:46:39 -0400] "GET /plugins/content/apismtp/apismtp.php.suspected?test=hello HTTP/1.1" 404 10796 "-" "Mozlila/5.0 (Linux; Android 7.0; SM-G892A Bulid/NRD90M; wv) AppleWebKit/537.36 (KHTML, like Gecko) Version/4.0 Chrome/60.0.3112.107 Moblie Safari/537.36"
198.54.114.35 - - [16/Jun/2025:22:46:08 -0400] "POST /wp-cron.php?doing_wp_cron=1750128368.2642869949340820312500 HTTP/1.1" 200 0 "-" "WordPress/6.8.1; https://jobs.socialdigiinnovator.com"
216.244.66.226 - - [16/Jun/2025:22:46:05 -0400] "GET /robots.txt HTTP/1.1" 200 106 "-" "Mozilla/5.0 (compatible; DotBot/1.2; +https://opensiteexplorer.org/dotbot; help@moz.com)"
198.54.114.35 - - [16/Jun/2025:22:46:36 -0400] "POST /wp-cron.php?doing_wp_cron=1750128395.9572360515594482421875 HTTP/1.1" 200 0 "-" "WordPress/6.8.1; https://jobs.socialdigiinnovator.com"
196.251.81.91 - - [16/Jun/2025:22:46:35 -0400] "GET /wp-content/plugins/fix/up.php HTTP/1.1" 404 10798 "-" "Mozilla/5.0 (Windows NT 10.0; Win64; x64) AppleWebKit/537.36 (KHTML, like Gecko) Chrome/85.0.4183.102 Safari/537.36"
196.251.81.91 - - [16/Jun/2025:22:46:36 -0400] "GET /wp-content/themes/seotheme/db.php?u HTTP/1.1" 404 10798 "www.google.com" "Mozlila/5.0 (Linux; Android 7.0; SM-G892A Bulid/NRD90M; wv) AppleWebKit/537.36 (KHTML, like Gecko) Version/4.0 Chrome/60.0.3112.107 Moblie Safari/537.36"
196.251.81.91 - - [16/Jun/2025:22:46:35 -0400] "GET / HTTP/1.1" 200 12896 "-" "Mozlila/5.0 (Linux; Android 7.0; SM-G892A Bulid/NRD90M; wv) AppleWebKit/537.36 (KHTML, like Gecko) Version/4.0 Chrome/60.0.3112.107 Moblie Safari/537.36"
104.210.140.134 - - [16/Jun/2025:22:46:39 -0400] "GET /robots.txt HTTP/1.1" 200 106 "-" "Mozilla/5.0 (Macintosh; Intel Mac OS X 10_15_7) AppleWebKit/537.36 (KHTML, like Gecko) Chrome/131.0.0.0 Safari/537.36; compatible; OAI-SearchBot/1.0; +https://openai.com/searchbot"
134.122.133.31 - - [16/Jun/2025:22:53:01 -0400] "GET / HTTP/1.1" 200 12896 "-" "Mozilla/5.0 (Linux;u;Android 4.2.2;zh-cn;)"
198.54.114.35 - - [16/Jun/2025:22:53:03 -0400] "POST /wp-cron.php?doing_wp_cron=1750128783.7874190807342529296875 HTTP/1.1" 200 0 "-" "WordPress/6.8.1; https://jobs.socialdigiinnovator.com"
93.123.109.29 - - [16/Jun/2025:23:06:53 -0400] "GET / HTTP/1.1" 200 12896 "-" "Mozilla/5.0 (X11; Linux x86_64) AppleWebKit/537.36 (KHTML, like Gecko) Chrome/74.0.3729.169 Safari/537.36"
198.54.114.35 - - [16/Jun/2025:23:06:56 -0400] "POST /wp-cron.php?doing_wp_cron=1750129615.8964240550994873046875 HTTP/1.1" 200 0 "-" "WordPress/6.8.1; https://jobs.socialdigiinnovator.com"
198.54.114.35 - - [16/Jun/2025:23:32:23 -0400] "POST /wp-cron.php?doing_wp_cron=1750131142.8553690910339355468750 HTTP/1.1" 200 0 "-" "WordPress/6.8.1; https://jobs.socialdigiinnovator.com"
85.208.96.205 - - [16/Jun/2025:23:32:20 -0400] "GET /robots.txt HTTP/1.1" 200 106 "-" "Mozilla/5.0 (compatible; SemrushBot/7~bl; +http://www.semrush.com/bot.html)"
85.208.96.194 - - [16/Jun/2025:23:32:23 -0400] "GET /fe5c02subacutely/fec78664289.html HTTP/1.1" 404 10798 "-" "Mozilla/5.0 (compatible; SemrushBot/7~bl; +http://www.semrush.com/bot.html)"