2600:1700:7d40:6110:2527:b3e9:e7a8:cf46 - - [17/Jun/2025:11:03:35 -0400] "GET /wp-content/plugins/contact-form-7/includes/js/index.js?ver=6.0.6 HTTP/1.1" 200 4008 "https://socialdigiinnovator.com/?fbclid=IwY2xjawK-YxVleHRuA2FlbQIxMABicmlkETFKRHdSck1NaDg3Wm5QNVZ5AR6lygnIHEO5UKtZicizRjq7tZXJ-IpVUTYXruOTLA4BRVggCXtlwk--zUMxQg_aem_7qWFIqKdrD3nRo-CP9H9hQ" "Mozilla/5.0 (Macintosh; Intel Mac OS X 10_15_7) AppleWebKit/537.36 (KHTML, like Gecko) Chrome/136.0.0.0 Safari/537.36"
2600:1700:7d40:6110:2527:b3e9:e7a8:cf46 - - [17/Jun/2025:11:03:35 -0400] "GET /wp-content/plugins/elementor/assets/lib/jquery-numerator/jquery-numerator.min.js?ver=0.2.1 HTTP/1.1" 200 677 "https://socialdigiinnovator.com/?fbclid=IwY2xjawK-YxVleHRuA2FlbQIxMABicmlkETFKRHdSck1NaDg3Wm5QNVZ5AR6lygnIHEO5UKtZicizRjq7tZXJ-IpVUTYXruOTLA4BRVggCXtlwk--zUMxQg_aem_7qWFIqKdrD3nRo-CP9H9hQ" "Mozilla/5.0 (Macintosh; Intel Mac OS X 10_15_7) AppleWebKit/537.36 (KHTML, like Gecko) Chrome/136.0.0.0 Safari/537.36"
2600:1700:7d40:6110:2527:b3e9:e7a8:cf46 - - [17/Jun/2025:11:03:35 -0400] "GET /wp-includes/js/dist/hooks.min.js?ver=4d63a3d491d11ffd8ac6 HTTP/1.1" 200 1571 "https://socialdigiinnovator.com/?fbclid=IwY2xjawK-YxVleHRuA2FlbQIxMABicmlkETFKRHdSck1NaDg3Wm5QNVZ5AR6lygnIHEO5UKtZicizRjq7tZXJ-IpVUTYXruOTLA4BRVggCXtlwk--zUMxQg_aem_7qWFIqKdrD3nRo-CP9H9hQ" "Mozilla/5.0 (Macintosh; Intel Mac OS X 10_15_7) AppleWebKit/537.36 (KHTML, like Gecko) Chrome/136.0.0.0 Safari/537.36"
2600:1700:7d40:6110:2527:b3e9:e7a8:cf46 - - [17/Jun/2025:11:03:35 -0400] "GET /wp-content/uploads/2022/09/3-300x300.jpg HTTP/1.1" 200 10181 "https://socialdigiinnovator.com/?fbclid=IwY2xjawK-YxVleHRuA2FlbQIxMABicmlkETFKRHdSck1NaDg3Wm5QNVZ5AR6lygnIHEO5UKtZicizRjq7tZXJ-IpVUTYXruOTLA4BRVggCXtlwk--zUMxQg_aem_7qWFIqKdrD3nRo-CP9H9hQ" "Mozilla/5.0 (Macintosh; Intel Mac OS X 10_15_7) AppleWebKit/537.36 (KHTML, like Gecko) Chrome/136.0.0.0 Safari/537.36"
2600:1700:7d40:6110:2527:b3e9:e7a8:cf46 - - [17/Jun/2025:11:03:35 -0400] "GET /wp-content/uploads/2022/09/1-300x300.jpg HTTP/1.1" 200 10811 "https://socialdigiinnovator.com/?fbclid=IwY2xjawK-YxVleHRuA2FlbQIxMABicmlkETFKRHdSck1NaDg3Wm5QNVZ5AR6lygnIHEO5UKtZicizRjq7tZXJ-IpVUTYXruOTLA4BRVggCXtlwk--zUMxQg_aem_7qWFIqKdrD3nRo-CP9H9hQ" "Mozilla/5.0 (Macintosh; Intel Mac OS X 10_15_7) AppleWebKit/537.36 (KHTML, like Gecko) Chrome/136.0.0.0 Safari/537.36"
2600:1700:7d40:6110:2527:b3e9:e7a8:cf46 - - [17/Jun/2025:11:03:35 -0400] "GET /wp-content/uploads/2022/09/5-300x300.png HTTP/1.1" 200 22959 "https://socialdigiinnovator.com/?fbclid=IwY2xjawK-YxVleHRuA2FlbQIxMABicmlkETFKRHdSck1NaDg3Wm5QNVZ5AR6lygnIHEO5UKtZicizRjq7tZXJ-IpVUTYXruOTLA4BRVggCXtlwk--zUMxQg_aem_7qWFIqKdrD3nRo-CP9H9hQ" "Mozilla/5.0 (Macintosh; Intel Mac OS X 10_15_7) AppleWebKit/537.36 (KHTML, like Gecko) Chrome/136.0.0.0 Safari/537.36"
2600:1700:7d40:6110:2527:b3e9:e7a8:cf46 - - [17/Jun/2025:11:03:35 -0400] "GET /wp-content/uploads/2022/09/7402118-scaled-1644x1644.jpg HTTP/1.1" 200 175661 "https://socialdigiinnovator.com/?fbclid=IwY2xjawK-YxVleHRuA2FlbQIxMABicmlkETFKRHdSck1NaDg3Wm5QNVZ5AR6lygnIHEO5UKtZicizRjq7tZXJ-IpVUTYXruOTLA4BRVggCXtlwk--zUMxQg_aem_7qWFIqKdrD3nRo-CP9H9hQ" "Mozilla/5.0 (Macintosh; Intel Mac OS X 10_15_7) AppleWebKit/537.36 (KHTML, like Gecko) Chrome/136.0.0.0 Safari/537.36"
2600:1700:7d40:6110:2527:b3e9:e7a8:cf46 - - [17/Jun/2025:11:03:35 -0400] "GET /wp-content/uploads/2022/08/cropped-cropped-Logo-Presentation-Final-06-2-300x241-2-100x100.png HTTP/1.1" 200 2109 "https://socialdigiinnovator.com/?fbclid=IwY2xjawK-YxVleHRuA2FlbQIxMABicmlkETFKRHdSck1NaDg3Wm5QNVZ5AR6lygnIHEO5UKtZicizRjq7tZXJ-IpVUTYXruOTLA4BRVggCXtlwk--zUMxQg_aem_7qWFIqKdrD3nRo-CP9H9hQ" "Mozilla/5.0 (Macintosh; Intel Mac OS X 10_15_7) AppleWebKit/537.36 (KHTML, like Gecko) Chrome/136.0.0.0 Safari/537.36"
2600:1700:7d40:6110:2527:b3e9:e7a8:cf46 - - [17/Jun/2025:11:03:35 -0400] "GET /wp-content/uploads/elementor/google-fonts/css/nunito.css?ver=1742245159 HTTP/1.1" 200 724 "https://socialdigiinnovator.com/?fbclid=IwY2xjawK-YxVleHRuA2FlbQIxMABicmlkETFKRHdSck1NaDg3Wm5QNVZ5AR6lygnIHEO5UKtZicizRjq7tZXJ-IpVUTYXruOTLA4BRVggCXtlwk--zUMxQg_aem_7qWFIqKdrD3nRo-CP9H9hQ" "Mozilla/5.0 (Macintosh; Intel Mac OS X 10_15_7) AppleWebKit/537.36 (KHTML, like Gecko) Chrome/136.0.0.0 Safari/537.36"
2600:1700:7d40:6110:2527:b3e9:e7a8:cf46 - - [17/Jun/2025:11:03:35 -0400] "GET /wp-includes/js/dist/script-modules/interactivity/index.min.js?ver=55aebb6e0a16726baffb HTTP/1.1" 200 13727 "https://socialdigiinnovator.com/?fbclid=IwY2xjawK-YxVleHRuA2FlbQIxMABicmlkETFKRHdSck1NaDg3Wm5QNVZ5AR6lygnIHEO5UKtZicizRjq7tZXJ-IpVUTYXruOTLA4BRVggCXtlwk--zUMxQg_aem_7qWFIqKdrD3nRo-CP9H9hQ" "Mozilla/5.0 (Macintosh; Intel Mac OS X 10_15_7) AppleWebKit/537.36 (KHTML, like Gecko) Chrome/136.0.0.0 Safari/537.36"
2600:1700:7d40:6110:2527:b3e9:e7a8:cf46 - - [17/Jun/2025:11:03:35 -0400] "GET /wp-includes/js/jquery/jquery-migrate.min.js?ver=3.4.1 HTTP/1.1" 200 4678 "https://socialdigiinnovator.com/?fbclid=IwY2xjawK-YxVleHRuA2FlbQIxMABicmlkETFKRHdSck1NaDg3Wm5QNVZ5AR6lygnIHEO5UKtZicizRjq7tZXJ-IpVUTYXruOTLA4BRVggCXtlwk--zUMxQg_aem_7qWFIqKdrD3nRo-CP9H9hQ" "Mozilla/5.0 (Macintosh; Intel Mac OS X 10_15_7) AppleWebKit/537.36 (KHTML, like Gecko) Chrome/136.0.0.0 Safari/537.36"
2600:1700:7d40:6110:2527:b3e9:e7a8:cf46 - - [17/Jun/2025:11:03:35 -0400] "GET /wp-content/uploads/2022/09/1.png HTTP/1.1" 200 56827 "https://socialdigiinnovator.com/?fbclid=IwY2xjawK-YxVleHRuA2FlbQIxMABicmlkETFKRHdSck1NaDg3Wm5QNVZ5AR6lygnIHEO5UKtZicizRjq7tZXJ-IpVUTYXruOTLA4BRVggCXtlwk--zUMxQg_aem_7qWFIqKdrD3nRo-CP9H9hQ" "Mozilla/5.0 (Macintosh; Intel Mac OS X 10_15_7) AppleWebKit/537.36 (KHTML, like Gecko) Chrome/136.0.0.0 Safari/537.36"
2600:1700:7d40:6110:2527:b3e9:e7a8:cf46 - - [17/Jun/2025:11:03:35 -0400] "GET /wp-content/plugins/elementor/assets/lib/font-awesome/css/v4-shims.min.css?ver=3.29.2 HTTP/1.1" 200 3987 "https://socialdigiinnovator.com/?fbclid=IwY2xjawK-YxVleHRuA2FlbQIxMABicmlkETFKRHdSck1NaDg3Wm5QNVZ5AR6lygnIHEO5UKtZicizRjq7tZXJ-IpVUTYXruOTLA4BRVggCXtlwk--zUMxQg_aem_7qWFIqKdrD3nRo-CP9H9hQ" "Mozilla/5.0 (Macintosh; Intel Mac OS X 10_15_7) AppleWebKit/537.36 (KHTML, like Gecko) Chrome/136.0.0.0 Safari/537.36"
2600:1700:7d40:6110:2527:b3e9:e7a8:cf46 - - [17/Jun/2025:11:03:35 -0400] "GET /wp-includes/js/jquery/ui/core.min.js?ver=1.13.3 HTTP/1.1" 200 6812 "https://socialdigiinnovator.com/?fbclid=IwY2xjawK-YxVleHRuA2FlbQIxMABicmlkETFKRHdSck1NaDg3Wm5QNVZ5AR6lygnIHEO5UKtZicizRjq7tZXJ-IpVUTYXruOTLA4BRVggCXtlwk--zUMxQg_aem_7qWFIqKdrD3nRo-CP9H9hQ" "Mozilla/5.0 (Macintosh; Intel Mac OS X 10_15_7) AppleWebKit/537.36 (KHTML, like Gecko) Chrome/136.0.0.0 Safari/537.36"
2600:1700:7d40:6110:2527:b3e9:e7a8:cf46 - - [17/Jun/2025:11:03:35 -0400] "GET /wp-content/plugins/elementor/assets/lib/swiper/v8/swiper.min.js?ver=8.4.5 HTTP/1.1" 200 38152 "https://socialdigiinnovator.com/?fbclid=IwY2xjawK-YxVleHRuA2FlbQIxMABicmlkETFKRHdSck1NaDg3Wm5QNVZ5AR6lygnIHEO5UKtZicizRjq7tZXJ-IpVUTYXruOTLA4BRVggCXtlwk--zUMxQg_aem_7qWFIqKdrD3nRo-CP9H9hQ" "Mozilla/5.0 (Macintosh; Intel Mac OS X 10_15_7) AppleWebKit/537.36 (KHTML, like Gecko) Chrome/136.0.0.0 Safari/537.36"
2600:1700:7d40:6110:2527:b3e9:e7a8:cf46 - - [17/Jun/2025:11:03:35 -0400] "GET /wp-content/plugins/elementor-pro/assets/js/frontend.min.js?ver=3.29.0 HTTP/1.1" 200 6279 "https://socialdigiinnovator.com/?fbclid=IwY2xjawK-YxVleHRuA2FlbQIxMABicmlkETFKRHdSck1NaDg3Wm5QNVZ5AR6lygnIHEO5UKtZicizRjq7tZXJ-IpVUTYXruOTLA4BRVggCXtlwk--zUMxQg_aem_7qWFIqKdrD3nRo-CP9H9hQ" "Mozilla/5.0 (Macintosh; Intel Mac OS X 10_15_7) AppleWebKit/537.36 (KHTML, like Gecko) Chrome/136.0.0.0 Safari/537.36"
2600:1700:7d40:6110:2527:b3e9:e7a8:cf46 - - [17/Jun/2025:11:03:35 -0400] "GET /wp-content/plugins/elementor/assets/js/frontend.min.js?ver=3.29.2 HTTP/1.1" 200 10288 "https://socialdigiinnovator.com/?fbclid=IwY2xjawK-YxVleHRuA2FlbQIxMABicmlkETFKRHdSck1NaDg3Wm5QNVZ5AR6lygnIHEO5UKtZicizRjq7tZXJ-IpVUTYXruOTLA4BRVggCXtlwk--zUMxQg_aem_7qWFIqKdrD3nRo-CP9H9hQ" "Mozilla/5.0 (Macintosh; Intel Mac OS X 10_15_7) AppleWebKit/537.36 (KHTML, like Gecko) Chrome/136.0.0.0 Safari/537.36"
2600:1700:7d40:6110:2527:b3e9:e7a8:cf46 - - [17/Jun/2025:11:03:35 -0400] "GET /wp-content/uploads/2022/09/4-300x300.jpg HTTP/1.1" 200 8631 "https://socialdigiinnovator.com/?fbclid=IwY2xjawK-YxVleHRuA2FlbQIxMABicmlkETFKRHdSck1NaDg3Wm5QNVZ5AR6lygnIHEO5UKtZicizRjq7tZXJ-IpVUTYXruOTLA4BRVggCXtlwk--zUMxQg_aem_7qWFIqKdrD3nRo-CP9H9hQ" "Mozilla/5.0 (Macintosh; Intel Mac OS X 10_15_7) AppleWebKit/537.36 (KHTML, like Gecko) Chrome/136.0.0.0 Safari/537.36"
2600:1700:7d40:6110:2527:b3e9:e7a8:cf46 - - [17/Jun/2025:11:03:35 -0400] "GET /wp-content/uploads/2022/09/10-300x300.jpeg HTTP/1.1" 200 9889 "https://socialdigiinnovator.com/?fbclid=IwY2xjawK-YxVleHRuA2FlbQIxMABicmlkETFKRHdSck1NaDg3Wm5QNVZ5AR6lygnIHEO5UKtZicizRjq7tZXJ-IpVUTYXruOTLA4BRVggCXtlwk--zUMxQg_aem_7qWFIqKdrD3nRo-CP9H9hQ" "Mozilla/5.0 (Macintosh; Intel Mac OS X 10_15_7) AppleWebKit/537.36 (KHTML, like Gecko) Chrome/136.0.0.0 Safari/537.36"
2600:1700:7d40:6110:2527:b3e9:e7a8:cf46 - - [17/Jun/2025:11:03:35 -0400] "GET /wp-content/plugins/elementor/assets/js/frontend-modules.min.js?ver=3.29.2 HTTP/1.1" 200 14423 "https://socialdigiinnovator.com/?fbclid=IwY2xjawK-YxVleHRuA2FlbQIxMABicmlkETFKRHdSck1NaDg3Wm5QNVZ5AR6lygnIHEO5UKtZicizRjq7tZXJ-IpVUTYXruOTLA4BRVggCXtlwk--zUMxQg_aem_7qWFIqKdrD3nRo-CP9H9hQ" "Mozilla/5.0 (Macintosh; Intel Mac OS X 10_15_7) AppleWebKit/537.36 (KHTML, like Gecko) Chrome/136.0.0.0 Safari/537.36"
2600:1700:7d40:6110:2527:b3e9:e7a8:cf46 - - [17/Jun/2025:11:03:35 -0400] "GET /wp-content/plugins/elementor/assets/js/webpack.runtime.min.js?ver=3.29.2 HTTP/1.1" 200 2319 "https://socialdigiinnovator.com/?fbclid=IwY2xjawK-YxVleHRuA2FlbQIxMABicmlkETFKRHdSck1NaDg3Wm5QNVZ5AR6lygnIHEO5UKtZicizRjq7tZXJ-IpVUTYXruOTLA4BRVggCXtlwk--zUMxQg_aem_7qWFIqKdrD3nRo-CP9H9hQ" "Mozilla/5.0 (Macintosh; Intel Mac OS X 10_15_7) AppleWebKit/537.36 (KHTML, like Gecko) Chrome/136.0.0.0 Safari/537.36"
2600:1700:7d40:6110:2527:b3e9:e7a8:cf46 - - [17/Jun/2025:11:03:35 -0400] "GET /wp-content/uploads/2022/09/9-300x300.jpeg HTTP/1.1" 200 12115 "https://socialdigiinnovator.com/?fbclid=IwY2xjawK-YxVleHRuA2FlbQIxMABicmlkETFKRHdSck1NaDg3Wm5QNVZ5AR6lygnIHEO5UKtZicizRjq7tZXJ-IpVUTYXruOTLA4BRVggCXtlwk--zUMxQg_aem_7qWFIqKdrD3nRo-CP9H9hQ" "Mozilla/5.0 (Macintosh; Intel Mac OS X 10_15_7) AppleWebKit/537.36 (KHTML, like Gecko) Chrome/136.0.0.0 Safari/537.36"
2600:1700:7d40:6110:2527:b3e9:e7a8:cf46 - - [17/Jun/2025:11:03:35 -0400] "GET /wp-includes/js/dist/i18n.min.js?ver=5e580eb46a90c2b997e6 HTTP/1.1" 200 3542 "https://socialdigiinnovator.com/?fbclid=IwY2xjawK-YxVleHRuA2FlbQIxMABicmlkETFKRHdSck1NaDg3Wm5QNVZ5AR6lygnIHEO5UKtZicizRjq7tZXJ-IpVUTYXruOTLA4BRVggCXtlwk--zUMxQg_aem_7qWFIqKdrD3nRo-CP9H9hQ" "Mozilla/5.0 (Macintosh; Intel Mac OS X 10_15_7) AppleWebKit/537.36 (KHTML, like Gecko) Chrome/136.0.0.0 Safari/537.36"
2600:1700:7d40:6110:2527:b3e9:e7a8:cf46 - - [17/Jun/2025:11:03:35 -0400] "GET /wp-content/uploads/2022/09/2-300x300.png HTTP/1.1" 200 13208 "https://socialdigiinnovator.com/?fbclid=IwY2xjawK-YxVleHRuA2FlbQIxMABicmlkETFKRHdSck1NaDg3Wm5QNVZ5AR6lygnIHEO5UKtZicizRjq7tZXJ-IpVUTYXruOTLA4BRVggCXtlwk--zUMxQg_aem_7qWFIqKdrD3nRo-CP9H9hQ" "Mozilla/5.0 (Macintosh; Intel Mac OS X 10_15_7) AppleWebKit/537.36 (KHTML, like Gecko) Chrome/136.0.0.0 Safari/537.36"
2600:1700:7d40:6110:2527:b3e9:e7a8:cf46 - - [17/Jun/2025:11:03:35 -0400] "GET /wp-content/plugins/contact-form-7/includes/swv/js/index.js?ver=6.0.6 HTTP/1.1" 200 3369 "https://socialdigiinnovator.com/?fbclid=IwY2xjawK-YxVleHRuA2FlbQIxMABicmlkETFKRHdSck1NaDg3Wm5QNVZ5AR6lygnIHEO5UKtZicizRjq7tZXJ-IpVUTYXruOTLA4BRVggCXtlwk--zUMxQg_aem_7qWFIqKdrD3nRo-CP9H9hQ" "Mozilla/5.0 (Macintosh; Intel Mac OS X 10_15_7) AppleWebKit/537.36 (KHTML, like Gecko) Chrome/136.0.0.0 Safari/537.36"
2600:1700:7d40:6110:2527:b3e9:e7a8:cf46 - - [17/Jun/2025:11:03:35 -0400] "GET /wp-content/plugins/depicter/resources/scripts/player/depicter.js?ver=1748894707 HTTP/1.1" 200 68087 "https://socialdigiinnovator.com/?fbclid=IwY2xjawK-YxVleHRuA2FlbQIxMABicmlkETFKRHdSck1NaDg3Wm5QNVZ5AR6lygnIHEO5UKtZicizRjq7tZXJ-IpVUTYXruOTLA4BRVggCXtlwk--zUMxQg_aem_7qWFIqKdrD3nRo-CP9H9hQ" "Mozilla/5.0 (Macintosh; Intel Mac OS X 10_15_7) AppleWebKit/537.36 (KHTML, like Gecko) Chrome/136.0.0.0 Safari/537.36"
2600:1700:7d40:6110:2527:b3e9:e7a8:cf46 - - [17/Jun/2025:11:03:35 -0400] "GET /wp-content/plugins/elementor/assets/js/text-editor.c084ef86600b6f11690d.bundle.min.js HTTP/1.1" 200 621 "https://socialdigiinnovator.com/?fbclid=IwY2xjawK-YxVleHRuA2FlbQIxMABicmlkETFKRHdSck1NaDg3Wm5QNVZ5AR6lygnIHEO5UKtZicizRjq7tZXJ-IpVUTYXruOTLA4BRVggCXtlwk--zUMxQg_aem_7qWFIqKdrD3nRo-CP9H9hQ" "Mozilla/5.0 (Macintosh; Intel Mac OS X 10_15_7) AppleWebKit/537.36 (KHTML, like Gecko) Chrome/136.0.0.0 Safari/537.36"
2600:1700:7d40:6110:2527:b3e9:e7a8:cf46 - - [17/Jun/2025:11:03:35 -0400] "GET /wp-content/plugins/elementor/assets/js/counter.12335f45aaa79d244f24.bundle.min.js HTTP/1.1" 200 442 "https://socialdigiinnovator.com/?fbclid=IwY2xjawK-YxVleHRuA2FlbQIxMABicmlkETFKRHdSck1NaDg3Wm5QNVZ5AR6lygnIHEO5UKtZicizRjq7tZXJ-IpVUTYXruOTLA4BRVggCXtlwk--zUMxQg_aem_7qWFIqKdrD3nRo-CP9H9hQ" "Mozilla/5.0 (Macintosh; Intel Mac OS X 10_15_7) AppleWebKit/537.36 (KHTML, like Gecko) Chrome/136.0.0.0 Safari/537.36"
2600:1700:7d40:6110:2527:b3e9:e7a8:cf46 - - [17/Jun/2025:11:03:35 -0400] "GET /wp-content/plugins/elementor/assets/js/image-carousel.6167d20b95b33386757b.bundle.min.js HTTP/1.1" 200 256 "https://socialdigiinnovator.com/?fbclid=IwY2xjawK-YxVleHRuA2FlbQIxMABicmlkETFKRHdSck1NaDg3Wm5QNVZ5AR6lygnIHEO5UKtZicizRjq7tZXJ-IpVUTYXruOTLA4BRVggCXtlwk--zUMxQg_aem_7qWFIqKdrD3nRo-CP9H9hQ" "Mozilla/5.0 (Macintosh; Intel Mac OS X 10_15_7) AppleWebKit/537.36 (KHTML, like Gecko) Chrome/136.0.0.0 Safari/537.36"
2600:1700:7d40:6110:2527:b3e9:e7a8:cf46 - - [17/Jun/2025:11:03:35 -0400] "GET /wp-content/plugins/elementor/assets/js/section-frontend-handlers.d85ab872da118940910d.bundle.min.js HTTP/1.1" 200 254 "https://socialdigiinnovator.com/?fbclid=IwY2xjawK-YxVleHRuA2FlbQIxMABicmlkETFKRHdSck1NaDg3Wm5QNVZ5AR6lygnIHEO5UKtZicizRjq7tZXJ-IpVUTYXruOTLA4BRVggCXtlwk--zUMxQg_aem_7qWFIqKdrD3nRo-CP9H9hQ" "Mozilla/5.0 (Macintosh; Intel Mac OS X 10_15_7) AppleWebKit/537.36 (KHTML, like Gecko) Chrome/136.0.0.0 Safari/537.36"
2600:1700:7d40:6110:2527:b3e9:e7a8:cf46 - - [17/Jun/2025:11:03:35 -0400] "GET /wp-content/uploads/2022/08/cropped-cropped-Logo-Presentation-Final-06-2-300x241-1-100x100.png HTTP/1.1" 200 1706 "https://socialdigiinnovator.com/?fbclid=IwY2xjawK-YxVleHRuA2FlbQIxMABicmlkETFKRHdSck1NaDg3Wm5QNVZ5AR6lygnIHEO5UKtZicizRjq7tZXJ-IpVUTYXruOTLA4BRVggCXtlwk--zUMxQg_aem_7qWFIqKdrD3nRo-CP9H9hQ" "Mozilla/5.0 (Macintosh; Intel Mac OS X 10_15_7) AppleWebKit/537.36 (KHTML, like Gecko) Chrome/136.0.0.0 Safari/537.36"
66.249.66.167 - - [17/Jun/2025:11:03:36 -0400] "GET / HTTP/1.1" 200 21732 "-" "GoogleOther"
198.54.114.35 - - [17/Jun/2025:11:04:56 -0400] "POST /wp-cron.php?doing_wp_cron=1750172696.3544280529022216796875 HTTP/1.1" 200 0 "-" "WordPress/6.8.1; https://socialdigiinnovator.com"
2600:1700:7d40:6110:2527:b3e9:e7a8:cf46 - - [17/Jun/2025:11:04:56 -0400] "GET /wp-content/plugins/elementor/assets/css/widget-heading.min.css?ver=3.29.2 HTTP/1.1" 200 154 "https://socialdigiinnovator.com/ultimate-list-of-facebook/" "Mozilla/5.0 (Macintosh; Intel Mac OS X 10_15_7) AppleWebKit/537.36 (KHTML, like Gecko) Chrome/136.0.0.0 Safari/537.36"
2600:1700:7d40:6110:2527:b3e9:e7a8:cf46 - - [17/Jun/2025:11:03:35 -0400] "GET /wp-content/plugins/elementor-pro/assets/js/webpack-pro.runtime.min.js?ver=3.29.0 HTTP/1.1" 200 2621 "https://socialdigiinnovator.com/?fbclid=IwY2xjawK-YxVleHRuA2FlbQIxMABicmlkETFKRHdSck1NaDg3Wm5QNVZ5AR6lygnIHEO5UKtZicizRjq7tZXJ-IpVUTYXruOTLA4BRVggCXtlwk--zUMxQg_aem_7qWFIqKdrD3nRo-CP9H9hQ" "Mozilla/5.0 (Macintosh; Intel Mac OS X 10_15_7) AppleWebKit/537.36 (KHTML, like Gecko) Chrome/136.0.0.0 Safari/537.36"
2600:1700:7d40:6110:2527:b3e9:e7a8:cf46 - - [17/Jun/2025:11:03:35 -0400] "GET /wp-content/plugins/elementor-pro/assets/js/elements-handlers.min.js?ver=3.29.0 HTTP/1.1" 200 10221 "https://socialdigiinnovator.com/?fbclid=IwY2xjawK-YxVleHRuA2FlbQIxMABicmlkETFKRHdSck1NaDg3Wm5QNVZ5AR6lygnIHEO5UKtZicizRjq7tZXJ-IpVUTYXruOTLA4BRVggCXtlwk--zUMxQg_aem_7qWFIqKdrD3nRo-CP9H9hQ" "Mozilla/5.0 (Macintosh; Intel Mac OS X 10_15_7) AppleWebKit/537.36 (KHTML, like Gecko) Chrome/136.0.0.0 Safari/537.36"
2600:1700:7d40:6110:2527:b3e9:e7a8:cf46 - - [17/Jun/2025:11:03:35 -0400] "GET /wp-content/themes/twentytwentyfive/assets/fonts/manrope/Manrope-VariableFont_wght.woff2 HTTP/1.1" 200 53600 "https://socialdigiinnovator.com/?fbclid=IwY2xjawK-YxVleHRuA2FlbQIxMABicmlkETFKRHdSck1NaDg3Wm5QNVZ5AR6lygnIHEO5UKtZicizRjq7tZXJ-IpVUTYXruOTLA4BRVggCXtlwk--zUMxQg_aem_7qWFIqKdrD3nRo-CP9H9hQ" "Mozilla/5.0 (Macintosh; Intel Mac OS X 10_15_7) AppleWebKit/537.36 (KHTML, like Gecko) Chrome/136.0.0.0 Safari/537.36"
2600:1700:7d40:6110:2527:b3e9:e7a8:cf46 - - [17/Jun/2025:11:03:35 -0400] "GET /wp-content/plugins/elementor/assets/lib/eicons/fonts/eicons.woff2?5.41.0 HTTP/1.1" 200 103012 "https://socialdigiinnovator.com/wp-content/plugins/elementor/assets/lib/eicons/css/elementor-icons.min.css?ver=5.40.0" "Mozilla/5.0 (Macintosh; Intel Mac OS X 10_15_7) AppleWebKit/537.36 (KHTML, like Gecko) Chrome/136.0.0.0 Safari/537.36"
2600:1700:7d40:6110:2527:b3e9:e7a8:cf46 - - [17/Jun/2025:11:03:35 -0400] "GET /wp-content/uploads/elementor/google-fonts/fonts/nunito-xrxv3i6li01bkofineab.woff2 HTTP/1.1" 200 39124 "https://socialdigiinnovator.com/wp-content/uploads/elementor/google-fonts/css/nunito.css?ver=1742245159" "Mozilla/5.0 (Macintosh; Intel Mac OS X 10_15_7) AppleWebKit/537.36 (KHTML, like Gecko) Chrome/136.0.0.0 Safari/537.36"
2600:1700:7d40:6110:2527:b3e9:e7a8:cf46 - - [17/Jun/2025:11:03:35 -0400] "GET /wp-content/plugins/elementor/assets/js/shared-frontend-handlers.30dc2f9c080845a413a6.bundle.min.js HTTP/1.1" 200 2546 "https://socialdigiinnovator.com/?fbclid=IwY2xjawK-YxVleHRuA2FlbQIxMABicmlkETFKRHdSck1NaDg3Wm5QNVZ5AR6lygnIHEO5UKtZicizRjq7tZXJ-IpVUTYXruOTLA4BRVggCXtlwk--zUMxQg_aem_7qWFIqKdrD3nRo-CP9H9hQ" "Mozilla/5.0 (Macintosh; Intel Mac OS X 10_15_7) AppleWebKit/537.36 (KHTML, like Gecko) Chrome/136.0.0.0 Safari/537.36"
198.54.114.35 - - [17/Jun/2025:11:04:19 -0400] "POST /wp-cron.php?doing_wp_cron=1750172659.0591828823089599609375 HTTP/1.1" 200 0 "-" "WordPress/6.8.1; https://socialdigiinnovator.com"
85.208.96.201 - - [17/Jun/2025:11:04:18 -0400] "GET /robots.txt HTTP/1.1" 200 102 "-" "Mozilla/5.0 (compatible; SemrushBot/7~bl; +http://www.semrush.com/bot.html)"
185.191.171.13 - - [17/Jun/2025:11:04:20 -0400] "GET /sparsely-wingedad4/adcfb6571.html HTTP/1.1" 404 14946 "-" "Mozilla/5.0 (compatible; SemrushBot/7~bl; +http://www.semrush.com/bot.html)"
2600:1700:7d40:6110:2527:b3e9:e7a8:cf46 - - [17/Jun/2025:11:04:56 -0400] "GET /ultimate-list-of-facebook/ HTTP/1.1" 200 15800 "https://socialdigiinnovator.com/?fbclid=IwY2xjawK-YxVleHRuA2FlbQIxMABicmlkETFKRHdSck1NaDg3Wm5QNVZ5AR6lygnIHEO5UKtZicizRjq7tZXJ-IpVUTYXruOTLA4BRVggCXtlwk--zUMxQg_aem_7qWFIqKdrD3nRo-CP9H9hQ" "Mozilla/5.0 (Macintosh; Intel Mac OS X 10_15_7) AppleWebKit/537.36 (KHTML, like Gecko) Chrome/136.0.0.0 Safari/537.36"
2600:1700:7d40:6110:2527:b3e9:e7a8:cf46 - - [17/Jun/2025:11:04:56 -0400] "GET /wp-content/plugins/elementor-pro/assets/css/widget-form.min.css?ver=3.29.0 HTTP/1.1" 200 1408 "https://socialdigiinnovator.com/ultimate-list-of-facebook/" "Mozilla/5.0 (Macintosh; Intel Mac OS X 10_15_7) AppleWebKit/537.36 (KHTML, like Gecko) Chrome/136.0.0.0 Safari/537.36"
2600:1700:7d40:6110:2527:b3e9:e7a8:cf46 - - [17/Jun/2025:11:04:57 -0400] "GET /wp-content/uploads/elementor/thumbs/The-ultimate-list-of-fb-q900os6rigmbeegiz1az9ac1xahmixunwk3m9k7rpc.webp HTTP/1.1" 200 12500 "https://socialdigiinnovator.com/ultimate-list-of-facebook/" "Mozilla/5.0 (Macintosh; Intel Mac OS X 10_15_7) AppleWebKit/537.36 (KHTML, like Gecko) Chrome/136.0.0.0 Safari/537.36"
2600:1700:7d40:6110:2527:b3e9:e7a8:cf46 - - [17/Jun/2025:11:04:57 -0400] "GET /wp-content/uploads/elementor/google-fonts/fonts/redhatdisplay-8viq7wur0m80wwyf0qcxzzyzuotg_t6h.woff2 HTTP/1.1" 200 30588 "https://socialdigiinnovator.com/wp-content/uploads/elementor/google-fonts/css/redhatdisplay.css?ver=1742273507" "Mozilla/5.0 (Macintosh; Intel Mac OS X 10_15_7) AppleWebKit/537.36 (KHTML, like Gecko) Chrome/136.0.0.0 Safari/537.36"
2600:1700:7d40:6110:2527:b3e9:e7a8:cf46 - - [17/Jun/2025:11:04:57 -0400] "GET /wp-content/plugins/elementor-pro/assets/js/popup.f7b15b2ca565b152bf98.bundle.min.js HTTP/1.1" 200 394 "https://socialdigiinnovator.com/ultimate-list-of-facebook/" "Mozilla/5.0 (Macintosh; Intel Mac OS X 10_15_7) AppleWebKit/537.36 (KHTML, like Gecko) Chrome/136.0.0.0 Safari/537.36"
2600:1700:7d40:6110:2527:b3e9:e7a8:cf46 - - [17/Jun/2025:11:04:57 -0400] "GET /wp-content/plugins/elementor-pro/assets/js/form.5fb35271b8ba3fb1e7d6.bundle.min.js HTTP/1.1" 200 4961 "https://socialdigiinnovator.com/ultimate-list-of-facebook/" "Mozilla/5.0 (Macintosh; Intel Mac OS X 10_15_7) AppleWebKit/537.36 (KHTML, like Gecko) Chrome/136.0.0.0 Safari/537.36"
2600:1700:7d40:6110:2527:b3e9:e7a8:cf46 - - [17/Jun/2025:11:06:01 -0400] "GET /wp-content/uploads/2023/10/Yasir-960x1024.jpg HTTP/1.1" 200 108875 "https://socialdigiinnovator.com/yasir-saleem-dhr/" "Mozilla/5.0 (Macintosh; Intel Mac OS X 10_15_7) AppleWebKit/537.36 (KHTML, like Gecko) Chrome/136.0.0.0 Safari/537.36"
198.54.114.35 - - [17/Jun/2025:11:11:51 -0400] "POST /wp-cron.php?doing_wp_cron=1750173111.2408120632171630859375 HTTP/1.1" 200 0 "-" "WordPress/6.8.1; https://socialdigiinnovator.com"
198.54.114.35 - - [17/Jun/2025:11:14:53 -0400] "POST /wp-cron.php?doing_wp_cron=1750173293.2013399600982666015625 HTTP/1.1" 200 0 "-" "WordPress/6.8.1; https://socialdigiinnovator.com"
107.181.142.140 - - [17/Jun/2025:11:14:50 -0400] "GET / HTTP/1.1" 200 21727 "-" "Mozilla/5.0 (compatible; MSIE 10.0; Windows NT 6.3; Trident/6.0; .NET CLR 2.0.50727; .NET CLR 3.5.30729; .NET CLR 3.0.30729; Media Center PC 6.0; .NET4.0C; .NET4.0E)"
107.181.142.140 - - [17/Jun/2025:11:14:54 -0400] "POST /wp-login.php HTTP/1.1" 302 0 "-" "Mozilla/5.0 (compatible; MSIE 10.0; Windows NT 6.3; Trident/6.0; .NET CLR 2.0.50727; .NET CLR 3.5.30729; .NET CLR 3.0.30729; Media Center PC 6.0; .NET4.0C; .NET4.0E)"
107.181.142.140 - - [17/Jun/2025:11:14:55 -0400] "POST /xmlrpc.php HTTP/1.1" 403 1242 "-" "Mozilla/5.0 (compatible; MSIE 10.0; Windows NT 6.3; Trident/6.0; .NET CLR 2.0.50727; .NET CLR 3.5.30729; .NET CLR 3.0.30729; Media Center PC 6.0; .NET4.0C; .NET4.0E)"
145.223.45.57 - - [17/Jun/2025:11:14:56 -0400] "GET / HTTP/1.1" 200 21727 "-" "Mozilla/5.0 (Windows NT 10.0; WOW64) AppleWebKit/537.36 (KHTML, like Gecko) Chrome/80.0.3100.149 Safari/537.36"
145.223.45.57 - - [17/Jun/2025:11:14:57 -0400] "GET / HTTP/1.1" 200 21732 "-" "Mozilla/5.0 (Windows NT 10.0; WOW64) AppleWebKit/537.36 (KHTML, like Gecko) Chrome/80.0.3100.149 Safari/537.36"
145.223.45.57 - - [17/Jun/2025:11:14:57 -0400] "GET /wp-login.php HTTP/1.1" 302 0 "-" "Mozilla/5.0 (Windows NT 10.0; WOW64) AppleWebKit/537.36 (KHTML, like Gecko) Chrome/80.0.3100.149 Safari/537.36"
145.223.45.57 - - [17/Jun/2025:11:14:58 -0400] "GET /404 HTTP/1.1" 404 14946 "-" "Mozilla/5.0 (Windows NT 10.0; WOW64) AppleWebKit/537.36 (KHTML, like Gecko) Chrome/80.0.3100.149 Safari/537.36"
145.223.45.57 - - [17/Jun/2025:11:14:58 -0400] "GET /wp-admin/ HTTP/1.1" 302 0 "-" "Mozilla/5.0 (Windows NT 10.0; WOW64) AppleWebKit/537.36 (KHTML, like Gecko) Chrome/80.0.3100.149 Safari/537.36"
145.223.45.57 - - [17/Jun/2025:11:14:59 -0400] "GET /404 HTTP/1.1" 404 14928 "-" "Mozilla/5.0 (Windows NT 10.0; WOW64) AppleWebKit/537.36 (KHTML, like Gecko) Chrome/80.0.3100.149 Safari/537.36"
2600:1700:7d40:6110:2527:b3e9:e7a8:cf46 - - [17/Jun/2025:11:04:56 -0400] "GET /wp-content/uploads/elementor/css/post-6050.css?ver=1749236930 HTTP/1.1" 200 1087 "https://socialdigiinnovator.com/ultimate-list-of-facebook/" "Mozilla/5.0 (Macintosh; Intel Mac OS X 10_15_7) AppleWebKit/537.36 (KHTML, like Gecko) Chrome/136.0.0.0 Safari/537.36"
2600:1700:7d40:6110:2527:b3e9:e7a8:cf46 - - [17/Jun/2025:11:04:56 -0400] "GET /wp-content/uploads/elementor/google-fonts/css/redhatdisplay.css?ver=1742273507 HTTP/1.1" 200 464 "https://socialdigiinnovator.com/ultimate-list-of-facebook/" "Mozilla/5.0 (Macintosh; Intel Mac OS X 10_15_7) AppleWebKit/537.36 (KHTML, like Gecko) Chrome/136.0.0.0 Safari/537.36"
2600:1700:7d40:6110:2527:b3e9:e7a8:cf46 - - [17/Jun/2025:11:05:16 -0400] "GET /wp-content/plugins/elementor/assets/lib/font-awesome/webfonts/fa-solid-900.woff2 HTTP/1.1" 200 78196 "https://socialdigiinnovator.com/wp-content/plugins/elementor/assets/lib/font-awesome/css/all.min.css?ver=3.29.2" "Mozilla/5.0 (Macintosh; Intel Mac OS X 10_15_7) AppleWebKit/537.36 (KHTML, like Gecko) Chrome/136.0.0.0 Safari/537.36"
2600:1700:7d40:6110:2527:b3e9:e7a8:cf46 - - [17/Jun/2025:11:05:16 -0400] "POST /wp-admin/admin-ajax.php HTTP/1.1" 200 79 "https://socialdigiinnovator.com/ultimate-list-of-facebook/" "Mozilla/5.0 (Macintosh; Intel Mac OS X 10_15_7) AppleWebKit/537.36 (KHTML, like Gecko) Chrome/136.0.0.0 Safari/537.36"
198.54.114.35 - - [17/Jun/2025:11:06:01 -0400] "POST /wp-cron.php?doing_wp_cron=1750172761.2239909172058105468750 HTTP/1.1" 200 0 "-" "WordPress/6.8.1; https://socialdigiinnovator.com"
2600:1700:7d40:6110:2527:b3e9:e7a8:cf46 - - [17/Jun/2025:11:06:01 -0400] "GET /yasir-saleem-dhr/ HTTP/1.1" 200 16420 "https://socialdigiinnovator.com/ultimate-list-of-facebook/" "Mozilla/5.0 (Macintosh; Intel Mac OS X 10_15_7) AppleWebKit/537.36 (KHTML, like Gecko) Chrome/136.0.0.0 Safari/537.36"
2600:1700:7d40:6110:2527:b3e9:e7a8:cf46 - - [17/Jun/2025:11:06:01 -0400] "GET /wp-content/uploads/elementor/css/post-6615.css?ver=1749080219 HTTP/1.1" 200 413 "https://socialdigiinnovator.com/yasir-saleem-dhr/" "Mozilla/5.0 (Macintosh; Intel Mac OS X 10_15_7) AppleWebKit/537.36 (KHTML, like Gecko) Chrome/136.0.0.0 Safari/537.36"
198.54.114.35 - - [17/Jun/2025:11:08:20 -0400] "POST /wp-cron.php?doing_wp_cron=1750172900.3841760158538818359375 HTTP/1.1" 200 0 "-" "WordPress/6.8.1; https://socialdigiinnovator.com"
47.82.60.63 - - [17/Jun/2025:11:08:17 -0400] "GET / HTTP/1.1" 200 21725 "https://socialdigiinnovator.com/" "Mozilla/5.0 (Windows NT 10.0; Win64; x64) AppleWebKit/537.36 (KHTML, like Gecko) Chrome/114.0.0.0 Safari/537.36 Edg/114.0.1823.43"
185.177.72.108 - - [17/Jun/2025:11:11:49 -0400] "GET / HTTP/1.1" 200 21727 "-" "Mozilla/5.0 (Windows NT 10.0; Win64; x64) AppleWebKit/537.36 (KHTML, like Gecko) Chrome/91.0.4472.124 Safari/537.36"
145.223.45.57 - - [17/Jun/2025:11:14:59 -0400] "GET /wp-login.php?redirect_to=https%3A%2F%2Fsocialdigiinnovator.com%2Fwp-admin%2F&reauth=1 HTTP/1.1" 302 0 "-" "Mozilla/5.0 (Windows NT 10.0; WOW64) AppleWebKit/537.36 (KHTML, like Gecko) Chrome/80.0.3100.149 Safari/537.36"
196.251.86.200 - - [17/Jun/2025:11:17:22 -0400] "GET /kwckdzfz.php?Fox=d3wL7 HTTP/1.1" 404 14946 "www.google.com" "Mozilla/5.0 (Linux; Android 7.0; SM-G892A Bulid/NRD90M; wv) AppleWebKit/537.36 (KHTML, like Gecko) Version/4.0 Chrome/60.0.3112.107 Moblie Safari/537.36"
196.251.86.200 - - [17/Jun/2025:11:17:22 -0400] "POST /ALFA_DATA/alfacgiapi/perl.alfa HTTP/1.1" 404 14946 "www.google.com" "Mozlila/5.0 (Linux; Android 7.0; SM-G892A Bulid/NRD90M; wv) AppleWebKit/537.36 (KHTML, like Gecko) Version/4.0 Chrome/60.0.3112.107 Moblie Safari/537.36"
196.251.86.200 - - [17/Jun/2025:11:17:25 -0400] "POST /alfacgiapi/perl.alfa HTTP/1.1" 404 14946 "www.google.com" "Mozlila/5.0 (Linux; Android 7.0; SM-G892A Bulid/NRD90M; wv) AppleWebKit/537.36 (KHTML, like Gecko) Version/4.0 Chrome/60.0.3112.107 Moblie Safari/537.36"
196.251.86.200 - - [17/Jun/2025:11:17:25 -0400] "GET /wp-content/plugins/apikey/apikey.php?test=hello HTTP/1.1" 404 14946 "-" "Mozlila/5.0 (Linux; Android 7.0; SM-G892A Bulid/NRD90M; wv) AppleWebKit/537.36 (KHTML, like Gecko) Version/4.0 Chrome/60.0.3112.107 Moblie Safari/537.36"
196.251.86.200 - - [17/Jun/2025:11:17:26 -0400] "GET /plugins/content/apismtp/apismtp.php?test=hello HTTP/1.1" 404 14946 "-" "Mozlila/5.0 (Linux; Android 7.0; SM-G892A Bulid/NRD90M; wv) AppleWebKit/537.36 (KHTML, like Gecko) Version/4.0 Chrome/60.0.3112.107 Moblie Safari/537.36"
198.54.114.35 - - [17/Jun/2025:11:17:24 -0400] "POST /wp-cron.php?doing_wp_cron=1750173444.4503118991851806640625 HTTP/1.1" 200 0 "-" "WordPress/6.8.1; https://socialdigiinnovator.com"
196.251.86.200 - - [17/Jun/2025:11:17:22 -0400] "GET /wp-content/themes/seotheme/db.php?u HTTP/1.1" 404 14946 "www.google.com" "Mozlila/5.0 (Linux; Android 7.0; SM-G892A Bulid/NRD90M; wv) AppleWebKit/537.36 (KHTML, like Gecko) Version/4.0 Chrome/60.0.3112.107 Moblie Safari/537.36"
196.251.86.200 - - [17/Jun/2025:11:17:22 -0400] "GET /wp-content/plugins/fix/up.php HTTP/1.1" 404 14946 "-" "Mozilla/5.0 (Windows NT 10.0; Win64; x64) AppleWebKit/537.36 (KHTML, like Gecko) Chrome/85.0.4183.102 Safari/537.36"
196.251.86.200 - - [17/Jun/2025:11:17:22 -0400] "GET / HTTP/1.1" 200 21727 "-" "Mozlila/5.0 (Linux; Android 7.0; SM-G892A Bulid/NRD90M; wv) AppleWebKit/537.36 (KHTML, like Gecko) Version/4.0 Chrome/60.0.3112.107 Moblie Safari/537.36"
196.251.86.200 - - [17/Jun/2025:11:17:25 -0400] "GET /wp-content/themes/seotheme/db.php?u HTTP/1.1" 404 14946 "www.google.com" "Mozlila/5.0 (Linux; Android 7.0; SM-G892A Bulid/NRD90M; wv) AppleWebKit/537.36 (KHTML, like Gecko) Version/4.0 Chrome/60.0.3112.107 Moblie Safari/537.36"
196.251.86.200 - - [17/Jun/2025:11:17:26 -0400] "GET /wp-content/plugins/apikey/apikey.php.suspected?test=hello HTTP/1.1" 404 14946 "-" "Mozlila/5.0 (Linux; Android 7.0; SM-G892A Bulid/NRD90M; wv) AppleWebKit/537.36 (KHTML, like Gecko) Version/4.0 Chrome/60.0.3112.107 Moblie Safari/537.36"
196.251.86.200 - - [17/Jun/2025:11:17:27 -0400] "GET /plugins/content/apismtp/apismtp.php.suspected?test=hello HTTP/1.1" 404 14946 "-" "Mozlila/5.0 (Linux; Android 7.0; SM-G892A Bulid/NRD90M; wv) AppleWebKit/537.36 (KHTML, like Gecko) Version/4.0 Chrome/60.0.3112.107 Moblie Safari/537.36"
198.54.114.35 - - [17/Jun/2025:11:37:58 -0400] "POST /wp-cron.php?doing_wp_cron=1750174677.8379058837890625000000 HTTP/1.1" 200 0 "-" "WordPress/6.8.1; https://socialdigiinnovator.com"
43.159.128.155 - - [17/Jun/2025:11:37:58 -0400] "GET / HTTP/1.1" 200 21682 "https://www.socialdigiinnovator.com/" "Mozilla/5.0 (iPhone; CPU iPhone OS 13_2_3 like Mac OS X) AppleWebKit/605.1.15 (KHTML, like Gecko) Version/13.0.3 Mobile/15E148 Safari/604.1"
196.251.81.166 - - [17/Jun/2025:11:45:45 -0400] "GET /wp-admin/setup-config.php HTTP/1.1" 403 1242 "-" "-"
198.54.114.35 - - [17/Jun/2025:11:46:54 -0400] "POST /wp-cron.php?doing_wp_cron=1750175214.0348908901214599609375 HTTP/1.1" 200 0 "-" "WordPress/6.8.1; https://socialdigiinnovator.com"
35.243.161.25 - - [17/Jun/2025:11:46:53 -0400] "HEAD /wordpress HTTP/1.1" 404 0 "http://socialdigiinnovator.com/wordpress" "Mozilla/5.0 (Windows NT 10.0; Win64; x64) AppleWebKit/537.36 (KHTML, like Gecko) Chrome/74.0.3729.169 Safari/537.36"
35.243.161.25 - - [17/Jun/2025:11:46:54 -0400] "HEAD / HTTP/1.1" 200 0 "http://socialdigiinnovator.com/" "Mozilla/5.0 (Windows NT 10.0; Win64; x64) AppleWebKit/537.36 (KHTML, like Gecko) Chrome/74.0.3729.169 Safari/537.36"
35.243.161.25 - - [17/Jun/2025:11:46:54 -0400] "HEAD /wp HTTP/1.1" 404 0 "http://socialdigiinnovator.com/wp" "Mozilla/5.0 (Windows NT 10.0; Win64; x64) AppleWebKit/537.36 (KHTML, like Gecko) Chrome/74.0.3729.169 Safari/537.36"
35.243.161.25 - - [17/Jun/2025:11:46:54 -0400] "HEAD /bc HTTP/1.1" 404 0 "http://socialdigiinnovator.com/bc" "Mozilla/5.0 (Windows NT 10.0; Win64; x64) AppleWebKit/537.36 (KHTML, like Gecko) Chrome/74.0.3729.169 Safari/537.36"
35.243.161.25 - - [17/Jun/2025:11:46:55 -0400] "HEAD /bk HTTP/1.1" 404 0 "http://socialdigiinnovator.com/bk" "Mozilla/5.0 (Windows NT 10.0; Win64; x64) AppleWebKit/537.36 (KHTML, like Gecko) Chrome/74.0.3729.169 Safari/537.36"
35.243.161.25 - - [17/Jun/2025:11:46:55 -0400] "HEAD /backup HTTP/1.1" 404 0 "http://socialdigiinnovator.com/backup" "Mozilla/5.0 (Windows NT 10.0; Win64; x64) AppleWebKit/537.36 (KHTML, like Gecko) Chrome/74.0.3729.169 Safari/537.36"
35.243.161.25 - - [17/Jun/2025:11:46:55 -0400] "HEAD /old HTTP/1.1" 404 0 "http://socialdigiinnovator.com/old" "Mozilla/5.0 (Windows NT 10.0; Win64; x64) AppleWebKit/537.36 (KHTML, like Gecko) Chrome/74.0.3729.169 Safari/537.36"
35.243.161.25 - - [17/Jun/2025:11:46:56 -0400] "HEAD / HTTP/1.1" 200 0 "https://socialdigiinnovator.com/home" "Mozilla/5.0 (Windows NT 10.0; Win64; x64) AppleWebKit/537.36 (KHTML, like Gecko) Chrome/74.0.3729.169 Safari/537.36"
43.159.128.155 - - [17/Jun/2025:11:37:54 -0400] "GET / HTTP/1.1" 301 0 "http://www.socialdigiinnovator.com" "Mozilla/5.0 (iPhone; CPU iPhone OS 13_2_3 like Mac OS X) AppleWebKit/605.1.15 (KHTML, like Gecko) Version/13.0.3 Mobile/15E148 Safari/604.1"
196.251.81.166 - - [17/Jun/2025:11:45:30 -0400] "GET / HTTP/1.1" 200 0 "-" "-"
198.54.114.35 - - [17/Jun/2025:11:45:38 -0400] "POST /wp-cron.php?doing_wp_cron=1750175137.8698029518127441406250 HTTP/1.1" 200 0 "-" "WordPress/6.8.1; https://socialdigiinnovator.com"
196.251.81.166 - - [17/Jun/2025:11:45:38 -0400] "GET / HTTP/1.1" 200 21727 "-" "-"
198.54.114.35 - - [17/Jun/2025:11:45:44 -0400] "POST /wp-cron.php?doing_wp_cron=1750175144.3172080516815185546875 HTTP/1.1" 200 0 "-" "WordPress/6.8.1; https://socialdigiinnovator.com"
196.251.81.166 - - [17/Jun/2025:11:45:43 -0400] "GET /wp-admin/install.php HTTP/1.1" 200 426 "-" "-"
35.243.161.25 - - [17/Jun/2025:11:46:55 -0400] "HEAD /new HTTP/1.1" 404 0 "http://socialdigiinnovator.com/new" "Mozilla/5.0 (Windows NT 10.0; Win64; x64) AppleWebKit/537.36 (KHTML, like Gecko) Chrome/74.0.3729.169 Safari/537.36"
35.243.161.25 - - [17/Jun/2025:11:46:56 -0400] "HEAD /main HTTP/1.1" 404 0 "http://socialdigiinnovator.com/main" "Mozilla/5.0 (Windows NT 10.0; Win64; x64) AppleWebKit/537.36 (KHTML, like Gecko) Chrome/74.0.3729.169 Safari/537.36"
35.243.161.25 - - [17/Jun/2025:11:46:56 -0400] "HEAD /home HTTP/1.1" 301 0 "http://socialdigiinnovator.com/home" "Mozilla/5.0 (Windows NT 10.0; Win64; x64) AppleWebKit/537.36 (KHTML, like Gecko) Chrome/74.0.3729.169 Safari/537.36"
66.249.66.165 - - [17/Jun/2025:11:47:09 -0400] "GET /wp-sitemap-users-1.xml HTTP/1.1" 200 164 "-" "Mozilla/5.0 (compatible; Googlebot/2.1; +http://www.google.com/bot.html)"
198.54.114.35 - - [17/Jun/2025:11:49:13 -0400] "POST /wp-cron.php?doing_wp_cron=1750175352.9845170974731445312500 HTTP/1.1" 200 0 "-" "WordPress/6.8.1; https://socialdigiinnovator.com"
185.191.171.19 - - [17/Jun/2025:11:49:10 -0400] "GET /multi-cardinalitybdd0f6/bddfc10091.html HTTP/1.1" 404 14946 "-" "Mozilla/5.0 (compatible; SemrushBot/7~bl; +http://www.semrush.com/bot.html)"
198.54.114.35 - - [17/Jun/2025:12:16:26 -0400] "POST /wp-cron.php?doing_wp_cron=1750176986.2418470382690429687500 HTTP/1.1" 200 0 "-" "WordPress/6.8.1; https://socialdigiinnovator.com"
66.249.66.166 - - [17/Jun/2025:12:16:23 -0400] "GET /ultimate-list-of-facebook/ HTTP/1.1" 200 15800 "-" "Mozilla/5.0 (Linux; Android 6.0.1; Nexus 5X Build/MMB29P) AppleWebKit/537.36 (KHTML, like Gecko) Chrome/99.0.4844.84 Mobile Safari/537.36 (compatible; Googlebot/2.1; +http://www.google.com/bot.html)"
66.249.66.164 - - [17/Jun/2025:12:16:27 -0400] "GET /ultimate-list-of-facebook/ HTTP/1.1" 200 15800 "-" "Mozilla/5.0 (compatible; Googlebot/2.1; +http://www.google.com/bot.html)"
66.249.66.164 - - [17/Jun/2025:12:16:35 -0400] "GET /wp-content/uploads/elementor/css/post-6050.css?ver=1749236930 HTTP/1.1" 200 1087 "https://socialdigiinnovator.com/ultimate-list-of-facebook/" "Mozilla/5.0 AppleWebKit/537.36 (KHTML, like Gecko; compatible; Googlebot/2.1; +http://www.google.com/bot.html) Chrome/137.0.7151.68 Safari/537.36"
198.54.114.35 - - [17/Jun/2025:12:18:49 -0400] "POST /wp-cron.php?doing_wp_cron=1750177129.6523430347442626953125 HTTP/1.1" 200 0 "-" "WordPress/6.8.1; https://socialdigiinnovator.com"
154.7.224.8 - - [17/Jun/2025:12:18:47 -0400] "GET /business-dfy/ HTTP/1.1" 200 15349 "-" "Mozilla/5.0 (Macintosh; Intel Mac OS X 10_15_7) AppleWebKit/605.1.15 (KHTML, like Gecko) Version/17.10 Safari/605.1.1"
66.249.66.164 - - [17/Jun/2025:12:16:31 -0400] "GET /wp-content/plugins/elementor-pro/assets/css/widget-form.min.css?ver=3.29.0 HTTP/1.1" 200 1408 "https://socialdigiinnovator.com/ultimate-list-of-facebook/" "Mozilla/5.0 (Linux; Android 6.0.1; Nexus 5X Build/MMB29P) AppleWebKit/537.36 (KHTML, like Gecko) Chrome/137.0.7151.68 Mobile Safari/537.36 (compatible; Googlebot/2.1; +http://www.google.com/bot.html)"
66.249.66.164 - - [17/Jun/2025:12:16:40 -0400] "GET /wp-content/plugins/elementor-pro/assets/js/form.5fb35271b8ba3fb1e7d6.bundle.min.js HTTP/1.1" 200 4961 "https://socialdigiinnovator.com/ultimate-list-of-facebook/" "Mozilla/5.0 AppleWebKit/537.36 (KHTML, like Gecko; compatible; Googlebot/2.1; +http://www.google.com/bot.html) Chrome/137.0.7151.68 Safari/537.36"
66.249.66.164 - - [17/Jun/2025:12:16:45 -0400] "GET /wp-content/plugins/elementor-pro/assets/js/popup.f7b15b2ca565b152bf98.bundle.min.js HTTP/1.1" 200 394 "https://socialdigiinnovator.com/ultimate-list-of-facebook/" "Mozilla/5.0 AppleWebKit/537.36 (KHTML, like Gecko; compatible; Googlebot/2.1; +http://www.google.com/bot.html) Chrome/137.0.7151.68 Safari/537.36"
104.210.140.140 - - [17/Jun/2025:12:31:12 -0400] "GET /robots.txt HTTP/1.1" 200 102 "-" "Mozilla/5.0 (Macintosh; Intel Mac OS X 10_15_7) AppleWebKit/537.36 (KHTML, like Gecko) Chrome/131.0.0.0 Safari/537.36; compatible; OAI-SearchBot/1.0; +https://openai.com/searchbot"
198.54.114.35 - - [17/Jun/2025:12:31:15 -0400] "POST /wp-cron.php?doing_wp_cron=1750177875.7055630683898925781250 HTTP/1.1" 200 0 "-" "WordPress/6.8.1; https://socialdigiinnovator.com"
196.251.81.91 - - [17/Jun/2025:12:45:49 -0400] "GET / HTTP/1.1" 200 0 "-" "Mozlila/5.0 (Linux; Android 7.0; SM-G892A Bulid/NRD90M; wv) AppleWebKit/537.36 (KHTML, like Gecko) Version/4.0 Chrome/60.0.3112.107 Moblie Safari/537.36"
198.54.114.35 - - [17/Jun/2025:12:45:57 -0400] "POST /wp-cron.php?doing_wp_cron=1750178757.2224409580230712890625 HTTP/1.1" 200 0 "-" "WordPress/6.8.1; https://socialdigiinnovator.com"
196.251.81.91 - - [17/Jun/2025:12:45:49 -0400] "GET /wp-content/themes/seotheme/db.php?u HTTP/1.1" 200 0 "www.google.com" "Mozlila/5.0 (Linux; Android 7.0; SM-G892A Bulid/NRD90M; wv) AppleWebKit/537.36 (KHTML, like Gecko) Version/4.0 Chrome/60.0.3112.107 Moblie Safari/537.36"
196.251.81.91 - - [17/Jun/2025:12:45:49 -0400] "POST /ALFA_DATA/alfacgiapi/perl.alfa HTTP/1.1" 404 14946 "www.google.com" "Mozlila/5.0 (Linux; Android 7.0; SM-G892A Bulid/NRD90M; wv) AppleWebKit/537.36 (KHTML, like Gecko) Version/4.0 Chrome/60.0.3112.107 Moblie Safari/537.36"
196.251.81.91 - - [17/Jun/2025:12:46:00 -0400] "GET /wp-content/themes/seotheme/db.php?u HTTP/1.1" 404 14946 "www.google.com" "Mozlila/5.0 (Linux; Android 7.0; SM-G892A Bulid/NRD90M; wv) AppleWebKit/537.36 (KHTML, like Gecko) Version/4.0 Chrome/60.0.3112.107 Moblie Safari/537.36"
196.251.81.91 - - [17/Jun/2025:12:46:02 -0400] "GET /wp-content/plugins/apikey/apikey.php?test=hello HTTP/1.1" 404 14946 "-" "Mozlila/5.0 (Linux; Android 7.0; SM-G892A Bulid/NRD90M; wv) AppleWebKit/537.36 (KHTML, like Gecko) Version/4.0 Chrome/60.0.3112.107 Moblie Safari/537.36"
2a03:2880:27ff:70:: - - [17/Jun/2025:12:46:03 -0400] "GET /robots.txt HTTP/1.1" 200 102 "-" "facebookexternalhit/1.1 (+http://www.facebook.com/externalhit_uatext.php)"
196.251.81.91 - - [17/Jun/2025:12:46:03 -0400] "GET /plugins/content/apismtp/apismtp.php?test=hello HTTP/1.1" 404 14928 "-" "Mozlila/5.0 (Linux; Android 7.0; SM-G892A Bulid/NRD90M; wv) AppleWebKit/537.36 (KHTML, like Gecko) Version/4.0 Chrome/60.0.3112.107 Moblie Safari/537.36"
2a03:2880:ff:41:: - - [17/Jun/2025:12:46:06 -0400] "GET /wp-content/uploads/2022/08/WhatsApp-Image-2022-08-02-at-9.21.44-PM-2.jpeg HTTP/1.1" 200 83810 "-" "facebookexternalhit/1.1 (+http://www.facebook.com/externalhit_uatext.php)"
178.212.226.31 - - [17/Jun/2025:12:49:48 -0400] "GET /technical-services/ HTTP/1.1" 200 12937 "-" "Mozilla/5.0 (Windows NT 10.0; Win64; x64) AppleWebKit/537.36 (KHTML, like Gecko) Chrome/134.0.0.0 Safari/537.3"
198.54.114.35 - - [17/Jun/2025:12:52:54 -0400] "POST /wp-cron.php?doing_wp_cron=1750179174.3839309215545654296875 HTTP/1.1" 200 0 "-" "WordPress/6.8.1; https://socialdigiinnovator.com"
91.92.216.178 - - [17/Jun/2025:12:52:52 -0400] "HEAD / HTTP/1.1" 301 0 "-" "Mozilla/5.0 (Windows NT 6.0; rv:2.0) Gecko/20100101 Firefox/4.0"
104.171.146.118 - - [17/Jun/2025:12:54:56 -0400] "GET /paid-advertisement/ HTTP/1.1" 200 15374 "-" "Mozilla/5.0 (Macintosh; Intel Mac OS X 10_15_7) AppleWebKit/605.1.15 (KHTML, like Gecko) Version/17.10 Safari/605.1.1"
198.54.114.35 - - [17/Jun/2025:12:42:52 -0400] "POST /wp-cron.php?doing_wp_cron=1750178572.7416000366210937500000 HTTP/1.1" 200 0 "-" "WordPress/6.8.1; https://socialdigiinnovator.com"
185.147.140.40 - - [17/Jun/2025:12:42:49 -0400] "GET / HTTP/1.1" 200 21732 "-" "Mozilla/5.0 (Windows NT 10.0; Win64; x64) AppleWebKit/537.36 (KHTML, like Gecko) Chrome/134.0.0.0 Safari/537.36 Edg/134.0.0.0"
196.251.81.91 - - [17/Jun/2025:12:45:49 -0400] "GET /wp-content/plugins/fix/up.php HTTP/1.1" 200 0 "-" "Mozilla/5.0 (Windows NT 10.0; Win64; x64) AppleWebKit/537.36 (KHTML, like Gecko) Chrome/85.0.4183.102 Safari/537.36"
196.251.81.91 - - [17/Jun/2025:12:45:49 -0400] "GET /hljhehnm.php?Fox=d3wL7 HTTP/1.1" 200 0 "www.google.com" "Mozilla/5.0 (Linux; Android 7.0; SM-G892A Bulid/NRD90M; wv) AppleWebKit/537.36 (KHTML, like Gecko) Version/4.0 Chrome/60.0.3112.107 Moblie Safari/537.36"
196.251.81.91 - - [17/Jun/2025:12:45:58 -0400] "GET /hljhehnm.php?Fox=d3wL7 HTTP/1.1" 404 14946 "www.google.com" "Mozilla/5.0 (Linux; Android 7.0; SM-G892A Bulid/NRD90M; wv) AppleWebKit/537.36 (KHTML, like Gecko) Version/4.0 Chrome/60.0.3112.107 Moblie Safari/537.36"
196.251.81.91 - - [17/Jun/2025:12:45:57 -0400] "GET /wp-content/plugins/fix/up.php HTTP/1.1" 404 14946 "-" "Mozilla/5.0 (Windows NT 10.0; Win64; x64) AppleWebKit/537.36 (KHTML, like Gecko) Chrome/85.0.4183.102 Safari/537.36"
196.251.81.91 - - [17/Jun/2025:12:45:57 -0400] "GET /wp-content/themes/seotheme/db.php?u HTTP/1.1" 404 14928 "www.google.com" "Mozlila/5.0 (Linux; Android 7.0; SM-G892A Bulid/NRD90M; wv) AppleWebKit/537.36 (KHTML, like Gecko) Version/4.0 Chrome/60.0.3112.107 Moblie Safari/537.36"
196.251.81.91 - - [17/Jun/2025:12:45:59 -0400] "POST /alfacgiapi/perl.alfa HTTP/1.1" 404 14946 "www.google.com" "Mozlila/5.0 (Linux; Android 7.0; SM-G892A Bulid/NRD90M; wv) AppleWebKit/537.36 (KHTML, like Gecko) Version/4.0 Chrome/60.0.3112.107 Moblie Safari/537.36"
196.251.81.91 - - [17/Jun/2025:12:45:57 -0400] "GET / HTTP/1.1" 200 21727 "-" "Mozlila/5.0 (Linux; Android 7.0; SM-G892A Bulid/NRD90M; wv) AppleWebKit/537.36 (KHTML, like Gecko) Version/4.0 Chrome/60.0.3112.107 Moblie Safari/537.36"
2a03:2880:31ff:4:: - - [17/Jun/2025:12:46:04 -0400] "GET /talk HTTP/1.1" 301 0 "-" "facebookexternalhit/1.1 (+http://www.facebook.com/externalhit_uatext.php)"
196.251.81.91 - - [17/Jun/2025:12:46:04 -0400] "GET /wp-content/plugins/apikey/apikey.php.suspected?test=hello HTTP/1.1" 404 14946 "-" "Mozlila/5.0 (Linux; Android 7.0; SM-G892A Bulid/NRD90M; wv) AppleWebKit/537.36 (KHTML, like Gecko) Version/4.0 Chrome/60.0.3112.107 Moblie Safari/537.36"
2a03:2880:31ff:48:: - - [17/Jun/2025:12:46:04 -0400] "GET /talk/ HTTP/1.1" 200 12926 "-" "facebookexternalhit/1.1 (+http://www.facebook.com/externalhit_uatext.php)"
196.251.81.91 - - [17/Jun/2025:12:46:05 -0400] "GET /plugins/content/apismtp/apismtp.php.suspected?test=hello HTTP/1.1" 404 14946 "-" "Mozlila/5.0 (Linux; Android 7.0; SM-G892A Bulid/NRD90M; wv) AppleWebKit/537.36 (KHTML, like Gecko) Version/4.0 Chrome/60.0.3112.107 Moblie Safari/537.36"
2a03:2880:ff:1:: - - [17/Jun/2025:12:46:06 -0400] "GET /wp-content/uploads/2022/08/WhatsApp-Image-2022-08-02-at-9.21.44-PM-2.jpeg HTTP/1.1" 200 83810 "-" "facebookexternalhit/1.1 (+http://www.facebook.com/externalhit_uatext.php)"
198.54.114.35 - - [17/Jun/2025:12:49:50 -0400] "POST /wp-cron.php?doing_wp_cron=1750178990.2204670906066894531250 HTTP/1.1" 200 0 "-" "WordPress/6.8.1; https://socialdigiinnovator.com"
185.37.2.246 - - [17/Jun/2025:12:52:56 -0400] "HEAD / HTTP/1.1" 200 0 "-" "Mozilla/5.0 (Windows NT 6.0; rv:2.0) Gecko/20100101 Firefox/4.0"
198.54.114.35 - - [17/Jun/2025:12:54:58 -0400] "POST /wp-cron.php?doing_wp_cron=1750179298.1071400642395019531250 HTTP/1.1" 200 0 "-" "WordPress/6.8.1; https://socialdigiinnovator.com"
198.54.114.35 - - [17/Jun/2025:13:00:14 -0400] "POST /wp-cron.php?doing_wp_cron=1750179614.5131740570068359375000 HTTP/1.1" 200 0 "-" "WordPress/6.8.1; https://socialdigiinnovator.com"
2001:67c:2070:c942::1 - - [17/Jun/2025:13:00:16 -0400] "GET /index.php?rest_route=/wp/v2/users HTTP/1.1" 200 938 "https://socialdigiinnovator.com" "Mozilla/5.0 (Macintosh; Intel Mac OS X 10_15_7; rv:126.0) Gecko/20100101 Firefox/126.0"
198.54.114.35 - - [17/Jun/2025:13:02:31 -0400] "POST /wp-cron.php?doing_wp_cron=1750179751.5007500648498535156250 HTTP/1.1" 200 0 "-" "WordPress/6.8.1; https://socialdigiinnovator.com"
85.254.125.217 - - [17/Jun/2025:13:02:28 -0400] "GET /talk/ HTTP/1.1" 200 12926 "-" "Mozilla/5.0 (X11; Linux x86_64) AppleWebKit/537.36 (KHTML, like Gecko) Chrome/134.0.0.0 Safari/537.3"
198.54.114.35 - - [17/Jun/2025:12:59:05 -0400] "POST /wp-cron.php?doing_wp_cron=1750179544.9150190353393554687500 HTTP/1.1" 200 0 "-" "WordPress/6.8.1; https://socialdigiinnovator.com"
142.147.201.116 - - [17/Jun/2025:12:59:02 -0400] "GET /virtual-assistant-services/ HTTP/1.1" 200 16412 "-" "Mozilla/5.0 (Windows NT 10.0; Win64; x64) AppleWebKit/537.36 (KHTML, like Gecko) Chrome/132.0.0.0 Safari/537.36 OPR/117.0.0.0"
2001:67c:2070:c942::1 - - [17/Jun/2025:13:00:14 -0400] "GET / HTTP/1.1" 200 21682 "https://www.google.it" "Mozilla/5.0 (Windows NT 10.0; Win64; x64) AppleWebKit/537.36 (KHTML, like Gecko) Chrome/115.0.5790.102 Safari/537.36"
85.254.125.217 - - [17/Jun/2025:13:05:15 -0400] "GET /non-technical-services/ HTTP/1.1" 200 15310 "-" "Mozilla/5.0 (Windows NT 10.0; Win64; x64) AppleWebKit/537.36 (KHTML, like Gecko) Chrome/107.0.0.0 Safari/537.3"
2600:1700:7d40:6110:1001:7e56:1f5e:3f04 - - [17/Jun/2025:13:10:45 -0400] "GET /talk/?fbclid=IwY2xjawK-gOJleHRuA2FlbQIxMABicmlkETFSWFVhY0lMem5QeXB3aGp3AR58SJEFV0eMHCMX4L4vZADqa2F2OlGuwIEp5E74nyyTivU_BexGbmGeOZeIkg_aem_CLzRFnZbCaUm12oKqU7nsA HTTP/1.1" 200 7513 "https://l.facebook.com/" "Mozilla/5.0 (Macintosh; Intel Mac OS X 10_15_7) AppleWebKit/537.36 (KHTML, like Gecko) Chrome/137.0.0.0 Safari/537.36"
2600:1700:7d40:6110:1001:7e56:1f5e:3f04 - - [17/Jun/2025:13:10:45 -0400] "GET /talk/?fbclid=IwY2xjawK-gOJleHRuA2FlbQIxMABicmlkETFSWFVhY0lMem5QeXB3aGp3AR58SJEFV0eMHCMX4L4vZADqa2F2OlGuwIEp5E74nyyTivU_BexGbmGeOZeIkg_aem_CLzRFnZbCaUm12oKqU7nsA HTTP/1.1" 200 12926 "https://l.facebook.com/" "Mozilla/5.0 (Macintosh; Intel Mac OS X 10_15_7) AppleWebKit/537.36 (KHTML, like Gecko) Chrome/137.0.0.0 Safari/537.36"
2600:1700:7d40:6110:1001:7e56:1f5e:3f04 - - [17/Jun/2025:13:10:46 -0400] "GET /wp-content/plugins/elementor/assets/css/widget-spacer.min.css?ver=3.29.2 HTTP/1.1" 200 315 "https://socialdigiinnovator.com/talk/?fbclid=IwY2xjawK-gOJleHRuA2FlbQIxMABicmlkETFSWFVhY0lMem5QeXB3aGp3AR58SJEFV0eMHCMX4L4vZADqa2F2OlGuwIEp5E74nyyTivU_BexGbmGeOZeIkg_aem_CLzRFnZbCaUm12oKqU7nsA" "Mozilla/5.0 (Macintosh; Intel Mac OS X 10_15_7) AppleWebKit/537.36 (KHTML, like Gecko) Chrome/137.0.0.0 Safari/537.36"
2600:1700:7d40:6110:1001:7e56:1f5e:3f04 - - [17/Jun/2025:13:10:46 -0400] "GET /wp-content/uploads/elementor/google-fonts/css/opensans.css?ver=1742268949 HTTP/1.1" 200 1826 "https://socialdigiinnovator.com/talk/?fbclid=IwY2xjawK-gOJleHRuA2FlbQIxMABicmlkETFSWFVhY0lMem5QeXB3aGp3AR58SJEFV0eMHCMX4L4vZADqa2F2OlGuwIEp5E74nyyTivU_BexGbmGeOZeIkg_aem_CLzRFnZbCaUm12oKqU7nsA" "Mozilla/5.0 (Macintosh; Intel Mac OS X 10_15_7) AppleWebKit/537.36 (KHTML, like Gecko) Chrome/137.0.0.0 Safari/537.36"
2600:1700:7d40:6110:1001:7e56:1f5e:3f04 - - [17/Jun/2025:13:10:46 -0400] "GET /wp-includes/js/dist/i18n.min.js?ver=5e580eb46a90c2b997e6 HTTP/1.1" 304 0 "https://socialdigiinnovator.com/talk/?fbclid=IwY2xjawK-gOJleHRuA2FlbQIxMABicmlkETFSWFVhY0lMem5QeXB3aGp3AR58SJEFV0eMHCMX4L4vZADqa2F2OlGuwIEp5E74nyyTivU_BexGbmGeOZeIkg_aem_CLzRFnZbCaUm12oKqU7nsA" "Mozilla/5.0 (Macintosh; Intel Mac OS X 10_15_7) AppleWebKit/537.36 (KHTML, like Gecko) Chrome/137.0.0.0 Safari/537.36"
2600:1700:7d40:6110:1001:7e56:1f5e:3f04 - - [17/Jun/2025:13:10:46 -0400] "GET /wp-includes/js/jquery/jquery.min.js?ver=3.7.1 HTTP/1.1" 304 0 "https://socialdigiinnovator.com/talk/?fbclid=IwY2xjawK-gOJleHRuA2FlbQIxMABicmlkETFSWFVhY0lMem5QeXB3aGp3AR58SJEFV0eMHCMX4L4vZADqa2F2OlGuwIEp5E74nyyTivU_BexGbmGeOZeIkg_aem_CLzRFnZbCaUm12oKqU7nsA" "Mozilla/5.0 (Macintosh; Intel Mac OS X 10_15_7) AppleWebKit/537.36 (KHTML, like Gecko) Chrome/137.0.0.0 Safari/537.36"
2600:1700:7d40:6110:1001:7e56:1f5e:3f04 - - [17/Jun/2025:13:10:46 -0400] "GET /wp-includes/js/jquery/ui/core.min.js?ver=1.13.3 HTTP/1.1" 304 0 "https://socialdigiinnovator.com/talk/?fbclid=IwY2xjawK-gOJleHRuA2FlbQIxMABicmlkETFSWFVhY0lMem5QeXB3aGp3AR58SJEFV0eMHCMX4L4vZADqa2F2OlGuwIEp5E74nyyTivU_BexGbmGeOZeIkg_aem_CLzRFnZbCaUm12oKqU7nsA" "Mozilla/5.0 (Macintosh; Intel Mac OS X 10_15_7) AppleWebKit/537.36 (KHTML, like Gecko) Chrome/137.0.0.0 Safari/537.36"
2600:1700:7d40:6110:1001:7e56:1f5e:3f04 - - [17/Jun/2025:13:10:46 -0400] "GET /wp-content/plugins/contact-form-7/includes/js/index.js?ver=6.0.6 HTTP/1.1" 304 0 "https://socialdigiinnovator.com/talk/?fbclid=IwY2xjawK-gOJleHRuA2FlbQIxMABicmlkETFSWFVhY0lMem5QeXB3aGp3AR58SJEFV0eMHCMX4L4vZADqa2F2OlGuwIEp5E74nyyTivU_BexGbmGeOZeIkg_aem_CLzRFnZbCaUm12oKqU7nsA" "Mozilla/5.0 (Macintosh; Intel Mac OS X 10_15_7) AppleWebKit/537.36 (KHTML, like Gecko) Chrome/137.0.0.0 Safari/537.36"
198.54.114.35 - - [17/Jun/2025:13:05:18 -0400] "POST /wp-cron.php?doing_wp_cron=1750179918.6499199867248535156250 HTTP/1.1" 200 0 "-" "WordPress/6.8.1; https://socialdigiinnovator.com"
