2001:bb6:4ed7:9300:b9b2:7297:bc82:7b59 - - [17/Jun/2025:15:04:54 -0400] "GET /wp-content/plugins/elementor/assets/css/widget-image.min.css?ver=3.29.2 HTTP/1.1" 200 254 "https://socialdigiinnovator.com/talk/" "Mozilla/5.0 (iPhone; CPU iPhone OS 18_5_0 like Mac OS X) AppleWebKit/605.1.15 (KHTML, like Gecko) CriOS/137.0.7151.107 Mobile/15E148 Safari/604.1"
2001:bb6:4ed7:9300:b9b2:7297:bc82:7b59 - - [17/Jun/2025:15:04:54 -0400] "GET /wp-content/plugins/contact-form-7/includes/swv/js/index.js?ver=6.0.6 HTTP/1.1" 200 3369 "https://socialdigiinnovator.com/talk/" "Mozilla/5.0 (iPhone; CPU iPhone OS 18_5_0 like Mac OS X) AppleWebKit/605.1.15 (KHTML, like Gecko) CriOS/137.0.7151.107 Mobile/15E148 Safari/604.1"
2001:bb6:4ed7:9300:b9b2:7297:bc82:7b59 - - [17/Jun/2025:15:04:54 -0400] "GET /wp-content/uploads/elementor/css/post-83.css?ver=1749067505 HTTP/1.1" 200 671 "https://socialdigiinnovator.com/talk/" "Mozilla/5.0 (iPhone; CPU iPhone OS 18_5_0 like Mac OS X) AppleWebKit/605.1.15 (KHTML, like Gecko) CriOS/137.0.7151.107 Mobile/15E148 Safari/604.1"
2001:bb6:4ed7:9300:b9b2:7297:bc82:7b59 - - [17/Jun/2025:15:04:54 -0400] "GET /wp-content/themes/twentytwentyfive/style.css?ver=1.2 HTTP/1.1" 200 1009 "https://socialdigiinnovator.com/talk/" "Mozilla/5.0 (iPhone; CPU iPhone OS 18_5_0 like Mac OS X) AppleWebKit/605.1.15 (KHTML, like Gecko) CriOS/137.0.7151.107 Mobile/15E148 Safari/604.1"
2001:bb6:4ed7:9300:b9b2:7297:bc82:7b59 - - [17/Jun/2025:15:04:54 -0400] "GET /wp-content/plugins/elementor/assets/css/widget-spacer.min.css?ver=3.29.2 HTTP/1.1" 200 315 "https://socialdigiinnovator.com/talk/" "Mozilla/5.0 (iPhone; CPU iPhone OS 18_5_0 like Mac OS X) AppleWebKit/605.1.15 (KHTML, like Gecko) CriOS/137.0.7151.107 Mobile/15E148 Safari/604.1"
54.174.58.251 - - [17/Jun/2025:15:03:36 -0400] "GET /wp-content/uploads/elementor/css/post-3823.css?ver=1749084462 HTTP/1.1" 200 509 "https://socialdigiinnovator.com/virtual-assistant-services/community-management/" "Mozilla/5.0 (X11; Linux x86_64) AppleWebKit/537.36 (KHTML, like Gecko) HeadlessChrome/133.0.0.0 Safari/537.36"
54.174.58.251 - - [17/Jun/2025:15:03:36 -0400] "GET /wp-content/uploads/2022/10/Community-Management-imgae-2-1536x806.webp HTTP/1.1" 200 60402 "https://socialdigiinnovator.com/virtual-assistant-services/community-management/" "Mozilla/5.0 (X11; Linux x86_64) AppleWebKit/537.36 (KHTML, like Gecko) HeadlessChrome/133.0.0.0 Safari/537.36"
198.54.114.35 - - [17/Jun/2025:15:04:53 -0400] "POST /wp-cron.php?doing_wp_cron=1750187093.1938459873199462890625 HTTP/1.1" 200 0 "-" "WordPress/6.8.1; https://socialdigiinnovator.com"
2001:bb6:4ed7:9300:b9b2:7297:bc82:7b59 - - [17/Jun/2025:15:04:53 -0400] "GET /talk/ HTTP/1.1" 200 12926 "-" "Mozilla/5.0 (iPhone; CPU iPhone OS 18_5_0 like Mac OS X) AppleWebKit/605.1.15 (KHTML, like Gecko) CriOS/137.0.7151.107 Mobile/15E148 Safari/604.1"
2001:bb6:4ed7:9300:b9b2:7297:bc82:7b59 - - [17/Jun/2025:15:04:54 -0400] "GET /wp-content/uploads/elementor/google-fonts/css/robotoslab.css?ver=1742243687 HTTP/1.1" 200 703 "https://socialdigiinnovator.com/talk/" "Mozilla/5.0 (iPhone; CPU iPhone OS 18_5_0 like Mac OS X) AppleWebKit/605.1.15 (KHTML, like Gecko) CriOS/137.0.7151.107 Mobile/15E148 Safari/604.1"
2001:bb6:4ed7:9300:b9b2:7297:bc82:7b59 - - [17/Jun/2025:15:04:54 -0400] "GET /wp-content/plugins/elementor/assets/css/widget-video.min.css?ver=3.29.2 HTTP/1.1" 200 354 "https://socialdigiinnovator.com/talk/" "Mozilla/5.0 (iPhone; CPU iPhone OS 18_5_0 like Mac OS X) AppleWebKit/605.1.15 (KHTML, like Gecko) CriOS/137.0.7151.107 Mobile/15E148 Safari/604.1"
2001:bb6:4ed7:9300:b9b2:7297:bc82:7b59 - - [17/Jun/2025:15:04:54 -0400] "GET /wp-content/uploads/elementor/css/post-2904.css?ver=1749121574 HTTP/1.1" 200 1083 "https://socialdigiinnovator.com/talk/" "Mozilla/5.0 (iPhone; CPU iPhone OS 18_5_0 like Mac OS X) AppleWebKit/605.1.15 (KHTML, like Gecko) CriOS/137.0.7151.107 Mobile/15E148 Safari/604.1"
2001:bb6:4ed7:9300:b9b2:7297:bc82:7b59 - - [17/Jun/2025:15:04:54 -0400] "GET /wp-content/plugins/elementor/assets/js/frontend-modules.min.js?ver=3.29.2 HTTP/1.1" 200 14423 "https://socialdigiinnovator.com/talk/" "Mozilla/5.0 (iPhone; CPU iPhone OS 18_5_0 like Mac OS X) AppleWebKit/605.1.15 (KHTML, like Gecko) CriOS/137.0.7151.107 Mobile/15E148 Safari/604.1"
2001:bb6:4ed7:9300:b9b2:7297:bc82:7b59 - - [17/Jun/2025:15:04:54 -0400] "GET /wp-content/plugins/elementor-pro/assets/js/elements-handlers.min.js?ver=3.29.0 HTTP/1.1" 200 10221 "https://socialdigiinnovator.com/talk/" "Mozilla/5.0 (iPhone; CPU iPhone OS 18_5_0 like Mac OS X) AppleWebKit/605.1.15 (KHTML, like Gecko) CriOS/137.0.7151.107 Mobile/15E148 Safari/604.1"
2001:bb6:4ed7:9300:b9b2:7297:bc82:7b59 - - [17/Jun/2025:15:04:54 -0400] "GET /wp-content/plugins/contact-form-7/includes/js/index.js?ver=6.0.6 HTTP/1.1" 200 4008 "https://socialdigiinnovator.com/talk/" "Mozilla/5.0 (iPhone; CPU iPhone OS 18_5_0 like Mac OS X) AppleWebKit/605.1.15 (KHTML, like Gecko) CriOS/137.0.7151.107 Mobile/15E148 Safari/604.1"
2001:bb6:4ed7:9300:b9b2:7297:bc82:7b59 - - [17/Jun/2025:15:04:54 -0400] "GET /wp-content/plugins/elementor-pro/assets/js/webpack-pro.runtime.min.js?ver=3.29.0 HTTP/1.1" 200 2621 "https://socialdigiinnovator.com/talk/" "Mozilla/5.0 (iPhone; CPU iPhone OS 18_5_0 like Mac OS X) AppleWebKit/605.1.15 (KHTML, like Gecko) CriOS/137.0.7151.107 Mobile/15E148 Safari/604.1"
2001:bb6:4ed7:9300:b9b2:7297:bc82:7b59 - - [17/Jun/2025:15:04:54 -0400] "GET /wp-includes/js/comment-reply.min.js?ver=6.8.1 HTTP/1.1" 200 1247 "https://socialdigiinnovator.com/talk/" "Mozilla/5.0 (iPhone; CPU iPhone OS 18_5_0 like Mac OS X) AppleWebKit/605.1.15 (KHTML, like Gecko) CriOS/137.0.7151.107 Mobile/15E148 Safari/604.1"
2001:bb6:4ed7:9300:b9b2:7297:bc82:7b59 - - [17/Jun/2025:15:04:54 -0400] "GET /wp-content/uploads/elementor/google-fonts/css/opensans.css?ver=1742268949 HTTP/1.1" 200 1826 "https://socialdigiinnovator.com/talk/" "Mozilla/5.0 (iPhone; CPU iPhone OS 18_5_0 like Mac OS X) AppleWebKit/605.1.15 (KHTML, like Gecko) CriOS/137.0.7151.107 Mobile/15E148 Safari/604.1"
2001:bb6:4ed7:9300:b9b2:7297:bc82:7b59 - - [17/Jun/2025:15:04:54 -0400] "GET /wp-content/plugins/elementor/assets/js/frontend.min.js?ver=3.29.2 HTTP/1.1" 200 10288 "https://socialdigiinnovator.com/talk/" "Mozilla/5.0 (iPhone; CPU iPhone OS 18_5_0 like Mac OS X) AppleWebKit/605.1.15 (KHTML, like Gecko) CriOS/137.0.7151.107 Mobile/15E148 Safari/604.1"
2001:bb6:4ed7:9300:b9b2:7297:bc82:7b59 - - [17/Jun/2025:15:04:54 -0400] "GET /wp-content/plugins/elementor-pro/assets/js/frontend.min.js?ver=3.29.0 HTTP/1.1" 200 6279 "https://socialdigiinnovator.com/talk/" "Mozilla/5.0 (iPhone; CPU iPhone OS 18_5_0 like Mac OS X) AppleWebKit/605.1.15 (KHTML, like Gecko) CriOS/137.0.7151.107 Mobile/15E148 Safari/604.1"
2001:bb6:4ed7:9300:b9b2:7297:bc82:7b59 - - [17/Jun/2025:15:04:54 -0400] "GET /wp-content/uploads/elementor/css/post-86.css?ver=1749067505 HTTP/1.1" 200 421 "https://socialdigiinnovator.com/talk/" "Mozilla/5.0 (iPhone; CPU iPhone OS 18_5_0 like Mac OS X) AppleWebKit/605.1.15 (KHTML, like Gecko) CriOS/137.0.7151.107 Mobile/15E148 Safari/604.1"
2001:bb6:4ed7:9300:b9b2:7297:bc82:7b59 - - [17/Jun/2025:15:04:54 -0400] "GET /wp-includes/js/dist/i18n.min.js?ver=5e580eb46a90c2b997e6 HTTP/1.1" 200 3542 "https://socialdigiinnovator.com/talk/" "Mozilla/5.0 (iPhone; CPU iPhone OS 18_5_0 like Mac OS X) AppleWebKit/605.1.15 (KHTML, like Gecko) CriOS/137.0.7151.107 Mobile/15E148 Safari/604.1"
2001:bb6:4ed7:9300:b9b2:7297:bc82:7b59 - - [17/Jun/2025:15:04:54 -0400] "GET /wp-includes/js/dist/hooks.min.js?ver=4d63a3d491d11ffd8ac6 HTTP/1.1" 200 1571 "https://socialdigiinnovator.com/talk/" "Mozilla/5.0 (iPhone; CPU iPhone OS 18_5_0 like Mac OS X) AppleWebKit/605.1.15 (KHTML, like Gecko) CriOS/137.0.7151.107 Mobile/15E148 Safari/604.1"
2001:bb6:4ed7:9300:b9b2:7297:bc82:7b59 - - [17/Jun/2025:15:04:54 -0400] "GET /wp-content/plugins/elementor/assets/lib/font-awesome/css/all.min.css?ver=3.29.2 HTTP/1.1" 200 12380 "https://socialdigiinnovator.com/talk/" "Mozilla/5.0 (iPhone; CPU iPhone OS 18_5_0 like Mac OS X) AppleWebKit/605.1.15 (KHTML, like Gecko) CriOS/137.0.7151.107 Mobile/15E148 Safari/604.1"
2001:bb6:4ed7:9300:b9b2:7297:bc82:7b59 - - [17/Jun/2025:15:04:54 -0400] "GET /wp-content/plugins/contact-form-7/includes/css/styles.css?ver=6.0.6 HTTP/1.1" 200 890 "https://socialdigiinnovator.com/talk/" "Mozilla/5.0 (iPhone; CPU iPhone OS 18_5_0 like Mac OS X) AppleWebKit/605.1.15 (KHTML, like Gecko) CriOS/137.0.7151.107 Mobile/15E148 Safari/604.1"
2001:bb6:4ed7:9300:b9b2:7297:bc82:7b59 - - [17/Jun/2025:15:04:54 -0400] "GET /wp-content/plugins/elementor/assets/lib/font-awesome/css/v4-shims.min.css?ver=3.29.2 HTTP/1.1" 200 3987 "https://socialdigiinnovator.com/talk/" "Mozilla/5.0 (iPhone; CPU iPhone OS 18_5_0 like Mac OS X) AppleWebKit/605.1.15 (KHTML, like Gecko) CriOS/137.0.7151.107 Mobile/15E148 Safari/604.1"
2001:bb6:4ed7:9300:b9b2:7297:bc82:7b59 - - [17/Jun/2025:15:04:54 -0400] "GET /wp-content/plugins/elementor/assets/lib/eicons/css/elementor-icons.min.css?ver=5.40.0 HTTP/1.1" 200 3983 "https://socialdigiinnovator.com/talk/" "Mozilla/5.0 (iPhone; CPU iPhone OS 18_5_0 like Mac OS X) AppleWebKit/605.1.15 (KHTML, like Gecko) CriOS/137.0.7151.107 Mobile/15E148 Safari/604.1"
2001:bb6:4ed7:9300:b9b2:7297:bc82:7b59 - - [17/Jun/2025:15:04:55 -0400] "GET /wp-content/uploads/elementor/google-fonts/fonts/opensans-memvyags126mizpba-uvwbx2vvnxbbobj2ovts-muw.woff2 HTTP/1.1" 200 48236 "https://socialdigiinnovator.com/talk/" "Mozilla/5.0 (iPhone; CPU iPhone OS 18_5_0 like Mac OS X) AppleWebKit/605.1.15 (KHTML, like Gecko) CriOS/137.0.7151.107 Mobile/15E148 Safari/604.1"
2001:bb6:4ed7:9300:b9b2:7297:bc82:7b59 - - [17/Jun/2025:15:04:55 -0400] "GET /wp-content/uploads/elementor/google-fonts/fonts/oswald-tk3iwkuhhaijg752gt8g.woff2 HTTP/1.1" 200 28512 "https://socialdigiinnovator.com/talk/" "Mozilla/5.0 (iPhone; CPU iPhone OS 18_5_0 like Mac OS X) AppleWebKit/605.1.15 (KHTML, like Gecko) CriOS/137.0.7151.107 Mobile/15E148 Safari/604.1"
2001:bb6:4ed7:9300:b9b2:7297:bc82:7b59 - - [17/Jun/2025:15:04:55 -0400] "GET /wp-content/plugins/elementor/assets/js/video.6ebfa2c3f5493cb2eaaf.bundle.min.js HTTP/1.1" 200 1228 "https://socialdigiinnovator.com/talk/" "Mozilla/5.0 (iPhone; CPU iPhone OS 18_5_0 like Mac OS X) AppleWebKit/605.1.15 (KHTML, like Gecko) CriOS/137.0.7151.107 Mobile/15E148 Safari/604.1"
2001:bb6:4ed7:9300:b9b2:7297:bc82:7b59 - - [17/Jun/2025:15:04:55 -0400] "GET /wp-content/plugins/elementor/assets/js/text-editor.c084ef86600b6f11690d.bundle.min.js HTTP/1.1" 200 621 "https://socialdigiinnovator.com/talk/" "Mozilla/5.0 (iPhone; CPU iPhone OS 18_5_0 like Mac OS X) AppleWebKit/605.1.15 (KHTML, like Gecko) CriOS/137.0.7151.107 Mobile/15E148 Safari/604.1"
2001:bb6:4ed7:9300:b9b2:7297:bc82:7b59 - - [17/Jun/2025:15:04:55 -0400] "GET /wp-content/plugins/elementor/assets/js/shared-frontend-handlers.30dc2f9c080845a413a6.bundle.min.js HTTP/1.1" 200 2546 "https://socialdigiinnovator.com/talk/" "Mozilla/5.0 (iPhone; CPU iPhone OS 18_5_0 like Mac OS X) AppleWebKit/605.1.15 (KHTML, like Gecko) CriOS/137.0.7151.107 Mobile/15E148 Safari/604.1"
2001:bb6:4ed7:9300:b9b2:7297:bc82:7b59 - - [17/Jun/2025:15:04:55 -0400] "GET /wp-content/plugins/elementor/assets/js/section-frontend-handlers.d85ab872da118940910d.bundle.min.js HTTP/1.1" 200 254 "https://socialdigiinnovator.com/talk/" "Mozilla/5.0 (iPhone; CPU iPhone OS 18_5_0 like Mac OS X) AppleWebKit/605.1.15 (KHTML, like Gecko) CriOS/137.0.7151.107 Mobile/15E148 Safari/604.1"
2001:bb6:4ed7:9300:b9b2:7297:bc82:7b59 - - [17/Jun/2025:15:04:55 -0400] "GET /wp-content/uploads/2022/08/cropped-cropped-Logo-Presentation-Final-06-2-300x241-1-200x200.png HTTP/1.1" 200 3210 "-" "Mozilla/5.0 (iPhone; CPU iPhone OS 18_5_0 like Mac OS X) AppleWebKit/605.1.15 (KHTML, like Gecko) CriOS/137.0.7151.107 Mobile/15E148 Safari/604.1"
2001:bb6:4ed7:9300:b9b2:7297:bc82:7b59 - - [17/Jun/2025:15:04:55 -0400] "GET /wp-content/uploads/2022/08/talk-%E2%80%93-Social-Digi-Innovators.mkv HTTP/1.1" 200 7587375 "https://socialdigiinnovator.com/talk/" "Mozilla/5.0 (iPhone; CPU iPhone OS 18_5_0 like Mac OS X) AppleWebKit/605.1.15 (KHTML, like Gecko) CriOS/137.0.7151.107 Mobile/15E148 Safari/604.1"
2001:bb6:4ed7:9300:b9b2:7297:bc82:7b59 - - [17/Jun/2025:15:04:56 -0400] "GET /wp-content/uploads/2022/08/WhatsApp-Image-2022-08-02-at-9.21.44-PM-2.jpeg HTTP/1.1" 200 83810 "https://socialdigiinnovator.com/talk/" "Mozilla/5.0 (iPhone; CPU iPhone OS 18_5_0 like Mac OS X) AppleWebKit/605.1.15 (KHTML, like Gecko) CriOS/137.0.7151.107 Mobile/15E148 Safari/604.1"
2001:bb6:4ed7:9300:b9b2:7297:bc82:7b59 - - [17/Jun/2025:15:04:55 -0400] "GET /wp-content/uploads/2022/08/Peter-1.mp4 HTTP/1.1" 200 10504925 "https://socialdigiinnovator.com/talk/" "Mozilla/5.0 (iPhone; CPU iPhone OS 18_5_0 like Mac OS X) AppleWebKit/605.1.15 (KHTML, like Gecko) CriOS/137.0.7151.107 Mobile/15E148 Safari/604.1"
2001:bb6:4ed7:9300:b9b2:7297:bc82:7b59 - - [17/Jun/2025:15:04:55 -0400] "GET /wp-content/uploads/2022/08/Cullum-BreakthroughLife.mp4 HTTP/1.1" 200 13891265 "https://socialdigiinnovator.com/talk/" "Mozilla/5.0 (iPhone; CPU iPhone OS 18_5_0 like Mac OS X) AppleWebKit/605.1.15 (KHTML, like Gecko) CriOS/137.0.7151.107 Mobile/15E148 Safari/604.1"
2001:bb6:4ed7:9300:b9b2:7297:bc82:7b59 - - [17/Jun/2025:15:04:55 -0400] "GET /wp-content/uploads/2022/08/aa.mkv HTTP/1.1" 200 21490065 "https://socialdigiinnovator.com/talk/" "Mozilla/5.0 (iPhone; CPU iPhone OS 18_5_0 like Mac OS X) AppleWebKit/605.1.15 (KHTML, like Gecko) CriOS/137.0.7151.107 Mobile/15E148 Safari/604.1"
2001:bb6:4ed7:9300:b9b2:7297:bc82:7b59 - - [17/Jun/2025:15:04:57 -0400] "GET /wp-content/uploads/2022/08/Cullum-BreakthroughLife.mp4 HTTP/1.1" 200 13891265 "https://socialdigiinnovator.com/talk/" "Mozilla/5.0 (iPhone; CPU iPhone OS 18_5_0 like Mac OS X) AppleWebKit/605.1.15 (KHTML, like Gecko) CriOS/137.0.7151.107 Mobile/15E148 Safari/604.1"
2001:bb6:4ed7:9300:b9b2:7297:bc82:7b59 - - [17/Jun/2025:15:05:02 -0400] "GET /wp-content/uploads/2022/08/arrow.png HTTP/1.1" 200 15819 "https://socialdigiinnovator.com/talk/" "Mozilla/5.0 (iPhone; CPU iPhone OS 18_5_0 like Mac OS X) AppleWebKit/605.1.15 (KHTML, like Gecko) CriOS/137.0.7151.107 Mobile/15E148 Safari/604.1"
2001:bb6:4ed7:9300:b9b2:7297:bc82:7b59 - - [17/Jun/2025:15:04:54 -0400] "GET /wp-includes/js/jquery/ui/core.min.js?ver=1.13.3 HTTP/1.1" 200 6812 "https://socialdigiinnovator.com/talk/" "Mozilla/5.0 (iPhone; CPU iPhone OS 18_5_0 like Mac OS X) AppleWebKit/605.1.15 (KHTML, like Gecko) CriOS/137.0.7151.107 Mobile/15E148 Safari/604.1"
2001:bb6:4ed7:9300:b9b2:7297:bc82:7b59 - - [17/Jun/2025:15:04:54 -0400] "GET /wp-content/plugins/elementor/assets/lib/animations/styles/fadeInLeft.min.css?ver=3.29.2 HTTP/1.1" 200 137 "https://socialdigiinnovator.com/talk/" "Mozilla/5.0 (iPhone; CPU iPhone OS 18_5_0 like Mac OS X) AppleWebKit/605.1.15 (KHTML, like Gecko) CriOS/137.0.7151.107 Mobile/15E148 Safari/604.1"
2001:bb6:4ed7:9300:b9b2:7297:bc82:7b59 - - [17/Jun/2025:15:04:55 -0400] "GET /wp-content/themes/twentytwentyfive/assets/fonts/manrope/Manrope-VariableFont_wght.woff2 HTTP/1.1" 200 53600 "https://socialdigiinnovator.com/talk/" "Mozilla/5.0 (iPhone; CPU iPhone OS 18_5_0 like Mac OS X) AppleWebKit/605.1.15 (KHTML, like Gecko) CriOS/137.0.7151.107 Mobile/15E148 Safari/604.1"
2001:bb6:4ed7:9300:b9b2:7297:bc82:7b59 - - [17/Jun/2025:15:04:56 -0400] "GET /wp-content/uploads/2022/08/cropped-cropped-Logo-Presentation-Final-06-2-300x241-1-100x100.png HTTP/1.1" 200 1706 "-" "Mozilla/5.0 (iPhone; CPU iPhone OS 18_5_0 like Mac OS X) AppleWebKit/605.1.15 (KHTML, like Gecko) CriOS/137.0.7151.107 Mobile/15E148 Safari/604.1"
2001:bb6:4ed7:9300:b9b2:7297:bc82:7b59 - - [17/Jun/2025:15:04:57 -0400] "GET /wp-content/uploads/2022/08/talk-%E2%80%93-Social-Digi-Innovators.mkv HTTP/1.1" 200 7587375 "https://socialdigiinnovator.com/talk/" "Mozilla/5.0 (iPhone; CPU iPhone OS 18_5_0 like Mac OS X) AppleWebKit/605.1.15 (KHTML, like Gecko) CriOS/137.0.7151.107 Mobile/15E148 Safari/604.1"
2001:bb6:4ed7:9300:b9b2:7297:bc82:7b59 - - [17/Jun/2025:15:04:57 -0400] "GET /wp-content/uploads/2022/08/Peter-1.mp4 HTTP/1.1" 200 10504925 "https://socialdigiinnovator.com/talk/" "Mozilla/5.0 (iPhone; CPU iPhone OS 18_5_0 like Mac OS X) AppleWebKit/605.1.15 (KHTML, like Gecko) CriOS/137.0.7151.107 Mobile/15E148 Safari/604.1"
2001:bb6:4ed7:9300:b9b2:7297:bc82:7b59 - - [17/Jun/2025:15:04:59 -0400] "GET /wp-content/uploads/2022/08/aa.mkv HTTP/1.1" 200 21490065 "https://socialdigiinnovator.com/talk/" "Mozilla/5.0 (iPhone; CPU iPhone OS 18_5_0 like Mac OS X) AppleWebKit/605.1.15 (KHTML, like Gecko) CriOS/137.0.7151.107 Mobile/15E148 Safari/604.1"
54.38.154.186 - - [17/Jun/2025:15:16:55 -0400] "POST /xmlrpc.php HTTP/1.1" 403 1242 "-" "Mozilla/5.0 (Windows NT 10.0; Win64; x64) AppleWebKit/537.36 (KHTML, like Gecko) Chrome/127.0.0.0 Safari/537.36"
54.38.154.186 - - [17/Jun/2025:15:16:55 -0400] "POST /xmlrpc.php HTTP/1.1" 403 1242 "-" "Mozilla/5.0 (Windows NT 10.0; Win64; x64) AppleWebKit/537.36 (KHTML, like Gecko) Chrome/127.0.0.0 Safari/537.36"
188.166.237.78 - - [17/Jun/2025:15:22:57 -0400] "POST /xmlrpc.php HTTP/1.1" 403 1242 "https://socialdigiinnovator.com" "Mozilla/5.0 (Macintosh; Intel Mac OS X 10_15_7) AppleWebKit/537.36 (KHTML, like Gecko) Chrome/114.0.5735.134 Safari/537.36"
2406:da18:600:6200:2e74:df78:9f4d:26d7 - - [17/Jun/2025:15:22:59 -0400] "GET /404 HTTP/1.1" 404 14946 "https://socialdigiinnovator.com/wp-login.php" "Mozilla/5.0 (X11; Ubuntu; Linux x86_64; rv:85.0) Gecko/20100101 Firefox/91.0"
198.54.114.35 - - [17/Jun/2025:15:25:35 -0400] "POST /wp-cron.php?doing_wp_cron=1750188335.0667960643768310546875 HTTP/1.1" 200 0 "-" "WordPress/6.8.1; https://socialdigiinnovator.com"
2803:9800:90b2:373:b0c8:e181:4d8a:ca03 - - [17/Jun/2025:15:25:32 -0400] "GET / HTTP/1.1" 200 21727 "-" "Google"
194.26.192.15 - - [17/Jun/2025:15:30:41 -0400] "POST /wp-admin/async-upload.php HTTP/1.1" 302 771 "-" "python-requests/2.32.3"
2406:da18:600:6200:2e74:df78:9f4d:26d7 - - [17/Jun/2025:15:22:57 -0400] "GET /wp-login.php HTTP/1.1" 302 0 "http://socialdigiinnovator.com/wp-login.php" "Mozilla/5.0 (X11; Ubuntu; Linux x86_64; rv:85.0) Gecko/20100101 Firefox/91.0"
198.54.114.35 - - [17/Jun/2025:15:23:00 -0400] "POST /wp-cron.php?doing_wp_cron=1750188180.4843089580535888671875 HTTP/1.1" 200 0 "-" "WordPress/6.8.1; https://socialdigiinnovator.com"
193.32.126.164 - - [17/Jun/2025:15:47:05 -0400] "POST /wp-login.php HTTP/1.1" 302 0 "https://socialdigiinnovator.com/wp-admin/" "Mozilla/5.0 (Windows NT 10.0; Win64; x64) AppleWebKit/537.36 (KHTML, like Gecko) Chrome/90.0.4430.85 Safari/537.36"
198.54.114.35 - - [17/Jun/2025:15:47:10 -0400] "POST /wp-cron.php?doing_wp_cron=1750189630.0781929492950439453125 HTTP/1.1" 200 0 "-" "WordPress/6.8.1; https://socialdigiinnovator.com"
193.32.126.164 - - [17/Jun/2025:15:47:11 -0400] "GET /wp-admin/ HTTP/1.1" 302 0 "www.google.com" "Mozilla/5.0 (Windows NT 10.0; Win64; x64) AppleWebKit/537.36 (KHTML, like Gecko) Chrome/90.0.4430.85 Safari/537.36"
193.32.126.164 - - [17/Jun/2025:15:47:11 -0400] "GET /wp-login.php?redirect_to=https%3A%2F%2Fsocialdigiinnovator.com%2Fwp-admin%2F&reauth=1 HTTP/1.1" 302 0 "www.google.com" "Mozilla/5.0 (Windows NT 10.0; Win64; x64) AppleWebKit/537.36 (KHTML, like Gecko) Chrome/90.0.4430.85 Safari/537.36"
193.32.126.164 - - [17/Jun/2025:15:47:11 -0400] "GET /404 HTTP/1.1" 404 14946 "www.google.com" "Mozilla/5.0 (Windows NT 10.0; Win64; x64) AppleWebKit/537.36 (KHTML, like Gecko) Chrome/90.0.4430.85 Safari/537.36"
196.251.72.25 - - [17/Jun/2025:15:48:19 -0400] "GET /wp-content/themes/seotheme/db.php?u HTTP/1.1" 404 14946 "www.google.com" "Mozlila/5.0 (Linux; Android 7.0; SM-G892A Bulid/NRD90M; wv) AppleWebKit/537.36 (KHTML, like Gecko) Version/4.0 Chrome/60.0.3112.107 Moblie Safari/537.36"
196.251.72.25 - - [17/Jun/2025:15:48:19 -0400] "POST /ALFA_DATA/alfacgiapi/perl.alfa HTTP/1.1" 404 14946 "www.google.com" "Mozlila/5.0 (Linux; Android 7.0; SM-G892A Bulid/NRD90M; wv) AppleWebKit/537.36 (KHTML, like Gecko) Version/4.0 Chrome/60.0.3112.107 Moblie Safari/537.36"
196.251.72.25 - - [17/Jun/2025:15:48:19 -0400] "GET /qmeeyyqp.php?Fox=d3wL7 HTTP/1.1" 404 14946 "www.google.com" "Mozilla/5.0 (Linux; Android 7.0; SM-G892A Bulid/NRD90M; wv) AppleWebKit/537.36 (KHTML, like Gecko) Version/4.0 Chrome/60.0.3112.107 Moblie Safari/537.36"
196.251.72.25 - - [17/Jun/2025:15:48:20 -0400] "GET /wp-content/themes/seotheme/db.php?u HTTP/1.1" 404 14946 "www.google.com" "Mozlila/5.0 (Linux; Android 7.0; SM-G892A Bulid/NRD90M; wv) AppleWebKit/537.36 (KHTML, like Gecko) Version/4.0 Chrome/60.0.3112.107 Moblie Safari/537.36"
196.251.72.25 - - [17/Jun/2025:15:48:20 -0400] "POST /alfacgiapi/perl.alfa HTTP/1.1" 404 14946 "www.google.com" "Mozlila/5.0 (Linux; Android 7.0; SM-G892A Bulid/NRD90M; wv) AppleWebKit/537.36 (KHTML, like Gecko) Version/4.0 Chrome/60.0.3112.107 Moblie Safari/537.36"
196.251.72.25 - - [17/Jun/2025:15:48:19 -0400] "GET / HTTP/1.1" 200 21699 "-" "Mozlila/5.0 (Linux; Android 7.0; SM-G892A Bulid/NRD90M; wv) AppleWebKit/537.36 (KHTML, like Gecko) Version/4.0 Chrome/60.0.3112.107 Moblie Safari/537.36"
196.251.72.25 - - [17/Jun/2025:15:48:22 -0400] "GET /wp-content/plugins/apikey/apikey.php.suspected?test=hello HTTP/1.1" 404 14946 "-" "Mozlila/5.0 (Linux; Android 7.0; SM-G892A Bulid/NRD90M; wv) AppleWebKit/537.36 (KHTML, like Gecko) Version/4.0 Chrome/60.0.3112.107 Moblie Safari/537.36"
196.251.72.25 - - [17/Jun/2025:15:48:23 -0400] "GET /plugins/content/apismtp/apismtp.php.suspected?test=hello HTTP/1.1" 404 14946 "-" "Mozlila/5.0 (Linux; Android 7.0; SM-G892A Bulid/NRD90M; wv) AppleWebKit/537.36 (KHTML, like Gecko) Version/4.0 Chrome/60.0.3112.107 Moblie Safari/537.36"
198.54.114.35 - - [17/Jun/2025:15:49:23 -0400] "POST /wp-cron.php?doing_wp_cron=1750189763.2421329021453857421875 HTTP/1.1" 200 0 "-" "WordPress/6.8.1; https://socialdigiinnovator.com"
193.32.126.164 - - [17/Jun/2025:15:49:23 -0400] "GET /404 HTTP/1.1" 404 14946 "https://socialdigiinnovator.com/wp-admin/" "Mozilla/5.0 (Windows NT 10.0; Win64; x64) AppleWebKit/537.36 (KHTML, like Gecko) Chrome/90.0.4430.85 Safari/537.36"
193.32.126.164 - - [17/Jun/2025:15:49:24 -0400] "GET /404 HTTP/1.1" 404 14946 "www.google.com" "Mozilla/5.0 (Windows NT 10.0; Win64; x64) AppleWebKit/537.36 (KHTML, like Gecko) Chrome/90.0.4430.85 Safari/537.36"
89.46.109.92 - - [17/Jun/2025:15:36:46 -0400] "POST /xmlrpc.php HTTP/1.1" 403 1242 "https://socialdigiinnovator.com" "Mozilla/5.0 (Macintosh; Intel Mac OS X 10_15_7) AppleWebKit/537.36 (KHTML, like Gecko) Chrome/112.0.5615.138 Safari/537.36"
198.54.114.35 - - [17/Jun/2025:15:37:18 -0400] "POST /wp-cron.php?doing_wp_cron=1750189038.3542768955230712890625 HTTP/1.1" 200 0 "-" "WordPress/6.8.1; https://socialdigiinnovator.com"
43.153.71.12 - - [17/Jun/2025:15:37:14 -0400] "GET / HTTP/1.1" 200 21727 "http://socialdigiinnovator.com" "Mozilla/5.0 (iPhone; CPU iPhone OS 13_2_3 like Mac OS X) AppleWebKit/605.1.15 (KHTML, like Gecko) Version/13.0.3 Mobile/15E148 Safari/604.1"
193.32.126.164 - - [17/Jun/2025:15:47:07 -0400] "GET /404 HTTP/1.1" 404 14953 "https://socialdigiinnovator.com/wp-admin/" "Mozilla/5.0 (Windows NT 10.0; Win64; x64) AppleWebKit/537.36 (KHTML, like Gecko) Chrome/90.0.4430.85 Safari/537.36"
198.54.114.35 - - [17/Jun/2025:15:48:20 -0400] "POST /wp-cron.php?doing_wp_cron=1750189699.9613699913024902343750 HTTP/1.1" 200 0 "-" "WordPress/6.8.1; https://socialdigiinnovator.com"
196.251.72.25 - - [17/Jun/2025:15:48:19 -0400] "GET /wp-content/plugins/fix/up.php HTTP/1.1" 404 14946 "-" "Mozilla/5.0 (Windows NT 10.0; Win64; x64) AppleWebKit/537.36 (KHTML, like Gecko) Chrome/85.0.4183.102 Safari/537.36"
196.251.72.25 - - [17/Jun/2025:15:48:21 -0400] "GET /wp-content/plugins/apikey/apikey.php?test=hello HTTP/1.1" 404 14928 "-" "Mozlila/5.0 (Linux; Android 7.0; SM-G892A Bulid/NRD90M; wv) AppleWebKit/537.36 (KHTML, like Gecko) Version/4.0 Chrome/60.0.3112.107 Moblie Safari/537.36"
196.251.72.25 - - [17/Jun/2025:15:48:22 -0400] "GET /plugins/content/apismtp/apismtp.php?test=hello HTTP/1.1" 404 14946 "-" "Mozlila/5.0 (Linux; Android 7.0; SM-G892A Bulid/NRD90M; wv) AppleWebKit/537.36 (KHTML, like Gecko) Version/4.0 Chrome/60.0.3112.107 Moblie Safari/537.36"
193.32.126.164 - - [17/Jun/2025:15:49:22 -0400] "POST /wp-login.php HTTP/1.1" 302 0 "https://socialdigiinnovator.com/wp-admin/" "Mozilla/5.0 (Windows NT 10.0; Win64; x64) AppleWebKit/537.36 (KHTML, like Gecko) Chrome/90.0.4430.85 Safari/537.36"
193.32.126.164 - - [17/Jun/2025:15:49:23 -0400] "GET /wp-admin/ HTTP/1.1" 302 0 "www.google.com" "Mozilla/5.0 (Windows NT 10.0; Win64; x64) AppleWebKit/537.36 (KHTML, like Gecko) Chrome/90.0.4430.85 Safari/537.36"
193.32.126.164 - - [17/Jun/2025:15:49:24 -0400] "GET /wp-login.php?redirect_to=https%3A%2F%2Fsocialdigiinnovator.com%2Fwp-admin%2F&reauth=1 HTTP/1.1" 302 0 "www.google.com" "Mozilla/5.0 (Windows NT 10.0; Win64; x64) AppleWebKit/537.36 (KHTML, like Gecko) Chrome/90.0.4430.85 Safari/537.36"
94.72.114.183 - - [17/Jun/2025:15:50:32 -0400] "POST /xmlrpc.php HTTP/1.1" 403 1242 "https://socialdigiinnovator.com" "Mozilla/5.0 (Macintosh; Intel Mac OS X 10_15_7) AppleWebKit/537.36 (KHTML, like Gecko) Chrome/114.0.5735.134 Safari/537.36"
2a13:f580:3:15:ecb7:98a0:54fd:cee5 - - [17/Jun/2025:15:51:19 -0400] "GET /?author=1 HTTP/1.1" 403 1242 "https://www.google.com" "Mozilla/5.0 (X11; Linux x86_64) AppleWebKit/537.36 (KHTML, like Gecko) Chrome/119.0.0.0 Safari/537.36"
2a13:f580:3:15:ecb7:98a0:54fd:cee5 - - [17/Jun/2025:15:51:21 -0400] "GET /404 HTTP/1.1" 404 14946 "https://www.google.com" "Mozilla/5.0 (X11; Linux x86_64) AppleWebKit/537.36 (KHTML, like Gecko) Chrome/119.0.0.0 Safari/537.36"
2a13:f580:3:15:ecb7:98a0:54fd:cee5 - - [17/Jun/2025:15:51:24 -0400] "GET /404 HTTP/1.1" 404 14946 "https://www.google.com" "Mozilla/5.0 (X11; Linux x86_64) AppleWebKit/537.36 (KHTML, like Gecko) Chrome/119.0.0.0 Safari/537.36"
2a13:f580:3:15:ecb7:98a0:54fd:cee5 - - [17/Jun/2025:15:51:25 -0400] "GET /wp-login.php HTTP/1.1" 302 0 "https://www.google.com" "Mozilla/5.0 (X11; Linux x86_64) AppleWebKit/537.36 (KHTML, like Gecko) Chrome/119.0.0.0 Safari/537.36"
2a13:f580:3:15:ecb7:98a0:54fd:cee5 - - [17/Jun/2025:15:51:28 -0400] "GET /wp-login.php HTTP/1.1" 302 0 "https://www.google.com" "Mozilla/5.0 (X11; Linux x86_64) AppleWebKit/537.36 (KHTML, like Gecko) Chrome/119.0.0.0 Safari/537.36"
124.156.179.141 - - [17/Jun/2025:15:51:31 -0400] "GET /wp-content/plugins/depicter/resources/scripts/player/ HTTP/1.1" 403 1242 "-" "Mozilla/5.0 (iPhone; CPU iPhone OS 13_2_3 like Mac OS X) AppleWebKit/605.1.15 (KHTML, like Gecko) Version/13.0.3 Mobile/15E148 Safari/604.1"
2a13:f580:3:15:ecb7:98a0:54fd:cee5 - - [17/Jun/2025:15:51:32 -0400] "GET /wp-admin/ HTTP/1.1" 302 0 "https://www.google.com" "Mozilla/5.0 (X11; Linux x86_64) AppleWebKit/537.36 (KHTML, like Gecko) Chrome/119.0.0.0 Safari/537.36"
2a13:f580:3:15:ecb7:98a0:54fd:cee5 - - [17/Jun/2025:15:51:37 -0400] "GET /404 HTTP/1.1" 404 14928 "https://www.google.com" "Mozilla/5.0 (X11; Linux x86_64) AppleWebKit/537.36 (KHTML, like Gecko) Chrome/119.0.0.0 Safari/537.36"
2a13:f580:3:15:ecb7:98a0:54fd:cee5 - - [17/Jun/2025:15:51:41 -0400] "GET /wp-login.php?redirect_to=https%3A%2F%2Fsocialdigiinnovator.com%2Fwp-admin%2F&reauth=1 HTTP/1.1" 302 0 "https://www.google.com" "Mozilla/5.0 (X11; Linux x86_64) AppleWebKit/537.36 (KHTML, like Gecko) Chrome/119.0.0.0 Safari/537.36"
198.54.114.35 - - [17/Jun/2025:15:51:43 -0400] "POST /wp-cron.php?doing_wp_cron=1750189902.9357080459594726562500 HTTP/1.1" 200 0 "-" "WordPress/6.8.1; https://socialdigiinnovator.com"
2a13:f580:3:15:ecb7:98a0:54fd:cee5 - - [17/Jun/2025:15:51:44 -0400] "GET /wp-login.php HTTP/1.1" 302 0 "https://www.google.com" "Mozilla/5.0 (X11; Linux x86_64) AppleWebKit/537.36 (KHTML, like Gecko) Chrome/119.0.0.0 Safari/537.36"
2a13:f580:3:15:ecb7:98a0:54fd:cee5 - - [17/Jun/2025:15:51:45 -0400] "GET /404 HTTP/1.1" 404 14946 "https://www.google.com" "Mozilla/5.0 (X11; Linux x86_64) AppleWebKit/537.36 (KHTML, like Gecko) Chrome/119.0.0.0 Safari/537.36"
2a13:f580:3:15:ecb7:98a0:54fd:cee5 - - [17/Jun/2025:15:51:49 -0400] "GET /wp-login.php?redirect_to=https%3A%2F%2Fsocialdigiinnovator.com%2Fwp-admin%2F&reauth=1 HTTP/1.1" 302 0 "https://www.google.com" "Mozilla/5.0 (X11; Linux x86_64) AppleWebKit/537.36 (KHTML, like Gecko) Chrome/119.0.0.0 Safari/537.36"
198.54.114.35 - - [17/Jun/2025:15:51:17 -0400] "POST /wp-cron.php?doing_wp_cron=1750189877.4497120380401611328125 HTTP/1.1" 200 0 "-" "WordPress/6.8.1; https://socialdigiinnovator.com"
2a13:f580:3:15:ecb7:98a0:54fd:cee5 - - [17/Jun/2025:15:51:15 -0400] "GET /wp-json/wp/v2/users HTTP/1.1" 200 938 "https://www.google.com" "Mozilla/5.0 (X11; Linux x86_64) AppleWebKit/537.36 (KHTML, like Gecko) Chrome/119.0.0.0 Safari/537.36"
2a13:f580:3:15:ecb7:98a0:54fd:cee5 - - [17/Jun/2025:15:51:20 -0400] "GET /wp-login.php HTTP/1.1" 302 0 "https://www.google.com" "Mozilla/5.0 (X11; Linux x86_64) AppleWebKit/537.36 (KHTML, like Gecko) Chrome/119.0.0.0 Safari/537.36"
2a13:f580:3:15:ecb7:98a0:54fd:cee5 - - [17/Jun/2025:15:51:23 -0400] "GET /wp-login.php HTTP/1.1" 302 0 "https://www.google.com" "Mozilla/5.0 (X11; Linux x86_64) AppleWebKit/537.36 (KHTML, like Gecko) Chrome/119.0.0.0 Safari/537.36"
2a13:f580:3:15:ecb7:98a0:54fd:cee5 - - [17/Jun/2025:15:51:27 -0400] "GET /404 HTTP/1.1" 404 14946 "https://www.google.com" "Mozilla/5.0 (X11; Linux x86_64) AppleWebKit/537.36 (KHTML, like Gecko) Chrome/119.0.0.0 Safari/537.36"
2a13:f580:3:15:ecb7:98a0:54fd:cee5 - - [17/Jun/2025:15:51:29 -0400] "GET /404 HTTP/1.1" 404 14946 "https://www.google.com" "Mozilla/5.0 (X11; Linux x86_64) AppleWebKit/537.36 (KHTML, like Gecko) Chrome/119.0.0.0 Safari/537.36"
2a13:f580:3:15:ecb7:98a0:54fd:cee5 - - [17/Jun/2025:15:51:31 -0400] "GET /admin HTTP/1.1" 302 0 "https://www.google.com" "Mozilla/5.0 (X11; Linux x86_64) AppleWebKit/537.36 (KHTML, like Gecko) Chrome/119.0.0.0 Safari/537.36"
2a13:f580:3:15:ecb7:98a0:54fd:cee5 - - [17/Jun/2025:15:51:33 -0400] "GET /wp-login.php?redirect_to=https%3A%2F%2Fsocialdigiinnovator.com%2Fwp-admin%2F&reauth=1 HTTP/1.1" 302 0 "https://www.google.com" "Mozilla/5.0 (X11; Linux x86_64) AppleWebKit/537.36 (KHTML, like Gecko) Chrome/119.0.0.0 Safari/537.36"
2a13:f580:3:15:ecb7:98a0:54fd:cee5 - - [17/Jun/2025:15:51:35 -0400] "GET /404 HTTP/1.1" 404 14946 "https://www.google.com" "Mozilla/5.0 (X11; Linux x86_64) AppleWebKit/537.36 (KHTML, like Gecko) Chrome/119.0.0.0 Safari/537.36"
2a13:f580:3:15:ecb7:98a0:54fd:cee5 - - [17/Jun/2025:15:51:36 -0400] "GET /wp-login.php/ HTTP/1.1" 302 0 "https://www.google.com" "Mozilla/5.0 (X11; Linux x86_64) AppleWebKit/537.36 (KHTML, like Gecko) Chrome/119.0.0.0 Safari/537.36"
2a13:f580:3:15:ecb7:98a0:54fd:cee5 - - [17/Jun/2025:15:51:39 -0400] "GET /admin/ HTTP/1.1" 302 0 "https://www.google.com" "Mozilla/5.0 (X11; Linux x86_64) AppleWebKit/537.36 (KHTML, like Gecko) Chrome/119.0.0.0 Safari/537.36"
2a13:f580:3:15:ecb7:98a0:54fd:cee5 - - [17/Jun/2025:15:51:40 -0400] "GET /wp-admin/ HTTP/1.1" 302 0 "https://www.google.com" "Mozilla/5.0 (X11; Linux x86_64) AppleWebKit/537.36 (KHTML, like Gecko) Chrome/119.0.0.0 Safari/537.36"
2a13:f580:3:15:ecb7:98a0:54fd:cee5 - - [17/Jun/2025:15:51:42 -0400] "GET /404 HTTP/1.1" 404 14946 "https://www.google.com" "Mozilla/5.0 (X11; Linux x86_64) AppleWebKit/537.36 (KHTML, like Gecko) Chrome/119.0.0.0 Safari/537.36"
2a13:f580:3:15:ecb7:98a0:54fd:cee5 - - [17/Jun/2025:15:51:47 -0400] "GET /admin HTTP/1.1" 302 0 "https://www.google.com" "Mozilla/5.0 (X11; Linux x86_64) AppleWebKit/537.36 (KHTML, like Gecko) Chrome/119.0.0.0 Safari/537.36"
2a13:f580:3:15:ecb7:98a0:54fd:cee5 - - [17/Jun/2025:15:51:48 -0400] "GET /wp-admin/ HTTP/1.1" 302 0 "https://www.google.com" "Mozilla/5.0 (X11; Linux x86_64) AppleWebKit/537.36 (KHTML, like Gecko) Chrome/119.0.0.0 Safari/537.36"
2a13:f580:3:15:ecb7:98a0:54fd:cee5 - - [17/Jun/2025:15:51:50 -0400] "GET /404 HTTP/1.1" 404 14946 "https://www.google.com" "Mozilla/5.0 (X11; Linux x86_64) AppleWebKit/537.36 (KHTML, like Gecko) Chrome/119.0.0.0 Safari/537.36"
43.157.158.178 - - [17/Jun/2025:16:00:53 -0400] "GET /wp-content/uploads/2022/09/7402118-scaled-822x822.jpg, HTTP/1.1" 301 0 "-" "Mozilla/5.0 (iPhone; CPU iPhone OS 13_2_3 like Mac OS X) AppleWebKit/605.1.15 (KHTML, like Gecko) Version/13.0.3 Mobile/15E148 Safari/604.1"
198.54.114.35 - - [17/Jun/2025:16:00:57 -0400] "POST /wp-cron.php?doing_wp_cron=1750190457.2489230632781982421875 HTTP/1.1" 200 0 "-" "WordPress/6.8.1; https://socialdigiinnovator.com"
43.157.158.178 - - [17/Jun/2025:16:01:01 -0400] "GET /wp-content/uploads/2022/09/7402118-scaled-822x822.jpg HTTP/1.1" 200 53831 "https://socialdigiinnovator.com/wp-content/uploads/2022/09/7402118-scaled-822x822.jpg," "Mozilla/5.0 (iPhone; CPU iPhone OS 13_2_3 like Mac OS X) AppleWebKit/605.1.15 (KHTML, like Gecko) Version/13.0.3 Mobile/15E148 Safari/604.1"
185.26.150.103 - - [17/Jun/2025:16:03:49 -0400] "POST /xmlrpc.php HTTP/1.1" 403 1242 "https://socialdigiinnovator.com" "Mozilla/5.0 (Windows NT 10.0; Win64; x64) AppleWebKit/537.36 (KHTML, like Gecko) Chrome/116.0.5845.96 Safari/537.36"
198.54.114.35 - - [17/Jun/2025:16:14:51 -0400] "POST /wp-cron.php?doing_wp_cron=1750191291.8321049213409423828125 HTTP/1.1" 200 0 "-" "WordPress/6.8.1; https://socialdigiinnovator.com"
198.54.114.35 - - [17/Jun/2025:16:14:53 -0400] "POST /wp-cron.php HTTP/1.1" 200 0 "-" "WordPress/6.8.1; https://socialdigiinnovator.com"
198.54.114.35 - - [17/Jun/2025:16:14:53 -0400] "GET / HTTP/1.1" 200 21732 "-" "WordPress/6.8.1; https://socialdigiinnovator.com"
198.54.114.35 - - [17/Jun/2025:16:14:54 -0400] "GET / HTTP/1.1" 200 21727 "-" "WordPress/6.8.1; https://socialdigiinnovator.com"
66.249.66.167 - - [17/Jun/2025:16:15:02 -0400] "GET /yasir-saleem-dhr/ HTTP/1.1" 503 917 "-" "Mozilla/5.0 (Linux; Android 6.0.1; Nexus 5X Build/MMB29P) AppleWebKit/537.36 (KHTML, like Gecko) Chrome/136.0.7103.113 Mobile Safari/537.36 (compatible; Googlebot/2.1; +http://www.google.com/bot.html)"
52.12.158.190 - - [17/Jun/2025:16:15:18 -0400] "HEAD / HTTP/1.1" 301 0 "-" "Opera/9.80 (X11; Linux i686; U; es-ES) Presto/2.8.131 Version/11.11"
52.12.158.190 - - [17/Jun/2025:16:15:19 -0400] "HEAD / HTTP/1.1" 200 0 "-" "Opera/9.80 (X11; Linux i686; U; es-ES) Presto/2.8.131 Version/11.11"
198.54.114.35 - - [17/Jun/2025:16:20:26 -0400] "POST /wp-cron.php?doing_wp_cron=1750191625.9560849666595458984375 HTTP/1.1" 200 0 "-" "WordPress/6.8.1; https://socialdigiinnovator.com"
170.106.163.48 - - [17/Jun/2025:16:21:24 -0400] "GET /virtual-assistant-services/ HTTP/1.1" 200 16414 "-" "Mozilla/5.0 (iPhone; CPU iPhone OS 13_2_3 like Mac OS X) AppleWebKit/605.1.15 (KHTML, like Gecko) Version/13.0.3 Mobile/15E148 Safari/604.1"
43.135.133.194 - - [17/Jun/2025:16:14:48 -0400] "GET /talk/ HTTP/1.1" 200 12926 "-" "Mozilla/5.0 (iPhone; CPU iPhone OS 13_2_3 like Mac OS X) AppleWebKit/605.1.15 (KHTML, like Gecko) Version/13.0.3 Mobile/15E148 Safari/604.1"
198.54.114.35 - - [17/Jun/2025:16:14:55 -0400] "GET / HTTP/1.1" 200 21727 "-" "WordPress/6.8.1; https://socialdigiinnovator.com"
198.54.114.35 - - [17/Jun/2025:16:14:56 -0400] "GET / HTTP/1.1" 200 21699 "-" "WordPress/6.8.1; https://socialdigiinnovator.com"
198.54.114.35 - - [17/Jun/2025:16:15:01 -0400] "GET /?wp_scrape_key=573e2618fab555adfe51b0ab2da4b6bb&wp_scrape_nonce=1750191299 HTTP/1.1" 200 21748 "-" "WordPress/6.8.1; https://socialdigiinnovator.com"
198.54.114.35 - - [17/Jun/2025:16:15:05 -0400] "GET /?wp_scrape_key=573e2618fab555adfe51b0ab2da4b6bb&wp_scrape_nonce=1750191299 HTTP/1.1" 503 917 "-" "WordPress/6.8.1; https://socialdigiinnovator.com"
154.28.111.39 - - [17/Jun/2025:16:20:23 -0400] "GET /talk HTTP/1.1" 301 0 "-" "Mozilla/5.0 (Macintosh; Intel Mac OS X 10_15_7) AppleWebKit/537.36 (KHTML, like Gecko) Chrome/127.0.0.0 Safari/537.3"
198.54.114.35 - - [17/Jun/2025:16:21:24 -0400] "POST /wp-cron.php?doing_wp_cron=1750191684.9004750251770019531250 HTTP/1.1" 200 0 "-" "WordPress/6.8.1; https://socialdigiinnovator.com"
198.54.114.35 - - [17/Jun/2025:16:34:04 -0400] "POST /wp-cron.php?doing_wp_cron=1750192444.3946199417114257812500 HTTP/1.1" 200 0 "-" "WordPress/6.8.1; https://socialdigiinnovator.com"
185.191.171.14 - - [17/Jun/2025:16:34:05 -0400] "GET /borreliac2f3e/cfeee8123206.html HTTP/1.1" 404 14946 "-" "Mozilla/5.0 (compatible; SemrushBot/7~bl; +http://www.semrush.com/bot.html)"
196.251.70.18 - - [17/Jun/2025:16:34:39 -0400] "GET / HTTP/1.1" 200 21731 "-" "Mozilla/5.0 (Macintosh; Intel Mac OS X 10_9_5) AppleWebKit/537.36 (KHTML, like Gecko) Chrome/44.0.2403.125 Safari/537.36"
198.54.114.35 - - [17/Jun/2025:16:34:42 -0400] "POST /wp-cron.php?doing_wp_cron=1750192482.2619130611419677734375 HTTP/1.1" 200 0 "-" "WordPress/6.8.1; https://socialdigiinnovator.com"
196.251.70.18 - - [17/Jun/2025:16:34:42 -0400] "GET /yasir-saleem-dhr/ HTTP/1.1" 200 16420 "-" "Mozilla/5.0 (Macintosh; Intel Mac OS X 10_9_5) AppleWebKit/537.36 (KHTML, like Gecko) Chrome/44.0.2403.125 Safari/537.36"
196.251.70.18 - - [17/Jun/2025:16:34:45 -0400] "GET /virtual-assistant-services/ HTTP/1.1" 200 16413 "-" "Mozilla/5.0 (Macintosh; Intel Mac OS X 10_9_5) AppleWebKit/537.36 (KHTML, like Gecko) Chrome/44.0.2403.125 Safari/537.36"
196.251.70.18 - - [17/Jun/2025:16:34:46 -0400] "GET /virtual-assistant-services/social-media-management/ HTTP/1.1" 200 16247 "-" "Mozilla/5.0 (Macintosh; Intel Mac OS X 10_9_5) AppleWebKit/537.36 (KHTML, like Gecko) Chrome/44.0.2403.125 Safari/537.36"
196.251.70.18 - - [17/Jun/2025:16:34:47 -0400] "GET /social-media-marketing/ HTTP/1.1" 200 19864 "-" "Mozilla/5.0 (Macintosh; Intel Mac OS X 10_9_5) AppleWebKit/537.36 (KHTML, like Gecko) Chrome/44.0.2403.125 Safari/537.36"
198.54.114.35 - - [17/Jun/2025:16:41:38 -0400] "POST /wp-cron.php?doing_wp_cron=1750192898.4902880191802978515625 HTTP/1.1" 200 0 "-" "WordPress/6.8.1; https://socialdigiinnovator.com"
182.42.110.255 - - [17/Jun/2025:16:41:40 -0400] "GET / HTTP/1.1" 200 21726 "https://www.socialdigiinnovator.com/" "Mozilla/5.0 (iPhone; CPU iPhone OS 13_2_3 like Mac OS X) AppleWebKit/605.1.15 (KHTML, like Gecko) Version/13.0.3 Mobile/15E148 Safari/604.1"
194.164.168.9 - - [17/Jun/2025:16:29:40 -0400] "POST /xmlrpc.php HTTP/1.1" 403 1242 "https://socialdigiinnovator.com" "Mozilla/5.0 (Windows NT 10.0; Win64; x64; rv:125.0.1) Gecko/20100101 Firefox/125.0.1"
198.54.114.35 - - [17/Jun/2025:16:30:49 -0400] "POST /wp-cron.php?doing_wp_cron=1750192249.8715789318084716796875 HTTP/1.1" 200 0 "-" "WordPress/6.8.1; https://socialdigiinnovator.com"
43.159.140.236 - - [17/Jun/2025:16:30:47 -0400] "GET /technical-services/web-ada-comply/ HTTP/1.1" 200 15575 "-" "Mozilla/5.0 (iPhone; CPU iPhone OS 13_2_3 like Mac OS X) AppleWebKit/605.1.15 (KHTML, like Gecko) Version/13.0.3 Mobile/15E148 Safari/604.1"
85.208.96.193 - - [17/Jun/2025:16:34:01 -0400] "GET /robots.txt HTTP/1.1" 200 102 "-" "Mozilla/5.0 (compatible; SemrushBot/7~bl; +http://www.semrush.com/bot.html)"
198.54.114.35 - - [17/Jun/2025:16:34:39 -0400] "POST /wp-cron.php?doing_wp_cron=1750192479.2877709865570068359375 HTTP/1.1" 200 0 "-" "WordPress/6.8.1; https://socialdigiinnovator.com"
196.251.70.18 - - [17/Jun/2025:16:34:41 -0400] "GET / HTTP/1.1" 200 21731 "-" "Mozilla/5.0 (Macintosh; Intel Mac OS X 10_9_5) AppleWebKit/537.36 (KHTML, like Gecko) Chrome/44.0.2403.125 Safari/537.36"
196.251.70.18 - - [17/Jun/2025:16:34:43 -0400] "GET /blog/ HTTP/1.1" 200 14549 "-" "Mozilla/5.0 (Macintosh; Intel Mac OS X 10_9_5) AppleWebKit/537.36 (KHTML, like Gecko) Chrome/44.0.2403.125 Safari/537.36"
196.251.70.18 - - [17/Jun/2025:16:34:44 -0400] "GET /faq/ HTTP/1.1" 200 15243 "-" "Mozilla/5.0 (Macintosh; Intel Mac OS X 10_9_5) AppleWebKit/537.36 (KHTML, like Gecko) Chrome/44.0.2403.125 Safari/537.36"
196.251.70.18 - - [17/Jun/2025:16:34:46 -0400] "GET /virtual-assistant-services/lead-generation-appointment-setter/ HTTP/1.1" 200 16021 "-" "Mozilla/5.0 (Macintosh; Intel Mac OS X 10_9_5) AppleWebKit/537.36 (KHTML, like Gecko) Chrome/44.0.2403.125 Safari/537.36"
196.251.70.18 - - [17/Jun/2025:16:34:48 -0400] "GET /virtual-assistant-services/social-media-management/branding/ HTTP/1.1" 200 14708 "-" "Mozilla/5.0 (Macintosh; Intel Mac OS X 10_9_5) AppleWebKit/537.36 (KHTML, like Gecko) Chrome/44.0.2403.125 Safari/537.36"
182.42.110.255 - - [17/Jun/2025:16:41:36 -0400] "GET / HTTP/1.1" 301 0 "http://www.socialdigiinnovator.com" "Mozilla/5.0 (iPhone; CPU iPhone OS 13_2_3 like Mac OS X) AppleWebKit/605.1.15 (KHTML, like Gecko) Version/13.0.3 Mobile/15E148 Safari/604.1"
198.54.114.35 - - [17/Jun/2025:16:42:05 -0400] "POST /wp-cron.php?doing_wp_cron=1750192925.7018630504608154296875 HTTP/1.1" 200 0 "-" "WordPress/6.8.1; https://socialdigiinnovator.com"
43.153.104.196 - - [17/Jun/2025:16:42:05 -0400] "GET /non-technical-services/ HTTP/1.1" 200 15310 "-" "Mozilla/5.0 (iPhone; CPU iPhone OS 13_2_3 like Mac OS X) AppleWebKit/605.1.15 (KHTML, like Gecko) Version/13.0.3 Mobile/15E148 Safari/604.1"
198.54.114.35 - - [17/Jun/2025:16:50:52 -0400] "POST /wp-cron.php?doing_wp_cron=1750193452.5225219726562500000000 HTTP/1.1" 200 0 "-" "WordPress/6.8.1; https://socialdigiinnovator.com"
93.123.109.18 - - [17/Jun/2025:16:50:49 -0400] "GET / HTTP/1.1" 301 0 "-" "Mozilla/5.0 (Windows NT 6.1; WOW64) AppleWebKit/537.36 (KHTML, like Gecko) Chrome/47.0.2526.111 Safari/537.36"
198.54.114.35 - - [17/Jun/2025:16:54:55 -0400] "POST /wp-cron.php?doing_wp_cron=1750193695.4260160923004150390625 HTTP/1.1" 200 0 "-" "WordPress/6.8.1; https://socialdigiinnovator.com"
45.39.7.206 - - [17/Jun/2025:16:54:53 -0400] "GET / HTTP/1.1" 200 21726 "-" "Mozilla/5.0 (compatible; MSIE 10.6; Windows NT 6.1; Win64; x64; Trident/6.0; .NET CLR 2.0.50727; .NET CLR 3.5.30729; .NET CLR 3.0.30729; Media Center PC 6.0; .NET4.0C; .NET4.0E)"
45.39.7.206 - - [17/Jun/2025:16:54:57 -0400] "POST /wp-login.php HTTP/1.1" 302 0 "-" "Mozilla/5.0 (compatible; MSIE 10.6; Windows NT 6.1; Win64; x64; Trident/6.0; .NET CLR 2.0.50727; .NET CLR 3.5.30729; .NET CLR 3.0.30729; Media Center PC 6.0; .NET4.0C; .NET4.0E)"
45.39.7.206 - - [17/Jun/2025:16:54:57 -0400] "POST /xmlrpc.php HTTP/1.1" 403 1242 "-" "Mozilla/5.0 (compatible; MSIE 10.6; Windows NT 6.1; Win64; x64; Trident/6.0; .NET CLR 2.0.50727; .NET CLR 3.5.30729; .NET CLR 3.0.30729; Media Center PC 6.0; .NET4.0C; .NET4.0E)"
154.203.49.251 - - [17/Jun/2025:16:54:59 -0400] "GET / HTTP/1.1" 200 21730 "-" "Mozilla/5.0 (Windows NT 10.0; Win64; x64) AppleWebKit/537.36 (KHTML, like Gecko) Chrome/75.0.2967.74 Safari/537.36"
154.203.49.251 - - [17/Jun/2025:16:55:00 -0400] "GET / HTTP/1.1" 200 21726 "-" "Mozilla/5.0 (Windows NT 10.0; Win64; x64) AppleWebKit/537.36 (KHTML, like Gecko) Chrome/75.0.2967.74 Safari/537.36"
154.203.49.251 - - [17/Jun/2025:16:55:02 -0400] "GET /404 HTTP/1.1" 404 14946 "-" "Mozilla/5.0 (Windows NT 10.0; Win64; x64) AppleWebKit/537.36 (KHTML, like Gecko) Chrome/75.0.2967.74 Safari/537.36"
154.203.49.251 - - [17/Jun/2025:16:55:02 -0400] "GET /wp-admin/ HTTP/1.1" 302 0 "-" "Mozilla/5.0 (Windows NT 10.0; Win64; x64) AppleWebKit/537.36 (KHTML, like Gecko) Chrome/75.0.2967.74 Safari/537.36"
154.203.49.251 - - [17/Jun/2025:16:55:04 -0400] "GET /wp-login.php?redirect_to=https%3A%2F%2Fsocialdigiinnovator.com%2Fwp-admin%2F&reauth=1 HTTP/1.1" 302 0 "-" "Mozilla/5.0 (Windows NT 10.0; Win64; x64) AppleWebKit/537.36 (KHTML, like Gecko) Chrome/75.0.2967.74 Safari/537.36"
52.167.144.197 - - [17/Jun/2025:16:55:32 -0400] "GET /?tokenworthe2%2Feb873077_html HTTP/1.1" 200 21731 "-" "Mozilla/5.0 AppleWebKit/537.36 (KHTML, like Gecko; compatible; bingbot/2.0; +http://www.bing.com/bingbot.htm) Chrome/116.0.1938.76 Safari/537.36"
52.167.144.233 - - [17/Jun/2025:16:57:01 -0400] "GET /wp-includes/js/dist/script-modules/block-library/navigation/view.min.js?ver=61572d447d60c0aa5240 HTTP/1.1" 200 1049 "-" "Mozilla/5.0 AppleWebKit/537.36 (KHTML, like Gecko; compatible; bingbot/2.0; +http://www.bing.com/bingbot.htm) Chrome/116.0.1938.76 Safari/537.36"
39.48.38.170 - - [17/Jun/2025:16:58:31 -0400] "GET /wp-content/plugins/depicter/resources/styles/player/depicter.css?ver=1750191298 HTTP/1.1" 200 3553 "https://socialdigiinnovator.com/" "Mozilla/5.0 (Windows NT 10.0; Win64; x64) AppleWebKit/537.36 (KHTML, like Gecko) Chrome/137.0.0.0 Safari/537.36"
39.48.38.170 - - [17/Jun/2025:16:58:32 -0400] "GET /wp-content/uploads/2022/09/1.webp HTTP/1.1" 404 14946 "https://socialdigiinnovator.com/" "Mozilla/5.0 (Windows NT 10.0; Win64; x64) AppleWebKit/537.36 (KHTML, like Gecko) Chrome/137.0.0.0 Safari/537.36"
39.48.38.170 - - [17/Jun/2025:16:58:32 -0400] "GET /wp-content/uploads/2022/09/elementor/thumbs/2-1-pvdwa72vq5yedtmnnfiiqsvglvj4vj7srmzj5y316g.png HTTP/1.1" 404 14946 "https://socialdigiinnovator.com/" "Mozilla/5.0 (Windows NT 10.0; Win64; x64) AppleWebKit/537.36 (KHTML, like Gecko) Chrome/137.0.0.0 Safari/537.36"
39.48.38.170 - - [17/Jun/2025:16:58:32 -0400] "GET /wp-content/uploads/2022/09/2.webp HTTP/1.1" 404 14946 "https://socialdigiinnovator.com/" "Mozilla/5.0 (Windows NT 10.0; Win64; x64) AppleWebKit/537.36 (KHTML, like Gecko) Chrome/137.0.0.0 Safari/537.36"
178.254.22.43 - - [17/Jun/2025:16:42:54 -0400] "POST /xmlrpc.php HTTP/1.1" 403 1242 "https://socialdigiinnovator.com" "Mozilla/5.0 (Macintosh; Intel Mac OS X 10_15_7; rv:129.0) Gecko/20100101 Firefox/129.0"
198.54.114.35 - - [17/Jun/2025:16:52:16 -0400] "POST /wp-cron.php?doing_wp_cron=1750193536.6869890689849853515625 HTTP/1.1" 200 0 "-" "WordPress/6.8.1; https://socialdigiinnovator.com"
43.130.12.43 - - [17/Jun/2025:16:52:14 -0400] "GET /?p=2904 HTTP/1.1" 301 0 "-" "Mozilla/5.0 (iPhone; CPU iPhone OS 13_2_3 like Mac OS X) AppleWebKit/605.1.15 (KHTML, like Gecko) Version/13.0.3 Mobile/15E148 Safari/604.1"
43.130.12.43 - - [17/Jun/2025:16:52:19 -0400] "GET /talk/ HTTP/1.1" 200 12926 "https://socialdigiinnovator.com/?p=2904" "Mozilla/5.0 (iPhone; CPU iPhone OS 13_2_3 like Mac OS X) AppleWebKit/605.1.15 (KHTML, like Gecko) Version/13.0.3 Mobile/15E148 Safari/604.1"
95.173.223.109 - - [17/Jun/2025:16:54:44 -0400] "POST /xmlrpc.php HTTP/1.1" 403 1242 "-" "Mozilla/5.0 (Windows NT 10.0; Win64; x64) AppleWebKit/537.36 (KHTML, like Gecko) Chrome/91.0.4472.124 Safari/537.36"
154.203.49.251 - - [17/Jun/2025:16:55:01 -0400] "GET /wp-login.php HTTP/1.1" 302 0 "-" "Mozilla/5.0 (Windows NT 10.0; Win64; x64) AppleWebKit/537.36 (KHTML, like Gecko) Chrome/75.0.2967.74 Safari/537.36"
154.203.49.251 - - [17/Jun/2025:16:55:04 -0400] "GET /404 HTTP/1.1" 404 14879 "-" "Mozilla/5.0 (Windows NT 10.0; Win64; x64) AppleWebKit/537.36 (KHTML, like Gecko) Chrome/75.0.2967.74 Safari/537.36"
52.167.144.147 - - [17/Jun/2025:16:56:06 -0400] "GET /wp-includes/js/dist/script-modules/interactivity/index.min.js?ver=55aebb6e0a16726baffb HTTP/1.1" 200 13727 "-" "Mozilla/5.0 AppleWebKit/537.36 (KHTML, like Gecko; compatible; bingbot/2.0; +http://www.bing.com/bingbot.htm) Chrome/116.0.1938.76 Safari/537.36"
81.70.244.88 - - [17/Jun/2025:16:56:09 -0400] "POST /xmlrpc.php HTTP/1.1" 403 1242 "https://socialdigiinnovator.com" "Mozilla/5.0 (Windows NT 11.0; Win64; x64; rv:126.0) Gecko/20100101 Firefox/126.0"
52.167.144.197 - - [17/Jun/2025:16:57:05 -0400] "GET /wp-content/plugins/depicter/resources/scripts/player/depicter.js?ver=1750191298 HTTP/1.1" 200 68087 "-" "Mozilla/5.0 AppleWebKit/537.36 (KHTML, like Gecko; compatible; bingbot/2.0; +http://www.bing.com/bingbot.htm) Chrome/116.0.1938.76 Safari/537.36"
198.54.114.35 - - [17/Jun/2025:16:58:30 -0400] "POST /wp-cron.php?doing_wp_cron=1750193909.9535260200500488281250 HTTP/1.1" 200 0 "-" "WordPress/6.8.1; https://socialdigiinnovator.com"
39.48.38.170 - - [17/Jun/2025:16:58:28 -0400] "GET / HTTP/1.1" 200 21726 "-" "Mozilla/5.0 (Windows NT 10.0; Win64; x64) AppleWebKit/537.36 (KHTML, like Gecko) Chrome/137.0.0.0 Safari/537.36"
39.48.38.170 - - [17/Jun/2025:16:58:31 -0400] "GET /wp-content/plugins/depicter/resources/styles/player/depicter-pre.css?ver=1750191298 HTTP/1.1" 200 968 "https://socialdigiinnovator.com/" "Mozilla/5.0 (Windows NT 10.0; Win64; x64) AppleWebKit/537.36 (KHTML, like Gecko) Chrome/137.0.0.0 Safari/537.36"
39.48.38.170 - - [17/Jun/2025:16:58:33 -0400] "GET /wp-content/uploads/2022/09/3.webp HTTP/1.1" 404 14946 "https://socialdigiinnovator.com/" "Mozilla/5.0 (Windows NT 10.0; Win64; x64) AppleWebKit/537.36 (KHTML, like Gecko) Chrome/137.0.0.0 Safari/537.36"
170.106.147.63 - - [17/Jun/2025:17:01:38 -0400] "GET /wp-content/uploads/2022/08/talk- HTTP/1.1" 404 14946 "-" "Mozilla/5.0 (iPhone; CPU iPhone OS 13_2_3 like Mac OS X) AppleWebKit/605.1.15 (KHTML, like Gecko) Version/13.0.3 Mobile/15E148 Safari/604.1"
2602:fb54:c7b:: - - [17/Jun/2025:17:02:09 -0400] "GET /404 HTTP/1.1" 404 14928 "-" "Mozilla/5.0 (Windows NT 10.0; Win64; x64) AppleWebKit/537.36 (KHTML, like Gecko) Chrome/91.0.4472.124 Safari/537.36"
2602:fb54:c7b:: - - [17/Jun/2025:17:02:10 -0400] "GET /wp-admin HTTP/1.1" 301 795 "-" "Mozilla/5.0 (Windows NT 10.0; Win64; x64) AppleWebKit/537.36 (KHTML, like Gecko) Chrome/91.0.4472.124 Safari/537.36"
2602:fb54:c7b:: - - [17/Jun/2025:17:02:11 -0400] "GET /wp-login.php?redirect_to=https%3A%2F%2Fsocialdigiinnovator.com%2Fwp-admin%2F&reauth=1 HTTP/1.1" 302 0 "-" "Mozilla/5.0 (Windows NT 10.0; Win64; x64) AppleWebKit/537.36 (KHTML, like Gecko) Chrome/91.0.4472.124 Safari/537.36"
2602:fb54:c7b:: - - [17/Jun/2025:17:02:11 -0400] "GET /404 HTTP/1.1" 404 14946 "-" "Mozilla/5.0 (Windows NT 10.0; Win64; x64) AppleWebKit/537.36 (KHTML, like Gecko) Chrome/91.0.4472.124 Safari/537.36"
2602:fb54:c7b:: - - [17/Jun/2025:17:02:12 -0400] "GET /admin HTTP/1.1" 302 0 "-" "Mozilla/5.0 (Windows NT 10.0; Win64; x64) AppleWebKit/537.36 (KHTML, like Gecko) Chrome/91.0.4472.124 Safari/537.36"
2602:fb54:c7b:: - - [17/Jun/2025:17:02:13 -0400] "GET /wp-admin/ HTTP/1.1" 302 0 "-" "Mozilla/5.0 (Windows NT 10.0; Win64; x64) AppleWebKit/537.36 (KHTML, like Gecko) Chrome/91.0.4472.124 Safari/537.36"
2602:fb54:c7b:: - - [17/Jun/2025:17:02:14 -0400] "GET /404 HTTP/1.1" 404 14946 "-" "Mozilla/5.0 (Windows NT 10.0; Win64; x64) AppleWebKit/537.36 (KHTML, like Gecko) Chrome/91.0.4472.124 Safari/537.36"
