芝麻web文件管理V1.00
编辑当前文件:/home/sditechnicalteam/access-logs/client.socialdigiinnovator.com-ssl_log
146.190.123.164 - - [27/May/2025:08:26:43 -0400] "GET /404 HTTP/1.1" 404 8475 "-" "Mozila/5.0"
146.190.123.164 - - [27/May/2025:08:26:41 -0400] "GET /wp-login.php HTTP/1.1" 302 0 "-" "Mozila/5.0"
198.54.114.35 - - [27/May/2025:08:26:44 -0400] "POST /wp-cron.php?doing_wp_cron=1748348804.3952119350433349609375 HTTP/1.1" 200 0 "-" "WordPress/6.8.1; https://client.socialdigiinnovator.com"
47.236.234.198 - - [27/May/2025:08:47:39 -0400] "GET /404 HTTP/1.1" 404 8475 "-" "Mozilla/5.0 (Linux; Android 11; Redmi Note 9 Pro Build/RKQ1.200826.002; wv) AppleWebKit/5310.36 (KHTML, like Gecko) Version/4.0 Chrome/90.0.4430.210 Mobile Safari/5310.36"
47.236.234.198 - - [27/May/2025:08:47:43 -0400] "GET /admin/index.php HTTP/1.1" 301 0 "-" "Mozilla/5.0 (Linux; Android 11; Redmi Note 9 Pro Build/RKQ1.200826.002; wv) AppleWebKit/5310.36 (KHTML, like Gecko) Version/4.0 Chrome/90.0.4430.210 Mobile Safari/5310.36"
47.236.234.198 - - [27/May/2025:08:47:44 -0400] "GET /admin/ HTTP/1.1" 302 0 "-" "Mozilla/5.0 (Linux; Android 11; Redmi Note 9 Pro Build/RKQ1.200826.002; wv) AppleWebKit/5310.36 (KHTML, like Gecko) Version/4.0 Chrome/90.0.4430.210 Mobile Safari/5310.36"
47.236.234.198 - - [27/May/2025:08:47:44 -0400] "GET /wp-admin/ HTTP/1.1" 302 0 "-" "Mozilla/5.0 (Linux; Android 11; Redmi Note 9 Pro Build/RKQ1.200826.002; wv) AppleWebKit/5310.36 (KHTML, like Gecko) Version/4.0 Chrome/90.0.4430.210 Mobile Safari/5310.36"
47.236.234.198 - - [27/May/2025:08:47:45 -0400] "GET /404 HTTP/1.1" 404 8474 "-" "Mozilla/5.0 (Linux; Android 11; Redmi Note 9 Pro Build/RKQ1.200826.002; wv) AppleWebKit/5310.36 (KHTML, like Gecko) Version/4.0 Chrome/90.0.4430.210 Mobile Safari/5310.36"
47.236.234.198 - - [27/May/2025:08:47:46 -0400] "GET /wp-login.php HTTP/1.1" 302 771 "-" "python-requests/2.32.3"
198.54.114.35 - - [27/May/2025:08:40:44 -0400] "POST /wp-cron.php?doing_wp_cron=1748349643.7773089408874511718750 HTTP/1.1" 200 0 "-" "WordPress/6.8.1; https://client.socialdigiinnovator.com"
52.167.144.147 - - [27/May/2025:08:40:39 -0400] "GET /?cmicropodidaecebab11701005_htm HTTP/1.1" 200 9224 "-" "Mozilla/5.0 AppleWebKit/537.36 (KHTML, like Gecko; compatible; bingbot/2.0; +http://www.bing.com/bingbot.htm) Chrome/116.0.1938.76 Safari/537.36"
47.236.234.198 - - [27/May/2025:08:47:37 -0400] "GET /wp-login.php HTTP/1.1" 302 0 "-" "Mozilla/5.0 (Linux; Android 11; Redmi Note 9 Pro Build/RKQ1.200826.002; wv) AppleWebKit/5310.36 (KHTML, like Gecko) Version/4.0 Chrome/90.0.4430.210 Mobile Safari/5310.36"
198.54.114.35 - - [27/May/2025:08:47:40 -0400] "POST /wp-cron.php?doing_wp_cron=1748350060.6933889389038085937500 HTTP/1.1" 200 0 "-" "WordPress/6.8.1; https://client.socialdigiinnovator.com"
47.236.234.198 - - [27/May/2025:08:47:42 -0400] "GET /administrator/index.php HTTP/1.1" 301 0 "-" "Mozilla/5.0 (Linux; Android 11; Redmi Note 9 Pro Build/RKQ1.200826.002; wv) AppleWebKit/5310.36 (KHTML, like Gecko) Version/4.0 Chrome/90.0.4430.210 Mobile Safari/5310.36"
47.236.234.198 - - [27/May/2025:08:47:42 -0400] "GET /administrator/ HTTP/1.1" 404 8474 "-" "Mozilla/5.0 (Linux; Android 11; Redmi Note 9 Pro Build/RKQ1.200826.002; wv) AppleWebKit/5310.36 (KHTML, like Gecko) Version/4.0 Chrome/90.0.4430.210 Mobile Safari/5310.36"
47.236.234.198 - - [27/May/2025:08:47:45 -0400] "GET /wp-login.php?redirect_to=https%3A%2F%2Fclient.socialdigiinnovator.com%2Fwp-admin%2F&reauth=1 HTTP/1.1" 302 0 "-" "Mozilla/5.0 (Linux; Android 11; Redmi Note 9 Pro Build/RKQ1.200826.002; wv) AppleWebKit/5310.36 (KHTML, like Gecko) Version/4.0 Chrome/90.0.4430.210 Mobile Safari/5310.36"
198.54.114.35 - - [27/May/2025:08:57:06 -0400] "POST /wp-cron.php?doing_wp_cron=1748350626.0150039196014404296875 HTTP/1.1" 200 0 "-" "WordPress/6.8.1; https://client.socialdigiinnovator.com"
52.169.13.43 - - [27/May/2025:08:57:09 -0400] "GET /link.php HTTP/1.1" 404 8475 "-" "-"
52.169.13.43 - - [27/May/2025:08:57:09 -0400] "GET /moon.php HTTP/1.1" 404 8475 "-" "-"
52.169.13.43 - - [27/May/2025:08:57:10 -0400] "GET /404.php HTTP/1.1" 404 8475 "-" "-"
52.169.13.43 - - [27/May/2025:08:57:10 -0400] "GET /x.php HTTP/1.1" 404 8475 "-" "-"
52.169.13.43 - - [27/May/2025:08:57:11 -0400] "GET /widgets.php HTTP/1.1" 404 8475 "-" "-"
52.169.13.43 - - [27/May/2025:08:57:11 -0400] "GET /classwithtostring.php HTTP/1.1" 404 8475 "-" "-"
52.169.13.43 - - [27/May/2025:08:57:12 -0400] "GET /aks.php HTTP/1.1" 404 8475 "-" "-"
52.169.13.43 - - [27/May/2025:08:57:14 -0400] "GET /install.php HTTP/1.1" 404 8474 "-" "-"
52.169.13.43 - - [27/May/2025:08:57:15 -0400] "GET /index.php HTTP/1.1" 301 0 "-" "-"
52.169.13.43 - - [27/May/2025:08:57:15 -0400] "GET / HTTP/1.1" 200 9189 "-" "-"
52.169.13.43 - - [27/May/2025:08:57:16 -0400] "GET /mail.php HTTP/1.1" 404 8475 "-" "-"
52.169.13.43 - - [27/May/2025:08:57:16 -0400] "GET /content.php HTTP/1.1" 404 8475 "-" "-"
52.169.13.43 - - [27/May/2025:08:57:18 -0400] "GET /wp.php HTTP/1.1" 404 8475 "-" "-"
52.169.13.43 - - [27/May/2025:08:57:01 -0400] "GET /wp-content/plugins/hellopress/wp_filemanager.php HTTP/1.1" 404 8474 "-" "-"
52.169.13.43 - - [27/May/2025:08:57:07 -0400] "GET /info.php HTTP/1.1" 404 8475 "-" "-"
52.169.13.43 - - [27/May/2025:08:57:08 -0400] "GET /chosen HTTP/1.1" 404 8475 "-" "-"
52.169.13.43 - - [27/May/2025:08:57:13 -0400] "GET /buy.php HTTP/1.1" 404 8475 "-" "-"
52.169.13.43 - - [27/May/2025:08:57:14 -0400] "GET /log.php HTTP/1.1" 404 8474 "-" "-"
52.169.13.43 - - [27/May/2025:08:57:17 -0400] "GET /upfile.php HTTP/1.1" 404 8475 "-" "-"
52.169.13.43 - - [27/May/2025:08:57:18 -0400] "GET /wp-conflg.php HTTP/1.1" 404 8475 "-" "-"
52.169.13.43 - - [27/May/2025:08:57:19 -0400] "GET /bypass.php HTTP/1.1" 404 8474 "-" "-"
52.169.13.43 - - [27/May/2025:08:57:19 -0400] "GET /updates.php HTTP/1.1" 404 8475 "-" "-"
198.54.114.35 - - [27/May/2025:09:02:37 -0400] "POST /wp-cron.php?doing_wp_cron=1748350957.6598439216613769531250 HTTP/1.1" 200 0 "-" "WordPress/6.8.1; https://client.socialdigiinnovator.com"
207.180.255.40 - - [27/May/2025:09:02:33 -0400] "GET /wp-content/plugins/cleantalk-spam-protect/readme.txt HTTP/1.1" 404 8475 "www.google.com" "Mozilla/6.4 (Windows NT 11.1) Gecko/2010102 Firefox/99.0"
157.55.39.201 - - [27/May/2025:09:18:29 -0400] "GET /?3517f9portugaisfdfa89691_htm HTTP/1.1" 200 9218 "-" "Mozilla/5.0 AppleWebKit/537.36 (KHTML, like Gecko; compatible; bingbot/2.0; +http://www.bing.com/bingbot.htm) Chrome/116.0.1938.76 Safari/537.36"
198.54.114.35 - - [27/May/2025:09:18:32 -0400] "POST /wp-cron.php?doing_wp_cron=1748351912.3593449592590332031250 HTTP/1.1" 200 0 "-" "WordPress/6.8.1; https://client.socialdigiinnovator.com"
43.166.240.231 - - [27/May/2025:09:58:19 -0400] "GET / HTTP/1.1" 200 9189 "http://client.socialdigiinnovator.com" "Mozilla/5.0 (iPhone; CPU iPhone OS 13_2_3 like Mac OS X) AppleWebKit/605.1.15 (KHTML, like Gecko) Version/13.0.3 Mobile/15E148 Safari/604.1"
198.54.114.35 - - [27/May/2025:09:58:22 -0400] "POST /wp-cron.php?doing_wp_cron=1748354302.7383890151977539062500 HTTP/1.1" 200 0 "-" "WordPress/6.8.1; https://client.socialdigiinnovator.com"
198.54.114.35 - - [27/May/2025:10:13:35 -0400] "POST /wp-cron.php?doing_wp_cron=1748355215.0998189449310302734375 HTTP/1.1" 200 0 "-" "WordPress/6.8.1; https://client.socialdigiinnovator.com"
216.244.66.226 - - [27/May/2025:10:13:36 -0400] "GET /?redirect_to=https%3A%2F%2Fclient.socialdigiinnovator.com%2Frobots.txt HTTP/1.1" 200 9194 "-" "Mozilla/5.0 (compatible; DotBot/1.2; +https://opensiteexplorer.org/dotbot; help@moz.com)"
198.54.114.35 - - [27/May/2025:10:17:12 -0400] "POST /wp-cron.php?doing_wp_cron=1748355432.1395750045776367187500 HTTP/1.1" 200 0 "-" "WordPress/6.8.1; https://client.socialdigiinnovator.com"
196.251.117.154 - - [27/May/2025:10:17:09 -0400] "GET /gbujkkqs.php?Fox=d3wL7 HTTP/1.1" 404 8475 "www.google.com" "Mozilla/5.0 (Linux; Android 7.0; SM-G892A Bulid/NRD90M; wv) AppleWebKit/537.36 (KHTML, like Gecko) Version/4.0 Chrome/60.0.3112.107 Moblie Safari/537.36"
196.251.117.154 - - [27/May/2025:10:17:13 -0400] "GET /wp-content/themes/seotheme/db.php?u HTTP/1.1" 404 8475 "www.google.com" "Mozlila/5.0 (Linux; Android 7.0; SM-G892A Bulid/NRD90M; wv) AppleWebKit/537.36 (KHTML, like Gecko) Version/4.0 Chrome/60.0.3112.107 Moblie Safari/537.36"
196.251.117.154 - - [27/May/2025:10:17:12 -0400] "POST /alfacgiapi/perl.alfa HTTP/1.1" 404 8475 "www.google.com" "Mozlila/5.0 (Linux; Android 7.0; SM-G892A Bulid/NRD90M; wv) AppleWebKit/537.36 (KHTML, like Gecko) Version/4.0 Chrome/60.0.3112.107 Moblie Safari/537.36"
196.251.117.154 - - [27/May/2025:10:17:13 -0400] "GET /plugins/content/apismtp/apismtp.php?test=hello HTTP/1.1" 404 8474 "-" "Mozlila/5.0 (Linux; Android 7.0; SM-G892A Bulid/NRD90M; wv) AppleWebKit/537.36 (KHTML, like Gecko) Version/4.0 Chrome/60.0.3112.107 Moblie Safari/537.36"
216.244.66.226 - - [27/May/2025:10:13:31 -0400] "GET /robots.txt HTTP/1.1" 302 0 "-" "Mozilla/5.0 (compatible; DotBot/1.2; +https://opensiteexplorer.org/dotbot; help@moz.com)"
198.54.114.35 - - [27/May/2025:10:17:12 -0400] "POST /wp-cron.php?doing_wp_cron=1748355432.1396338939666748046875 HTTP/1.1" 200 0 "-" "WordPress/6.8.1; https://client.socialdigiinnovator.com"
196.251.117.154 - - [27/May/2025:10:17:09 -0400] "GET / HTTP/1.1" 200 9189 "-" "Mozlila/5.0 (Linux; Android 7.0; SM-G892A Bulid/NRD90M; wv) AppleWebKit/537.36 (KHTML, like Gecko) Version/4.0 Chrome/60.0.3112.107 Moblie Safari/537.36"
196.251.117.154 - - [27/May/2025:10:17:09 -0400] "POST /ALFA_DATA/alfacgiapi/perl.alfa HTTP/1.1" 404 8475 "www.google.com" "Mozlila/5.0 (Linux; Android 7.0; SM-G892A Bulid/NRD90M; wv) AppleWebKit/537.36 (KHTML, like Gecko) Version/4.0 Chrome/60.0.3112.107 Moblie Safari/537.36"
196.251.117.154 - - [27/May/2025:10:17:09 -0400] "GET /wp-content/plugins/fix/up.php HTTP/1.1" 404 8475 "-" "Mozilla/5.0 (Windows NT 10.0; Win64; x64) AppleWebKit/537.36 (KHTML, like Gecko) Chrome/85.0.4183.102 Safari/537.36"
196.251.117.154 - - [27/May/2025:10:17:09 -0400] "GET /wp-content/themes/seotheme/db.php?u HTTP/1.1" 404 8475 "www.google.com" "Mozlila/5.0 (Linux; Android 7.0; SM-G892A Bulid/NRD90M; wv) AppleWebKit/537.36 (KHTML, like Gecko) Version/4.0 Chrome/60.0.3112.107 Moblie Safari/537.36"
196.251.117.154 - - [27/May/2025:10:17:12 -0400] "GET /wp-content/plugins/apikey/apikey.php?test=hello HTTP/1.1" 404 8475 "-" "Mozlila/5.0 (Linux; Android 7.0; SM-G892A Bulid/NRD90M; wv) AppleWebKit/537.36 (KHTML, like Gecko) Version/4.0 Chrome/60.0.3112.107 Moblie Safari/537.36"
196.251.117.154 - - [27/May/2025:10:17:14 -0400] "GET /wp-content/plugins/apikey/apikey.php.suspected?test=hello HTTP/1.1" 404 8475 "-" "Mozlila/5.0 (Linux; Android 7.0; SM-G892A Bulid/NRD90M; wv) AppleWebKit/537.36 (KHTML, like Gecko) Version/4.0 Chrome/60.0.3112.107 Moblie Safari/537.36"
196.251.117.154 - - [27/May/2025:10:17:14 -0400] "GET /plugins/content/apismtp/apismtp.php.suspected?test=hello HTTP/1.1" 404 8475 "-" "Mozlila/5.0 (Linux; Android 7.0; SM-G892A Bulid/NRD90M; wv) AppleWebKit/537.36 (KHTML, like Gecko) Version/4.0 Chrome/60.0.3112.107 Moblie Safari/537.36"
159.89.178.217 - - [27/May/2025:10:31:10 -0400] "GET /wp-login.php HTTP/1.1" 302 0 "-" "Mozilla/5.0 (X11; Linux x86_64; rv:121.0) Gecko/20100101 Firefox/121.0"
198.54.114.35 - - [27/May/2025:10:31:18 -0400] "POST /wp-cron.php?doing_wp_cron=1748356277.6954650878906250000000 HTTP/1.1" 200 0 "-" "WordPress/6.8.1; https://client.socialdigiinnovator.com"
159.89.178.217 - - [27/May/2025:10:31:19 -0400] "POST /wp-login.php HTTP/1.1" 302 0 "-" "Mozilla/5.0 (X11; Linux x86_64; rv:121.0) Gecko/20100101 Firefox/121.0"
159.89.178.217 - - [27/May/2025:10:31:14 -0400] "GET /404 HTTP/1.1" 404 8474 "-" "Mozilla/5.0 (X11; Linux x86_64; rv:121.0) Gecko/20100101 Firefox/121.0"
159.89.178.217 - - [27/May/2025:10:31:19 -0400] "GET /404 HTTP/1.1" 404 8474 "-" "Mozilla/5.0 (X11; Linux x86_64; rv:121.0) Gecko/20100101 Firefox/121.0"
159.89.178.217 - - [27/May/2025:10:31:20 -0400] "POST /wp-login.php HTTP/1.1" 302 0 "-" "Mozilla/5.0 (X11; Linux x86_64; rv:121.0) Gecko/20100101 Firefox/121.0"
159.89.178.217 - - [27/May/2025:10:31:21 -0400] "GET /404 HTTP/1.1" 404 8474 "-" "Mozilla/5.0 (X11; Linux x86_64; rv:121.0) Gecko/20100101 Firefox/121.0"
159.89.178.217 - - [27/May/2025:10:51:37 -0400] "GET /wp-login.php HTTP/1.1" 302 0 "-" "Mozilla/5.0 (Linux; Android 12; Redmi Note 9 Pro Build/SKQ1.211019.001; wv) AppleWebKit/537.36 (KHTML, like Gecko) Version/4.0 Chrome/126.0.6478.71 Mobile Safari/537.36"
198.54.114.35 - - [27/May/2025:10:51:40 -0400] "POST /wp-cron.php?doing_wp_cron=1748357500.5069251060485839843750 HTTP/1.1" 200 0 "-" "WordPress/6.8.1; https://client.socialdigiinnovator.com"
159.89.178.217 - - [27/May/2025:10:51:39 -0400] "GET /404 HTTP/1.1" 404 8474 "-" "Mozilla/5.0 (Linux; Android 12; Redmi Note 9 Pro Build/SKQ1.211019.001; wv) AppleWebKit/537.36 (KHTML, like Gecko) Version/4.0 Chrome/126.0.6478.71 Mobile Safari/537.36"
8.208.12.196 - - [27/May/2025:10:57:35 -0400] "GET /wp-login.php HTTP/1.1" 302 0 "http://client.socialdigiinnovator.com/wp-admin/" "Mozilla/5.0 (Windows NT 10.0; Win64; x64) AppleWebKit/537.36 (KHTML, like Gecko) Chrome/90.0.4430.85 Safari/537.36"
8.208.12.196 - - [27/May/2025:10:57:36 -0400] "GET /404 HTTP/1.1" 404 8475 "http://client.socialdigiinnovator.com/wp-admin/" "Mozilla/5.0 (Windows NT 10.0; Win64; x64) AppleWebKit/537.36 (KHTML, like Gecko) Chrome/90.0.4430.85 Safari/537.36"
8.208.12.196 - - [27/May/2025:10:57:40 -0400] "POST /404/wp-login.php HTTP/1.1" 302 0 "http://client.socialdigiinnovator.com/wp-admin/" "Mozilla/5.0 (Windows NT 10.0; Win64; x64) AppleWebKit/537.36 (KHTML, like Gecko) Chrome/90.0.4430.85 Safari/537.36"
8.208.12.196 - - [27/May/2025:10:57:40 -0400] "GET /404 HTTP/1.1" 404 8475 "http://client.socialdigiinnovator.com/wp-admin/" "Mozilla/5.0 (Windows NT 10.0; Win64; x64) AppleWebKit/537.36 (KHTML, like Gecko) Chrome/90.0.4430.85 Safari/537.36"
159.65.189.65 - - [27/May/2025:10:57:48 -0400] "GET /wp-login.php HTTP/1.1" 302 0 "-" "Mozilla/5.0 (X11; Linux x86_64; rv:121.0) Gecko/20100101 Firefox/121.0"
159.65.189.65 - - [27/May/2025:10:57:48 -0400] "GET /404 HTTP/1.1" 404 8474 "-" "Mozilla/5.0 (X11; Linux x86_64; rv:121.0) Gecko/20100101 Firefox/121.0"
159.65.189.65 - - [27/May/2025:10:57:49 -0400] "POST /wp-login.php HTTP/1.1" 302 0 "-" "Mozilla/5.0 (X11; Linux x86_64; rv:121.0) Gecko/20100101 Firefox/121.0"
159.65.189.65 - - [27/May/2025:10:57:50 -0400] "GET /404 HTTP/1.1" 404 8475 "-" "Mozilla/5.0 (X11; Linux x86_64; rv:121.0) Gecko/20100101 Firefox/121.0"
198.54.114.35 - - [27/May/2025:10:57:38 -0400] "POST /wp-cron.php?doing_wp_cron=1748357858.3643848896026611328125 HTTP/1.1" 200 0 "-" "WordPress/6.8.1; https://client.socialdigiinnovator.com"
8.208.12.196 - - [27/May/2025:10:57:41 -0400] "GET /404/wp-admin/ HTTP/1.1" 404 8475 "www.google.com" "Mozilla/5.0 (Windows NT 10.0; Win64; x64) AppleWebKit/537.36 (KHTML, like Gecko) Chrome/90.0.4430.85 Safari/537.36"
159.65.189.65 - - [27/May/2025:10:57:49 -0400] "GET /404 HTTP/1.1" 404 8475 "-" "Mozilla/5.0 (X11; Linux x86_64; rv:121.0) Gecko/20100101 Firefox/121.0"
159.65.189.65 - - [27/May/2025:10:57:49 -0400] "POST /wp-login.php HTTP/1.1" 302 0 "-" "Mozilla/5.0 (X11; Linux x86_64; rv:121.0) Gecko/20100101 Firefox/121.0"
159.65.189.65 - - [27/May/2025:10:58:01 -0400] "GET /wp-login.php HTTP/1.1" 302 0 "-" "Mozilla/5.0 (Linux; Android 12; Redmi Note 9 Pro Build/SKQ1.211019.001; wv) AppleWebKit/537.36 (KHTML, like Gecko) Version/4.0 Chrome/126.0.6478.71 Mobile Safari/537.36"
159.65.189.65 - - [27/May/2025:10:58:01 -0400] "GET /404 HTTP/1.1" 404 8474 "-" "Mozilla/5.0 (Linux; Android 12; Redmi Note 9 Pro Build/SKQ1.211019.001; wv) AppleWebKit/537.36 (KHTML, like Gecko) Version/4.0 Chrome/126.0.6478.71 Mobile Safari/537.36"
185.201.188.23 - - [27/May/2025:11:19:49 -0400] "POST /wp-login.php HTTP/1.1" 302 0 "https://client.socialdigiinnovator.com/wp-admin/" "Mozilla/5.0 (Windows NT 10.0; Win64; x64) AppleWebKit/537.36 (KHTML, like Gecko) Chrome/90.0.4430.85 Safari/537.36"
185.201.188.23 - - [27/May/2025:11:19:52 -0400] "GET /404 HTTP/1.1" 404 8475 "https://client.socialdigiinnovator.com/wp-admin/" "Mozilla/5.0 (Windows NT 10.0; Win64; x64) AppleWebKit/537.36 (KHTML, like Gecko) Chrome/90.0.4430.85 Safari/537.36"
185.201.188.23 - - [27/May/2025:11:19:54 -0400] "GET /wp-admin/ HTTP/1.1" 302 0 "www.google.com" "Mozilla/5.0 (Windows NT 10.0; Win64; x64) AppleWebKit/537.36 (KHTML, like Gecko) Chrome/90.0.4430.85 Safari/537.36"
185.201.188.23 - - [27/May/2025:11:19:55 -0400] "GET /wp-login.php?redirect_to=https%3A%2F%2Fclient.socialdigiinnovator.com%2Fwp-admin%2F&reauth=1 HTTP/1.1" 302 0 "www.google.com" "Mozilla/5.0 (Windows NT 10.0; Win64; x64) AppleWebKit/537.36 (KHTML, like Gecko) Chrome/90.0.4430.85 Safari/537.36"
185.201.188.23 - - [27/May/2025:11:19:55 -0400] "GET /404 HTTP/1.1" 404 8474 "www.google.com" "Mozilla/5.0 (Windows NT 10.0; Win64; x64) AppleWebKit/537.36 (KHTML, like Gecko) Chrome/90.0.4430.85 Safari/537.36"
198.54.114.35 - - [27/May/2025:11:19:53 -0400] "POST /wp-cron.php?doing_wp_cron=1748359193.3330569267272949218750 HTTP/1.1" 200 0 "-" "WordPress/6.8.1; https://client.socialdigiinnovator.com"
198.54.114.35 - - [27/May/2025:11:45:45 -0400] "POST /wp-cron.php?doing_wp_cron=1748360745.4127330780029296875000 HTTP/1.1" 200 0 "-" "WordPress/6.8.1; https://client.socialdigiinnovator.com"
45.118.77.121 - - [27/May/2025:11:45:42 -0400] "GET /404 HTTP/1.1" 404 8475 "-" "Mozila/5.0"
45.118.77.121 - - [27/May/2025:11:45:39 -0400] "GET /wp-login.php HTTP/1.1" 302 0 "-" "Mozila/5.0"
198.54.114.35 - - [27/May/2025:12:21:42 -0400] "POST /wp-cron.php?doing_wp_cron=1748362902.5945339202880859375000 HTTP/1.1" 200 0 "-" "WordPress/6.8.1; https://client.socialdigiinnovator.com"
47.82.60.17 - - [27/May/2025:12:21:39 -0400] "GET / HTTP/1.1" 200 9187 "https://client.socialdigiinnovator.com/" "Mozilla/5.0 (Windows NT 10.0; Win64; x64) AppleWebKit/537.36 (KHTML, like Gecko) Chrome/114.0.0.0 Safari/537.36 Edg/114.0.1823.43"
95.173.222.13 - - [27/May/2025:12:57:58 -0400] "POST /wp-login.php HTTP/1.1" 302 0 "https://client.socialdigiinnovator.com/wp-admin/" "Mozilla/5.0 (Windows NT 10.0; Win64; x64) AppleWebKit/537.36 (KHTML, like Gecko) Chrome/90.0.4430.85 Safari/537.36"
198.54.114.35 - - [27/May/2025:12:58:01 -0400] "POST /wp-cron.php?doing_wp_cron=1748365081.3122661113739013671875 HTTP/1.1" 200 0 "-" "WordPress/6.8.1; https://client.socialdigiinnovator.com"
95.173.222.13 - - [27/May/2025:12:58:02 -0400] "GET /wp-admin/ HTTP/1.1" 302 0 "www.google.com" "Mozilla/5.0 (Windows NT 10.0; Win64; x64) AppleWebKit/537.36 (KHTML, like Gecko) Chrome/90.0.4430.85 Safari/537.36"
95.173.222.13 - - [27/May/2025:12:58:03 -0400] "GET /wp-login.php?redirect_to=https%3A%2F%2Fclient.socialdigiinnovator.com%2Fwp-admin%2F&reauth=1 HTTP/1.1" 302 0 "www.google.com" "Mozilla/5.0 (Windows NT 10.0; Win64; x64) AppleWebKit/537.36 (KHTML, like Gecko) Chrome/90.0.4430.85 Safari/537.36"
95.173.222.13 - - [27/May/2025:12:58:00 -0400] "GET /404 HTTP/1.1" 404 8475 "https://client.socialdigiinnovator.com/wp-admin/" "Mozilla/5.0 (Windows NT 10.0; Win64; x64) AppleWebKit/537.36 (KHTML, like Gecko) Chrome/90.0.4430.85 Safari/537.36"
95.173.222.13 - - [27/May/2025:12:58:03 -0400] "GET /404 HTTP/1.1" 404 8475 "www.google.com" "Mozilla/5.0 (Windows NT 10.0; Win64; x64) AppleWebKit/537.36 (KHTML, like Gecko) Chrome/90.0.4430.85 Safari/537.36"
198.54.114.35 - - [27/May/2025:12:55:45 -0400] "POST /wp-cron.php?doing_wp_cron=1748364944.8329069614410400390625 HTTP/1.1" 200 0 "-" "WordPress/6.8.1; https://client.socialdigiinnovator.com"
52.167.144.182 - - [27/May/2025:12:55:41 -0400] "GET /?97kogan-gai-bibc7695251_htm HTTP/1.1" 200 9222 "-" "Mozilla/5.0 AppleWebKit/537.36 (KHTML, like Gecko; compatible; bingbot/2.0; +http://www.bing.com/bingbot.htm) Chrome/116.0.1938.76 Safari/537.36"
198.54.114.35 - - [27/May/2025:13:12:30 -0400] "POST /wp-cron.php?doing_wp_cron=1748365950.1328639984130859375000 HTTP/1.1" 200 0 "-" "WordPress/6.8.1; https://client.socialdigiinnovator.com"
85.172.102.42 - - [27/May/2025:13:12:26 -0400] "GET /wp-admin/admin.php HTTP/1.1" 302 0 "-" "Mozilla/5.0 (Windows NT 10.0; Win64; x64) AppleWebKit/537.36 (KHTML, like Gecko) Chrome/127.0.0.0 Safari/537.36"
198.54.114.35 - - [27/May/2025:13:17:12 -0400] "POST /wp-cron.php?doing_wp_cron=1748366232.4959080219268798828125 HTTP/1.1" 200 0 "-" "WordPress/6.8.1; https://client.socialdigiinnovator.com"
78.162.177.69 - - [27/May/2025:13:17:09 -0400] "GET /wp-admin/admin.php HTTP/1.1" 302 0 "-" "Mozilla/5.0 (Windows NT 6.3; Win64; x64) AppleWebKit/537.36 (KHTML, like Gecko) Chrome/106.0.5249.165 Safari/537.36"
78.162.177.69 - - [27/May/2025:13:17:13 -0400] "GET /wp-login.php?redirect_to=https%3A%2F%2Fclient.socialdigiinnovator.com%2Fwp-admin%2Fadmin.php&reauth=1 HTTP/1.1" 302 0 "-" "Mozilla/5.0 (Windows NT 6.3; Win64; x64) AppleWebKit/537.36 (KHTML, like Gecko) Chrome/106.0.5249.165 Safari/537.36"
78.162.177.69 - - [27/May/2025:13:17:13 -0400] "GET /404 HTTP/1.1" 404 8475 "-" "Mozilla/5.0 (Windows NT 6.3; Win64; x64) AppleWebKit/537.36 (KHTML, like Gecko) Chrome/106.0.5249.165 Safari/537.36"
78.162.177.69 - - [27/May/2025:13:17:18 -0400] "GET /wp-admin/admin.php HTTP/1.1" 302 0 "-" "Mozilla/5.0 (Windows NT 6.1; Win64; x64) AppleWebKit/537.36 (KHTML, like Gecko) Chrome/107.0.5304.63 Safari/537.36"
78.162.177.69 - - [27/May/2025:13:17:18 -0400] "GET /wp-login.php?redirect_to=https%3A%2F%2Fclient.socialdigiinnovator.com%2Fwp-admin%2Fadmin.php&reauth=1 HTTP/1.1" 302 0 "-" "Mozilla/5.0 (Windows NT 6.1; Win64; x64) AppleWebKit/537.36 (KHTML, like Gecko) Chrome/107.0.5304.63 Safari/537.36"
78.162.177.69 - - [27/May/2025:13:17:19 -0400] "GET /404 HTTP/1.1" 404 8475 "-" "Mozilla/5.0 (Windows NT 6.1; Win64; x64) AppleWebKit/537.36 (KHTML, like Gecko) Chrome/107.0.5304.63 Safari/537.36"
78.162.177.69 - - [27/May/2025:13:17:21 -0400] "GET /wp-login.php?redirect_to=https%3A%2F%2Fclient.socialdigiinnovator.com%2Fwp-admin%2Fadmin.php&reauth=1 HTTP/1.1" 302 0 "-" "Mozilla/5.0 (Windows NT 10.0; Win64; x64) AppleWebKit/537.36 (KHTML, like Gecko) Chrome/102.0.5005.63 Safari/537.36"
78.162.177.69 - - [27/May/2025:13:17:21 -0400] "GET /404 HTTP/1.1" 404 8475 "-" "Mozilla/5.0 (Windows NT 10.0; Win64; x64) AppleWebKit/537.36 (KHTML, like Gecko) Chrome/102.0.5005.63 Safari/537.36"
78.162.177.69 - - [27/May/2025:13:17:23 -0400] "GET /wp-login.php?redirect_to=https%3A%2F%2Fclient.socialdigiinnovator.com%2Fwp-admin%2Fadmin.php&reauth=1 HTTP/1.1" 302 0 "-" "Mozilla/5.0 (Windows NT 10.0; WOW64) AppleWebKit/537.36 (KHTML, like Gecko) Chrome/106.0.5249.65 Safari/537.36"
78.162.177.69 - - [27/May/2025:13:17:25 -0400] "GET /wp-admin/admin.php HTTP/1.1" 302 0 "-" "Mozilla/5.0 (Windows NT 10.0) AppleWebKit/537.36 (KHTML, like Gecko) Chrome/102.0.5005.62 Safari/537.36"
85.172.102.42 - - [27/May/2025:13:12:30 -0400] "GET /wp-login.php?redirect_to=https%3A%2F%2Fclient.socialdigiinnovator.com%2Fwp-admin%2Fadmin.php&reauth=1 HTTP/1.1" 302 0 "-" "Mozilla/5.0 (Windows NT 10.0; Win64; x64) AppleWebKit/537.36 (KHTML, like Gecko) Chrome/127.0.0.0 Safari/537.36"
85.172.102.42 - - [27/May/2025:13:12:31 -0400] "GET /404 HTTP/1.1" 404 8475 "-" "Mozilla/5.0 (Windows NT 10.0; Win64; x64) AppleWebKit/537.36 (KHTML, like Gecko) Chrome/127.0.0.0 Safari/537.36"
78.162.177.69 - - [27/May/2025:13:17:20 -0400] "GET /wp-admin/admin.php HTTP/1.1" 302 0 "-" "Mozilla/5.0 (Windows NT 10.0; Win64; x64) AppleWebKit/537.36 (KHTML, like Gecko) Chrome/102.0.5005.63 Safari/537.36"
78.162.177.69 - - [27/May/2025:13:17:22 -0400] "GET /wp-admin/admin.php HTTP/1.1" 302 0 "-" "Mozilla/5.0 (Windows NT 10.0; WOW64) AppleWebKit/537.36 (KHTML, like Gecko) Chrome/106.0.5249.65 Safari/537.36"
78.162.177.69 - - [27/May/2025:13:17:23 -0400] "GET /404 HTTP/1.1" 404 8475 "-" "Mozilla/5.0 (Windows NT 10.0; WOW64) AppleWebKit/537.36 (KHTML, like Gecko) Chrome/106.0.5249.65 Safari/537.36"
78.162.177.69 - - [27/May/2025:13:17:26 -0400] "GET /wp-login.php?redirect_to=https%3A%2F%2Fclient.socialdigiinnovator.com%2Fwp-admin%2Fadmin.php&reauth=1 HTTP/1.1" 302 0 "-" "Mozilla/5.0 (Windows NT 10.0) AppleWebKit/537.36 (KHTML, like Gecko) Chrome/102.0.5005.62 Safari/537.36"
78.162.177.69 - - [27/May/2025:13:17:26 -0400] "GET /404 HTTP/1.1" 404 8475 "-" "Mozilla/5.0 (Windows NT 10.0) AppleWebKit/537.36 (KHTML, like Gecko) Chrome/102.0.5005.62 Safari/537.36"
198.54.114.35 - - [27/May/2025:14:24:35 -0400] "POST /wp-cron.php?doing_wp_cron=1748370274.9292409420013427734375 HTTP/1.1" 200 0 "-" "WordPress/6.8.1; https://client.socialdigiinnovator.com"
196.251.118.209 - - [27/May/2025:14:24:32 -0400] "GET /wp-content/plugins/fix/up.php HTTP/1.1" 404 8475 "-" "Mozilla/5.0 (Windows NT 10.0; Win64; x64) AppleWebKit/537.36 (KHTML, like Gecko) Chrome/85.0.4183.102 Safari/537.36"
196.251.118.209 - - [27/May/2025:14:24:32 -0400] "GET /wp-content/themes/seotheme/db.php?u HTTP/1.1" 404 8475 "www.google.com" "Mozlila/5.0 (Linux; Android 7.0; SM-G892A Bulid/NRD90M; wv) AppleWebKit/537.36 (KHTML, like Gecko) Version/4.0 Chrome/60.0.3112.107 Moblie Safari/537.36"
196.251.118.209 - - [27/May/2025:14:24:32 -0400] "GET / HTTP/1.1" 200 9189 "-" "Mozlila/5.0 (Linux; Android 7.0; SM-G892A Bulid/NRD90M; wv) AppleWebKit/537.36 (KHTML, like Gecko) Version/4.0 Chrome/60.0.3112.107 Moblie Safari/537.36"
196.251.118.209 - - [27/May/2025:14:24:24 -0400] "POST /ALFA_DATA/alfacgiapi/perl.alfa HTTP/1.1" 404 8475 "www.google.com" "Mozlila/5.0 (Linux; Android 7.0; SM-G892A Bulid/NRD90M; wv) AppleWebKit/537.36 (KHTML, like Gecko) Version/4.0 Chrome/60.0.3112.107 Moblie Safari/537.36"
196.251.118.209 - - [27/May/2025:14:24:37 -0400] "GET /wp-content/themes/seotheme/db.php?u HTTP/1.1" 404 8474 "www.google.com" "Mozlila/5.0 (Linux; Android 7.0; SM-G892A Bulid/NRD90M; wv) AppleWebKit/537.36 (KHTML, like Gecko) Version/4.0 Chrome/60.0.3112.107 Moblie Safari/537.36"
196.251.118.209 - - [27/May/2025:14:24:39 -0400] "GET /plugins/content/apismtp/apismtp.php?test=hello HTTP/1.1" 404 8475 "-" "Mozlila/5.0 (Linux; Android 7.0; SM-G892A Bulid/NRD90M; wv) AppleWebKit/537.36 (KHTML, like Gecko) Version/4.0 Chrome/60.0.3112.107 Moblie Safari/537.36"
196.251.118.209 - - [27/May/2025:14:24:41 -0400] "GET /plugins/content/apismtp/apismtp.php.suspected?test=hello HTTP/1.1" 404 8474 "-" "Mozlila/5.0 (Linux; Android 7.0; SM-G892A Bulid/NRD90M; wv) AppleWebKit/537.36 (KHTML, like Gecko) Version/4.0 Chrome/60.0.3112.107 Moblie Safari/537.36"
196.251.118.209 - - [27/May/2025:14:24:24 -0400] "GET / HTTP/1.1" 200 0 "-" "Mozlila/5.0 (Linux; Android 7.0; SM-G892A Bulid/NRD90M; wv) AppleWebKit/537.36 (KHTML, like Gecko) Version/4.0 Chrome/60.0.3112.107 Moblie Safari/537.36"
196.251.118.209 - - [27/May/2025:14:24:24 -0400] "GET /wp-content/themes/seotheme/db.php?u HTTP/1.1" 200 0 "www.google.com" "Mozlila/5.0 (Linux; Android 7.0; SM-G892A Bulid/NRD90M; wv) AppleWebKit/537.36 (KHTML, like Gecko) Version/4.0 Chrome/60.0.3112.107 Moblie Safari/537.36"
196.251.118.209 - - [27/May/2025:14:24:24 -0400] "GET /wp-content/plugins/fix/up.php HTTP/1.1" 200 0 "-" "Mozilla/5.0 (Windows NT 10.0; Win64; x64) AppleWebKit/537.36 (KHTML, like Gecko) Chrome/85.0.4183.102 Safari/537.36"
196.251.118.209 - - [27/May/2025:14:24:24 -0400] "GET /ygrpildx.php?Fox=d3wL7 HTTP/1.1" 200 0 "www.google.com" "Mozilla/5.0 (Linux; Android 7.0; SM-G892A Bulid/NRD90M; wv) AppleWebKit/537.36 (KHTML, like Gecko) Version/4.0 Chrome/60.0.3112.107 Moblie Safari/537.36"
196.251.118.209 - - [27/May/2025:14:24:32 -0400] "GET /ygrpildx.php?Fox=d3wL7 HTTP/1.1" 404 8474 "www.google.com" "Mozilla/5.0 (Linux; Android 7.0; SM-G892A Bulid/NRD90M; wv) AppleWebKit/537.36 (KHTML, like Gecko) Version/4.0 Chrome/60.0.3112.107 Moblie Safari/537.36"
196.251.118.209 - - [27/May/2025:14:24:37 -0400] "GET /wp-content/plugins/apikey/apikey.php?test=hello HTTP/1.1" 404 8475 "-" "Mozlila/5.0 (Linux; Android 7.0; SM-G892A Bulid/NRD90M; wv) AppleWebKit/537.36 (KHTML, like Gecko) Version/4.0 Chrome/60.0.3112.107 Moblie Safari/537.36"
196.251.118.209 - - [27/May/2025:14:24:38 -0400] "POST /alfacgiapi/perl.alfa HTTP/1.1" 404 8475 "www.google.com" "Mozlila/5.0 (Linux; Android 7.0; SM-G892A Bulid/NRD90M; wv) AppleWebKit/537.36 (KHTML, like Gecko) Version/4.0 Chrome/60.0.3112.107 Moblie Safari/537.36"
196.251.118.209 - - [27/May/2025:14:24:40 -0400] "GET /wp-content/plugins/apikey/apikey.php.suspected?test=hello HTTP/1.1" 404 8475 "-" "Mozlila/5.0 (Linux; Android 7.0; SM-G892A Bulid/NRD90M; wv) AppleWebKit/537.36 (KHTML, like Gecko) Version/4.0 Chrome/60.0.3112.107 Moblie Safari/537.36"
178.128.16.190 - - [27/May/2025:14:31:21 -0400] "GET /wp-login.php HTTP/1.1" 302 0 "-" "Mozilla/5.0 (Windows NT 10.0; WOW64) AppleWebKit/537.36 (KHTML, like Gecko) Chrome/103.0.5060.114 Safari/537.36"
178.128.16.190 - - [27/May/2025:14:31:23 -0400] "GET /404 HTTP/1.1" 404 8475 "-" "Mozilla/5.0 (Windows NT 10.0; Win64; x64) AppleWebKit/537.36 (KHTML, like Gecko) Chrome/106.0.5249.65 Safari/537.36"
178.128.16.190 - - [27/May/2025:14:31:26 -0400] "GET /404 HTTP/1.1" 404 8474 "-" "Mozilla/5.0 (Windows NT 6.1; Win64; x64) AppleWebKit/537.36 (KHTML, like Gecko) Chrome/109.0.5384.0 Safari/537.36"
178.128.16.190 - - [27/May/2025:14:31:16 -0400] "GET /wp-login.php HTTP/1.1" 302 0 "-" "Mozilla/5.0 (Windows NT 6.3; Win64; x64) AppleWebKit/537.36 (KHTML, like Gecko) Chrome/101.0.4951.64 Safari/537.36"
198.54.114.35 - - [27/May/2025:14:31:20 -0400] "POST /wp-cron.php?doing_wp_cron=1748370680.0794610977172851562500 HTTP/1.1" 200 0 "-" "WordPress/6.8.1; https://client.socialdigiinnovator.com"
178.128.16.190 - - [27/May/2025:14:31:18 -0400] "GET /404 HTTP/1.1" 404 8474 "-" "Mozilla/5.0 (Windows NT 6.3; Win64; x64) AppleWebKit/537.36 (KHTML, like Gecko) Chrome/101.0.4951.64 Safari/537.36"
178.128.16.190 - - [27/May/2025:14:31:22 -0400] "GET /404 HTTP/1.1" 404 8474 "-" "Mozilla/5.0 (Windows NT 10.0; WOW64) AppleWebKit/537.36 (KHTML, like Gecko) Chrome/103.0.5060.114 Safari/537.36"
178.128.16.190 - - [27/May/2025:14:31:23 -0400] "GET /wp-login.php HTTP/1.1" 302 0 "-" "Mozilla/5.0 (Windows NT 10.0; Win64; x64) AppleWebKit/537.36 (KHTML, like Gecko) Chrome/106.0.5249.65 Safari/537.36"
178.128.16.190 - - [27/May/2025:14:31:25 -0400] "GET /wp-login.php HTTP/1.1" 302 0 "-" "Mozilla/5.0 (Windows NT 10.0) AppleWebKit/537.36 (KHTML, like Gecko) Chrome/109.0.5384.0 Safari/537.36"
178.128.16.190 - - [27/May/2025:14:31:25 -0400] "GET /404 HTTP/1.1" 404 8475 "-" "Mozilla/5.0 (Windows NT 10.0) AppleWebKit/537.36 (KHTML, like Gecko) Chrome/109.0.5384.0 Safari/537.36"
178.128.16.190 - - [27/May/2025:14:31:26 -0400] "GET /wp-login.php HTTP/1.1" 302 0 "-" "Mozilla/5.0 (Windows NT 6.1; Win64; x64) AppleWebKit/537.36 (KHTML, like Gecko) Chrome/109.0.5384.0 Safari/537.36"
198.54.114.35 - - [27/May/2025:14:48:28 -0400] "POST /wp-cron.php?doing_wp_cron=1748371708.0079259872436523437500 HTTP/1.1" 200 0 "-" "WordPress/6.8.1; https://client.socialdigiinnovator.com"
47.82.61.53 - - [27/May/2025:14:48:24 -0400] "GET / HTTP/1.1" 200 9189 "https://client.socialdigiinnovator.com/" "Mozilla/5.0 (Windows NT 10.0; Win64; x64) AppleWebKit/537.36 (KHTML, like Gecko) Chrome/114.0.0.0 Safari/537.36 Edg/114.0.1823.43"
95.173.222.13 - - [27/May/2025:15:45:44 -0400] "POST /wp-login.php HTTP/1.1" 302 0 "https://client.socialdigiinnovator.com/wp-admin/" "Mozilla/5.0 (Windows NT 10.0; Win64; x64) AppleWebKit/537.36 (KHTML, like Gecko) Chrome/90.0.4430.85 Safari/537.36"
95.173.222.13 - - [27/May/2025:15:45:47 -0400] "GET /404 HTTP/1.1" 404 8475 "https://client.socialdigiinnovator.com/wp-admin/" "Mozilla/5.0 (Windows NT 10.0; Win64; x64) AppleWebKit/537.36 (KHTML, like Gecko) Chrome/90.0.4430.85 Safari/537.36"
95.173.222.13 - - [27/May/2025:15:45:51 -0400] "GET /wp-admin/ HTTP/1.1" 302 0 "www.google.com" "Mozilla/5.0 (Windows NT 10.0; Win64; x64) AppleWebKit/537.36 (KHTML, like Gecko) Chrome/90.0.4430.85 Safari/537.36"
95.173.222.13 - - [27/May/2025:15:45:52 -0400] "GET /wp-login.php?redirect_to=https%3A%2F%2Fclient.socialdigiinnovator.com%2Fwp-admin%2F&reauth=1 HTTP/1.1" 302 0 "www.google.com" "Mozilla/5.0 (Windows NT 10.0; Win64; x64) AppleWebKit/537.36 (KHTML, like Gecko) Chrome/90.0.4430.85 Safari/537.36"
198.54.114.35 - - [27/May/2025:15:45:50 -0400] "POST /wp-cron.php?doing_wp_cron=1748375150.4941399097442626953125 HTTP/1.1" 200 0 "-" "WordPress/6.8.1; https://client.socialdigiinnovator.com"
95.173.222.13 - - [27/May/2025:15:45:52 -0400] "GET /404 HTTP/1.1" 404 8475 "www.google.com" "Mozilla/5.0 (Windows NT 10.0; Win64; x64) AppleWebKit/537.36 (KHTML, like Gecko) Chrome/90.0.4430.85 Safari/537.36"
198.54.114.35 - - [27/May/2025:15:49:17 -0400] "POST /wp-cron.php?doing_wp_cron=1748375357.3162989616394042968750 HTTP/1.1" 200 0 "-" "WordPress/6.8.1; https://client.socialdigiinnovator.com"
47.82.60.66 - - [27/May/2025:15:49:09 -0400] "GET / HTTP/1.1" 200 9187 "https://client.socialdigiinnovator.com/" "Mozilla/5.0 (Windows NT 10.0; Win64; x64) AppleWebKit/537.36 (KHTML, like Gecko) Chrome/114.0.0.0 Safari/537.36 Edg/114.0.1823.43"