芝麻web文件管理V1.00
编辑当前文件:/home/sditechnicalteam/access-logs/socialsolargreen.com.sdipmtools.com-ssl_log
119.110.249.123 - - [28/May/2025:08:15:13 -0400] "GET /wp-login.php HTTP/1.1" 302 0 "-" "Mozilla/6.0 (Windows NT 11.0; Win64; x64) AppleWebKit/537.36 (KHTML, like Gecko) Chrome/135.7.43.25 Safari/537.36"
198.54.114.35 - - [28/May/2025:08:19:25 -0400] "POST /wp-cron.php?doing_wp_cron=1748434764.8541340827941894531250 HTTP/1.1" 200 0 "-" "WordPress/6.8.1; https://socialsolargreen.com"
198.54.114.35 - - [28/May/2025:08:19:24 -0400] "POST /wp-admin/admin-ajax.php?action=async_litespeed&nonce=XDIk9zvr03vCm19jjZx5fLOHHh4a5ZqY&litespeed_type=imgoptm HTTP/1.1" 200 5 "-" "WordPress/6.8.1; https://socialsolargreen.com"
103.130.18.145 - - [28/May/2025:08:27:49 -0400] "GET /wp-login.php HTTP/1.1" 302 0 "-" "Mozila/5.0"
103.130.18.145 - - [28/May/2025:08:27:51 -0400] "GET /404 HTTP/1.1" 404 22212 "-" "Mozila/5.0"
198.54.114.35 - - [28/May/2025:08:29:31 -0400] "POST /wp-cron.php?doing_wp_cron=1748435371.1410529613494873046875 HTTP/1.1" 200 0 "-" "WordPress/6.8.1; https://socialsolargreen.com"
47.119.16.237 - - [28/May/2025:08:29:25 -0400] "POST /xmlrpc.php HTTP/1.1" 200 186 "https://socialsolargreen.com" "Mozilla/5.0 (Windows NT 10.0; Win64; x64) AppleWebKit/537.36 (KHTML, like Gecko) Chrome/115.0.5790.171 Safari/537.36 Edg/115.0.1901.203"
198.54.114.35 - - [28/May/2025:08:50:09 -0400] "POST /wp-cron.php?doing_wp_cron=1748436609.1757109165191650390625 HTTP/1.1" 200 0 "-" "WordPress/6.8.1; https://socialsolargreen.com"
160.25.166.79 - - [28/May/2025:08:50:01 -0400] "POST /xmlrpc.php HTTP/1.1" 200 186 "https://socialsolargreen.com" "Mozilla/5.0 (Windows NT 10.0; Win64; x64) AppleWebKit/537.36 (KHTML, like Gecko) Chrome/113.0.5672.126 Safari/537.36 Edg/113.0.1774.50"
198.54.114.35 - - [28/May/2025:08:50:09 -0400] "POST /wp-admin/admin-ajax.php?action=async_litespeed&nonce=t63WyydMySKbJOqhDTiYJOfxkWafMbuQ&litespeed_type=imgoptm HTTP/1.1" 200 5 "-" "WordPress/6.8.1; https://socialsolargreen.com"
198.54.114.35 - - [28/May/2025:08:54:40 -0400] "POST /wp-admin/admin-ajax.php?action=async_litespeed&nonce=ZH1bENxZ1n3n7kWKP1yFw8vLPB8S49a4&litespeed_type=imgoptm HTTP/1.1" 200 0 "-" "WordPress/6.8.1; https://socialsolargreen.com"
195.2.81.171 - - [28/May/2025:08:54:34 -0400] "GET / HTTP/1.1" 200 29852 "-" "Mozilla/5.0 (Macintosh; Intel Mac OS X 10_15_7) AppleWebKit/537.36 (KHTML, like Gecko) Chrome/133.0.0.0 Safari/537.36"
80.78.65.70 - - [28/May/2025:08:54:47 -0400] "POST / HTTP/1.1" 200 29805 "-" "Mozilla/5.0 (Windows NT 10.0; Win64; x64) AppleWebKit/537.36 (KHTML, like Gecko) Chrome/120.0.0.0 Safari/537.36"
195.2.81.171 - - [28/May/2025:08:54:51 -0400] "GET /blog/ HTTP/1.1" 200 23665 "-" "Mozilla/5.0 (Macintosh; Intel Mac OS X 10_15_7) AppleWebKit/537.36 (KHTML, like Gecko) Chrome/133.0.0.0 Safari/537.36"
80.78.65.70 - - [28/May/2025:08:54:53 -0400] "POST /blog/ HTTP/1.1" 200 23614 "-" "Mozilla/5.0 (Macintosh; Intel Mac OS X 10_15_7) AppleWebKit/537.36 (KHTML, like Gecko) Chrome/133.0.0.0 Safari/537.36"
80.78.65.70 - - [28/May/2025:08:55:22 -0400] "POST /contact/ HTTP/1.1" 200 25234 "-" "Mozilla/5.0 (Windows NT 10.0; Win64; x64) AppleWebKit/537.36 (KHTML, like Gecko) Chrome/120.0.0.0 Safari/537.36"
80.78.65.70 - - [28/May/2025:08:55:27 -0400] "POST /contact/ HTTP/1.1" 200 25234 "-" "Mozilla/5.0 (Macintosh; Intel Mac OS X 10_15_7) AppleWebKit/537.36 (KHTML, like Gecko) Chrome/133.0.0.0 Safari/537.36"
195.2.81.171 - - [28/May/2025:08:55:35 -0400] "GET /contact/ HTTP/1.1" 200 25279 "-" "Mozilla/5.0 (Macintosh; Intel Mac OS X 10_15_7) AppleWebKit/537.36 (KHTML, like Gecko) Chrome/133.0.0.0 Safari/537.36"
80.78.65.70 - - [28/May/2025:08:55:40 -0400] "POST /contact/ HTTP/1.1" 200 25234 "-" "Mozilla/5.0 (Windows NT 10.0; Win64; x64) AppleWebKit/537.36 (KHTML, like Gecko) Chrome/120.0.0.0 Safari/537.36"
80.78.65.70 - - [28/May/2025:08:55:45 -0400] "POST /contact/ HTTP/1.1" 200 25234 "-" "Mozilla/5.0 (Macintosh; Intel Mac OS X 10_15_7) AppleWebKit/537.36 (KHTML, like Gecko) Chrome/133.0.0.0 Safari/537.36"
195.82.146.211 - - [28/May/2025:08:15:52 -0400] "GET / HTTP/1.1" 200 29850 "https://socialsolargreen.com/" "Mozilla/5.0 (Windows NT 10.0; Win64; x64) AppleWebKit/537.36 (KHTML, like Gecko) Chrome/130.0.0.0 Safari/537.36"
195.82.146.211 - - [28/May/2025:08:15:53 -0400] "GET /contact/ HTTP/1.1" 200 25276 "https://socialsolargreen.com/contact/" "Mozilla/5.0 (Windows NT 10.0; Win64; x64) AppleWebKit/537.36 (KHTML, like Gecko) Chrome/130.0.0.0 Safari/537.36"
170.39.218.60 - - [28/May/2025:08:17:17 -0400] "GET /wp-content/plugins/themesflat-addons-for-elementor/assets/js/tf-flexslider.js?ver=6.8.1 HTTP/1.1" 304 0 "-" "Mozilla/5.0 (Windows NT 10.0; Win64; x64) AppleWebKit/537.36 Chrome/121.0.0.0"
198.54.114.35 - - [28/May/2025:08:19:23 -0400] "POST /wp-cron.php?doing_wp_cron=1748434763.4917318820953369140625 HTTP/1.1" 200 0 "-" "WordPress/6.8.1; https://socialsolargreen.com"
186.209.113.104 - - [28/May/2025:08:19:18 -0400] "POST /xmlrpc.php HTTP/1.1" 200 186 "https://socialsolargreen.com" "Mozilla/5.0 (Windows NT 10.0; Win64; x64) AppleWebKit/537.36 (KHTML, like Gecko) Chrome/112.0.5615.138 Safari/537.36 Edg/112.0.1722.68"
103.130.18.145 - - [28/May/2025:08:27:49 -0400] "GET /wp-login.php HTTP/1.1" 302 0 "-" "Mozila/5.0"
103.130.18.145 - - [28/May/2025:08:27:51 -0400] "GET /404 HTTP/1.1" 404 22212 "-" "Mozila/5.0"
198.54.114.35 - - [28/May/2025:08:29:32 -0400] "POST /wp-admin/admin-ajax.php?action=async_litespeed&nonce=6ho8fHHDawmUcJEwCOL7dZimCyp1eyiF&litespeed_type=imgoptm HTTP/1.1" 200 5 "-" "WordPress/6.8.1; https://socialsolargreen.com"
198.54.114.35 - - [28/May/2025:08:54:39 -0400] "POST /wp-cron.php?doing_wp_cron=1748436879.6462669372558593750000 HTTP/1.1" 200 0 "-" "WordPress/6.8.1; https://socialsolargreen.com"
80.78.65.70 - - [28/May/2025:08:54:44 -0400] "POST / HTTP/1.1" 200 29805 "-" "Mozilla/5.0 (Macintosh; Intel Mac OS X 10_15_7) AppleWebKit/537.36 (KHTML, like Gecko) Chrome/133.0.0.0 Safari/537.36"
80.78.65.70 - - [28/May/2025:08:54:56 -0400] "POST /blog/ HTTP/1.1" 200 23614 "-" "Mozilla/5.0 (Windows NT 10.0; Win64; x64) AppleWebKit/537.36 (KHTML, like Gecko) Chrome/120.0.0.0 Safari/537.36"
195.2.81.171 - - [28/May/2025:08:55:10 -0400] "GET /contact/ HTTP/1.1" 200 25279 "-" "Mozilla/5.0 (Macintosh; Intel Mac OS X 10_15_7) AppleWebKit/537.36 (KHTML, like Gecko) Chrome/133.0.0.0 Safari/537.36"
80.78.65.70 - - [28/May/2025:08:55:13 -0400] "POST /contact/ HTTP/1.1" 200 25234 "-" "Mozilla/5.0 (Macintosh; Intel Mac OS X 10_15_7) AppleWebKit/537.36 (KHTML, like Gecko) Chrome/133.0.0.0 Safari/537.36"
198.54.114.35 - - [28/May/2025:08:55:32 -0400] "POST /wp-cron.php?doing_wp_cron=1748436931.7960879802703857421875 HTTP/1.1" 200 0 "-" "WordPress/6.8.1; https://socialsolargreen.com"
80.78.65.70 - - [28/May/2025:08:55:31 -0400] "POST /contact/ HTTP/1.1" 200 25234 "-" "Mozilla/5.0 (Windows NT 10.0; Win64; x64) AppleWebKit/537.36 (KHTML, like Gecko) Chrome/120.0.0.0 Safari/537.36"
198.54.114.35 - - [28/May/2025:08:55:33 -0400] "POST /wp-admin/admin-ajax.php?action=async_litespeed&nonce=HixB1BSUiBfankxkWgRG6Q9s8L1BKe9w&litespeed_type=imgoptm HTTP/1.1" 200 5 "-" "WordPress/6.8.1; https://socialsolargreen.com"
80.78.65.70 - - [28/May/2025:08:55:36 -0400] "POST /contact/ HTTP/1.1" 200 25234 "-" "Mozilla/5.0 (Macintosh; Intel Mac OS X 10_15_7) AppleWebKit/537.36 (KHTML, like Gecko) Chrome/133.0.0.0 Safari/537.36"
80.78.65.70 - - [28/May/2025:08:55:47 -0400] "POST /contact/ HTTP/1.1" 200 25234 "-" "Mozilla/5.0 (Windows NT 10.0; Win64; x64) AppleWebKit/537.36 (KHTML, like Gecko) Chrome/120.0.0.0 Safari/537.36"
85.13.217.246 - - [28/May/2025:09:00:32 -0400] "POST /xmlrpc.php HTTP/1.1" 200 0 "https://socialsolargreen.com" "Mozilla/5.0 (Macintosh; Intel Mac OS X 13.3; rv:126.0) Gecko/20100101 Firefox/126.0"
198.54.114.35 - - [28/May/2025:09:10:40 -0400] "POST /wp-cron.php?doing_wp_cron=1748437840.1681890487670898437500 HTTP/1.1" 200 0 "-" "WordPress/6.8.1; https://socialsolargreen.com"
198.54.114.35 - - [28/May/2025:09:10:40 -0400] "POST /wp-admin/admin-ajax.php?action=async_litespeed&nonce=rroVuyUZweyFz1jZwABm65bnPAtmwXR9&litespeed_type=imgoptm HTTP/1.1" 200 5 "-" "WordPress/6.8.1; https://socialsolargreen.com"
43.153.36.110 - - [28/May/2025:09:10:49 -0400] "GET / HTTP/1.1" 200 29852 "http://socialsolargreen.com" "Mozilla/5.0 (iPhone; CPU iPhone OS 13_2_3 like Mac OS X) AppleWebKit/605.1.15 (KHTML, like Gecko) Version/13.0.3 Mobile/15E148 Safari/604.1"
82.102.18.124 - - [28/May/2025:09:13:29 -0400] "GET //wp-includes/wlwmanifest.xml HTTP/1.1" 301 0 "-" "Mozilla/5.0 (Windows NT 10.0; Win64; x64) AppleWebKit/537.36 (KHTML, like Gecko) Chrome/78.0.3904.108 Safari/537.36"
82.102.18.124 - - [28/May/2025:09:13:34 -0400] "GET / HTTP/1.1" 200 29852 "-" "Mozilla/5.0 (Windows NT 10.0; Win64; x64) AppleWebKit/537.36 (KHTML, like Gecko) Chrome/78.0.3904.108 Safari/537.36"
198.54.114.35 - - [28/May/2025:09:13:34 -0400] "POST /wp-admin/admin-ajax.php?action=async_litespeed&nonce=FwBRz27fzO4FJfFYtstewcFWjOBvj0h2&litespeed_type=imgoptm HTTP/1.1" 200 5 "-" "WordPress/6.8.1; https://socialsolargreen.com"
82.102.18.124 - - [28/May/2025:09:13:34 -0400] "GET //?author=1 HTTP/1.1" 301 0 "-" "Mozilla/5.0 (Windows NT 10.0; Win64; x64) AppleWebKit/537.36 (KHTML, like Gecko) Chrome/78.0.3904.108 Safari/537.36"
82.102.18.124 - - [28/May/2025:09:13:35 -0400] "GET //?author=2 HTTP/1.1" 301 0 "-" "Mozilla/5.0 (Windows NT 10.0; Win64; x64) AppleWebKit/537.36 (KHTML, like Gecko) Chrome/78.0.3904.108 Safari/537.36"
198.54.114.35 - - [28/May/2025:09:25:47 -0400] "POST /wp-cron.php?doing_wp_cron=1748438747.6090440750122070312500 HTTP/1.1" 200 0 "-" "WordPress/6.8.1; https://socialsolargreen.com"
182.44.10.67 - - [28/May/2025:09:25:43 -0400] "GET / HTTP/1.1" 301 0 "http://www.socialsolargreen.com" "Mozilla/5.0 (iPhone; CPU iPhone OS 13_2_3 like Mac OS X) AppleWebKit/605.1.15 (KHTML, like Gecko) Version/13.0.3 Mobile/15E148 Safari/604.1"
198.54.114.35 - - [28/May/2025:09:28:52 -0400] "POST /wp-cron.php?doing_wp_cron=1748438932.0759980678558349609375 HTTP/1.1" 200 0 "-" "WordPress/6.8.1; https://socialsolargreen.com"
2a03:b0c0:3:f0::6afb:f000 - - [28/May/2025:09:31:07 -0400] "POST /xmlrpc.php HTTP/1.1" 200 186 "https://socialsolargreen.com" "Mozilla/5.0 (Macintosh; Intel Mac OS X 14.3) AppleWebKit/614.31.14 (KHTML, like Gecko) Version/17.0.96 Safari/614.31.14"
198.54.114.35 - - [28/May/2025:09:31:14 -0400] "POST /wp-admin/admin-ajax.php?action=async_litespeed&nonce=mnBFO6vSRiwpdhayuyQPZjaDoPQgWdoI&litespeed_type=imgoptm HTTP/1.1" 200 5 "-" "WordPress/6.8.1; https://socialsolargreen.com"
198.54.114.35 - - [28/May/2025:09:41:32 -0400] "POST /wp-cron.php?doing_wp_cron=1748439691.7627530097961425781250 HTTP/1.1" 200 0 "-" "WordPress/6.8.1; https://socialsolargreen.com"
198.54.114.35 - - [28/May/2025:09:41:33 -0400] "POST /wp-admin/admin-ajax.php?action=async_litespeed&nonce=AwFmJL0P3gASpt72Wnl3brTJDWz4DNQq&litespeed_type=imgoptm HTTP/1.1" 200 0 "-" "WordPress/6.8.1; https://socialsolargreen.com"
196.251.118.209 - - [28/May/2025:09:49:13 -0400] "GET / HTTP/1.1" 200 29852 "-" "Mozlila/5.0 (Linux; Android 7.0; SM-G892A Bulid/NRD90M; wv) AppleWebKit/537.36 (KHTML, like Gecko) Version/4.0 Chrome/60.0.3112.107 Moblie Safari/537.36"
198.54.114.35 - - [28/May/2025:09:49:17 -0400] "POST /wp-cron.php?doing_wp_cron=1748440157.6172640323638916015625 HTTP/1.1" 200 0 "-" "WordPress/6.8.1; https://socialsolargreen.com"
196.251.118.209 - - [28/May/2025:09:49:13 -0400] "GET /nxfxjogp.php?Fox=d3wL7 HTTP/1.1" 404 22211 "www.google.com" "Mozilla/5.0 (Linux; Android 7.0; SM-G892A Bulid/NRD90M; wv) AppleWebKit/537.36 (KHTML, like Gecko) Version/4.0 Chrome/60.0.3112.107 Moblie Safari/537.36"
134.122.118.246 - - [28/May/2025:09:10:35 -0400] "POST /xmlrpc.php HTTP/1.1" 200 186 "https://socialsolargreen.com" "Mozilla/5.0 (Macintosh; Intel Mac OS X 10_15_7) AppleWebKit/537.36 (KHTML, like Gecko) Chrome/112.0.5615.138 Safari/537.36"
82.102.18.124 - - [28/May/2025:09:13:29 -0400] "GET / HTTP/1.1" 200 29852 "-" "Mozilla/5.0 (Windows NT 10.0; Win64; x64) AppleWebKit/537.36 (KHTML, like Gecko) Chrome/78.0.3904.108 Safari/537.36"
198.54.114.35 - - [28/May/2025:09:13:33 -0400] "POST /wp-cron.php?doing_wp_cron=1748438013.4049000740051269531250 HTTP/1.1" 200 0 "-" "WordPress/6.8.1; https://socialsolargreen.com"
82.102.18.124 - - [28/May/2025:09:13:35 -0400] "GET //wp-json/wp/v2/users/ HTTP/1.1" 200 904 "-" "Mozilla/5.0 (Windows NT 10.0; Win64; x64) AppleWebKit/537.36 (KHTML, like Gecko) Chrome/78.0.3904.108 Safari/537.36"
198.54.114.35 - - [28/May/2025:09:20:55 -0400] "POST /wp-cron.php?doing_wp_cron=1748438455.6635890007019042968750 HTTP/1.1" 200 0 "-" "WordPress/6.8.1; https://socialsolargreen.com"
135.148.137.109 - - [28/May/2025:09:20:51 -0400] "POST /xmlrpc.php HTTP/1.1" 200 186 "https://socialsolargreen.com" "Mozilla/5.0 (Macintosh; Intel Mac OS X 14.5) AppleWebKit/618.3.5 (KHTML, like Gecko) Version/17.4 Safari/618.3.5"
198.54.114.35 - - [28/May/2025:09:25:48 -0400] "POST /wp-cron.php?doing_wp_cron=1748438748.0638260841369628906250 HTTP/1.1" 200 0 "-" "WordPress/6.8.1; https://socialsolargreen.com"
198.54.114.35 - - [28/May/2025:09:25:48 -0400] "POST /wp-admin/admin-ajax.php?action=async_litespeed&nonce=BmvNm4AUZ84EEGVr22M2l6R3HvYatn0i&litespeed_type=imgoptm HTTP/1.1" 200 5 "-" "WordPress/6.8.1; https://socialsolargreen.com"
2a03:2880:2ff:4:: - - [28/May/2025:09:28:47 -0400] "GET /robots.txt HTTP/1.1" 200 102 "-" "facebookexternalhit/1.1 (+http://www.facebook.com/externalhit_uatext.php)"
198.54.114.35 - - [28/May/2025:09:28:52 -0400] "POST /wp-admin/admin-ajax.php?action=async_litespeed&nonce=N0Axc1zoeVsKiBDbhGprSF815fn1DkPH&litespeed_type=imgoptm HTTP/1.1" 200 5 "-" "WordPress/6.8.1; https://socialsolargreen.com"
198.54.114.35 - - [28/May/2025:09:31:13 -0400] "POST /wp-cron.php?doing_wp_cron=1748439073.4375360012054443359375 HTTP/1.1" 200 0 "-" "WordPress/6.8.1; https://socialsolargreen.com"
2001:1bb0:e000:1e::387 - - [28/May/2025:09:41:25 -0400] "POST /xmlrpc.php HTTP/1.1" 200 186 "https://socialsolargreen.com" "Mozilla/5.0 (Macintosh; Intel Mac OS X 10_15_7; rv:129.0) Gecko/20100101 Firefox/129.0"
198.54.114.35 - - [28/May/2025:09:49:17 -0400] "POST /wp-cron.php?doing_wp_cron=1748440157.6226670742034912109375 HTTP/1.1" 200 0 "-" "WordPress/6.8.1; https://socialsolargreen.com"
198.54.114.35 - - [28/May/2025:09:49:18 -0400] "POST /wp-admin/admin-ajax.php?action=async_litespeed&nonce=YtnYlFIruzyDclmqEf1J8WZDcbEjsZUP&litespeed_type=imgoptm HTTP/1.1" 200 5 "-" "WordPress/6.8.1; https://socialsolargreen.com"
196.251.118.209 - - [28/May/2025:09:49:13 -0400] "GET /wp-content/themes/seotheme/db.php?u HTTP/1.1" 404 22457 "www.google.com" "Mozlila/5.0 (Linux; Android 7.0; SM-G892A Bulid/NRD90M; wv) AppleWebKit/537.36 (KHTML, like Gecko) Version/4.0 Chrome/60.0.3112.107 Moblie Safari/537.36"
196.251.118.209 - - [28/May/2025:09:49:13 -0400] "GET /wp-content/plugins/fix/up.php HTTP/1.1" 404 22478 "-" "Mozilla/5.0 (Windows NT 10.0; Win64; x64) AppleWebKit/537.36 (KHTML, like Gecko) Chrome/85.0.4183.102 Safari/537.36"
196.251.118.209 - - [28/May/2025:09:49:19 -0400] "GET /wp-content/themes/seotheme/db.php?u HTTP/1.1" 404 22457 "www.google.com" "Mozlila/5.0 (Linux; Android 7.0; SM-G892A Bulid/NRD90M; wv) AppleWebKit/537.36 (KHTML, like Gecko) Version/4.0 Chrome/60.0.3112.107 Moblie Safari/537.36"
196.251.118.209 - - [28/May/2025:09:49:19 -0400] "POST /alfacgiapi/perl.alfa HTTP/1.1" 404 22165 "www.google.com" "Mozlila/5.0 (Linux; Android 7.0; SM-G892A Bulid/NRD90M; wv) AppleWebKit/537.36 (KHTML, like Gecko) Version/4.0 Chrome/60.0.3112.107 Moblie Safari/537.36"
196.251.118.209 - - [28/May/2025:09:49:13 -0400] "POST /ALFA_DATA/alfacgiapi/perl.alfa HTTP/1.1" 404 22411 "www.google.com" "Mozlila/5.0 (Linux; Android 7.0; SM-G892A Bulid/NRD90M; wv) AppleWebKit/537.36 (KHTML, like Gecko) Version/4.0 Chrome/60.0.3112.107 Moblie Safari/537.36"
196.251.118.209 - - [28/May/2025:09:49:13 -0400] "GET /wp-content/plugins/apikey/apikey.php?test=hello HTTP/1.1" 404 22457 "-" "Mozlila/5.0 (Linux; Android 7.0; SM-G892A Bulid/NRD90M; wv) AppleWebKit/537.36 (KHTML, like Gecko) Version/4.0 Chrome/60.0.3112.107 Moblie Safari/537.36"
196.251.118.209 - - [28/May/2025:09:49:19 -0400] "GET /plugins/content/apismtp/apismtp.php?test=hello HTTP/1.1" 404 22456 "-" "Mozlila/5.0 (Linux; Android 7.0; SM-G892A Bulid/NRD90M; wv) AppleWebKit/537.36 (KHTML, like Gecko) Version/4.0 Chrome/60.0.3112.107 Moblie Safari/537.36"
196.251.118.209 - - [28/May/2025:09:49:20 -0400] "GET /wp-content/plugins/apikey/apikey.php.suspected?test=hello HTTP/1.1" 404 22456 "-" "Mozlila/5.0 (Linux; Android 7.0; SM-G892A Bulid/NRD90M; wv) AppleWebKit/537.36 (KHTML, like Gecko) Version/4.0 Chrome/60.0.3112.107 Moblie Safari/537.36"
196.251.118.209 - - [28/May/2025:09:49:21 -0400] "GET /plugins/content/apismtp/apismtp.php.suspected?test=hello HTTP/1.1" 404 22457 "-" "Mozlila/5.0 (Linux; Android 7.0; SM-G892A Bulid/NRD90M; wv) AppleWebKit/537.36 (KHTML, like Gecko) Version/4.0 Chrome/60.0.3112.107 Moblie Safari/537.36"
185.199.236.107 - - [28/May/2025:09:51:44 -0400] "POST /xmlrpc.php HTTP/1.1" 200 186 "https://socialsolargreen.com" "Mozilla/5.0 (Macintosh; Intel Mac OS X 14.5) AppleWebKit/618.3.5 (KHTML, like Gecko) Version/17.4 Safari/618.3.5"
198.54.114.35 - - [28/May/2025:09:54:54 -0400] "POST /wp-cron.php?doing_wp_cron=1748440494.1188580989837646484375 HTTP/1.1" 200 0 "-" "WordPress/6.8.1; https://socialsolargreen.com"
198.54.114.35 - - [28/May/2025:09:54:54 -0400] "POST /wp-admin/admin-ajax.php?action=async_litespeed&nonce=Xo3SxGYukuxe9IQT7KVyfZ9GlUy6bls7&litespeed_type=imgoptm HTTP/1.1" 200 5 "-" "WordPress/6.8.1; https://socialsolargreen.com"
115.231.78.8 - - [28/May/2025:09:55:02 -0400] "GET / HTTP/1.1" 301 0 "http://104.21.10.68:8080" "Mozilla/5.0 (Windows NT 6.1; WOW64) AppleWebKit/537.36 (KHTML, like Gecko) Chrome/63.0.3239.132 Safari/537.36 QIHU 360SE"
115.231.78.8 - - [28/May/2025:09:55:06 -0400] "GET / HTTP/1.1" 200 29852 "https://www.socialsolargreen.com/" "Mozilla/5.0 (Windows NT 6.1; WOW64) AppleWebKit/537.36 (KHTML, like Gecko) Chrome/63.0.3239.132 Safari/537.36 QIHU 360SE"
115.231.78.8 - - [28/May/2025:09:55:07 -0400] "GET /'https://socialsolargreen.com/wp-content/plugins/elementor/assets/css/widget-social-icons.min.css?ver=3.29.0' HTTP/1.1" 301 0 "http://172.67.162.146:80/'https://socialsolargreen.com/wp-content/plugins/elementor/assets/css/widget-social-icons.min.css?ver=3.29.0'" "Mozilla/5.0 (Windows NT 6.1; WOW64) AppleWebKit/537.36 (KHTML, like Gecko) Chrome/63.0.3239.132 Safari/537.36 QIHU 360SE"
115.231.78.8 - - [28/May/2025:09:55:16 -0400] "GET / HTTP/1.1" 301 0 "-" "Mozilla/5.0 (Windows NT 6.1; WOW64) AppleWebKit/537.36 (KHTML, like Gecko) Chrome/63.0.3239.132 Safari/537.36 QIHU 360SE"
115.231.78.8 - - [28/May/2025:09:55:16 -0400] "GET / HTTP/1.1" 200 29852 "-" "Mozilla/5.0 (Windows NT 6.1; WOW64) AppleWebKit/537.36 (KHTML, like Gecko) Chrome/63.0.3239.132 Safari/537.36 QIHU 360SE"
115.231.78.8 - - [28/May/2025:09:55:22 -0400] "GET / HTTP/1.1" 200 29852 "https://www.socialsolargreen.com/" "Mozilla/5.0 (Windows NT 6.1; WOW64) AppleWebKit/537.36 (KHTML, like Gecko) Chrome/63.0.3239.132 Safari/537.36 QIHU 360SE"
115.231.78.8 - - [28/May/2025:09:55:26 -0400] "GET / HTTP/1.1" 301 0 "-" "Mozilla/5.0 (Windows NT 6.1; WOW64) AppleWebKit/537.36 (KHTML, like Gecko) Chrome/63.0.3239.132 Safari/537.36 QIHU 360SE"
115.231.78.8 - - [28/May/2025:09:55:29 -0400] "GET / HTTP/1.1" 301 0 "-" "Mozilla/5.0 (Windows NT 6.1; WOW64) AppleWebKit/537.36 (KHTML, like Gecko) Chrome/63.0.3239.132 Safari/537.36 QIHU 360SE"
198.54.114.35 - - [28/May/2025:09:51:47 -0400] "POST /wp-cron.php?doing_wp_cron=1748440307.7329978942871093750000 HTTP/1.1" 200 0 "-" "WordPress/6.8.1; https://socialsolargreen.com"
198.54.114.35 - - [28/May/2025:09:51:48 -0400] "POST /wp-admin/admin-ajax.php?action=async_litespeed&nonce=Uz56GVEVZXK2rQyQt9a0yW1ZdVpOm57K&litespeed_type=imgoptm HTTP/1.1" 200 5 "-" "WordPress/6.8.1; https://socialsolargreen.com"
115.231.78.8 - - [28/May/2025:09:54:49 -0400] "GET / HTTP/1.1" 301 0 "-" "Mozilla/5.0 (Windows NT 6.1) AppleWebKit/537.36 (KHTML, like Gecko) Chrome/71.0.2623.112 Safari/537.36"
115.231.78.8 - - [28/May/2025:09:54:56 -0400] "GET / HTTP/1.1" 301 0 "-" "Mozilla/5.0 (Windows NT 6.1) AppleWebKit/537.36 (KHTML, like Gecko) Chrome/71.0.2623.112 Safari/537.36"
115.231.78.8 - - [28/May/2025:09:55:02 -0400] "GET / HTTP/1.1" 301 0 "http://172.67.162.146:80" "Mozilla/5.0 (Windows NT 6.1; WOW64) AppleWebKit/537.36 (KHTML, like Gecko) Chrome/63.0.3239.132 Safari/537.36 QIHU 360SE"
115.231.78.8 - - [28/May/2025:09:55:03 -0400] "GET / HTTP/1.1" 200 29852 "https://www.socialsolargreen.com/" "Mozilla/5.0 (Windows NT 6.1; WOW64) AppleWebKit/537.36 (KHTML, like Gecko) Chrome/63.0.3239.132 Safari/537.36 QIHU 360SE"
115.231.78.8 - - [28/May/2025:09:55:05 -0400] "GET / HTTP/1.1" 301 0 "http://104.21.10.68:8880" "Mozilla/5.0 (Windows NT 6.1; WOW64) AppleWebKit/537.36 (KHTML, like Gecko) Chrome/63.0.3239.132 Safari/537.36 QIHU 360SE"
115.231.78.8 - - [28/May/2025:09:55:07 -0400] "GET / HTTP/1.1" 301 0 "http://172.67.162.146:2082" "Mozilla/5.0 (Windows NT 6.1; WOW64) AppleWebKit/537.36 (KHTML, like Gecko) Chrome/63.0.3239.132 Safari/537.36 QIHU 360SE"
115.231.78.8 - - [28/May/2025:09:55:08 -0400] "GET / HTTP/1.1" 200 29852 "https://www.socialsolargreen.com/" "Mozilla/5.0 (Windows NT 6.1; WOW64) AppleWebKit/537.36 (KHTML, like Gecko) Chrome/63.0.3239.132 Safari/537.36 QIHU 360SE"
115.231.78.8 - - [28/May/2025:09:55:08 -0400] "GET /https:/socialsolargreen.com/wp-content/plugins/elementor/assets/css/widget-social-icons.min.css?ver=3.29.0 HTTP/1.1" 404 22478 "https://www.socialsolargreen.com/'https://socialsolargreen.com/wp-content/plugins/elementor/assets/css/widget-social-icons.min.css?ver=3.29.0'" "Mozilla/5.0 (Windows NT 6.1; WOW64) AppleWebKit/537.36 (KHTML, like Gecko) Chrome/63.0.3239.132 Safari/537.36 QIHU 360SE"
115.231.78.8 - - [28/May/2025:09:55:17 -0400] "GET / HTTP/1.1" 200 29852 "https://www.socialsolargreen.com/" "Mozilla/5.0 (Windows NT 6.1; WOW64) AppleWebKit/537.36 (KHTML, like Gecko) Chrome/63.0.3239.132 Safari/537.36 QIHU 360SE"
115.231.78.8 - - [28/May/2025:09:55:17 -0400] "GET /robots.txt HTTP/1.1" 301 0 "-" "Mozilla/5.0 (Windows NT 6.1; WOW64) AppleWebKit/537.36 (KHTML, like Gecko) Chrome/63.0.3239.132 Safari/537.36 QIHU 360SE"
115.231.78.8 - - [28/May/2025:09:55:21 -0400] "GET / HTTP/1.1" 301 0 "-" "Mozilla/5.0 (Windows NT 6.1; WOW64) AppleWebKit/537.36 (KHTML, like Gecko) Chrome/63.0.3239.132 Safari/537.36 QIHU 360SE"
115.231.78.8 - - [28/May/2025:09:55:21 -0400] "GET /favicon.ico HTTP/1.1" 404 1251 "-" "Mozilla/5.0 (Windows NT 6.1; WOW64) AppleWebKit/537.36 (KHTML, like Gecko) Chrome/63.0.3239.132 Safari/537.36 QIHU 360SE"
115.231.78.8 - - [28/May/2025:09:55:21 -0400] "GET / HTTP/1.1" 200 29852 "-" "Mozilla/5.0 (Windows NT 6.1; WOW64) AppleWebKit/537.36 (KHTML, like Gecko) Chrome/63.0.3239.132 Safari/537.36 QIHU 360SE"
115.231.78.8 - - [28/May/2025:09:55:26 -0400] "GET /favicon.ico HTTP/1.1" 404 1251 "-" "Mozilla/5.0 (Windows NT 6.1; WOW64) AppleWebKit/537.36 (KHTML, like Gecko) Chrome/63.0.3239.132 Safari/537.36 QIHU 360SE"
115.231.78.8 - - [28/May/2025:09:55:27 -0400] "GET / HTTP/1.1" 301 0 "-" "Mozilla/5.0 (Windows NT 6.1; WOW64) AppleWebKit/537.36 (KHTML, like Gecko) Chrome/63.0.3239.132 Safari/537.36 QIHU 360SE"
115.231.78.8 - - [28/May/2025:09:55:28 -0400] "GET / HTTP/1.1" 301 0 "-" "Mozilla/5.0 (Windows NT 6.1; WOW64) AppleWebKit/537.36 (KHTML, like Gecko) Chrome/63.0.3239.132 Safari/537.36 QIHU 360SE"
115.231.78.8 - - [28/May/2025:09:55:29 -0400] "GET / HTTP/1.1" 200 29852 "https://www.socialsolargreen.com/" "Mozilla/5.0 (Windows NT 6.1; WOW64) AppleWebKit/537.36 (KHTML, like Gecko) Chrome/63.0.3239.132 Safari/537.36 QIHU 360SE"
115.231.78.8 - - [28/May/2025:09:55:40 -0400] "GET / HTTP/1.1" 301 0 "-" "Mozilla/5.0 (Windows NT 6.1; WOW64) AppleWebKit/537.36 (KHTML, like Gecko) Chrome/63.0.3239.132 Safari/537.36 QIHU 360SE"
198.54.114.35 - - [28/May/2025:10:02:05 -0400] "POST /wp-cron.php?doing_wp_cron=1748440925.1983759403228759765625 HTTP/1.1" 200 0 "-" "WordPress/6.8.1; https://socialsolargreen.com"
66.29.141.59 - - [28/May/2025:10:01:59 -0400] "POST /xmlrpc.php HTTP/1.1" 200 186 "https://socialsolargreen.com" "Mozilla/5.0 (Macintosh; Intel Mac OS X 13_3) AppleWebKit/537.36 (KHTML, like Gecko) Chrome/126.0.0.0 Safari/537.36"
198.54.114.35 - - [28/May/2025:10:02:06 -0400] "POST /wp-admin/admin-ajax.php?action=async_litespeed&nonce=wKbhSF4MXYNn6hHyaf2jOk9GvFxmUqXr&litespeed_type=imgoptm HTTP/1.1" 200 0 "-" "WordPress/6.8.1; https://socialsolargreen.com"
2a06:6440:0:2ca3::1 - - [28/May/2025:10:12:11 -0400] "POST /xmlrpc.php HTTP/1.1" 200 186 "https://socialsolargreen.com" "Mozilla/5.0 (Macintosh; Intel Mac OS X 14_6) AppleWebKit/605.1.15 (KHTML, like Gecko) Version/17.5 Safari/605.1.15"
198.54.114.35 - - [28/May/2025:10:12:14 -0400] "POST /wp-admin/admin-ajax.php?action=async_litespeed&nonce=aRul0tWC7aRw40d6l1t1HhezN9H886qQ&litespeed_type=imgoptm HTTP/1.1" 200 0 "-" "WordPress/6.8.1; https://socialsolargreen.com"
40.77.167.57 - - [28/May/2025:10:12:06 -0400] "GET /wp-json/wp/v2/pages/17 HTTP/1.1" 200 78718 "-" "Mozilla/5.0 AppleWebKit/537.36 (KHTML, like Gecko; compatible; bingbot/2.0; +http://www.bing.com/bingbot.htm) Chrome/116.0.1938.76 Safari/537.36"
66.249.75.167 - - [28/May/2025:10:18:58 -0400] "GET /robots.txt HTTP/1.1" 200 102 "-" "Mozilla/5.0 (compatible; Googlebot/2.1; +http://www.google.com/bot.html)"
142.93.41.218 - - [28/May/2025:10:49:27 -0400] "POST /wp-login.php HTTP/1.1" 302 0 "https://socialsolargreen.com/wp-admin/" "Mozilla/5.0 (Windows NT 10.0; Win64; x64) AppleWebKit/537.36 (KHTML, like Gecko) Chrome/90.0.4430.85 Safari/537.36"
198.54.114.35 - - [28/May/2025:10:49:36 -0400] "POST /wp-cron.php?doing_wp_cron=1748443775.7437460422515869140625 HTTP/1.1" 200 0 "-" "WordPress/6.8.1; https://socialsolargreen.com"
198.54.114.35 - - [28/May/2025:10:49:36 -0400] "POST /wp-cron.php?doing_wp_cron=1748443776.5169138908386230468750 HTTP/1.1" 200 0 "-" "WordPress/6.8.1; https://socialsolargreen.com"
198.54.114.35 - - [28/May/2025:10:49:37 -0400] "POST /wp-admin/admin-ajax.php?action=async_litespeed&nonce=Z82MFjcQHgu6GyrdodeiLd7mUmwJW5PE&litespeed_type=imgoptm HTTP/1.1" 200 0 "-" "WordPress/6.8.1; https://socialsolargreen.com"
142.93.41.218 - - [28/May/2025:10:49:42 -0400] "GET /wp-login.php?redirect_to=https%3A%2F%2Fsocialsolargreen.com%2Fwp-admin%2F&reauth=1 HTTP/1.1" 302 0 "www.google.com" "Mozilla/5.0 (Windows NT 10.0; Win64; x64) AppleWebKit/537.36 (KHTML, like Gecko) Chrome/90.0.4430.85 Safari/537.36"
198.54.114.35 - - [28/May/2025:10:51:22 -0400] "POST /wp-cron.php?doing_wp_cron=1748443882.2660729885101318359375 HTTP/1.1" 200 0 "-" "WordPress/6.8.1; https://socialsolargreen.com"
34.127.85.95 - - [28/May/2025:10:51:14 -0400] "GET /media/system/js/core.js HTTP/1.1" 404 22478 "http://socialsolargreen.com/media/system/js/core.js" "Mozilla/5.0 (Macintosh; Intel Mac OS X 10_10_1) AppleWebKit/537.36 (KHTML, like Gecko) Chrome/39.0.2171.95 Safari/537.36"
198.54.114.35 - - [28/May/2025:11:09:51 -0400] "POST /wp-cron.php?doing_wp_cron=1748444991.3475520610809326171875 HTTP/1.1" 200 0 "-" "WordPress/6.8.1; https://socialsolargreen.com"
198.54.114.35 - - [28/May/2025:11:09:52 -0400] "POST /wp-admin/admin-ajax.php?action=async_litespeed&nonce=oATQ1WSyQpOqaGqAn8Yr6bP9PyPNtSuK&litespeed_type=imgoptm HTTP/1.1" 200 5 "-" "WordPress/6.8.1; https://socialsolargreen.com"
52.167.144.163 - - [28/May/2025:11:09:46 -0400] "GET /vPnf-d8dc-Goze8 HTTP/1.1" 404 22257 "-" "Mozilla/5.0 AppleWebKit/537.36 (KHTML, like Gecko; compatible; bingbot/2.0; +http://www.bing.com/bingbot.htm) Chrome/116.0.1938.76 Safari/537.36"
198.54.114.35 - - [28/May/2025:10:12:14 -0400] "POST /wp-cron.php?doing_wp_cron=1748441533.8323369026184082031250 HTTP/1.1" 200 0 "-" "WordPress/6.8.1; https://socialsolargreen.com"
66.249.75.167 - - [28/May/2025:10:18:59 -0400] "GET / HTTP/1.1" 200 29852 "-" "Mozilla/5.0 (Linux; Android 6.0.1; Nexus 5X Build/MMB29P) AppleWebKit/537.36 (KHTML, like Gecko) Chrome/136.0.7103.113 Mobile Safari/537.36 (compatible; Googlebot/2.1; +http://www.google.com/bot.html)"
142.93.41.218 - - [28/May/2025:10:49:31 -0400] "GET /404 HTTP/1.1" 404 22257 "https://socialsolargreen.com/wp-admin/" "Mozilla/5.0 (Windows NT 10.0; Win64; x64) AppleWebKit/537.36 (KHTML, like Gecko) Chrome/90.0.4430.85 Safari/537.36"
142.93.41.218 - - [28/May/2025:10:49:41 -0400] "GET /wp-admin/ HTTP/1.1" 302 0 "www.google.com" "Mozilla/5.0 (Windows NT 10.0; Win64; x64) AppleWebKit/537.36 (KHTML, like Gecko) Chrome/90.0.4430.85 Safari/537.36"
142.93.41.218 - - [28/May/2025:10:49:43 -0400] "GET /404 HTTP/1.1" 404 22257 "www.google.com" "Mozilla/5.0 (Windows NT 10.0; Win64; x64) AppleWebKit/537.36 (KHTML, like Gecko) Chrome/90.0.4430.85 Safari/537.36"
198.54.114.35 - - [28/May/2025:10:51:23 -0400] "POST /wp-admin/admin-ajax.php?action=async_litespeed&nonce=7jfSqCr0UKZUWtBjRPrxo8NvwNmWAvPi&litespeed_type=imgoptm HTTP/1.1" 200 0 "-" "WordPress/6.8.1; https://socialsolargreen.com"
40.77.167.203 - - [28/May/2025:11:17:36 -0400] "GET /robots.txt HTTP/1.1" 200 102 "-" "Mozilla/5.0 AppleWebKit/537.36 (KHTML, like Gecko; compatible; bingbot/2.0; +http://www.bing.com/bingbot.htm) Chrome/116.0.1938.76 Safari/537.36"
114.119.132.68 - - [28/May/2025:11:31:35 -0400] "GET /about-us/ HTTP/1.1" 200 27280 "https://socialsolargreen.com/become-a-partner" "Mozilla/5.0 (Linux; Android 7.0;) AppleWebKit/537.36 (KHTML, like Gecko) Mobile Safari/537.36 (compatible; PetalBot;+https://webmaster.petalsearch.com/site/petalbot)"
198.54.114.35 - - [28/May/2025:11:31:42 -0400] "POST /wp-cron.php?doing_wp_cron=1748446302.5385138988494873046875 HTTP/1.1" 200 0 "-" "WordPress/6.8.1; https://socialsolargreen.com"
198.54.114.35 - - [28/May/2025:11:31:43 -0400] "POST /wp-admin/admin-ajax.php?action=async_litespeed&nonce=c84o7MFCCDVvaIYa6Dh9KxtdbvCil2Yz&litespeed_type=imgoptm HTTP/1.1" 200 0 "-" "WordPress/6.8.1; https://socialsolargreen.com"
47.128.111.2 - - [28/May/2025:11:34:54 -0400] "GET /robots.txt HTTP/1.1" 200 102 "-" "Mozilla/5.0 (Linux; Android 5.0) AppleWebKit/537.36 (KHTML, like Gecko) Mobile Safari/537.36 (compatible; Bytespider; spider-feedback@bytedance.com)"
2a03:2880:f800:: - - [28/May/2025:11:59:44 -0400] "GET /wp-sitemap.xml HTTP/1.1" 200 195 "-" "meta-externalagent/1.1 (+https://developers.facebook.com/docs/sharing/webmasters/crawler)"
198.54.114.35 - - [28/May/2025:11:59:50 -0400] "POST /wp-admin/admin-ajax.php?action=async_litespeed&nonce=8Ph9zHDI7AzBIZZLAkzfaU8tIXwZsKNS&litespeed_type=imgoptm HTTP/1.1" 200 5 "-" "WordPress/6.8.1; https://socialsolargreen.com"
198.54.114.35 - - [28/May/2025:11:59:50 -0400] "POST /wp-cron.php?doing_wp_cron=1748447990.0795569419860839843750 HTTP/1.1" 200 0 "-" "WordPress/6.8.1; https://socialsolargreen.com"
198.54.114.35 - - [28/May/2025:11:59:50 -0400] "POST /wp-cron.php?doing_wp_cron=1748447990.5627870559692382812500 HTTP/1.1" 200 0 "-" "WordPress/6.8.1; https://socialsolargreen.com"
134.209.188.120 - - [28/May/2025:12:00:27 -0400] "GET /wp-content/plugins/wp-catcher/index.php HTTP/1.1" 403 1242 "www.google.com" "Mozilla/5.0 (Linux; Android 7.0; SM-G892A Build/NRD90M; wv) AppleWebKit/537.36 (KHTML, like Gecko) Version/4.0 Chrome/60.0.3112.107 Mobile Safari/537.36"