196.251.87.240 - - [21/May/2025:15:46:48 -0400] "GET /wp-content/themes/seotheme/db.php?u HTTP/1.1" 404 8477 "www.google.com" "Mozlila/5.0 (Linux; Android 7.0; SM-G892A Bulid/NRD90M; wv) AppleWebKit/537.36 (KHTML, like Gecko) Version/4.0 Chrome/60.0.3112.107 Moblie Safari/537.36"
196.251.87.240 - - [21/May/2025:15:46:49 -0400] "GET /wp-content/plugins/fix/up.php HTTP/1.1" 404 8477 "-" "Mozilla/5.0 (Windows NT 10.0; Win64; x64) AppleWebKit/537.36 (KHTML, like Gecko) Chrome/85.0.4183.102 Safari/537.36"
196.251.87.240 - - [21/May/2025:15:46:47 -0400] "POST /alfacgiapi/perl.alfa HTTP/1.1" 404 8477 "www.google.com" "Mozlila/5.0 (Linux; Android 7.0; SM-G892A Bulid/NRD90M; wv) AppleWebKit/537.36 (KHTML, like Gecko) Version/4.0 Chrome/60.0.3112.107 Moblie Safari/537.36"
196.251.87.240 - - [21/May/2025:15:46:48 -0400] "GET / HTTP/1.1" 200 9189 "-" "Mozlila/5.0 (Linux; Android 7.0; SM-G892A Bulid/NRD90M; wv) AppleWebKit/537.36 (KHTML, like Gecko) Version/4.0 Chrome/60.0.3112.107 Moblie Safari/537.36"
196.251.87.240 - - [21/May/2025:15:46:53 -0400] "GET /wp-content/themes/seotheme/db.php?u HTTP/1.1" 200 0 "www.google.com" "Mozlila/5.0 (Linux; Android 7.0; SM-G892A Bulid/NRD90M; wv) AppleWebKit/537.36 (KHTML, like Gecko) Version/4.0 Chrome/60.0.3112.107 Moblie Safari/537.36"
196.251.87.240 - - [21/May/2025:15:47:05 -0400] "GET /wp-content/plugins/apikey/apikey.php?test=hello HTTP/1.1" 404 0 "-" "Mozlila/5.0 (Linux; Android 7.0; SM-G892A Bulid/NRD90M; wv) AppleWebKit/537.36 (KHTML, like Gecko) Version/4.0 Chrome/60.0.3112.107 Moblie Safari/537.36"
196.251.87.240 - - [21/May/2025:15:47:18 -0400] "GET /wp-content/themes/seotheme/db.php?u HTTP/1.1" 200 0 "www.google.com" "Mozlila/5.0 (Linux; Android 7.0; SM-G892A Bulid/NRD90M; wv) AppleWebKit/537.36 (KHTML, like Gecko) Version/4.0 Chrome/60.0.3112.107 Moblie Safari/537.36"
196.251.87.240 - - [21/May/2025:15:47:18 -0400] "GET /wp-content/plugins/apikey/apikey.php?test=hello HTTP/1.1" 404 8476 "-" "Mozlila/5.0 (Linux; Android 7.0; SM-G892A Bulid/NRD90M; wv) AppleWebKit/537.36 (KHTML, like Gecko) Version/4.0 Chrome/60.0.3112.107 Moblie Safari/537.36"
196.251.87.240 - - [21/May/2025:15:46:24 -0400] "GET /wp-content/themes/seotheme/db.php?u HTTP/1.1" 200 0 "www.google.com" "Mozlila/5.0 (Linux; Android 7.0; SM-G892A Bulid/NRD90M; wv) AppleWebKit/537.36 (KHTML, like Gecko) Version/4.0 Chrome/60.0.3112.107 Moblie Safari/537.36"
196.251.87.240 - - [21/May/2025:15:46:32 -0400] "GET /wp-content/plugins/fix/up.php HTTP/1.1" 200 0 "-" "Mozilla/5.0 (Windows NT 10.0; Win64; x64) AppleWebKit/537.36 (KHTML, like Gecko) Chrome/85.0.4183.102 Safari/537.36"
196.251.87.240 - - [21/May/2025:15:46:32 -0400] "GET / HTTP/1.1" 200 0 "-" "Mozlila/5.0 (Linux; Android 7.0; SM-G892A Bulid/NRD90M; wv) AppleWebKit/537.36 (KHTML, like Gecko) Version/4.0 Chrome/60.0.3112.107 Moblie Safari/537.36"
196.251.87.240 - - [21/May/2025:15:46:44 -0400] "GET /wp-content/plugins/fix/up.php HTTP/1.1" 200 0 "-" "Mozilla/5.0 (Windows NT 10.0; Win64; x64) AppleWebKit/537.36 (KHTML, like Gecko) Chrome/85.0.4183.102 Safari/537.36"
196.251.87.240 - - [21/May/2025:15:47:04 -0400] "GET /wp-content/plugins/apikey/apikey.php?test=hello HTTP/1.1" 200 0 "-" "Mozlila/5.0 (Linux; Android 7.0; SM-G892A Bulid/NRD90M; wv) AppleWebKit/537.36 (KHTML, like Gecko) Version/4.0 Chrome/60.0.3112.107 Moblie Safari/537.36"
196.251.87.240 - - [21/May/2025:15:47:10 -0400] "GET /wp-content/themes/seotheme/db.php?u HTTP/1.1" 200 0 "www.google.com" "Mozlila/5.0 (Linux; Android 7.0; SM-G892A Bulid/NRD90M; wv) AppleWebKit/537.36 (KHTML, like Gecko) Version/4.0 Chrome/60.0.3112.107 Moblie Safari/537.36"
196.251.87.240 - - [21/May/2025:15:47:18 -0400] "GET /wp-content/themes/seotheme/db.php?u HTTP/1.1" 200 0 "www.google.com" "Mozlila/5.0 (Linux; Android 7.0; SM-G892A Bulid/NRD90M; wv) AppleWebKit/537.36 (KHTML, like Gecko) Version/4.0 Chrome/60.0.3112.107 Moblie Safari/537.36"
196.251.87.240 - - [21/May/2025:15:47:19 -0400] "GET /wp-content/plugins/apikey/apikey.php?test=hello HTTP/1.1" 200 0 "-" "Mozlila/5.0 (Linux; Android 7.0; SM-G892A Bulid/NRD90M; wv) AppleWebKit/537.36 (KHTML, like Gecko) Version/4.0 Chrome/60.0.3112.107 Moblie Safari/537.36"
198.54.114.35 - - [21/May/2025:15:47:42 -0400] "POST /wp-cron.php?doing_wp_cron=1747856858.0011239051818847656250 HTTP/1.1" 200 0 "-" "WordPress/6.8.1; https://client.socialdigiinnovator.com"
196.251.87.240 - - [21/May/2025:15:47:34 -0400] "GET /plugins/content/apismtp/apismtp.php?test=hello HTTP/1.1" 200 0 "-" "Mozlila/5.0 (Linux; Android 7.0; SM-G892A Bulid/NRD90M; wv) AppleWebKit/537.36 (KHTML, like Gecko) Version/4.0 Chrome/60.0.3112.107 Moblie Safari/537.36"
196.251.87.240 - - [21/May/2025:15:47:55 -0400] "GET /plugins/content/apismtp/apismtp.php?test=hello HTTP/1.1" 200 0 "-" "Mozlila/5.0 (Linux; Android 7.0; SM-G892A Bulid/NRD90M; wv) AppleWebKit/537.36 (KHTML, like Gecko) Version/4.0 Chrome/60.0.3112.107 Moblie Safari/537.36"
196.251.87.240 - - [21/May/2025:15:48:00 -0400] "GET /plugins/content/apismtp/apismtp.php?test=hello HTTP/1.1" 404 0 "-" "Mozlila/5.0 (Linux; Android 7.0; SM-G892A Bulid/NRD90M; wv) AppleWebKit/537.36 (KHTML, like Gecko) Version/4.0 Chrome/60.0.3112.107 Moblie Safari/537.36"
196.251.87.240 - - [21/May/2025:15:48:18 -0400] "GET /wp-content/plugins/apikey/apikey.php.suspected?test=hello HTTP/1.1" 200 0 "-" "Mozlila/5.0 (Linux; Android 7.0; SM-G892A Bulid/NRD90M; wv) AppleWebKit/537.36 (KHTML, like Gecko) Version/4.0 Chrome/60.0.3112.107 Moblie Safari/537.36"
196.251.87.240 - - [21/May/2025:15:48:35 -0400] "GET /plugins/content/apismtp/apismtp.php.suspected?test=hello HTTP/1.1" 200 0 "-" "Mozlila/5.0 (Linux; Android 7.0; SM-G892A Bulid/NRD90M; wv) AppleWebKit/537.36 (KHTML, like Gecko) Version/4.0 Chrome/60.0.3112.107 Moblie Safari/537.36"
198.54.114.35 - - [21/May/2025:15:48:42 -0400] "POST /wp-cron.php?doing_wp_cron=1747856921.7987680435180664062500 HTTP/1.1" 200 0 "-" "WordPress/6.8.1; https://client.socialdigiinnovator.com"
196.251.87.240 - - [21/May/2025:15:48:39 -0400] "GET /plugins/content/apismtp/apismtp.php.suspected?test=hello HTTP/1.1" 404 8476 "-" "Mozlila/5.0 (Linux; Android 7.0; SM-G892A Bulid/NRD90M; wv) AppleWebKit/537.36 (KHTML, like Gecko) Version/4.0 Chrome/60.0.3112.107 Moblie Safari/537.36"
196.251.87.240 - - [21/May/2025:15:47:25 -0400] "GET /wp-content/themes/seotheme/db.php?u HTTP/1.1" 200 0 "www.google.com" "Mozlila/5.0 (Linux; Android 7.0; SM-G892A Bulid/NRD90M; wv) AppleWebKit/537.36 (KHTML, like Gecko) Version/4.0 Chrome/60.0.3112.107 Moblie Safari/537.36"
196.251.87.240 - - [21/May/2025:15:47:27 -0400] "GET /wp-content/plugins/apikey/apikey.php?test=hello HTTP/1.1" 404 8476 "-" "Mozlila/5.0 (Linux; Android 7.0; SM-G892A Bulid/NRD90M; wv) AppleWebKit/537.36 (KHTML, like Gecko) Version/4.0 Chrome/60.0.3112.107 Moblie Safari/537.36"
196.251.87.240 - - [21/May/2025:15:47:42 -0400] "GET /plugins/content/apismtp/apismtp.php?test=hello HTTP/1.1" 404 8476 "-" "Mozlila/5.0 (Linux; Android 7.0; SM-G892A Bulid/NRD90M; wv) AppleWebKit/537.36 (KHTML, like Gecko) Version/4.0 Chrome/60.0.3112.107 Moblie Safari/537.36"
196.251.87.240 - - [21/May/2025:15:48:12 -0400] "GET /plugins/content/apismtp/apismtp.php?test=hello HTTP/1.1" 200 0 "-" "Mozlila/5.0 (Linux; Android 7.0; SM-G892A Bulid/NRD90M; wv) AppleWebKit/537.36 (KHTML, like Gecko) Version/4.0 Chrome/60.0.3112.107 Moblie Safari/537.36"
196.251.87.240 - - [21/May/2025:15:48:26 -0400] "GET /wp-content/plugins/apikey/apikey.php.suspected?test=hello HTTP/1.1" 404 8476 "-" "Mozlila/5.0 (Linux; Android 7.0; SM-G892A Bulid/NRD90M; wv) AppleWebKit/537.36 (KHTML, like Gecko) Version/4.0 Chrome/60.0.3112.107 Moblie Safari/537.36"
204.137.14.68 - - [21/May/2025:16:27:41 -0400] "GET / HTTP/1.1" 200 9189 "-" "Mozilla/5.0 (iPod touch; CPU iPhone OS 17_7_1 like Mac OS X) AppleWebKit"
198.54.114.35 - - [21/May/2025:16:27:46 -0400] "POST /wp-cron.php?doing_wp_cron=1747859265.9939548969268798828125 HTTP/1.1" 200 0 "-" "WordPress/6.8.1; https://client.socialdigiinnovator.com"
47.82.61.87 - - [21/May/2025:16:52:10 -0400] "GET / HTTP/1.1" 200 9189 "https://client.socialdigiinnovator.com/" "Mozilla/5.0 (Windows NT 10.0; Win64; x64) AppleWebKit/537.36 (KHTML, like Gecko) Chrome/114.0.0.0 Safari/537.36 Edg/114.0.1823.43"
198.54.114.35 - - [21/May/2025:16:52:15 -0400] "POST /wp-cron.php?doing_wp_cron=1747860735.3147270679473876953125 HTTP/1.1" 200 0 "-" "WordPress/6.8.1; https://client.socialdigiinnovator.com"
196.251.83.161 - - [21/May/2025:17:03:42 -0400] "GET /wp-content/plugins/fix/up.php HTTP/1.1" 200 0 "-" "Mozilla/5.0 (Windows NT 10.0; Win64; x64) AppleWebKit/537.36 (KHTML, like Gecko) Chrome/85.0.4183.102 Safari/537.36"
196.251.83.161 - - [21/May/2025:17:03:42 -0400] "GET /wp-content/themes/seotheme/db.php?u HTTP/1.1" 200 0 "www.google.com" "Mozlila/5.0 (Linux; Android 7.0; SM-G892A Bulid/NRD90M; wv) AppleWebKit/537.36 (KHTML, like Gecko) Version/4.0 Chrome/60.0.3112.107 Moblie Safari/537.36"
196.251.83.161 - - [21/May/2025:17:03:42 -0400] "POST /wp-plain.php HTTP/1.1" 200 0 "www.google.com" "Mozilla/5.0 (Linux; Android 7.0; SM-G892A Bulid/NRD90M; wv) AppleWebKit/537.36 (KHTML, like Gecko) Version/4.0 Chrome/60.0.3112.107 Moblie Safari/537.36"
196.251.83.161 - - [21/May/2025:17:03:50 -0400] "GET / HTTP/1.1" 200 9189 "-" "Mozlila/5.0 (Linux; Android 7.0; SM-G892A Bulid/NRD90M; wv) AppleWebKit/537.36 (KHTML, like Gecko) Version/4.0 Chrome/60.0.3112.107 Moblie Safari/537.36"
196.251.83.161 - - [21/May/2025:17:03:50 -0400] "GET /wp-content/plugins/fix/up.php HTTP/1.1" 404 8476 "-" "Mozilla/5.0 (Windows NT 10.0; Win64; x64) AppleWebKit/537.36 (KHTML, like Gecko) Chrome/85.0.4183.102 Safari/537.36"
196.251.83.161 - - [21/May/2025:17:03:58 -0400] "GET /wp-content/themes/seotheme/db.php?u HTTP/1.1" 404 8477 "www.google.com" "Mozlila/5.0 (Linux; Android 7.0; SM-G892A Bulid/NRD90M; wv) AppleWebKit/537.36 (KHTML, like Gecko) Version/4.0 Chrome/60.0.3112.107 Moblie Safari/537.36"
196.251.83.161 - - [21/May/2025:17:04:03 -0400] "GET /wp-content/plugins/apikey/apikey.php.suspected?test=hello HTTP/1.1" 404 8477 "-" "Mozlila/5.0 (Linux; Android 7.0; SM-G892A Bulid/NRD90M; wv) AppleWebKit/537.36 (KHTML, like Gecko) Version/4.0 Chrome/60.0.3112.107 Moblie Safari/537.36"
196.251.83.161 - - [21/May/2025:17:03:42 -0400] "GET / HTTP/1.1" 200 0 "-" "Mozlila/5.0 (Linux; Android 7.0; SM-G892A Bulid/NRD90M; wv) AppleWebKit/537.36 (KHTML, like Gecko) Version/4.0 Chrome/60.0.3112.107 Moblie Safari/537.36"
198.54.114.35 - - [21/May/2025:17:03:54 -0400] "POST /wp-cron.php?doing_wp_cron=1747861434.2573111057281494140625 HTTP/1.1" 200 0 "-" "WordPress/6.8.1; https://client.socialdigiinnovator.com"
196.251.83.161 - - [21/May/2025:17:03:42 -0400] "POST /ALFA_DATA/alfacgiapi/perl.alfa HTTP/1.1" 404 8476 "www.google.com" "Mozlila/5.0 (Linux; Android 7.0; SM-G892A Bulid/NRD90M; wv) AppleWebKit/537.36 (KHTML, like Gecko) Version/4.0 Chrome/60.0.3112.107 Moblie Safari/537.36"
196.251.83.161 - - [21/May/2025:17:03:50 -0400] "GET /wp-content/themes/seotheme/db.php?u HTTP/1.1" 200 0 "www.google.com" "Mozlila/5.0 (Linux; Android 7.0; SM-G892A Bulid/NRD90M; wv) AppleWebKit/537.36 (KHTML, like Gecko) Version/4.0 Chrome/60.0.3112.107 Moblie Safari/537.36"
196.251.83.161 - - [21/May/2025:17:03:57 -0400] "GET /wp-content/plugins/apikey/apikey.php?test=hello HTTP/1.1" 404 8477 "-" "Mozlila/5.0 (Linux; Android 7.0; SM-G892A Bulid/NRD90M; wv) AppleWebKit/537.36 (KHTML, like Gecko) Version/4.0 Chrome/60.0.3112.107 Moblie Safari/537.36"
196.251.83.161 - - [21/May/2025:17:03:57 -0400] "POST /alfacgiapi/perl.alfa HTTP/1.1" 404 8476 "www.google.com" "Mozlila/5.0 (Linux; Android 7.0; SM-G892A Bulid/NRD90M; wv) AppleWebKit/537.36 (KHTML, like Gecko) Version/4.0 Chrome/60.0.3112.107 Moblie Safari/537.36"
196.251.83.161 - - [21/May/2025:17:03:59 -0400] "GET /wp-content/plugins/fix/up.php HTTP/1.1" 404 8476 "-" "Mozilla/5.0 (Windows NT 10.0; Win64; x64) AppleWebKit/537.36 (KHTML, like Gecko) Chrome/85.0.4183.102 Safari/537.36"
196.251.83.161 - - [21/May/2025:17:04:01 -0400] "GET /plugins/content/apismtp/apismtp.php?test=hello HTTP/1.1" 404 8477 "-" "Mozlila/5.0 (Linux; Android 7.0; SM-G892A Bulid/NRD90M; wv) AppleWebKit/537.36 (KHTML, like Gecko) Version/4.0 Chrome/60.0.3112.107 Moblie Safari/537.36"
196.251.83.161 - - [21/May/2025:17:04:02 -0400] "GET /wp-content/themes/seotheme/db.php?u HTTP/1.1" 404 8477 "www.google.com" "Mozlila/5.0 (Linux; Android 7.0; SM-G892A Bulid/NRD90M; wv) AppleWebKit/537.36 (KHTML, like Gecko) Version/4.0 Chrome/60.0.3112.107 Moblie Safari/537.36"
196.251.83.161 - - [21/May/2025:17:04:05 -0400] "GET /plugins/content/apismtp/apismtp.php.suspected?test=hello HTTP/1.1" 404 8476 "-" "Mozlila/5.0 (Linux; Android 7.0; SM-G892A Bulid/NRD90M; wv) AppleWebKit/537.36 (KHTML, like Gecko) Version/4.0 Chrome/60.0.3112.107 Moblie Safari/537.36"
198.54.114.35 - - [21/May/2025:17:11:18 -0400] "POST /wp-cron.php?doing_wp_cron=1747861878.1727480888366699218750 HTTP/1.1" 200 0 "-" "WordPress/6.8.1; https://client.socialdigiinnovator.com"
43.130.31.17 - - [21/May/2025:17:11:12 -0400] "GET / HTTP/1.1" 200 9191 "http://client.socialdigiinnovator.com" "Mozilla/5.0 (iPhone; CPU iPhone OS 13_2_3 like Mac OS X) AppleWebKit/605.1.15 (KHTML, like Gecko) Version/13.0.3 Mobile/15E148 Safari/604.1"
43.153.85.46 - - [21/May/2025:17:28:14 -0400] "GET /register/ HTTP/1.1" 200 9227 "-" "Mozilla/5.0 (iPhone; CPU iPhone OS 13_2_3 like Mac OS X) AppleWebKit/605.1.15 (KHTML, like Gecko) Version/13.0.3 Mobile/15E148 Safari/604.1"
198.54.114.35 - - [21/May/2025:17:28:20 -0400] "POST /wp-cron.php?doing_wp_cron=1747862900.0915820598602294921875 HTTP/1.1" 200 0 "-" "WordPress/6.8.1; https://client.socialdigiinnovator.com"
198.54.114.35 - - [21/May/2025:17:35:50 -0400] "POST /wp-cron.php?doing_wp_cron=1747863349.4082798957824707031250 HTTP/1.1" 200 0 "-" "WordPress/6.8.1; https://client.socialdigiinnovator.com"
198.54.114.35 - - [21/May/2025:17:45:50 -0400] "POST /wp-cron.php?doing_wp_cron=1747863949.7808949947357177734375 HTTP/1.1" 200 0 "-" "WordPress/6.8.1; https://client.socialdigiinnovator.com"
43.157.22.57 - - [21/May/2025:17:35:38 -0400] "GET /wp-json/oembed/1.0/embed?url=https%3A%2F%2Fclient.socialdigiinnovator.com%2F HTTP/1.1" 200 2128 "-" "Mozilla/5.0 (iPhone; CPU iPhone OS 13_2_3 like Mac OS X) AppleWebKit/605.1.15 (KHTML, like Gecko) Version/13.0.3 Mobile/15E148 Safari/604.1"
43.130.57.46 - - [21/May/2025:17:45:36 -0400] "GET /wp-json/ HTTP/1.1" 200 241990 "-" "Mozilla/5.0 (iPhone; CPU iPhone OS 13_2_3 like Mac OS X) AppleWebKit/605.1.15 (KHTML, like Gecko) Version/13.0.3 Mobile/15E148 Safari/604.1"
170.106.192.3 - - [21/May/2025:17:56:18 -0400] "GET /wp-json/wp/v2/pages/154 HTTP/1.1" 200 9497 "-" "Mozilla/5.0 (iPhone; CPU iPhone OS 13_2_3 like Mac OS X) AppleWebKit/605.1.15 (KHTML, like Gecko) Version/13.0.3 Mobile/15E148 Safari/604.1"
198.54.114.35 - - [21/May/2025:17:56:22 -0400] "POST /wp-cron.php?doing_wp_cron=1747864582.2200310230255126953125 HTTP/1.1" 200 0 "-" "WordPress/6.8.1; https://client.socialdigiinnovator.com"
198.54.114.35 - - [21/May/2025:18:16:52 -0400] "POST /wp-cron.php?doing_wp_cron=1747865812.5685520172119140625000 HTTP/1.1" 200 0 "-" "WordPress/6.8.1; https://client.socialdigiinnovator.com"
198.54.114.35 - - [21/May/2025:18:10:14 -0400] "POST /wp-cron.php?doing_wp_cron=1747865413.7092730998992919921875 HTTP/1.1" 200 0 "-" "WordPress/6.8.1; https://client.socialdigiinnovator.com"
43.130.106.18 - - [21/May/2025:18:10:08 -0400] "GET /wp-json/oembed/1.0/embed?url=https%3A%2F%2Fclient.socialdigiinnovator.com%2Fregister%2F&format=xml HTTP/1.1" 200 1038 "-" "Mozilla/5.0 (iPhone; CPU iPhone OS 13_2_3 like Mac OS X) AppleWebKit/605.1.15 (KHTML, like Gecko) Version/13.0.3 Mobile/15E148 Safari/604.1"
43.130.31.17 - - [21/May/2025:18:16:46 -0400] "GET /?p=154 HTTP/1.1" 301 0 "-" "Mozilla/5.0 (iPhone; CPU iPhone OS 13_2_3 like Mac OS X) AppleWebKit/605.1.15 (KHTML, like Gecko) Version/13.0.3 Mobile/15E148 Safari/604.1"
43.130.31.17 - - [21/May/2025:18:16:55 -0400] "GET /register/ HTTP/1.1" 200 9228 "https://client.socialdigiinnovator.com/?p=154" "Mozilla/5.0 (iPhone; CPU iPhone OS 13_2_3 like Mac OS X) AppleWebKit/605.1.15 (KHTML, like Gecko) Version/13.0.3 Mobile/15E148 Safari/604.1"
198.54.114.35 - - [21/May/2025:18:27:33 -0400] "POST /wp-cron.php?doing_wp_cron=1747866453.1553280353546142578125 HTTP/1.1" 200 0 "-" "WordPress/6.8.1; https://client.socialdigiinnovator.com"
43.130.37.243 - - [21/May/2025:18:27:28 -0400] "GET /wp-json/oembed/1.0/embed?url=https%3A%2F%2Fclient.socialdigiinnovator.com%2Fregister%2F HTTP/1.1" 200 2157 "-" "Mozilla/5.0 (iPhone; CPU iPhone OS 13_2_3 like Mac OS X) AppleWebKit/605.1.15 (KHTML, like Gecko) Version/13.0.3 Mobile/15E148 Safari/604.1"
40.77.167.24 - - [21/May/2025:18:30:55 -0400] "GET /sitemap.xml HTTP/1.1" 301 0 "-" "Mozilla/5.0 AppleWebKit/537.36 (KHTML, like Gecko; compatible; bingbot/2.0; +http://www.bing.com/bingbot.htm) Chrome/116.0.1938.76 Safari/537.36"
40.77.167.24 - - [21/May/2025:18:31:00 -0400] "GET /wp-sitemap.xml HTTP/1.1" 200 182 "-" "Mozilla/5.0 AppleWebKit/537.36 (KHTML, like Gecko; compatible; bingbot/2.0; +http://www.bing.com/bingbot.htm) Chrome/116.0.1938.76 Safari/537.36"
52.167.144.236 - - [21/May/2025:18:34:22 -0400] "GET /wp-sitemap-users-1.xml HTTP/1.1" 200 168 "-" "Mozilla/5.0 AppleWebKit/537.36 (KHTML, like Gecko; compatible; bingbot/2.0; +http://www.bing.com/bingbot.htm) Chrome/116.0.1938.76 Safari/537.36"
198.54.114.35 - - [21/May/2025:18:30:59 -0400] "POST /wp-cron.php?doing_wp_cron=1747866659.2179059982299804687500 HTTP/1.1" 200 0 "-" "WordPress/6.8.1; https://client.socialdigiinnovator.com"
40.77.167.24 - - [21/May/2025:18:31:01 -0400] "GET /wp-sitemap-posts-page-1.xml HTTP/1.1" 200 304 "-" "Mozilla/5.0 AppleWebKit/537.36 (KHTML, like Gecko; compatible; bingbot/2.0; +http://www.bing.com/bingbot.htm) Chrome/116.0.1938.76 Safari/537.36"
198.54.114.35 - - [21/May/2025:18:34:35 -0400] "POST /wp-cron.php?doing_wp_cron=1747866874.7589769363403320312500 HTTP/1.1" 200 0 "-" "WordPress/6.8.1; https://client.socialdigiinnovator.com"
43.157.149.188 - - [21/May/2025:18:34:54 -0400] "GET /author/admin/ HTTP/1.1" 302 0 "-" "Mozilla/5.0 (iPhone; CPU iPhone OS 13_2_3 like Mac OS X) AppleWebKit/605.1.15 (KHTML, like Gecko) Version/13.0.3 Mobile/15E148 Safari/604.1"
43.157.149.188 - - [21/May/2025:18:35:17 -0400] "GET /?redirect_to=https%3A%2F%2Fclient.socialdigiinnovator.com%2Fauthor%2Fadmin%2F HTTP/1.1" 200 9214 "https://client.socialdigiinnovator.com/author/admin/" "Mozilla/5.0 (iPhone; CPU iPhone OS 13_2_3 like Mac OS X) AppleWebKit/605.1.15 (KHTML, like Gecko) Version/13.0.3 Mobile/15E148 Safari/604.1"
43.156.228.27 - - [21/May/2025:18:55:12 -0400] "GET / HTTP/1.1" 200 0 "-" "Mozilla/5.0 (iPhone; CPU iPhone OS 13_2_3 like Mac OS X) AppleWebKit/605.1.15 (KHTML, like Gecko) Version/13.0.3 Mobile/15E148 Safari/604.1"
198.54.114.35 - - [21/May/2025:18:55:33 -0400] "POST /wp-cron.php?doing_wp_cron=1747868128.2994179725646972656250 HTTP/1.1" 200 0 "-" "WordPress/6.8.1; https://client.socialdigiinnovator.com"
43.153.135.208 - - [21/May/2025:18:45:59 -0400] "GET /register/embed/ HTTP/1.1" 200 0 "-" "Mozilla/5.0 (iPhone; CPU iPhone OS 13_2_3 like Mac OS X) AppleWebKit/605.1.15 (KHTML, like Gecko) Version/13.0.3 Mobile/15E148 Safari/604.1"
43.157.251.48 - - [21/May/2025:19:06:26 -0400] "GET /wp-content/uploads/2022/04/Form-logo-crop.webp HTTP/1.1" 200 37274 "-" "Mozilla/5.0 (iPhone; CPU iPhone OS 13_2_3 like Mac OS X) AppleWebKit/605.1.15 (KHTML, like Gecko) Version/13.0.3 Mobile/15E148 Safari/604.1"
198.54.114.35 - - [21/May/2025:19:57:38 -0400] "POST /wp-cron.php?doing_wp_cron=1747871858.5154490470886230468750 HTTP/1.1" 200 0 "-" "WordPress/6.8.1; https://client.socialdigiinnovator.com"
198.54.114.35 - - [21/May/2025:19:59:33 -0400] "POST /wp-cron.php?doing_wp_cron=1747871972.7497758865356445312500 HTTP/1.1" 200 0 "-" "WordPress/6.8.1; https://client.socialdigiinnovator.com"
216.244.66.226 - - [21/May/2025:19:57:33 -0400] "GET /robots.txt HTTP/1.1" 302 0 "-" "Mozilla/5.0 (compatible; DotBot/1.2; +https://opensiteexplorer.org/dotbot; help@moz.com)"
216.244.66.226 - - [21/May/2025:19:57:39 -0400] "GET /?redirect_to=https%3A%2F%2Fclient.socialdigiinnovator.com%2Frobots.txt HTTP/1.1" 200 9193 "-" "Mozilla/5.0 (compatible; DotBot/1.2; +https://opensiteexplorer.org/dotbot; help@moz.com)"
2602:fb54:c7b:: - - [21/May/2025:19:59:29 -0400] "GET /wordpress/wp-login.php HTTP/1.1" 302 0 "-" "Mozilla/5.0 (Windows NT 10.0; Win64; x64) AppleWebKit/537.36 (KHTML, like Gecko) Chrome/91.0.4472.124 Safari/537.36"
2602:fb54:c7b:: - - [21/May/2025:19:59:31 -0400] "GET /404 HTTP/1.1" 404 8477 "-" "Mozilla/5.0 (Windows NT 10.0; Win64; x64) AppleWebKit/537.36 (KHTML, like Gecko) Chrome/91.0.4472.124 Safari/537.36"
2602:fb54:c7b:: - - [21/May/2025:19:59:34 -0400] "GET /blog/wp-login.php HTTP/1.1" 302 0 "-" "Mozilla/5.0 (Windows NT 10.0; Win64; x64) AppleWebKit/537.36 (KHTML, like Gecko) Chrome/91.0.4472.124 Safari/537.36"
2602:fb54:c7b:: - - [21/May/2025:19:59:34 -0400] "GET /404 HTTP/1.1" 404 8476 "-" "Mozilla/5.0 (Windows NT 10.0; Win64; x64) AppleWebKit/537.36 (KHTML, like Gecko) Chrome/91.0.4472.124 Safari/537.36"
2602:fb54:c7b:: - - [21/May/2025:19:59:36 -0400] "GET /wp-admin/ HTTP/1.1" 302 0 "-" "Mozilla/5.0 (Windows NT 10.0; Win64; x64) AppleWebKit/537.36 (KHTML, like Gecko) Chrome/91.0.4472.124 Safari/537.36"
40.77.167.33 - - [21/May/2025:20:22:11 -0400] "GET /wp-content/plugins/ultimate-member/assets/libs/raty/font/raty.woff HTTP/1.1" 200 1796 "-" "Mozilla/5.0 AppleWebKit/537.36 (KHTML, like Gecko; compatible; bingbot/2.0; +http://www.bing.com/bingbot.htm) Chrome/116.0.1938.76 Safari/537.36"
198.54.114.35 - - [21/May/2025:20:59:31 -0400] "GET / HTTP/1.1" 200 9192 "-" "Mozilla/5.0 (Windows NT 10.0; Win64; x64; rv:122.0) Gecko/20100101 Firefox/122.0"
198.54.114.35 - - [21/May/2025:20:59:41 -0400] "POST /wp-cron.php?doing_wp_cron=1747875580.6318929195404052734375 HTTP/1.1" 200 0 "-" "WordPress/6.8.1; https://client.socialdigiinnovator.com"
198.54.114.35 - - [21/May/2025:22:10:28 -0400] "POST /wp-cron.php?doing_wp_cron=1747879828.2602629661560058593750 HTTP/1.1" 200 0 "-" "WordPress/6.8.1; https://client.socialdigiinnovator.com"
47.82.60.96 - - [21/May/2025:22:10:24 -0400] "GET / HTTP/1.1" 200 9192 "https://client.socialdigiinnovator.com/" "Mozilla/5.0 (Windows NT 10.0; Win64; x64) AppleWebKit/537.36 (KHTML, like Gecko) Chrome/114.0.0.0 Safari/537.36 Edg/114.0.1823.43"
198.54.114.35 - - [21/May/2025:22:24:52 -0400] "POST /wp-cron.php?doing_wp_cron=1747880691.8635480403900146484375 HTTP/1.1" 200 0 "-" "WordPress/6.8.1; https://client.socialdigiinnovator.com"
4.227.36.76 - - [21/May/2025:22:24:52 -0400] "GET /?redirect_to=https%3A%2F%2Fclient.socialdigiinnovator.com%2Frobots.txt HTTP/1.1" 200 9193 "https://client.socialdigiinnovator.com/robots.txt" "Mozilla/5.0 AppleWebKit/537.36 (KHTML, like Gecko; compatible; GPTBot/1.2; +https://openai.com/gptbot)"
198.54.114.35 - - [21/May/2025:22:25:35 -0400] "POST /wp-cron.php?doing_wp_cron=1747880735.6820631027221679687500 HTTP/1.1" 200 0 "-" "WordPress/6.8.1; https://client.socialdigiinnovator.com"
4.227.36.76 - - [21/May/2025:22:24:48 -0400] "GET /robots.txt HTTP/1.1" 302 0 "-" "Mozilla/5.0 AppleWebKit/537.36 (KHTML, like Gecko; compatible; GPTBot/1.2; +https://openai.com/gptbot)"
20.171.207.151 - - [21/May/2025:22:25:35 -0400] "GET /-.php/ HTTP/1.1" 404 8476 "-" "Mozilla/5.0 AppleWebKit/537.36 (KHTML, like Gecko; compatible; GPTBot/1.2; +https://openai.com/gptbot)"
20.171.207.151 - - [21/May/2025:22:33:30 -0400] "GET /-.php/ HTTP/1.1" 404 8476 "-" "Mozilla/5.0 AppleWebKit/537.36 (KHTML, like Gecko; compatible; GPTBot/1.2; +https://openai.com/gptbot)"
198.54.114.35 - - [21/May/2025:22:33:38 -0400] "POST /wp-cron.php?doing_wp_cron=1747881218.2224099636077880859375 HTTP/1.1" 200 0 "-" "WordPress/6.8.1; https://client.socialdigiinnovator.com"
13.79.87.25 - - [21/May/2025:22:49:44 -0400] "GET /modules/mod_simplefileuploadv1.3/elements/filemanager.php HTTP/1.1" 404 8478 "-" "-"
198.54.114.35 - - [21/May/2025:22:49:43 -0400] "POST /wp-cron.php?doing_wp_cron=1747882183.2460029125213623046875 HTTP/1.1" 200 0 "-" "WordPress/6.8.1; https://client.socialdigiinnovator.com"
13.79.87.25 - - [21/May/2025:22:49:40 -0400] "GET /wp-content/plugins/hellopress/wp_filemanager.php HTTP/1.1" 404 8478 "-" "-"
198.54.114.35 - - [21/May/2025:23:45:20 -0400] "POST /wp-cron.php?doing_wp_cron=1747885520.4389779567718505859375 HTTP/1.1" 200 0 "-" "WordPress/6.8.1; https://client.socialdigiinnovator.com"
52.167.144.138 - - [21/May/2025:23:45:15 -0400] "GET /index.php/ccountervalueca63217132.htm HTTP/1.1" 301 0 "-" "Mozilla/5.0 AppleWebKit/537.36 (KHTML, like Gecko; compatible; bingbot/2.0; +http://www.bing.com/bingbot.htm) Chrome/116.0.1938.76 Safari/537.36"
198.54.114.35 - - [22/May/2025:00:00:56 -0400] "POST /wp-cron.php?doing_wp_cron=1747886456.5317010879516601562500 HTTP/1.1" 200 0 "-" "WordPress/6.8.1; https://client.socialdigiinnovator.com"
47.82.62.34 - - [22/May/2025:00:00:50 -0400] "GET / HTTP/1.1" 200 9194 "https://client.socialdigiinnovator.com/" "Mozilla/5.0 (Windows NT 10.0; Win64; x64) AppleWebKit/537.36 (KHTML, like Gecko) Chrome/114.0.0.0 Safari/537.36 Edg/114.0.1823.43"
165.227.86.198 - - [22/May/2025:00:59:18 -0400] "GET /wp-login.php HTTP/1.1" 302 0 "-" "Mozilla/5.0 (Windows NT 10.0; Win64; x64) AppleWebKit/537.36 (KHTML, like Gecko) Chrome/58.0.3029.110 Safari/537.36"
198.54.114.35 - - [22/May/2025:00:59:07 -0400] "POST /wp-cron.php?doing_wp_cron=1747889945.8776309490203857421875 HTTP/1.1" 200 0 "-" "WordPress/6.8.1; https://client.socialdigiinnovator.com"
165.227.86.198 - - [22/May/2025:00:59:25 -0400] "GET /404 HTTP/1.1" 404 8476 "-" "Mozilla/5.0 (Windows NT 10.0; Win64; x64) AppleWebKit/537.36 (KHTML, like Gecko) Chrome/58.0.3029.110 Safari/537.36"
198.54.114.35 - - [22/May/2025:00:23:21 -0400] "POST /wp-cron.php?doing_wp_cron=1747887798.1520481109619140625000 HTTP/1.1" 200 0 "-" "WordPress/6.8.1; https://client.socialdigiinnovator.com"
198.54.114.35 - - [22/May/2025:00:56:10 -0400] "POST /wp-cron.php?doing_wp_cron=1747889769.3895809650421142578125 HTTP/1.1" 200 0 "-" "WordPress/6.8.1; https://client.socialdigiinnovator.com"
165.227.86.198 - - [22/May/2025:00:56:17 -0400] "GET /This_Shit_is_Fake.php HTTP/1.1" 404 8476 "-" "Mozilla/5.0 (Windows NT 10.0; Win64; x64) AppleWebKit/537.36 (KHTML, like Gecko) Chrome/58.0.3029.110 Safari/537.36"
165.227.86.198 - - [22/May/2025:00:56:24 -0400] "GET /wp-content/plugins/classic-editor/wp-login.php HTTP/1.1" 302 0 "-" "Mozilla/5.0 (Windows NT 10.0; Win64; x64) AppleWebKit/537.36 (KHTML, like Gecko) Chrome/58.0.3029.110 Safari/537.36"
165.227.86.198 - - [22/May/2025:00:56:24 -0400] "GET /404 HTTP/1.1" 404 8478 "-" "Mozilla/5.0 (Windows NT 10.0; Win64; x64) AppleWebKit/537.36 (KHTML, like Gecko) Chrome/58.0.3029.110 Safari/537.36"
165.227.86.198 - - [22/May/2025:00:56:52 -0400] "GET /wp-content/classwithtostring.php HTTP/1.1" 404 8476 "-" "Mozilla/5.0 (Windows NT 10.0; Win64; x64) AppleWebKit/537.36 (KHTML, like Gecko) Chrome/58.0.3029.110 Safari/537.36"
198.54.114.35 - - [22/May/2025:00:57:22 -0400] "POST /wp-cron.php?doing_wp_cron=1747889840.8417038917541503906250 HTTP/1.1" 200 0 "-" "WordPress/6.8.1; https://client.socialdigiinnovator.com"
165.227.86.198 - - [22/May/2025:00:57:33 -0400] "GET /wp-admin/images/parx.php HTTP/1.1" 404 8476 "-" "Mozilla/5.0 (Windows NT 10.0; Win64; x64) AppleWebKit/537.36 (KHTML, like Gecko) Chrome/58.0.3029.110 Safari/537.36"
4.227.36.76 - - [22/May/2025:00:17:24 -0400] "GET /robots.txt HTTP/1.1" 302 0 "-" "Mozilla/5.0 AppleWebKit/537.36 (KHTML, like Gecko; compatible; GPTBot/1.2; +https://openai.com/gptbot)"
40.77.167.17 - - [22/May/2025:00:23:06 -0400] "GET /?4f49efhypersthenuriafe1020958_htm HTTP/1.1" 200 9210 "-" "Mozilla/5.0 AppleWebKit/537.36 (KHTML, like Gecko; compatible; bingbot/2.0; +http://www.bing.com/bingbot.htm) Chrome/116.0.1938.76 Safari/537.36"
165.227.86.198 - - [22/May/2025:00:55:28 -0400] "GET / HTTP/1.1" 200 9192 "-" "Mozilla/5.0 (Windows NT 10.0; Win64; x64) AppleWebKit/537.36 (KHTML, like Gecko) Chrome/58.0.3029.110 Safari/537.36"
165.227.86.198 - - [22/May/2025:00:56:28 -0400] "GET /images/wso.php HTTP/1.1" 404 8476 "-" "Mozilla/5.0 (Windows NT 10.0; Win64; x64) AppleWebKit/537.36 (KHTML, like Gecko) Chrome/58.0.3029.110 Safari/537.36"
165.227.86.198 - - [22/May/2025:00:56:32 -0400] "GET /wp-content/plugins/shell/noimg.php HTTP/1.1" 404 8476 "-" "Mozilla/5.0 (Windows NT 10.0; Win64; x64) AppleWebKit/537.36 (KHTML, like Gecko) Chrome/58.0.3029.110 Safari/537.36"
165.227.86.198 - - [22/May/2025:00:56:42 -0400] "GET /moon/function.php HTTP/1.1" 404 8476 "-" "Mozilla/5.0 (Windows NT 10.0; Win64; x64) AppleWebKit/537.36 (KHTML, like Gecko) Chrome/58.0.3029.110 Safari/537.36"
165.227.86.198 - - [22/May/2025:00:57:00 -0400] "GET /wp-content/wso.php HTTP/1.1" 404 8476 "-" "Mozilla/5.0 (Windows NT 10.0; Win64; x64) AppleWebKit/537.36 (KHTML, like Gecko) Chrome/58.0.3029.110 Safari/537.36"
165.227.86.198 - - [22/May/2025:00:57:07 -0400] "GET /wp-includes/images/autoload_classmap.php HTTP/1.1" 404 8476 "-" "Mozilla/5.0 (Windows NT 10.0; Win64; x64) AppleWebKit/537.36 (KHTML, like Gecko) Chrome/58.0.3029.110 Safari/537.36"
165.227.86.198 - - [22/May/2025:00:58:06 -0400] "GET /makeasmtp.php HTTP/1.1" 404 8476 "-" "Mozilla/5.0 (Windows NT 10.0; Win64; x64) AppleWebKit/537.36 (KHTML, like Gecko) Chrome/58.0.3029.110 Safari/537.36"
165.227.86.198 - - [22/May/2025:00:58:36 -0400] "GET /.well-known/pki-validation/wp-login.php HTTP/1.1" 404 1251 "-" "Mozilla/5.0 (Windows NT 10.0; Win64; x64) AppleWebKit/537.36 (KHTML, like Gecko) Chrome/58.0.3029.110 Safari/537.36"
165.227.86.198 - - [22/May/2025:00:58:46 -0400] "GET /wp-content/dropdown.php HTTP/1.1" 404 8478 "-" "Mozilla/5.0 (Windows NT 10.0; Win64; x64) AppleWebKit/537.36 (KHTML, like Gecko) Chrome/58.0.3029.110 Safari/537.36"
165.227.86.198 - - [22/May/2025:01:00:52 -0400] "GET /wp-includes/wp-login.php HTTP/1.1" 403 1242 "-" "Mozilla/5.0 (Windows NT 10.0; Win64; x64) AppleWebKit/537.36 (KHTML, like Gecko) Chrome/58.0.3029.110 Safari/537.36"
165.227.86.198 - - [22/May/2025:01:01:16 -0400] "GET /wp-config-sample.php HTTP/1.1" 403 1242 "-" "Mozilla/5.0 (Windows NT 10.0; Win64; x64) AppleWebKit/537.36 (KHTML, like Gecko) Chrome/58.0.3029.110 Safari/537.36"
165.227.86.198 - - [22/May/2025:01:01:21 -0400] "GET /modules/mod_simplefileuploadv1.3/elements/filemanager.php HTTP/1.1" 404 8476 "-" "Mozilla/5.0 (Windows NT 10.0; Win64; x64) AppleWebKit/537.36 (KHTML, like Gecko) Chrome/58.0.3029.110 Safari/537.36"
165.227.86.198 - - [22/May/2025:01:01:38 -0400] "GET /wp-includes/style-engine/chosen.php HTTP/1.1" 404 8476 "-" "Mozilla/5.0 (Windows NT 10.0; Win64; x64) AppleWebKit/537.36 (KHTML, like Gecko) Chrome/58.0.3029.110 Safari/537.36"
165.227.86.198 - - [22/May/2025:01:01:41 -0400] "GET /wp-content/plugins/chosen.php HTTP/1.1" 404 8476 "-" "Mozilla/5.0 (Windows NT 10.0; Win64; x64) AppleWebKit/537.36 (KHTML, like Gecko) Chrome/58.0.3029.110 Safari/537.36"
165.227.86.198 - - [22/May/2025:01:01:46 -0400] "GET /wp-admin/css/wso.php HTTP/1.1" 404 8476 "-" "Mozilla/5.0 (Windows NT 10.0; Win64; x64) AppleWebKit/537.36 (KHTML, like Gecko) Chrome/58.0.3029.110 Safari/537.36"
165.227.86.198 - - [22/May/2025:01:01:54 -0400] "GET /wp-content/plugins/column/miin.php HTTP/1.1" 404 8476 "-" "Mozilla/5.0 (Windows NT 10.0; Win64; x64) AppleWebKit/537.36 (KHTML, like Gecko) Chrome/58.0.3029.110 Safari/537.36"
165.227.86.198 - - [22/May/2025:01:01:58 -0400] "GET /wp-includes/blocks/preformatted/index.php HTTP/1.1" 301 0 "-" "Mozilla/5.0 (Windows NT 10.0; Win64; x64) AppleWebKit/537.36 (KHTML, like Gecko) Chrome/58.0.3029.110 Safari/537.36"
165.227.86.198 - - [22/May/2025:01:02:01 -0400] "GET /wp-admin/repeater.php HTTP/1.1" 404 8476 "-" "Mozilla/5.0 (Windows NT 10.0; Win64; x64) AppleWebKit/537.36 (KHTML, like Gecko) Chrome/58.0.3029.110 Safari/537.36"
165.227.86.198 - - [22/May/2025:01:02:07 -0400] "GET /.well-known/class.api.php HTTP/1.1" 404 8476 "-" "Mozilla/5.0 (Windows NT 10.0; Win64; x64) AppleWebKit/537.36 (KHTML, like Gecko) Chrome/58.0.3029.110 Safari/537.36"
165.227.86.198 - - [22/May/2025:01:02:11 -0400] "GET /wp-admin/maint/index.php HTTP/1.1" 301 0 "-" "Mozilla/5.0 (Windows NT 10.0; Win64; x64) AppleWebKit/537.36 (KHTML, like Gecko) Chrome/58.0.3029.110 Safari/537.36"
165.227.86.198 - - [22/May/2025:01:02:14 -0400] "GET /chosen.php HTTP/1.1" 404 8476 "-" "Mozilla/5.0 (Windows NT 10.0; Win64; x64) AppleWebKit/537.36 (KHTML, like Gecko) Chrome/58.0.3029.110 Safari/537.36"
165.227.86.198 - - [22/May/2025:01:02:24 -0400] "GET /wp-content/plugins/fix/css.php HTTP/1.1" 404 8478 "-" "Mozilla/5.0 (Windows NT 10.0; Win64; x64) AppleWebKit/537.36 (KHTML, like Gecko) Chrome/58.0.3029.110 Safari/537.36"
165.227.86.198 - - [22/May/2025:01:02:31 -0400] "GET /wp-login.php?redirect_to=https://client.socialdigiinnovator.com/wp-admin/about.php&reauth=1 HTTP/1.1" 302 0 "-" "Mozilla/5.0 (Windows NT 10.0; Win64; x64) AppleWebKit/537.36 (KHTML, like Gecko) Chrome/58.0.3029.110 Safari/537.36"
165.227.86.198 - - [22/May/2025:01:02:31 -0400] "GET /404 HTTP/1.1" 404 8476 "-" "Mozilla/5.0 (Windows NT 10.0; Win64; x64) AppleWebKit/537.36 (KHTML, like Gecko) Chrome/58.0.3029.110 Safari/537.36"
198.54.114.35 - - [22/May/2025:01:02:34 -0400] "POST /wp-cron.php?doing_wp_cron=1747890154.5233430862426757812500 HTTP/1.1" 200 0 "-" "WordPress/6.8.1; https://client.socialdigiinnovator.com"
165.227.86.198 - - [22/May/2025:01:02:37 -0400] "GET /wp-includes/IXR/bak.php HTTP/1.1" 404 8476 "-" "Mozilla/5.0 (Windows NT 10.0; Win64; x64) AppleWebKit/537.36 (KHTML, like Gecko) Chrome/58.0.3029.110 Safari/537.36"
165.227.86.198 - - [22/May/2025:01:02:57 -0400] "GET /wp-includes/widgets/parx.php HTTP/1.1" 404 8478 "-" "Mozilla/5.0 (Windows NT 10.0; Win64; x64) AppleWebKit/537.36 (KHTML, like Gecko) Chrome/58.0.3029.110 Safari/537.36"
165.227.86.198 - - [22/May/2025:01:03:07 -0400] "GET /wp-includes/images/smilies/index.php HTTP/1.1" 301 0 "-" "Mozilla/5.0 (Windows NT 10.0; Win64; x64) AppleWebKit/537.36 (KHTML, like Gecko) Chrome/58.0.3029.110 Safari/537.36"
165.227.86.198 - - [22/May/2025:01:03:10 -0400] "GET /wp-admin/includes/class.api.php HTTP/1.1" 403 1242 "-" "Mozilla/5.0 (Windows NT 10.0; Win64; x64) AppleWebKit/537.36 (KHTML, like Gecko) Chrome/58.0.3029.110 Safari/537.36"
165.227.86.198 - - [22/May/2025:01:03:20 -0400] "GET /atomlib.php HTTP/1.1" 404 8476 "-" "Mozilla/5.0 (Windows NT 10.0; Win64; x64) AppleWebKit/537.36 (KHTML, like Gecko) Chrome/58.0.3029.110 Safari/537.36"
165.227.86.198 - - [22/May/2025:01:03:26 -0400] "GET /adminfuns.php7 HTTP/1.1" 404 8476 "-" "Mozilla/5.0 (Windows NT 10.0; Win64; x64) AppleWebKit/537.36 (KHTML, like Gecko) Chrome/58.0.3029.110 Safari/537.36"
165.227.86.198 - - [22/May/2025:01:03:31 -0400] "GET /wp-includes/js/index.php HTTP/1.1" 301 0 "-" "Mozilla/5.0 (Windows NT 10.0; Win64; x64) AppleWebKit/537.36 (KHTML, like Gecko) Chrome/58.0.3029.110 Safari/537.36"
198.54.114.35 - - [22/May/2025:01:03:36 -0400] "POST /wp-cron.php?doing_wp_cron=1747890215.7874898910522460937500 HTTP/1.1" 200 0 "-" "WordPress/6.8.1; https://client.socialdigiinnovator.com"
165.227.86.198 - - [22/May/2025:01:03:47 -0400] "GET /wp-includes/Text/wp-login.php HTTP/1.1" 302 0 "-" "Mozilla/5.0 (Windows NT 10.0; Win64; x64) AppleWebKit/537.36 (KHTML, like Gecko) Chrome/58.0.3029.110 Safari/537.36"
165.227.86.198 - - [22/May/2025:01:03:47 -0400] "GET /404 HTTP/1.1" 404 8476 "-" "Mozilla/5.0 (Windows NT 10.0; Win64; x64) AppleWebKit/537.36 (KHTML, like Gecko) Chrome/58.0.3029.110 Safari/537.36"
165.227.86.198 - - [22/May/2025:01:03:56 -0400] "GET /wp-includes/js/thickbox/thickbox.php HTTP/1.1" 404 8478 "-" "Mozilla/5.0 (Windows NT 10.0; Win64; x64) AppleWebKit/537.36 (KHTML, like Gecko) Chrome/58.0.3029.110 Safari/537.36"
165.227.86.198 - - [22/May/2025:01:03:59 -0400] "GET /.well-known/acme-challenge/bless.php HTTP/1.1" 404 8478 "-" "Mozilla/5.0 (Windows NT 10.0; Win64; x64) AppleWebKit/537.36 (KHTML, like Gecko) Chrome/58.0.3029.110 Safari/537.36"
165.227.86.198 - - [22/May/2025:01:04:12 -0400] "GET /wp-api/function.php HTTP/1.1" 404 8476 "-" "Mozilla/5.0 (Windows NT 10.0; Win64; x64) AppleWebKit/537.36 (KHTML, like Gecko) Chrome/58.0.3029.110 Safari/537.36"
165.227.86.198 - - [22/May/2025:01:04:18 -0400] "GET /cgi-bin/index.php HTTP/1.1" 404 1251 "-" "Mozilla/5.0 (Windows NT 10.0; Win64; x64) AppleWebKit/537.36 (KHTML, like Gecko) Chrome/58.0.3029.110 Safari/537.36"
165.227.86.198 - - [22/May/2025:01:04:22 -0400] "GET /wp-includes/IXR/bless.php HTTP/1.1" 404 8476 "-" "Mozilla/5.0 (Windows NT 10.0; Win64; x64) AppleWebKit/537.36 (KHTML, like Gecko) Chrome/58.0.3029.110 Safari/537.36"
165.227.86.198 - - [22/May/2025:01:04:26 -0400] "GET /wp-content/plugins/clara/clara.php HTTP/1.1" 404 8476 "-" "Mozilla/5.0 (Windows NT 10.0; Win64; x64) AppleWebKit/537.36 (KHTML, like Gecko) Chrome/58.0.3029.110 Safari/537.36"
198.54.114.35 - - [22/May/2025:01:04:35 -0400] "POST /wp-cron.php?doing_wp_cron=1747890275.4310820102691650390625 HTTP/1.1" 200 0 "-" "WordPress/6.8.1; https://client.socialdigiinnovator.com"
165.227.86.198 - - [22/May/2025:01:04:44 -0400] "GET /wp-includes/sodium_compat/plugins.php HTTP/1.1" 404 8476 "-" "Mozilla/5.0 (Windows NT 10.0; Win64; x64) AppleWebKit/537.36 (KHTML, like Gecko) Chrome/58.0.3029.110 Safari/537.36"
165.227.86.198 - - [22/May/2025:01:04:50 -0400] "GET /wp-content/plugins/elementor/assets/lib/swiper/index.php HTTP/1.1" 301 0 "-" "Mozilla/5.0 (Windows NT 10.0; Win64; x64) AppleWebKit/537.36 (KHTML, like Gecko) Chrome/58.0.3029.110 Safari/537.36"
165.227.86.198 - - [22/May/2025:01:04:51 -0400] "GET /wp-content/plugins/elementor/assets/lib/swiper/ HTTP/1.1" 403 1242 "-" "Mozilla/5.0 (Windows NT 10.0; Win64; x64) AppleWebKit/537.36 (KHTML, like Gecko) Chrome/58.0.3029.110 Safari/537.36"
165.227.86.198 - - [22/May/2025:01:04:57 -0400] "GET /wp-admin/js/about.php HTTP/1.1" 404 8476 "-" "Mozilla/5.0 (Windows NT 10.0; Win64; x64) AppleWebKit/537.36 (KHTML, like Gecko) Chrome/58.0.3029.110 Safari/537.36"
198.54.114.35 - - [22/May/2025:01:01:09 -0400] "POST /wp-cron.php?doing_wp_cron=1747890068.9947979450225830078125 HTTP/1.1" 200 0 "-" "WordPress/6.8.1; https://client.socialdigiinnovator.com"
165.227.86.198 - - [22/May/2025:01:01:00 -0400] "GET /alfa-rex.php HTTP/1.1" 404 8476 "-" "Mozilla/5.0 (Windows NT 10.0; Win64; x64) AppleWebKit/537.36 (KHTML, like Gecko) Chrome/58.0.3029.110 Safari/537.36"
165.227.86.198 - - [22/May/2025:01:01:30 -0400] "GET /wp-content/plugins/revslider/includes/external/page/index.php HTTP/1.1" 301 0 "-" "Mozilla/5.0 (Windows NT 10.0; Win64; x64) AppleWebKit/537.36 (KHTML, like Gecko) Chrome/58.0.3029.110 Safari/537.36"
198.54.114.35 - - [22/May/2025:01:01:33 -0400] "POST /wp-cron.php?doing_wp_cron=1747890093.5679459571838378906250 HTTP/1.1" 200 0 "-" "WordPress/6.8.1; https://client.socialdigiinnovator.com"
165.227.86.198 - - [22/May/2025:01:01:32 -0400] "GET /wp-content/plugins/revslider/includes/external/page/ HTTP/1.1" 404 8476 "-" "Mozilla/5.0 (Windows NT 10.0; Win64; x64) AppleWebKit/537.36 (KHTML, like Gecko) Chrome/58.0.3029.110 Safari/537.36"
198.54.114.35 - - [22/May/2025:01:01:50 -0400] "POST /wp-cron.php?doing_wp_cron=1747890110.5552339553833007812500 HTTP/1.1" 200 0 "-" "WordPress/6.8.1; https://client.socialdigiinnovator.com"
165.227.86.198 - - [22/May/2025:01:01:50 -0400] "GET /wp-content/mu-plugins/wp-conflg.php HTTP/1.1" 404 8476 "-" "Mozilla/5.0 (Windows NT 10.0; Win64; x64) AppleWebKit/537.36 (KHTML, like Gecko) Chrome/58.0.3029.110 Safari/537.36"
165.227.86.198 - - [22/May/2025:01:01:59 -0400] "GET /wp-includes/blocks/preformatted/ HTTP/1.1" 403 1242 "-" "Mozilla/5.0 (Windows NT 10.0; Win64; x64) AppleWebKit/537.36 (KHTML, like Gecko) Chrome/58.0.3029.110 Safari/537.36"
165.227.86.198 - - [22/May/2025:01:02:09 -0400] "GET /wp-includes/blocks/index.php HTTP/1.1" 403 1242 "-" "Mozilla/5.0 (Windows NT 10.0; Win64; x64) AppleWebKit/537.36 (KHTML, like Gecko) Chrome/58.0.3029.110 Safari/537.36"
165.227.86.198 - - [22/May/2025:01:02:12 -0400] "GET /wp-admin/maint/ HTTP/1.1" 403 1242 "-" "Mozilla/5.0 (Windows NT 10.0; Win64; x64) AppleWebKit/537.36 (KHTML, like Gecko) Chrome/58.0.3029.110 Safari/537.36"
165.227.86.198 - - [22/May/2025:01:02:19 -0400] "GET /wp-content/plugins/shell20211028.php HTTP/1.1" 404 8476 "-" "Mozilla/5.0 (Windows NT 10.0; Win64; x64) AppleWebKit/537.36 (KHTML, like Gecko) Chrome/58.0.3029.110 Safari/537.36"
165.227.86.198 - - [22/May/2025:01:02:29 -0400] "GET /wp-admin/about.php HTTP/1.1" 302 0 "-" "Mozilla/5.0 (Windows NT 10.0; Win64; x64) AppleWebKit/537.36 (KHTML, like Gecko) Chrome/58.0.3029.110 Safari/537.36"
165.227.86.198 - - [22/May/2025:01:02:34 -0400] "GET /.well-known/acme-challenge/zmFM.php HTTP/1.1" 404 8476 "-" "Mozilla/5.0 (Windows NT 10.0; Win64; x64) AppleWebKit/537.36 (KHTML, like Gecko) Chrome/58.0.3029.110 Safari/537.36"
165.227.86.198 - - [22/May/2025:01:02:42 -0400] "GET /wp-admin/css/autoload_classmap.php HTTP/1.1" 404 8478 "-" "Mozilla/5.0 (Windows NT 10.0; Win64; x64) AppleWebKit/537.36 (KHTML, like Gecko) Chrome/58.0.3029.110 Safari/537.36"
165.227.86.198 - - [22/May/2025:01:02:52 -0400] "GET /wp-includes/sitemaps/wp-conflg.php HTTP/1.1" 404 8476 "-" "Mozilla/5.0 (Windows NT 10.0; Win64; x64) AppleWebKit/537.36 (KHTML, like Gecko) Chrome/58.0.3029.110 Safari/537.36"
165.227.86.198 - - [22/May/2025:01:03:00 -0400] "GET /wp-content/plugins/TOPXOH/wDR.php HTTP/1.1" 404 8478 "-" "Mozilla/5.0 (Windows NT 10.0; Win64; x64) AppleWebKit/537.36 (KHTML, like Gecko) Chrome/58.0.3029.110 Safari/537.36"
165.227.86.198 - - [22/May/2025:01:03:04 -0400] "GET /wp-includes/certificates/zmFM.php HTTP/1.1" 404 8478 "-" "Mozilla/5.0 (Windows NT 10.0; Win64; x64) AppleWebKit/537.36 (KHTML, like Gecko) Chrome/58.0.3029.110 Safari/537.36"
165.227.86.198 - - [22/May/2025:01:03:08 -0400] "GET /wp-includes/images/smilies/ HTTP/1.1" 403 1242 "-" "Mozilla/5.0 (Windows NT 10.0; Win64; x64) AppleWebKit/537.36 (KHTML, like Gecko) Chrome/58.0.3029.110 Safari/537.36"
165.227.86.198 - - [22/May/2025:01:03:14 -0400] "GET /edit-form.php HTTP/1.1" 404 8476 "-" "Mozilla/5.0 (Windows NT 10.0; Win64; x64) AppleWebKit/537.36 (KHTML, like Gecko) Chrome/58.0.3029.110 Safari/537.36"
165.227.86.198 - - [22/May/2025:01:03:23 -0400] "GET /wp-admin/network/parx.php HTTP/1.1" 404 8476 "-" "Mozilla/5.0 (Windows NT 10.0; Win64; x64) AppleWebKit/537.36 (KHTML, like Gecko) Chrome/58.0.3029.110 Safari/537.36"
165.227.86.198 - - [22/May/2025:01:03:32 -0400] "GET /wp-includes/js/ HTTP/1.1" 403 1242 "-" "Mozilla/5.0 (Windows NT 10.0; Win64; x64) AppleWebKit/537.36 (KHTML, like Gecko) Chrome/58.0.3029.110 Safari/537.36"
165.227.86.198 - - [22/May/2025:01:03:35 -0400] "GET /wp-admin/css/colors/blue/wp-crons.php HTTP/1.1" 404 8476 "-" "Mozilla/5.0 (Windows NT 10.0; Win64; x64) AppleWebKit/537.36 (KHTML, like Gecko) Chrome/58.0.3029.110 Safari/537.36"
165.227.86.198 - - [22/May/2025:01:03:41 -0400] "GET /autoload_classmap.php HTTP/1.1" 404 8478 "-" "Mozilla/5.0 (Windows NT 10.0; Win64; x64) AppleWebKit/537.36 (KHTML, like Gecko) Chrome/58.0.3029.110 Safari/537.36"
165.227.86.198 - - [22/May/2025:01:03:50 -0400] "GET /.well-knownold/bala.php HTTP/1.1" 404 8476 "-" "Mozilla/5.0 (Windows NT 10.0; Win64; x64) AppleWebKit/537.36 (KHTML, like Gecko) Chrome/58.0.3029.110 Safari/537.36"
165.227.86.198 - - [22/May/2025:01:04:04 -0400] "GET /.well-known/acme-challenge/wso112233.php HTTP/1.1" 404 8476 "-" "Mozilla/5.0 (Windows NT 10.0; Win64; x64) AppleWebKit/537.36 (KHTML, like Gecko) Chrome/58.0.3029.110 Safari/537.36"
165.227.86.198 - - [22/May/2025:01:04:10 -0400] "GET /.well-known/acme-challenge/license.php HTTP/1.1" 404 8476 "-" "Mozilla/5.0 (Windows NT 10.0; Win64; x64) AppleWebKit/537.36 (KHTML, like Gecko) Chrome/58.0.3029.110 Safari/537.36"
165.227.86.198 - - [22/May/2025:01:04:30 -0400] "GET /wp-includes/css/autoload_classmap.php HTTP/1.1" 404 8478 "-" "Mozilla/5.0 (Windows NT 10.0; Win64; x64) AppleWebKit/537.36 (KHTML, like Gecko) Chrome/58.0.3029.110 Safari/537.36"
165.227.86.198 - - [22/May/2025:01:04:35 -0400] "GET /images/leafmailer.php HTTP/1.1" 404 8478 "-" "Mozilla/5.0 (Windows NT 10.0; Win64; x64) AppleWebKit/537.36 (KHTML, like Gecko) Chrome/58.0.3029.110 Safari/537.36"
165.227.86.198 - - [22/May/2025:01:04:40 -0400] "GET /.well-known/leafmailer.php HTTP/1.1" 404 8476 "-" "Mozilla/5.0 (Windows NT 10.0; Win64; x64) AppleWebKit/537.36 (KHTML, like Gecko) Chrome/58.0.3029.110 Safari/537.36"
165.227.86.198 - - [22/May/2025:01:05:08 -0400] "GET /wp-includes/images/wpconfig_bak.php HTTP/1.1" 404 8476 "-" "Mozilla/5.0 (Windows NT 10.0; Win64; x64) AppleWebKit/537.36 (KHTML, like Gecko) Chrome/58.0.3029.110 Safari/537.36"
165.227.86.198 - - [22/May/2025:01:05:14 -0400] "GET /wp-login.php?redirect_to=https://client.socialdigiinnovator.com/wp-admin/index.php&reauth=1 HTTP/1.1" 302 0 "-" "Mozilla/5.0 (Windows NT 10.0; Win64; x64) AppleWebKit/537.36 (KHTML, like Gecko) Chrome/58.0.3029.110 Safari/537.36"
165.227.86.198 - - [22/May/2025:01:05:14 -0400] "GET /404 HTTP/1.1" 404 8476 "-" "Mozilla/5.0 (Windows NT 10.0; Win64; x64) AppleWebKit/537.36 (KHTML, like Gecko) Chrome/58.0.3029.110 Safari/537.36"
165.227.86.198 - - [22/May/2025:01:05:26 -0400] "GET /wp-admin/includes/index.php HTTP/1.1" 403 1242 "-" "Mozilla/5.0 (Windows NT 10.0; Win64; x64) AppleWebKit/537.36 (KHTML, like Gecko) Chrome/58.0.3029.110 Safari/537.36"
165.227.86.198 - - [22/May/2025:01:05:28 -0400] "GET /wp-content/themes/wso112233.php HTTP/1.1" 404 8476 "-" "Mozilla/5.0 (Windows NT 10.0; Win64; x64) AppleWebKit/537.36 (KHTML, like Gecko) Chrome/58.0.3029.110 Safari/537.36"
198.54.114.35 - - [22/May/2025:01:05:33 -0400] "POST /wp-cron.php?doing_wp_cron=1747890333.1404340267181396484375 HTTP/1.1" 200 0 "-" "WordPress/6.8.1; https://client.socialdigiinnovator.com"
165.227.86.198 - - [22/May/2025:01:05:52 -0400] "GET /cgi-bin/autoload_classmap.php HTTP/1.1" 404 8478 "-" "Mozilla/5.0 (Windows NT 10.0; Win64; x64) AppleWebKit/537.36 (KHTML, like Gecko) Chrome/58.0.3029.110 Safari/537.36"
165.227.86.198 - - [22/May/2025:01:05:00 -0400] "GET /cgi-bin/links.php HTTP/1.1" 404 8476 "-" "Mozilla/5.0 (Windows NT 10.0; Win64; x64) AppleWebKit/537.36 (KHTML, like Gecko) Chrome/58.0.3029.110 Safari/537.36"
165.227.86.198 - - [22/May/2025:01:05:02 -0400] "GET /wp-includes/style-engine/plugins.php HTTP/1.1" 404 8476 "-" "Mozilla/5.0 (Windows NT 10.0; Win64; x64) AppleWebKit/537.36 (KHTML, like Gecko) Chrome/58.0.3029.110 Safari/537.36"
165.227.86.198 - - [22/May/2025:01:05:11 -0400] "GET /.well-known/pki-validation/css.php HTTP/1.1" 404 1251 "-" "Mozilla/5.0 (Windows NT 10.0; Win64; x64) AppleWebKit/537.36 (KHTML, like Gecko) Chrome/58.0.3029.110 Safari/537.36"
165.227.86.198 - - [22/May/2025:01:05:13 -0400] "GET /wp-admin/index.php HTTP/1.1" 302 0 "-" "Mozilla/5.0 (Windows NT 10.0; Win64; x64) AppleWebKit/537.36 (KHTML, like Gecko) Chrome/58.0.3029.110 Safari/537.36"
165.227.86.198 - - [22/May/2025:01:05:20 -0400] "GET /wp-admin/x.php?action=768776e296b6f286f26796e2a72607e2972647 HTTP/1.1" 404 8476 "-" "Mozilla/5.0 (Windows NT 10.0; Win64; x64) AppleWebKit/537.36 (KHTML, like Gecko) Chrome/58.0.3029.110 Safari/537.36"
165.227.86.198 - - [22/May/2025:01:05:32 -0400] "GET /wp-admin/css/colors/sunrise/admin.php HTTP/1.1" 404 8478 "-" "Mozilla/5.0 (Windows NT 10.0; Win64; x64) AppleWebKit/537.36 (KHTML, like Gecko) Chrome/58.0.3029.110 Safari/537.36"
165.227.86.198 - - [22/May/2025:01:05:36 -0400] "GET /wp-content/plugins/project/css.php HTTP/1.1" 404 8478 "-" "Mozilla/5.0 (Windows NT 10.0; Win64; x64) AppleWebKit/537.36 (KHTML, like Gecko) Chrome/58.0.3029.110 Safari/537.36"
165.227.86.198 - - [22/May/2025:01:05:41 -0400] "GET /wp-content/radio.php HTTP/1.1" 404 8476 "-" "Mozilla/5.0 (Windows NT 10.0; Win64; x64) AppleWebKit/537.36 (KHTML, like Gecko) Chrome/58.0.3029.110 Safari/537.36"
165.227.86.198 - - [22/May/2025:01:05:46 -0400] "GET /cache-compat.php HTTP/1.1" 404 8476 "-" "Mozilla/5.0 (Windows NT 10.0; Win64; x64) AppleWebKit/537.36 (KHTML, like Gecko) Chrome/58.0.3029.110 Safari/537.36"
165.227.86.198 - - [22/May/2025:01:06:03 -0400] "GET /modules/mod_simplefileuploadv1.3/elements/wcg9LbOHD14.php?action=768776e296b6f286f2a72607e276b62666c6d286 HTTP/1.1" 404 8476 "-" "Mozilla/5.0 (Windows NT 10.0; Win64; x64) AppleWebKit/537.36 (KHTML, like Gecko) Chrome/58.0.3029.110 Safari/537.36"
165.227.86.198 - - [22/May/2025:01:06:06 -0400] "GET /wp-content/plugins/better-search-replace/languages/index.php HTTP/1.1" 301 0 "-" "Mozilla/5.0 (Windows NT 10.0; Win64; x64) AppleWebKit/537.36 (KHTML, like Gecko) Chrome/58.0.3029.110 Safari/537.36"
165.227.86.198 - - [22/May/2025:01:06:13 -0400] "GET /wp-includes/pomo/newup.php HTTP/1.1" 404 8476 "-" "Mozilla/5.0 (Windows NT 10.0; Win64; x64) AppleWebKit/537.36 (KHTML, like Gecko) Chrome/58.0.3029.110 Safari/537.36"
165.227.86.198 - - [22/May/2025:01:06:22 -0400] "GET /wp-includes/fonts/autoload_classmap.php HTTP/1.1" 404 8476 "-" "Mozilla/5.0 (Windows NT 10.0; Win64; x64) AppleWebKit/537.36 (KHTML, like Gecko) Chrome/58.0.3029.110 Safari/537.36"
198.54.114.35 - - [22/May/2025:01:06:36 -0400] "POST /wp-cron.php?doing_wp_cron=1747890396.5937139987945556640625 HTTP/1.1" 200 0 "-" "WordPress/6.8.1; https://client.socialdigiinnovator.com"
165.227.86.198 - - [22/May/2025:01:06:40 -0400] "GET /404 HTTP/1.1" 404 8478 "-" "Mozilla/5.0 (Windows NT 10.0; Win64; x64) AppleWebKit/537.36 (KHTML, like Gecko) Chrome/58.0.3029.110 Safari/537.36"
165.227.86.198 - - [22/May/2025:01:06:44 -0400] "GET /wp-admin/maint/wso.php HTTP/1.1" 404 8476 "-" "Mozilla/5.0 (Windows NT 10.0; Win64; x64) AppleWebKit/537.36 (KHTML, like Gecko) Chrome/58.0.3029.110 Safari/537.36"
