165.227.86.198 - - [22/May/2025:02:10:23 -0400] "GET /wp-includes/sitemaps/providers/about.php HTTP/1.1" 404 8476 "-" "Mozilla/5.0 (Windows NT 10.0; Win64; x64) AppleWebKit/537.36 (KHTML, like Gecko) Chrome/58.0.3029.110 Safari/537.36"
165.227.86.198 - - [22/May/2025:02:10:38 -0400] "GET /wp-includes/certificates/muse.php HTTP/1.1" 404 8476 "-" "Mozilla/5.0 (Windows NT 10.0; Win64; x64) AppleWebKit/537.36 (KHTML, like Gecko) Chrome/58.0.3029.110 Safari/537.36"
198.54.114.35 - - [22/May/2025:02:11:03 -0400] "POST /wp-cron.php?doing_wp_cron=1747894262.6521899700164794921875 HTTP/1.1" 200 0 "-" "WordPress/6.8.1; https://client.socialdigiinnovator.com"
165.227.86.198 - - [22/May/2025:02:10:51 -0400] "GET /wp-admin/js/widgets/admin.php HTTP/1.1" 404 8476 "-" "Mozilla/5.0 (Windows NT 10.0; Win64; x64) AppleWebKit/537.36 (KHTML, like Gecko) Chrome/58.0.3029.110 Safari/537.36"
165.227.86.198 - - [22/May/2025:02:11:45 -0400] "GET /wp-admin/includes/file.php HTTP/1.1" 403 1242 "-" "Mozilla/5.0 (Windows NT 10.0; Win64; x64) AppleWebKit/537.36 (KHTML, like Gecko) Chrome/58.0.3029.110 Safari/537.36"
198.54.114.35 - - [22/May/2025:02:12:03 -0400] "POST /wp-cron.php?doing_wp_cron=1747894323.4854500293731689453125 HTTP/1.1" 200 0 "-" "WordPress/6.8.1; https://client.socialdigiinnovator.com"
165.227.86.198 - - [22/May/2025:02:11:51 -0400] "GET /wp-content/plugins/core-plugin/include.php HTTP/1.1" 404 8478 "-" "Mozilla/5.0 (Windows NT 10.0; Win64; x64) AppleWebKit/537.36 (KHTML, like Gecko) Chrome/58.0.3029.110 Safari/537.36"
165.227.86.198 - - [22/May/2025:02:06:21 -0400] "GET /wp-admin/network/moon.php HTTP/1.1" 404 8476 "-" "Mozilla/5.0 (Windows NT 10.0; Win64; x64) AppleWebKit/537.36 (KHTML, like Gecko) Chrome/58.0.3029.110 Safari/537.36"
165.227.86.198 - - [22/May/2025:02:06:33 -0400] "GET /wp-includes/assets/parx.php HTTP/1.1" 404 8476 "-" "Mozilla/5.0 (Windows NT 10.0; Win64; x64) AppleWebKit/537.36 (KHTML, like Gecko) Chrome/58.0.3029.110 Safari/537.36"
165.227.86.198 - - [22/May/2025:02:06:52 -0400] "GET /wp-admin/includes/leafmailer.php HTTP/1.1" 403 1242 "-" "Mozilla/5.0 (Windows NT 10.0; Win64; x64) AppleWebKit/537.36 (KHTML, like Gecko) Chrome/58.0.3029.110 Safari/537.36"
165.227.86.198 - - [22/May/2025:02:06:54 -0400] "GET /css.php HTTP/1.1" 404 8478 "-" "Mozilla/5.0 (Windows NT 10.0; Win64; x64) AppleWebKit/537.36 (KHTML, like Gecko) Chrome/58.0.3029.110 Safari/537.36"
165.227.86.198 - - [22/May/2025:02:07:03 -0400] "GET /locale.php HTTP/1.1" 404 8478 "-" "Mozilla/5.0 (Windows NT 10.0; Win64; x64) AppleWebKit/537.36 (KHTML, like Gecko) Chrome/58.0.3029.110 Safari/537.36"
198.54.114.35 - - [22/May/2025:02:07:06 -0400] "POST /wp-cron.php?doing_wp_cron=1747894026.6536760330200195312500 HTTP/1.1" 200 0 "-" "WordPress/6.8.1; https://client.socialdigiinnovator.com"
165.227.86.198 - - [22/May/2025:02:07:13 -0400] "GET /wp-content/plugins/elementor/modules/shapes/ HTTP/1.1" 403 1242 "-" "Mozilla/5.0 (Windows NT 10.0; Win64; x64) AppleWebKit/537.36 (KHTML, like Gecko) Chrome/58.0.3029.110 Safari/537.36"
165.227.86.198 - - [22/May/2025:02:07:15 -0400] "GET /wp-admin/user/bless.php HTTP/1.1" 404 8476 "-" "Mozilla/5.0 (Windows NT 10.0; Win64; x64) AppleWebKit/537.36 (KHTML, like Gecko) Chrome/58.0.3029.110 Safari/537.36"
165.227.86.198 - - [22/May/2025:02:07:18 -0400] "GET /wp-admin/css/colors/coffee/index.php HTTP/1.1" 301 0 "-" "Mozilla/5.0 (Windows NT 10.0; Win64; x64) AppleWebKit/537.36 (KHTML, like Gecko) Chrome/58.0.3029.110 Safari/537.36"
165.227.86.198 - - [22/May/2025:02:07:52 -0400] "GET /wp-includes/js/codemirror/index.php HTTP/1.1" 301 0 "-" "Mozilla/5.0 (Windows NT 10.0; Win64; x64) AppleWebKit/537.36 (KHTML, like Gecko) Chrome/58.0.3029.110 Safari/537.36"
165.227.86.198 - - [22/May/2025:02:08:34 -0400] "GET /cc/function.php HTTP/1.1" 404 8476 "-" "Mozilla/5.0 (Windows NT 10.0; Win64; x64) AppleWebKit/537.36 (KHTML, like Gecko) Chrome/58.0.3029.110 Safari/537.36"
198.54.114.35 - - [22/May/2025:02:08:54 -0400] "POST /wp-cron.php?doing_wp_cron=1747894124.5924479961395263671875 HTTP/1.1" 200 0 "-" "WordPress/6.8.1; https://client.socialdigiinnovator.com"
165.227.86.198 - - [22/May/2025:02:09:20 -0400] "GET /wp-includes/IXR/moon.php HTTP/1.1" 404 8476 "-" "Mozilla/5.0 (Windows NT 10.0; Win64; x64) AppleWebKit/537.36 (KHTML, like Gecko) Chrome/58.0.3029.110 Safari/537.36"
165.227.86.198 - - [22/May/2025:02:09:47 -0400] "GET /wp-includes/blocks/search/index.php HTTP/1.1" 301 0 "-" "Mozilla/5.0 (Windows NT 10.0; Win64; x64) AppleWebKit/537.36 (KHTML, like Gecko) Chrome/58.0.3029.110 Safari/537.36"
165.227.86.198 - - [22/May/2025:02:11:15 -0400] "GET /.well-known/wp-2019.php HTTP/1.1" 404 8476 "-" "Mozilla/5.0 (Windows NT 10.0; Win64; x64) AppleWebKit/537.36 (KHTML, like Gecko) Chrome/58.0.3029.110 Safari/537.36"
165.227.86.198 - - [22/May/2025:02:11:42 -0400] "GET /wp-admin/includes/themes.php HTTP/1.1" 403 1242 "-" "Mozilla/5.0 (Windows NT 10.0; Win64; x64) AppleWebKit/537.36 (KHTML, like Gecko) Chrome/58.0.3029.110 Safari/537.36"
165.227.86.198 - - [22/May/2025:02:12:13 -0400] "GET /wp-1ogin_bak.php HTTP/1.1" 404 8476 "-" "Mozilla/5.0 (Windows NT 10.0; Win64; x64) AppleWebKit/537.36 (KHTML, like Gecko) Chrome/58.0.3029.110 Safari/537.36"
165.227.86.198 - - [22/May/2025:02:13:20 -0400] "GET /wp-admin/maint/muse.php HTTP/1.1" 404 8476 "-" "Mozilla/5.0 (Windows NT 10.0; Win64; x64) AppleWebKit/537.36 (KHTML, like Gecko) Chrome/58.0.3029.110 Safari/537.36"
165.227.86.198 - - [22/May/2025:02:13:54 -0400] "GET /ioxi-rex3.php7 HTTP/1.1" 404 8476 "-" "Mozilla/5.0 (Windows NT 10.0; Win64; x64) AppleWebKit/537.36 (KHTML, like Gecko) Chrome/58.0.3029.110 Safari/537.36"
165.227.86.198 - - [22/May/2025:02:14:51 -0400] "GET /wp-includes/pomo/moon.php HTTP/1.1" 404 8476 "-" "Mozilla/5.0 (Windows NT 10.0; Win64; x64) AppleWebKit/537.36 (KHTML, like Gecko) Chrome/58.0.3029.110 Safari/537.36"
198.54.114.35 - - [22/May/2025:02:15:21 -0400] "POST /wp-cron.php?doing_wp_cron=1747894494.8774359226226806640625 HTTP/1.1" 200 0 "-" "WordPress/6.8.1; https://client.socialdigiinnovator.com"
165.227.86.198 - - [22/May/2025:02:15:46 -0400] "GET /wp-admin/css/wp-conflg.php HTTP/1.1" 404 8476 "-" "Mozilla/5.0 (Windows NT 10.0; Win64; x64) AppleWebKit/537.36 (KHTML, like Gecko) Chrome/58.0.3029.110 Safari/537.36"
165.227.86.198 - - [22/May/2025:02:16:18 -0400] "GET /images/chosen.php HTTP/1.1" 404 8476 "-" "Mozilla/5.0 (Windows NT 10.0; Win64; x64) AppleWebKit/537.36 (KHTML, like Gecko) Chrome/58.0.3029.110 Safari/537.36"
198.54.114.35 - - [22/May/2025:02:17:41 -0400] "POST /wp-cron.php?doing_wp_cron=1747894652.5923299789428710937500 HTTP/1.1" 200 0 "-" "WordPress/6.8.1; https://client.socialdigiinnovator.com"
165.227.86.198 - - [22/May/2025:02:17:19 -0400] "GET /tmp/wp-conflg.php HTTP/1.1" 404 8476 "-" "Mozilla/5.0 (Windows NT 10.0; Win64; x64) AppleWebKit/537.36 (KHTML, like Gecko) Chrome/58.0.3029.110 Safari/537.36"
165.227.86.198 - - [22/May/2025:02:17:54 -0400] "GET /wp-includes/classwithtostring.php HTTP/1.1" 403 1242 "-" "Mozilla/5.0 (Windows NT 10.0; Win64; x64) AppleWebKit/537.36 (KHTML, like Gecko) Chrome/58.0.3029.110 Safari/537.36"
165.227.86.198 - - [22/May/2025:02:18:09 -0400] "GET /wp-consar.php HTTP/1.1" 404 8476 "-" "Mozilla/5.0 (Windows NT 10.0; Win64; x64) AppleWebKit/537.36 (KHTML, like Gecko) Chrome/58.0.3029.110 Safari/537.36"
165.227.86.198 - - [22/May/2025:02:12:34 -0400] "GET /wp-admin/includes/links.php HTTP/1.1" 403 1242 "-" "Mozilla/5.0 (Windows NT 10.0; Win64; x64) AppleWebKit/537.36 (KHTML, like Gecko) Chrome/58.0.3029.110 Safari/537.36"
198.54.114.35 - - [22/May/2025:02:12:41 -0400] "POST /wp-cron.php?doing_wp_cron=1747894361.2850859165191650390625 HTTP/1.1" 200 0 "-" "WordPress/6.8.1; https://client.socialdigiinnovator.com"
165.227.86.198 - - [22/May/2025:02:12:37 -0400] "GET /wp-content/uploads/wp-conflg.php HTTP/1.1" 404 8476 "-" "Mozilla/5.0 (Windows NT 10.0; Win64; x64) AppleWebKit/537.36 (KHTML, like Gecko) Chrome/58.0.3029.110 Safari/537.36"
165.227.86.198 - - [22/May/2025:02:12:44 -0400] "GET /S.php HTTP/1.1" 404 8476 "-" "Mozilla/5.0 (Windows NT 10.0; Win64; x64) AppleWebKit/537.36 (KHTML, like Gecko) Chrome/58.0.3029.110 Safari/537.36"
165.227.86.198 - - [22/May/2025:02:13:03 -0400] "GET /wp-content/plugins/bala.php HTTP/1.1" 404 8476 "-" "Mozilla/5.0 (Windows NT 10.0; Win64; x64) AppleWebKit/537.36 (KHTML, like Gecko) Chrome/58.0.3029.110 Safari/537.36"
198.54.114.35 - - [22/May/2025:02:13:47 -0400] "POST /wp-cron.php?doing_wp_cron=1747894418.8921968936920166015625 HTTP/1.1" 200 0 "-" "WordPress/6.8.1; https://client.socialdigiinnovator.com"
165.227.86.198 - - [22/May/2025:02:14:26 -0400] "GET /bless.php HTTP/1.1" 404 8476 "-" "Mozilla/5.0 (Windows NT 10.0; Win64; x64) AppleWebKit/537.36 (KHTML, like Gecko) Chrome/58.0.3029.110 Safari/537.36"
165.227.86.198 - - [22/May/2025:02:15:16 -0400] "GET /text.php HTTP/1.1" 404 8476 "-" "Mozilla/5.0 (Windows NT 10.0; Win64; x64) AppleWebKit/537.36 (KHTML, like Gecko) Chrome/58.0.3029.110 Safari/537.36"
165.227.86.198 - - [22/May/2025:02:15:27 -0400] "GET /tyasd.php HTTP/1.1" 404 8476 "-" "Mozilla/5.0 (Windows NT 10.0; Win64; x64) AppleWebKit/537.36 (KHTML, like Gecko) Chrome/58.0.3029.110 Safari/537.36"
198.54.114.35 - - [22/May/2025:02:16:02 -0400] "POST /wp-cron.php?doing_wp_cron=1747894558.6288819313049316406250 HTTP/1.1" 200 0 "-" "WordPress/6.8.1; https://client.socialdigiinnovator.com"
165.227.86.198 - - [22/May/2025:02:16:34 -0400] "GET /wp-content/plugins/Pillars HTTP/1.1" 404 8476 "-" "Mozilla/5.0 (Windows NT 10.0; Win64; x64) AppleWebKit/537.36 (KHTML, like Gecko) Chrome/58.0.3029.110 Safari/537.36"
165.227.86.198 - - [22/May/2025:02:17:08 -0400] "GET /.well-known/pki-validation/themes.php HTTP/1.1" 404 1251 "-" "Mozilla/5.0 (Windows NT 10.0; Win64; x64) AppleWebKit/537.36 (KHTML, like Gecko) Chrome/58.0.3029.110 Safari/537.36"
165.227.86.198 - - [22/May/2025:02:18:36 -0400] "GET /wp-includes/SimplePie/Content/index.php HTTP/1.1" 301 0 "-" "Mozilla/5.0 (Windows NT 10.0; Win64; x64) AppleWebKit/537.36 (KHTML, like Gecko) Chrome/58.0.3029.110 Safari/537.36"
165.227.86.198 - - [22/May/2025:02:19:26 -0400] "GET /wp-includes/js/tinymce/langs/index.php HTTP/1.1" 403 1242 "-" "Mozilla/5.0 (Windows NT 10.0; Win64; x64) AppleWebKit/537.36 (KHTML, like Gecko) Chrome/58.0.3029.110 Safari/537.36"
165.227.86.198 - - [22/May/2025:02:19:43 -0400] "GET /login/function.php HTTP/1.1" 404 8476 "-" "Mozilla/5.0 (Windows NT 10.0; Win64; x64) AppleWebKit/537.36 (KHTML, like Gecko) Chrome/58.0.3029.110 Safari/537.36"
198.54.114.35 - - [22/May/2025:02:20:16 -0400] "POST /wp-cron.php?doing_wp_cron=1747894796.7469639778137207031250 HTTP/1.1" 200 0 "-" "WordPress/6.8.1; https://client.socialdigiinnovator.com"
165.227.86.198 - - [22/May/2025:02:20:25 -0400] "GET /wp-includes/SimplePie/XML/lofter.php HTTP/1.1" 404 8476 "-" "Mozilla/5.0 (Windows NT 10.0; Win64; x64) AppleWebKit/537.36 (KHTML, like Gecko) Chrome/58.0.3029.110 Safari/537.36"
165.227.86.198 - - [22/May/2025:02:21:05 -0400] "GET /wp-includes/ID3/zmFM.php HTTP/1.1" 404 8476 "-" "Mozilla/5.0 (Windows NT 10.0; Win64; x64) AppleWebKit/537.36 (KHTML, like Gecko) Chrome/58.0.3029.110 Safari/537.36"
165.227.86.198 - - [22/May/2025:02:21:40 -0400] "GET /leaf_mailer.php HTTP/1.1" 404 8476 "-" "Mozilla/5.0 (Windows NT 10.0; Win64; x64) AppleWebKit/537.36 (KHTML, like Gecko) Chrome/58.0.3029.110 Safari/537.36"
165.227.86.198 - - [22/May/2025:02:22:07 -0400] "GET /wp-includes/wp-2019.php HTTP/1.1" 403 1242 "-" "Mozilla/5.0 (Windows NT 10.0; Win64; x64) AppleWebKit/537.36 (KHTML, like Gecko) Chrome/58.0.3029.110 Safari/537.36"
165.227.86.198 - - [22/May/2025:02:22:16 -0400] "GET /.well-known/acme-challenge/muse.php HTTP/1.1" 404 8476 "-" "Mozilla/5.0 (Windows NT 10.0; Win64; x64) AppleWebKit/537.36 (KHTML, like Gecko) Chrome/58.0.3029.110 Safari/537.36"
165.227.86.198 - - [22/May/2025:02:22:39 -0400] "GET /wp-includes/sodium_compat/src/ HTTP/1.1" 403 1242 "-" "Mozilla/5.0 (Windows NT 10.0; Win64; x64) AppleWebKit/537.36 (KHTML, like Gecko) Chrome/58.0.3029.110 Safari/537.36"
198.54.114.35 - - [22/May/2025:02:23:09 -0400] "POST /wp-cron.php?doing_wp_cron=1747894987.5750219821929931640625 HTTP/1.1" 200 0 "-" "WordPress/6.8.1; https://client.socialdigiinnovator.com"
165.227.86.198 - - [22/May/2025:02:22:44 -0400] "GET /wp-content/plugins/Core-Econ/upH.php HTTP/1.1" 404 8476 "-" "Mozilla/5.0 (Windows NT 10.0; Win64; x64) AppleWebKit/537.36 (KHTML, like Gecko) Chrome/58.0.3029.110 Safari/537.36"
165.227.86.198 - - [22/May/2025:02:23:24 -0400] "GET /wp-includes/sodium_compat/namespaced/Core/index.php HTTP/1.1" 301 0 "-" "Mozilla/5.0 (Windows NT 10.0; Win64; x64) AppleWebKit/537.36 (KHTML, like Gecko) Chrome/58.0.3029.110 Safari/537.36"
165.227.86.198 - - [22/May/2025:02:23:27 -0400] "GET /wp-includes/sodium_compat/namespaced/Core/ HTTP/1.1" 403 1242 "-" "Mozilla/5.0 (Windows NT 10.0; Win64; x64) AppleWebKit/537.36 (KHTML, like Gecko) Chrome/58.0.3029.110 Safari/537.36"
198.54.114.35 - - [22/May/2025:02:23:34 -0400] "POST /wp-cron.php?doing_wp_cron=1747895014.4340300559997558593750 HTTP/1.1" 200 0 "-" "WordPress/6.8.1; https://client.socialdigiinnovator.com"
165.227.86.198 - - [22/May/2025:02:23:33 -0400] "GET /wp-includes/block-supports/wp-conflg.php HTTP/1.1" 404 8476 "-" "Mozilla/5.0 (Windows NT 10.0; Win64; x64) AppleWebKit/537.36 (KHTML, like Gecko) Chrome/58.0.3029.110 Safari/537.36"
165.227.86.198 - - [22/May/2025:02:23:49 -0400] "GET /wp-content/plugins/really-simple-ssl/lets-encrypt/functions.php HTTP/1.1" 404 8478 "-" "Mozilla/5.0 (Windows NT 10.0; Win64; x64) AppleWebKit/537.36 (KHTML, like Gecko) Chrome/58.0.3029.110 Safari/537.36"
165.227.86.198 - - [22/May/2025:02:23:56 -0400] "GET /wp-includes/js/tinymce/plugins/charmap/index.php HTTP/1.1" 301 0 "-" "Mozilla/5.0 (Windows NT 10.0; Win64; x64) AppleWebKit/537.36 (KHTML, like Gecko) Chrome/58.0.3029.110 Safari/537.36"
165.227.86.198 - - [22/May/2025:02:23:56 -0400] "GET /wp-includes/js/tinymce/plugins/charmap/ HTTP/1.1" 403 1242 "-" "Mozilla/5.0 (Windows NT 10.0; Win64; x64) AppleWebKit/537.36 (KHTML, like Gecko) Chrome/58.0.3029.110 Safari/537.36"
165.227.86.198 - - [22/May/2025:02:24:01 -0400] "GET /wso-x569.php HTTP/1.1" 404 8476 "-" "Mozilla/5.0 (Windows NT 10.0; Win64; x64) AppleWebKit/537.36 (KHTML, like Gecko) Chrome/58.0.3029.110 Safari/537.36"
165.227.86.198 - - [22/May/2025:02:24:09 -0400] "GET /class.api.php HTTP/1.1" 404 8476 "-" "Mozilla/5.0 (Windows NT 10.0; Win64; x64) AppleWebKit/537.36 (KHTML, like Gecko) Chrome/58.0.3029.110 Safari/537.36"
165.227.86.198 - - [22/May/2025:02:24:14 -0400] "GET /mah/function.php HTTP/1.1" 404 8476 "-" "Mozilla/5.0 (Windows NT 10.0; Win64; x64) AppleWebKit/537.36 (KHTML, like Gecko) Chrome/58.0.3029.110 Safari/537.36"
165.227.86.198 - - [22/May/2025:02:24:24 -0400] "GET /.well-known/pki-validation/file.php HTTP/1.1" 404 1251 "-" "Mozilla/5.0 (Windows NT 10.0; Win64; x64) AppleWebKit/537.36 (KHTML, like Gecko) Chrome/58.0.3029.110 Safari/537.36"
165.227.86.198 - - [22/May/2025:02:24:28 -0400] "GET /.well-known/acme-challenge/parx.php HTTP/1.1" 404 8476 "-" "Mozilla/5.0 (Windows NT 10.0; Win64; x64) AppleWebKit/537.36 (KHTML, like Gecko) Chrome/58.0.3029.110 Safari/537.36"
165.227.86.198 - - [22/May/2025:02:24:33 -0400] "GET /zmFM.php HTTP/1.1" 404 8478 "-" "Mozilla/5.0 (Windows NT 10.0; Win64; x64) AppleWebKit/537.36 (KHTML, like Gecko) Chrome/58.0.3029.110 Safari/537.36"
165.227.86.198 - - [22/May/2025:02:24:43 -0400] "GET /wp-includes/sitemaps/chosen.php HTTP/1.1" 404 8476 "-" "Mozilla/5.0 (Windows NT 10.0; Win64; x64) AppleWebKit/537.36 (KHTML, like Gecko) Chrome/58.0.3029.110 Safari/537.36"
165.227.86.198 - - [22/May/2025:02:24:47 -0400] "GET /wp-includes/function.php HTTP/1.1" 403 1242 "-" "Mozilla/5.0 (Windows NT 10.0; Win64; x64) AppleWebKit/537.36 (KHTML, like Gecko) Chrome/58.0.3029.110 Safari/537.36"
165.227.86.198 - - [22/May/2025:02:24:50 -0400] "GET /wp-includes/repeater.php HTTP/1.1" 403 1242 "-" "Mozilla/5.0 (Windows NT 10.0; Win64; x64) AppleWebKit/537.36 (KHTML, like Gecko) Chrome/58.0.3029.110 Safari/537.36"
165.227.86.198 - - [22/May/2025:02:25:04 -0400] "GET /wp-admin/leafmailer2.8.php HTTP/1.1" 404 8476 "-" "Mozilla/5.0 (Windows NT 10.0; Win64; x64) AppleWebKit/537.36 (KHTML, like Gecko) Chrome/58.0.3029.110 Safari/537.36"
165.227.86.198 - - [22/May/2025:02:25:10 -0400] "GET /wp-content/wp-2019.php HTTP/1.1" 404 8478 "-" "Mozilla/5.0 (Windows NT 10.0; Win64; x64) AppleWebKit/537.36 (KHTML, like Gecko) Chrome/58.0.3029.110 Safari/537.36"
165.227.86.198 - - [22/May/2025:02:25:20 -0400] "GET /wp-includes/css/ HTTP/1.1" 403 1242 "-" "Mozilla/5.0 (Windows NT 10.0; Win64; x64) AppleWebKit/537.36 (KHTML, like Gecko) Chrome/58.0.3029.110 Safari/537.36"
165.227.86.198 - - [22/May/2025:02:25:23 -0400] "GET /wp-content/wp-conflg.php HTTP/1.1" 404 8476 "-" "Mozilla/5.0 (Windows NT 10.0; Win64; x64) AppleWebKit/537.36 (KHTML, like Gecko) Chrome/58.0.3029.110 Safari/537.36"
165.227.86.198 - - [22/May/2025:02:25:29 -0400] "GET /install/function.php HTTP/1.1" 404 8478 "-" "Mozilla/5.0 (Windows NT 10.0; Win64; x64) AppleWebKit/537.36 (KHTML, like Gecko) Chrome/58.0.3029.110 Safari/537.36"
198.54.114.35 - - [22/May/2025:02:25:33 -0400] "POST /wp-cron.php?doing_wp_cron=1747895133.3594279289245605468750 HTTP/1.1" 200 0 "-" "WordPress/6.8.1; https://client.socialdigiinnovator.com"
165.227.86.198 - - [22/May/2025:02:25:48 -0400] "GET /wp-admin/css/colors/modern/lofter.php HTTP/1.1" 404 8478 "-" "Mozilla/5.0 (Windows NT 10.0; Win64; x64) AppleWebKit/537.36 (KHTML, like Gecko) Chrome/58.0.3029.110 Safari/537.36"
165.227.86.198 - - [22/May/2025:02:26:01 -0400] "GET /wp-content/plugins/wp-daft/miin.php HTTP/1.1" 404 8476 "-" "Mozilla/5.0 (Windows NT 10.0; Win64; x64) AppleWebKit/537.36 (KHTML, like Gecko) Chrome/58.0.3029.110 Safari/537.36"
198.54.114.35 - - [22/May/2025:02:18:52 -0400] "POST /wp-cron.php?doing_wp_cron=1747894727.2127020359039306640625 HTTP/1.1" 200 0 "-" "WordPress/6.8.1; https://client.socialdigiinnovator.com"
165.227.86.198 - - [22/May/2025:02:18:56 -0400] "GET /wp-includes/SimplePie/Content/ HTTP/1.1" 404 8476 "-" "Mozilla/5.0 (Windows NT 10.0; Win64; x64) AppleWebKit/537.36 (KHTML, like Gecko) Chrome/58.0.3029.110 Safari/537.36"
198.54.114.35 - - [22/May/2025:02:21:20 -0400] "POST /wp-cron.php?doing_wp_cron=1747894879.8511929512023925781250 HTTP/1.1" 200 0 "-" "WordPress/6.8.1; https://client.socialdigiinnovator.com"
165.227.86.198 - - [22/May/2025:02:22:28 -0400] "GET /.well-known/pki-validation/xmrlpc.php HTTP/1.1" 404 1251 "-" "Mozilla/5.0 (Windows NT 10.0; Win64; x64) AppleWebKit/537.36 (KHTML, like Gecko) Chrome/58.0.3029.110 Safari/537.36"
165.227.86.198 - - [22/May/2025:02:22:31 -0400] "GET /wp-includes/sodium_compat/src/index.php HTTP/1.1" 301 0 "-" "Mozilla/5.0 (Windows NT 10.0; Win64; x64) AppleWebKit/537.36 (KHTML, like Gecko) Chrome/58.0.3029.110 Safari/537.36"
165.227.86.198 - - [22/May/2025:02:23:40 -0400] "GET /includes/certificates/moon.php HTTP/1.1" 404 8476 "-" "Mozilla/5.0 (Windows NT 10.0; Win64; x64) AppleWebKit/537.36 (KHTML, like Gecko) Chrome/58.0.3029.110 Safari/537.36"
165.227.86.198 - - [22/May/2025:02:23:44 -0400] "GET /wp-content/themes/twentytwentytwo/parts/about.php7 HTTP/1.1" 404 8476 "-" "Mozilla/5.0 (Windows NT 10.0; Win64; x64) AppleWebKit/537.36 (KHTML, like Gecko) Chrome/58.0.3029.110 Safari/537.36"
165.227.86.198 - - [22/May/2025:02:24:06 -0400] "GET /wp-includes/SimplePie/plugins.php HTTP/1.1" 404 8476 "-" "Mozilla/5.0 (Windows NT 10.0; Win64; x64) AppleWebKit/537.36 (KHTML, like Gecko) Chrome/58.0.3029.110 Safari/537.36"
165.227.86.198 - - [22/May/2025:02:24:20 -0400] "GET /wp-includes/blocks/autoload_classmap.php HTTP/1.1" 404 8476 "-" "Mozilla/5.0 (Windows NT 10.0; Win64; x64) AppleWebKit/537.36 (KHTML, like Gecko) Chrome/58.0.3029.110 Safari/537.36"
198.54.114.35 - - [22/May/2025:02:24:37 -0400] "POST /wp-cron.php?doing_wp_cron=1747895077.3849020004272460937500 HTTP/1.1" 200 0 "-" "WordPress/6.8.1; https://client.socialdigiinnovator.com"
165.227.86.198 - - [22/May/2025:02:24:55 -0400] "GET /wp-includes/PHPMailer/about.php HTTP/1.1" 404 8478 "-" "Mozilla/5.0 (Windows NT 10.0; Win64; x64) AppleWebKit/537.36 (KHTML, like Gecko) Chrome/58.0.3029.110 Safari/537.36"
165.227.86.198 - - [22/May/2025:02:25:13 -0400] "GET /cgi-bin/wp-conflg.php HTTP/1.1" 404 8476 "-" "Mozilla/5.0 (Windows NT 10.0; Win64; x64) AppleWebKit/537.36 (KHTML, like Gecko) Chrome/58.0.3029.110 Safari/537.36"
165.227.86.198 - - [22/May/2025:02:25:18 -0400] "GET /4price3.php HTTP/1.1" 404 8476 "-" "Mozilla/5.0 (Windows NT 10.0; Win64; x64) AppleWebKit/537.36 (KHTML, like Gecko) Chrome/58.0.3029.110 Safari/537.36"
165.227.86.198 - - [22/May/2025:02:25:20 -0400] "GET /wp-includes/css/index.php HTTP/1.1" 301 0 "-" "Mozilla/5.0 (Windows NT 10.0; Win64; x64) AppleWebKit/537.36 (KHTML, like Gecko) Chrome/58.0.3029.110 Safari/537.36"
165.227.86.198 - - [22/May/2025:02:25:32 -0400] "GET /wp-includes/js/plupload/plupload.php HTTP/1.1" 404 8476 "-" "Mozilla/5.0 (Windows NT 10.0; Win64; x64) AppleWebKit/537.36 (KHTML, like Gecko) Chrome/58.0.3029.110 Safari/537.36"
165.227.86.198 - - [22/May/2025:02:25:38 -0400] "GET /wp-includes/js/swfupload/swfupload.php HTTP/1.1" 404 8476 "-" "Mozilla/5.0 (Windows NT 10.0; Win64; x64) AppleWebKit/537.36 (KHTML, like Gecko) Chrome/58.0.3029.110 Safari/537.36"
165.227.86.198 - - [22/May/2025:02:25:43 -0400] "GET /.well-known/admin.php HTTP/1.1" 404 8476 "-" "Mozilla/5.0 (Windows NT 10.0; Win64; x64) AppleWebKit/537.36 (KHTML, like Gecko) Chrome/58.0.3029.110 Safari/537.36"
165.227.86.198 - - [22/May/2025:02:25:59 -0400] "GET /wp-includes/customize/moon.php HTTP/1.1" 404 8476 "-" "Mozilla/5.0 (Windows NT 10.0; Win64; x64) AppleWebKit/537.36 (KHTML, like Gecko) Chrome/58.0.3029.110 Safari/537.36"
165.227.86.198 - - [22/May/2025:02:26:07 -0400] "GET /wp-admin/css/colors/modern/wp-login.php HTTP/1.1" 302 0 "-" "Mozilla/5.0 (Windows NT 10.0; Win64; x64) AppleWebKit/537.36 (KHTML, like Gecko) Chrome/58.0.3029.110 Safari/537.36"
165.227.86.198 - - [22/May/2025:02:26:07 -0400] "GET /404 HTTP/1.1" 404 8476 "-" "Mozilla/5.0 (Windows NT 10.0; Win64; x64) AppleWebKit/537.36 (KHTML, like Gecko) Chrome/58.0.3029.110 Safari/537.36"
165.227.86.198 - - [22/May/2025:02:26:17 -0400] "GET /wp-admin/includes/wp-login.php HTTP/1.1" 403 1242 "-" "Mozilla/5.0 (Windows NT 10.0; Win64; x64) AppleWebKit/537.36 (KHTML, like Gecko) Chrome/58.0.3029.110 Safari/537.36"
165.227.86.198 - - [22/May/2025:02:26:31 -0400] "GET /images/moon.php HTTP/1.1" 404 8478 "-" "Mozilla/5.0 (Windows NT 10.0; Win64; x64) AppleWebKit/537.36 (KHTML, like Gecko) Chrome/58.0.3029.110 Safari/537.36"
198.54.114.35 - - [22/May/2025:02:26:41 -0400] "POST /wp-cron.php?doing_wp_cron=1747895201.3413798809051513671875 HTTP/1.1" 200 0 "-" "WordPress/6.8.1; https://client.socialdigiinnovator.com"
165.227.86.198 - - [22/May/2025:02:26:40 -0400] "GET /404 HTTP/1.1" 404 8476 "-" "Mozilla/5.0 (Windows NT 10.0; Win64; x64) AppleWebKit/537.36 (KHTML, like Gecko) Chrome/58.0.3029.110 Safari/537.36"
165.227.86.198 - - [22/May/2025:02:26:45 -0400] "GET /wp-includess/bless.php HTTP/1.1" 404 8476 "-" "Mozilla/5.0 (Windows NT 10.0; Win64; x64) AppleWebKit/537.36 (KHTML, like Gecko) Chrome/58.0.3029.110 Safari/537.36"
165.227.86.198 - - [22/May/2025:02:26:50 -0400] "GET /.well-known/acme-challenge/install.php HTTP/1.1" 404 8476 "-" "Mozilla/5.0 (Windows NT 10.0; Win64; x64) AppleWebKit/537.36 (KHTML, like Gecko) Chrome/58.0.3029.110 Safari/537.36"
165.227.86.198 - - [22/May/2025:02:26:54 -0400] "GET /ioxi-rex.php HTTP/1.1" 404 8476 "-" "Mozilla/5.0 (Windows NT 10.0; Win64; x64) AppleWebKit/537.36 (KHTML, like Gecko) Chrome/58.0.3029.110 Safari/537.36"
165.227.86.198 - - [22/May/2025:02:27:04 -0400] "GET /wp-admin/fw.php HTTP/1.1" 404 8478 "-" "Mozilla/5.0 (Windows NT 10.0; Win64; x64) AppleWebKit/537.36 (KHTML, like Gecko) Chrome/58.0.3029.110 Safari/537.36"
165.227.86.198 - - [22/May/2025:02:27:07 -0400] "GET /wp-content/wso112233.php HTTP/1.1" 404 8476 "-" "Mozilla/5.0 (Windows NT 10.0; Win64; x64) AppleWebKit/537.36 (KHTML, like Gecko) Chrome/58.0.3029.110 Safari/537.36"
165.227.86.198 - - [22/May/2025:02:27:16 -0400] "GET /.well-known/acme-challenge/moon.php HTTP/1.1" 404 8476 "-" "Mozilla/5.0 (Windows NT 10.0; Win64; x64) AppleWebKit/537.36 (KHTML, like Gecko) Chrome/58.0.3029.110 Safari/537.36"
165.227.86.198 - - [22/May/2025:02:27:22 -0400] "GET /wp-includes/rest-api/endpoints/index.php HTTP/1.1" 301 0 "-" "Mozilla/5.0 (Windows NT 10.0; Win64; x64) AppleWebKit/537.36 (KHTML, like Gecko) Chrome/58.0.3029.110 Safari/537.36"
165.227.86.198 - - [22/May/2025:02:27:22 -0400] "GET /wp-includes/rest-api/endpoints/ HTTP/1.1" 403 1242 "-" "Mozilla/5.0 (Windows NT 10.0; Win64; x64) AppleWebKit/537.36 (KHTML, like Gecko) Chrome/58.0.3029.110 Safari/537.36"
165.227.86.198 - - [22/May/2025:02:27:31 -0400] "GET /wp-admin/images/about.php HTTP/1.1" 404 8476 "-" "Mozilla/5.0 (Windows NT 10.0; Win64; x64) AppleWebKit/537.36 (KHTML, like Gecko) Chrome/58.0.3029.110 Safari/537.36"
165.227.86.198 - - [22/May/2025:02:27:34 -0400] "GET /about.php7 HTTP/1.1" 404 8476 "-" "Mozilla/5.0 (Windows NT 10.0; Win64; x64) AppleWebKit/537.36 (KHTML, like Gecko) Chrome/58.0.3029.110 Safari/537.36"
165.227.86.198 - - [22/May/2025:02:27:38 -0400] "GET /wp-includes/sodium_compat/namespaced/index.php HTTP/1.1" 301 0 "-" "Mozilla/5.0 (Windows NT 10.0; Win64; x64) AppleWebKit/537.36 (KHTML, like Gecko) Chrome/58.0.3029.110 Safari/537.36"
165.227.86.198 - - [22/May/2025:02:27:42 -0400] "GET /wp-admin/css/colors/wp-admin.php HTTP/1.1" 404 8478 "-" "Mozilla/5.0 (Windows NT 10.0; Win64; x64) AppleWebKit/537.36 (KHTML, like Gecko) Chrome/58.0.3029.110 Safari/537.36"
165.227.86.198 - - [22/May/2025:02:28:00 -0400] "GET /wp-content/themes/index.php HTTP/1.1" 403 1242 "-" "Mozilla/5.0 (Windows NT 10.0; Win64; x64) AppleWebKit/537.36 (KHTML, like Gecko) Chrome/58.0.3029.110 Safari/537.36"
216.244.66.226 - - [22/May/2025:02:31:52 -0400] "GET /robots.txt HTTP/1.1" 302 0 "-" "Mozilla/5.0 (compatible; DotBot/1.2; +https://opensiteexplorer.org/dotbot; help@moz.com)"
198.54.114.35 - - [22/May/2025:02:44:16 -0400] "POST /wp-cron.php?doing_wp_cron=1747896236.6978890895843505859375 HTTP/1.1" 200 0 "-" "WordPress/6.8.1; https://client.socialdigiinnovator.com"
165.227.86.198 - - [22/May/2025:02:26:13 -0400] "GET /wp-includes/fonts/plugins.php HTTP/1.1" 404 8476 "-" "Mozilla/5.0 (Windows NT 10.0; Win64; x64) AppleWebKit/537.36 (KHTML, like Gecko) Chrome/58.0.3029.110 Safari/537.36"
165.227.86.198 - - [22/May/2025:02:26:22 -0400] "GET /classssmtps/function.php HTTP/1.1" 404 8476 "-" "Mozilla/5.0 (Windows NT 10.0; Win64; x64) AppleWebKit/537.36 (KHTML, like Gecko) Chrome/58.0.3029.110 Safari/537.36"
165.227.86.198 - - [22/May/2025:02:26:27 -0400] "GET /wp-admin/network/zmFM.php HTTP/1.1" 404 8478 "-" "Mozilla/5.0 (Windows NT 10.0; Win64; x64) AppleWebKit/537.36 (KHTML, like Gecko) Chrome/58.0.3029.110 Safari/537.36"
165.227.86.198 - - [22/May/2025:02:26:37 -0400] "GET /wp-includes/wso.php HTTP/1.1" 403 1242 "-" "Mozilla/5.0 (Windows NT 10.0; Win64; x64) AppleWebKit/537.36 (KHTML, like Gecko) Chrome/58.0.3029.110 Safari/537.36"
165.227.86.198 - - [22/May/2025:02:26:40 -0400] "GET /wp-includes/ID3/wp-login.php HTTP/1.1" 302 0 "-" "Mozilla/5.0 (Windows NT 10.0; Win64; x64) AppleWebKit/537.36 (KHTML, like Gecko) Chrome/58.0.3029.110 Safari/537.36"
165.227.86.198 - - [22/May/2025:02:26:57 -0400] "GET /wp-includes/ID3/vp.php HTTP/1.1" 404 8476 "-" "Mozilla/5.0 (Windows NT 10.0; Win64; x64) AppleWebKit/537.36 (KHTML, like Gecko) Chrome/58.0.3029.110 Safari/537.36"
165.227.86.198 - - [22/May/2025:02:26:59 -0400] "GET /modules/mod_simplefileuploadv1.3/elements/Clean.php HTTP/1.1" 404 8476 "-" "Mozilla/5.0 (Windows NT 10.0; Win64; x64) AppleWebKit/537.36 (KHTML, like Gecko) Chrome/58.0.3029.110 Safari/537.36"
165.227.86.198 - - [22/May/2025:02:27:14 -0400] "GET /wp-admin/user/xmrlpc.php HTTP/1.1" 404 8476 "-" "Mozilla/5.0 (Windows NT 10.0; Win64; x64) AppleWebKit/537.36 (KHTML, like Gecko) Chrome/58.0.3029.110 Safari/537.36"
165.227.86.198 - - [22/May/2025:02:27:25 -0400] "GET /ty.php HTTP/1.1" 404 8476 "-" "Mozilla/5.0 (Windows NT 10.0; Win64; x64) AppleWebKit/537.36 (KHTML, like Gecko) Chrome/58.0.3029.110 Safari/537.36"
198.54.114.35 - - [22/May/2025:02:27:34 -0400] "POST /wp-cron.php?doing_wp_cron=1747895254.8153619766235351562500 HTTP/1.1" 200 0 "-" "WordPress/6.8.1; https://client.socialdigiinnovator.com"
165.227.86.198 - - [22/May/2025:02:27:38 -0400] "GET /wp-includes/sodium_compat/namespaced/ HTTP/1.1" 403 1242 "-" "Mozilla/5.0 (Windows NT 10.0; Win64; x64) AppleWebKit/537.36 (KHTML, like Gecko) Chrome/58.0.3029.110 Safari/537.36"
165.227.86.198 - - [22/May/2025:02:27:48 -0400] "GET /db/function.php HTTP/1.1" 404 8476 "-" "Mozilla/5.0 (Windows NT 10.0; Win64; x64) AppleWebKit/537.36 (KHTML, like Gecko) Chrome/58.0.3029.110 Safari/537.36"
165.227.86.198 - - [22/May/2025:02:27:51 -0400] "GET /wp-admin/shell20211028.php HTTP/1.1" 404 8476 "-" "Mozilla/5.0 (Windows NT 10.0; Win64; x64) AppleWebKit/537.36 (KHTML, like Gecko) Chrome/58.0.3029.110 Safari/537.36"
165.227.86.198 - - [22/May/2025:02:27:58 -0400] "GET /BypassBest.php HTTP/1.1" 404 8478 "-" "Mozilla/5.0 (Windows NT 10.0; Win64; x64) AppleWebKit/537.36 (KHTML, like Gecko) Chrome/58.0.3029.110 Safari/537.36"
198.54.114.35 - - [22/May/2025:02:31:57 -0400] "POST /wp-cron.php?doing_wp_cron=1747895517.2750120162963867187500 HTTP/1.1" 200 0 "-" "WordPress/6.8.1; https://client.socialdigiinnovator.com"
216.244.66.226 - - [22/May/2025:02:31:58 -0400] "GET /?redirect_to=https%3A%2F%2Fclient.socialdigiinnovator.com%2Frobots.txt HTTP/1.1" 200 9193 "-" "Mozilla/5.0 (compatible; DotBot/1.2; +https://opensiteexplorer.org/dotbot; help@moz.com)"
43.167.245.18 - - [22/May/2025:02:43:31 -0400] "GET / HTTP/1.1" 200 0 "http://client.socialdigiinnovator.com" "Mozilla/5.0 (iPhone; CPU iPhone OS 13_2_3 like Mac OS X) AppleWebKit/605.1.15 (KHTML, like Gecko) Version/13.0.3 Mobile/15E148 Safari/604.1"
198.54.114.35 - - [22/May/2025:04:08:34 -0400] "POST /wp-cron.php?doing_wp_cron=1747901314.7122950553894042968750 HTTP/1.1" 200 0 "-" "WordPress/6.8.1; https://client.socialdigiinnovator.com"
47.82.62.73 - - [22/May/2025:04:08:31 -0400] "GET / HTTP/1.1" 200 9192 "https://client.socialdigiinnovator.com/" "Mozilla/5.0 (Windows NT 10.0; Win64; x64) AppleWebKit/537.36 (KHTML, like Gecko) Chrome/114.0.0.0 Safari/537.36 Edg/114.0.1823.43"
2602:fb54:c7b:: - - [22/May/2025:04:23:54 -0400] "GET /wp-login.php HTTP/1.1" 302 0 "-" "Mozilla/5.0 (Windows NT 10.0; Win64; x64) AppleWebKit/537.36 (KHTML, like Gecko) Chrome/91.0.4472.124 Safari/537.36"
198.54.114.35 - - [22/May/2025:04:23:58 -0400] "POST /wp-cron.php?doing_wp_cron=1747902238.6746799945831298828125 HTTP/1.1" 200 0 "-" "WordPress/6.8.1; https://client.socialdigiinnovator.com"
2602:fb54:c7b:: - - [22/May/2025:04:23:59 -0400] "GET /wordpress/wp-login.php HTTP/1.1" 302 0 "-" "Mozilla/5.0 (Windows NT 10.0; Win64; x64) AppleWebKit/537.36 (KHTML, like Gecko) Chrome/91.0.4472.124 Safari/537.36"
2602:fb54:c7b:: - - [22/May/2025:04:24:00 -0400] "GET /404 HTTP/1.1" 404 8476 "-" "Mozilla/5.0 (Windows NT 10.0; Win64; x64) AppleWebKit/537.36 (KHTML, like Gecko) Chrome/91.0.4472.124 Safari/537.36"
2602:fb54:c7b:: - - [22/May/2025:04:24:01 -0400] "GET /404 HTTP/1.1" 404 8478 "-" "Mozilla/5.0 (Windows NT 10.0; Win64; x64) AppleWebKit/537.36 (KHTML, like Gecko) Chrome/91.0.4472.124 Safari/537.36"
2602:fb54:c7b:: - - [22/May/2025:04:24:02 -0400] "GET /404 HTTP/1.1" 404 8476 "https://client.socialdigiinnovator.com/wp-admin/" "Mozilla/5.0 (Windows NT 10.0; Win64; x64) AppleWebKit/537.36 (KHTML, like Gecko) Chrome/91.0.4472.124 Safari/537.36"
2602:fb54:c7b:: - - [22/May/2025:04:24:03 -0400] "GET /wp-admin/ HTTP/1.1" 302 0 "-" "Mozilla/5.0 (Windows NT 10.0; Win64; x64) AppleWebKit/537.36 (KHTML, like Gecko) Chrome/91.0.4472.124 Safari/537.36"
2602:fb54:c7b:: - - [22/May/2025:04:24:04 -0400] "GET /wp-login.php?redirect_to=https%3A%2F%2Fclient.socialdigiinnovator.com%2Fwp-admin%2F&reauth=1 HTTP/1.1" 302 0 "-" "Mozilla/5.0 (Windows NT 10.0; Win64; x64) AppleWebKit/537.36 (KHTML, like Gecko) Chrome/91.0.4472.124 Safari/537.36"
2602:fb54:c7b:: - - [22/May/2025:04:24:04 -0400] "GET /404 HTTP/1.1" 404 8478 "-" "Mozilla/5.0 (Windows NT 10.0; Win64; x64) AppleWebKit/537.36 (KHTML, like Gecko) Chrome/91.0.4472.124 Safari/537.36"
93.123.109.39 - - [22/May/2025:04:34:40 -0400] "GET / HTTP/1.1" 200 0 "-" "Mozilla/5.0 (X11; CrOS x86_64 8172.45.0) AppleWebKit/537.36 (KHTML, like Gecko) Chrome/51.0.2704.64 Safari/537.36"
2602:fb54:c7b:: - - [22/May/2025:04:23:57 -0400] "GET /404 HTTP/1.1" 404 8476 "-" "Mozilla/5.0 (Windows NT 10.0; Win64; x64) AppleWebKit/537.36 (KHTML, like Gecko) Chrome/91.0.4472.124 Safari/537.36"
2602:fb54:c7b:: - - [22/May/2025:04:24:01 -0400] "GET /blog/wp-login.php HTTP/1.1" 302 0 "-" "Mozilla/5.0 (Windows NT 10.0; Win64; x64) AppleWebKit/537.36 (KHTML, like Gecko) Chrome/91.0.4472.124 Safari/537.36"
2602:fb54:c7b:: - - [22/May/2025:04:24:02 -0400] "POST /wp-login.php HTTP/1.1" 302 0 "https://client.socialdigiinnovator.com/wp-admin/" "Mozilla/5.0 (Windows NT 10.0; Win64; x64) AppleWebKit/537.36 (KHTML, like Gecko) Chrome/91.0.4472.124 Safari/537.36"
198.54.114.35 - - [22/May/2025:04:34:45 -0400] "POST /wp-cron.php?doing_wp_cron=1747902885.5932528972625732421875 HTTP/1.1" 200 0 "-" "WordPress/6.8.1; https://client.socialdigiinnovator.com"