芝麻web文件管理V1.00
编辑当前文件:/home/sditechnicalteam/access-logs/client.socialdigiinnovator.com-ssl_log
47.79.7.122 - - [22/May/2025:09:41:41 -0400] "GET / HTTP/1.1" 200 9194 "https://client.socialdigiinnovator.com/" "Mozilla/5.0 (Windows NT 10.0; Win64; x64) AppleWebKit/537.36 (KHTML, like Gecko) Chrome/114.0.0.0 Safari/537.36 Edg/114.0.1823.43"
198.54.114.35 - - [22/May/2025:09:41:48 -0400] "POST /wp-cron.php?doing_wp_cron=1747921307.9628350734710693359375 HTTP/1.1" 200 0 "-" "WordPress/6.8.1; https://client.socialdigiinnovator.com"
198.54.114.35 - - [22/May/2025:09:59:10 -0400] "POST /wp-cron.php?doing_wp_cron=1747922350.4252450466156005859375 HTTP/1.1" 200 0 "-" "WordPress/6.8.1; https://client.socialdigiinnovator.com"
216.244.66.226 - - [22/May/2025:09:59:05 -0400] "GET /robots.txt HTTP/1.1" 302 0 "-" "Mozilla/5.0 (compatible; DotBot/1.2; +https://opensiteexplorer.org/dotbot; help@moz.com)"
216.244.66.226 - - [22/May/2025:09:59:10 -0400] "GET /?redirect_to=https%3A%2F%2Fclient.socialdigiinnovator.com%2Frobots.txt HTTP/1.1" 200 9195 "-" "Mozilla/5.0 (compatible; DotBot/1.2; +https://opensiteexplorer.org/dotbot; help@moz.com)"
5.188.87.37 - - [22/May/2025:10:44:50 -0400] "GET /xmlrpc.php HTTP/1.1" 403 1242 "http://client.socialdigiinnovator.com/xmlrpc.php" "Mozilla/5.0 (X11; Linux x86_64) AppleWebKit/537.36 (KHTML, like Gecko) Chrome/91.0.4472.114 Safari/537.36"
198.54.114.35 - - [22/May/2025:10:50:32 -0400] "POST /wp-cron.php?doing_wp_cron=1747925432.7359609603881835937500 HTTP/1.1" 200 0 "-" "WordPress/6.8.1; https://client.socialdigiinnovator.com"
82.21.245.8 - - [22/May/2025:10:50:29 -0400] "GET /wp-admin/admin.php HTTP/1.1" 302 0 "-" "Mozilla/5.0 (Windows NT 10.0; Win64; x64) AppleWebKit/537.36 (KHTML, like Gecko) Chrome/115.0.0.0 Safari/537.36 Edg/115.0.1901.203"
82.21.245.8 - - [22/May/2025:10:50:39 -0400] "GET /404 HTTP/1.1" 404 8477 "-" "Mozilla/5.0 (Windows NT 10.0; Win64; x64) AppleWebKit/537.36 (KHTML, like Gecko) Chrome/115.0.0.0 Safari/537.36 Edg/115.0.1901.203"
198.54.114.35 - - [22/May/2025:10:50:33 -0400] "POST /wp-admin/admin-ajax.php?action=as_async_request_queue_runner&nonce=6c79cd1ab0 HTTP/1.1" 200 0 "-" "WordPress/6.8.1; https://client.socialdigiinnovator.com"
82.21.245.8 - - [22/May/2025:10:50:36 -0400] "GET /wp-login.php?redirect_to=https%3A%2F%2Fclient.socialdigiinnovator.com%2Fwp-admin%2Fadmin.php&reauth=1 HTTP/1.1" 302 0 "-" "Mozilla/5.0 (Windows NT 10.0; Win64; x64) AppleWebKit/537.36 (KHTML, like Gecko) Chrome/115.0.0.0 Safari/537.36 Edg/115.0.1901.203"
4.227.36.127 - - [22/May/2025:11:39:06 -0400] "GET /robots.txt HTTP/1.1" 302 0 "-" "Mozilla/5.0 AppleWebKit/537.36 (KHTML, like Gecko; compatible; GPTBot/1.2; +https://openai.com/gptbot)"
47.79.0.139 - - [22/May/2025:11:40:59 -0400] "GET / HTTP/1.1" 200 0 "https://client.socialdigiinnovator.com/" "Mozilla/5.0 (Windows NT 10.0; Win64; x64) AppleWebKit/537.36 (KHTML, like Gecko) Chrome/114.0.0.0 Safari/537.36 Edg/114.0.1823.43"
43.166.226.186 - - [22/May/2025:11:51:35 -0400] "GET / HTTP/1.1" 200 0 "http://client.socialdigiinnovator.com" "Mozilla/5.0 (iPhone; CPU iPhone OS 13_2_3 like Mac OS X) AppleWebKit/605.1.15 (KHTML, like Gecko) Version/13.0.3 Mobile/15E148 Safari/604.1"
198.54.114.35 - - [22/May/2025:11:52:16 -0400] "POST /wp-cron.php?doing_wp_cron=1747929115.8182868957519531250000 HTTP/1.1" 200 0 "-" "WordPress/6.8.1; https://client.socialdigiinnovator.com"
198.54.114.35 - - [22/May/2025:13:24:25 -0400] "POST /wp-cron.php?doing_wp_cron=1747934664.9034399986267089843750 HTTP/1.1" 200 0 "-" "WordPress/6.8.1; https://client.socialdigiinnovator.com"
2602:fb54:372:: - - [22/May/2025:13:24:29 -0400] "GET /admin HTTP/1.1" 302 0 "-" "Mozilla/5.0 (Windows NT 10.0; Win64; x64) AppleWebKit/537.36 (KHTML, like Gecko) Chrome/91.0.4472.124 Safari/537.36"
2602:fb54:372:: - - [22/May/2025:13:24:29 -0400] "GET /wp-admin/ HTTP/1.1" 302 0 "-" "Mozilla/5.0 (Windows NT 10.0; Win64; x64) AppleWebKit/537.36 (KHTML, like Gecko) Chrome/91.0.4472.124 Safari/537.36"
2602:fb54:372:: - - [22/May/2025:13:24:30 -0400] "GET /wp-login.php?redirect_to=https%3A%2F%2Fclient.socialdigiinnovator.com%2Fwp-admin%2F&reauth=1 HTTP/1.1" 302 0 "-" "Mozilla/5.0 (Windows NT 10.0; Win64; x64) AppleWebKit/537.36 (KHTML, like Gecko) Chrome/91.0.4472.124 Safari/537.36"
2602:fb54:372:: - - [22/May/2025:13:24:31 -0400] "GET /user HTTP/1.1" 301 0 "-" "Mozilla/5.0 (Windows NT 10.0; Win64; x64) AppleWebKit/537.36 (KHTML, like Gecko) Chrome/91.0.4472.124 Safari/537.36"
2602:fb54:372:: - - [22/May/2025:13:24:33 -0400] "POST /user HTTP/1.1" 302 0 "https://client.socialdigiinnovator.com/wp-admin/" "Mozilla/5.0 (Windows NT 10.0; Win64; x64) AppleWebKit/537.36 (KHTML, like Gecko) Chrome/91.0.4472.124 Safari/537.36"
2602:fb54:372:: - - [22/May/2025:13:24:33 -0400] "GET /?redirect_to=https%3A%2F%2Fclient.socialdigiinnovator.com%2Fuser HTTP/1.1" 200 9205 "https://client.socialdigiinnovator.com/wp-admin/" "Mozilla/5.0 (Windows NT 10.0; Win64; x64) AppleWebKit/537.36 (KHTML, like Gecko) Chrome/91.0.4472.124 Safari/537.36"
2602:fb54:372:: - - [22/May/2025:13:24:34 -0400] "GET /wp-login.php?redirect_to=https%3A%2F%2Fclient.socialdigiinnovator.com%2Fwp-admin%2F&reauth=1 HTTP/1.1" 302 0 "-" "Mozilla/5.0 (Windows NT 10.0; Win64; x64) AppleWebKit/537.36 (KHTML, like Gecko) Chrome/91.0.4472.124 Safari/537.36"
2602:fb54:372:: - - [22/May/2025:13:24:21 -0400] "GET /wp-login.php HTTP/1.1" 302 0 "-" "Mozilla/5.0 (Windows NT 10.0; Win64; x64) AppleWebKit/537.36 (KHTML, like Gecko) Chrome/91.0.4472.124 Safari/537.36"
2602:fb54:372:: - - [22/May/2025:13:24:22 -0400] "GET /404 HTTP/1.1" 404 8477 "-" "Mozilla/5.0 (Windows NT 10.0; Win64; x64) AppleWebKit/537.36 (KHTML, like Gecko) Chrome/91.0.4472.124 Safari/537.36"
2602:fb54:372:: - - [22/May/2025:13:24:26 -0400] "GET /wp-admin HTTP/1.1" 301 795 "-" "Mozilla/5.0 (Windows NT 10.0; Win64; x64) AppleWebKit/537.36 (KHTML, like Gecko) Chrome/91.0.4472.124 Safari/537.36"
2602:fb54:372:: - - [22/May/2025:13:24:26 -0400] "GET /wp-admin/ HTTP/1.1" 302 0 "-" "Mozilla/5.0 (Windows NT 10.0; Win64; x64) AppleWebKit/537.36 (KHTML, like Gecko) Chrome/91.0.4472.124 Safari/537.36"
2602:fb54:372:: - - [22/May/2025:13:24:27 -0400] "GET /wp-login.php?redirect_to=https%3A%2F%2Fclient.socialdigiinnovator.com%2Fwp-admin%2F&reauth=1 HTTP/1.1" 302 0 "-" "Mozilla/5.0 (Windows NT 10.0; Win64; x64) AppleWebKit/537.36 (KHTML, like Gecko) Chrome/91.0.4472.124 Safari/537.36"
2602:fb54:372:: - - [22/May/2025:13:24:28 -0400] "GET /404 HTTP/1.1" 404 8477 "-" "Mozilla/5.0 (Windows NT 10.0; Win64; x64) AppleWebKit/537.36 (KHTML, like Gecko) Chrome/91.0.4472.124 Safari/537.36"
2602:fb54:372:: - - [22/May/2025:13:24:31 -0400] "GET /404 HTTP/1.1" 404 8475 "-" "Mozilla/5.0 (Windows NT 10.0; Win64; x64) AppleWebKit/537.36 (KHTML, like Gecko) Chrome/91.0.4472.124 Safari/537.36"
2602:fb54:372:: - - [22/May/2025:13:24:32 -0400] "GET /user/ HTTP/1.1" 302 0 "-" "Mozilla/5.0 (Windows NT 10.0; Win64; x64) AppleWebKit/537.36 (KHTML, like Gecko) Chrome/91.0.4472.124 Safari/537.36"
2602:fb54:372:: - - [22/May/2025:13:24:32 -0400] "GET /?redirect_to=https%3A%2F%2Fclient.socialdigiinnovator.com%2Fuser%2F HTTP/1.1" 200 9211 "-" "Mozilla/5.0 (Windows NT 10.0; Win64; x64) AppleWebKit/537.36 (KHTML, like Gecko) Chrome/91.0.4472.124 Safari/537.36"
198.54.114.35 - - [22/May/2025:13:24:33 -0400] "POST /wp-cron.php?doing_wp_cron=1747934673.5287458896636962890625 HTTP/1.1" 200 0 "-" "WordPress/6.8.1; https://client.socialdigiinnovator.com"
2602:fb54:372:: - - [22/May/2025:13:24:34 -0400] "GET /wp-admin/ HTTP/1.1" 302 0 "-" "Mozilla/5.0 (Windows NT 10.0; Win64; x64) AppleWebKit/537.36 (KHTML, like Gecko) Chrome/91.0.4472.124 Safari/537.36"
2602:fb54:372:: - - [22/May/2025:13:24:35 -0400] "GET /404 HTTP/1.1" 404 8477 "-" "Mozilla/5.0 (Windows NT 10.0; Win64; x64) AppleWebKit/537.36 (KHTML, like Gecko) Chrome/91.0.4472.124 Safari/537.36"
198.54.114.35 - - [22/May/2025:13:48:24 -0400] "POST /wp-cron.php?doing_wp_cron=1747936103.8945839405059814453125 HTTP/1.1" 200 0 "-" "WordPress/6.8.1; https://client.socialdigiinnovator.com"
47.79.7.143 - - [22/May/2025:13:48:19 -0400] "GET / HTTP/1.1" 200 9194 "https://client.socialdigiinnovator.com/" "Mozilla/5.0 (Windows NT 10.0; Win64; x64) AppleWebKit/537.36 (KHTML, like Gecko) Chrome/114.0.0.0 Safari/537.36 Edg/114.0.1823.43"
196.16.108.186 - - [22/May/2025:13:58:26 -0400] "GET /wp-login.php HTTP/1.1" 302 0 "-" "Mozilla/5.0 (Windows NT 10.0; Win64; x64) AppleWebKit/537.36 (KHTML, like Gecko) Chrome/115.0.0.0 Safari/537.36 Edg/115.0.1901.203"
198.54.114.35 - - [22/May/2025:13:58:29 -0400] "POST /wp-cron.php?doing_wp_cron=1747936708.9450299739837646484375 HTTP/1.1" 200 0 "-" "WordPress/6.8.1; https://client.socialdigiinnovator.com"
196.16.111.214 - - [22/May/2025:13:58:26 -0400] "GET /wp-admin/admin.php HTTP/1.1" 302 0 "-" "Mozilla/5.0 (Windows NT 10.0; Win64; x64) AppleWebKit/537.36 (KHTML, like Gecko) Chrome/115.0.0.0 Safari/537.36 Edg/115.0.1901.203"
196.16.111.99 - - [22/May/2025:13:58:26 -0400] "GET /wp-admin/admin.php HTTP/1.1" 302 0 "-" "Mozilla/5.0 (Windows NT 10.0; Win64; x64) AppleWebKit/537.36 (KHTML, like Gecko) Chrome/115.0.0.0 Safari/537.36 Edg/115.0.1901.203"
196.16.111.99 - - [22/May/2025:13:58:32 -0400] "GET /wp-login.php?redirect_to=https%3A%2F%2Fclient.socialdigiinnovator.com%2Fwp-admin%2Fadmin.php&reauth=1 HTTP/1.1" 302 0 "-" "Mozilla/5.0 (Windows NT 10.0; Win64; x64) AppleWebKit/537.36 (KHTML, like Gecko) Chrome/115.0.0.0 Safari/537.36 Edg/115.0.1901.203"
196.16.110.217 - - [22/May/2025:13:58:32 -0400] "GET /wp-login.php?redirect_to=https%3A%2F%2Fclient.socialdigiinnovator.com%2Fwp-admin%2Fadmin.php&reauth=1 HTTP/1.1" 302 0 "-" "Mozilla/5.0 (Windows NT 10.0; Win64; x64) AppleWebKit/537.36 (KHTML, like Gecko) Chrome/115.0.0.0 Safari/537.36 Edg/115.0.1901.203"
196.16.111.201 - - [22/May/2025:13:58:32 -0400] "GET /404 HTTP/1.1" 404 8475 "-" "Mozilla/5.0 (Windows NT 10.0; Win64; x64) AppleWebKit/537.36 (KHTML, like Gecko) Chrome/115.0.0.0 Safari/537.36 Edg/115.0.1901.203"
198.54.114.35 - - [22/May/2025:13:58:33 -0400] "POST /wp-cron.php?doing_wp_cron=1747936713.6132440567016601562500 HTTP/1.1" 200 0 "-" "WordPress/6.8.1; https://client.socialdigiinnovator.com"
196.16.110.217 - - [22/May/2025:13:58:34 -0400] "GET /404 HTTP/1.1" 404 8477 "-" "Mozilla/5.0 (Windows NT 10.0; Win64; x64) AppleWebKit/537.36 (KHTML, like Gecko) Chrome/115.0.0.0 Safari/537.36 Edg/115.0.1901.203"
198.54.114.35 - - [22/May/2025:13:58:29 -0400] "POST /wp-cron.php?doing_wp_cron=1747936708.9449529647827148437500 HTTP/1.1" 200 0 "-" "WordPress/6.8.1; https://client.socialdigiinnovator.com"
196.16.111.201 - - [22/May/2025:13:58:26 -0400] "GET /wp-login.php HTTP/1.1" 302 0 "-" "Mozilla/5.0 (Windows NT 10.0; Win64; x64) AppleWebKit/537.36 (KHTML, like Gecko) Chrome/115.0.0.0 Safari/537.36 Edg/115.0.1901.203"
196.16.109.67 - - [22/May/2025:13:58:26 -0400] "GET /wp-login.php HTTP/1.1" 302 0 "-" "Mozilla/5.0 (Windows NT 10.0; Win64; x64) AppleWebKit/537.36 (KHTML, like Gecko) Chrome/115.0.0.0 Safari/537.36 Edg/115.0.1901.203"
196.16.110.217 - - [22/May/2025:13:58:26 -0400] "GET /wp-admin/admin.php HTTP/1.1" 302 0 "-" "Mozilla/5.0 (Windows NT 10.0; Win64; x64) AppleWebKit/537.36 (KHTML, like Gecko) Chrome/115.0.0.0 Safari/537.36 Edg/115.0.1901.203"
196.16.108.186 - - [22/May/2025:13:58:29 -0400] "GET /404 HTTP/1.1" 404 8477 "-" "Mozilla/5.0 (Windows NT 10.0; Win64; x64) AppleWebKit/537.36 (KHTML, like Gecko) Chrome/115.0.0.0 Safari/537.36 Edg/115.0.1901.203"
196.16.111.214 - - [22/May/2025:13:58:31 -0400] "GET /wp-login.php?redirect_to=https%3A%2F%2Fclient.socialdigiinnovator.com%2Fwp-admin%2Fadmin.php&reauth=1 HTTP/1.1" 302 0 "-" "Mozilla/5.0 (Windows NT 10.0; Win64; x64) AppleWebKit/537.36 (KHTML, like Gecko) Chrome/115.0.0.0 Safari/537.36 Edg/115.0.1901.203"
196.16.109.67 - - [22/May/2025:13:58:32 -0400] "GET /404 HTTP/1.1" 404 8477 "-" "Mozilla/5.0 (Windows NT 10.0; Win64; x64) AppleWebKit/537.36 (KHTML, like Gecko) Chrome/115.0.0.0 Safari/537.36 Edg/115.0.1901.203"
196.16.111.214 - - [22/May/2025:13:58:33 -0400] "GET /404 HTTP/1.1" 404 8475 "-" "Mozilla/5.0 (Windows NT 10.0; Win64; x64) AppleWebKit/537.36 (KHTML, like Gecko) Chrome/115.0.0.0 Safari/537.36 Edg/115.0.1901.203"
196.16.111.99 - - [22/May/2025:13:58:34 -0400] "GET /404 HTTP/1.1" 404 8477 "-" "Mozilla/5.0 (Windows NT 10.0; Win64; x64) AppleWebKit/537.36 (KHTML, like Gecko) Chrome/115.0.0.0 Safari/537.36 Edg/115.0.1901.203"
4.227.36.0 - - [22/May/2025:14:18:30 -0400] "GET /robots.txt HTTP/1.1" 302 0 "-" "Mozilla/5.0 AppleWebKit/537.36 (KHTML, like Gecko; compatible; GPTBot/1.2; +https://openai.com/gptbot)"
212.119.45.145 - - [22/May/2025:14:15:04 -0400] "GET /wp-login.php HTTP/1.1" 302 0 "-" "Mozilla/5.0 (Windows NT 10.0; Win64; x64) AppleWebKit/537.36 (KHTML, like Gecko) Chrome/115.0.0.0 Safari/537.36 Edg/115.0.1901.203"
198.54.114.35 - - [22/May/2025:14:15:11 -0400] "POST /wp-cron.php?doing_wp_cron=1747937711.5031130313873291015625 HTTP/1.1" 200 0 "-" "WordPress/6.8.1; https://client.socialdigiinnovator.com"
212.119.45.145 - - [22/May/2025:14:15:09 -0400] "GET /404 HTTP/1.1" 404 8477 "-" "Mozilla/5.0 (Windows NT 10.0; Win64; x64) AppleWebKit/537.36 (KHTML, like Gecko) Chrome/115.0.0.0 Safari/537.36 Edg/115.0.1901.203"
198.54.114.35 - - [22/May/2025:14:18:33 -0400] "POST /wp-cron.php?doing_wp_cron=1747937913.5477819442749023437500 HTTP/1.1" 200 0 "-" "WordPress/6.8.1; https://client.socialdigiinnovator.com"
4.227.36.0 - - [22/May/2025:14:18:34 -0400] "GET /?redirect_to=https%3A%2F%2Fclient.socialdigiinnovator.com%2Frobots.txt HTTP/1.1" 200 9195 "https://client.socialdigiinnovator.com/robots.txt" "Mozilla/5.0 AppleWebKit/537.36 (KHTML, like Gecko; compatible; GPTBot/1.2; +https://openai.com/gptbot)"
20.171.207.169 - - [22/May/2025:14:18:42 -0400] "GET /-.php/ HTTP/1.1" 404 8475 "-" "Mozilla/5.0 AppleWebKit/537.36 (KHTML, like Gecko; compatible; GPTBot/1.2; +https://openai.com/gptbot)"
198.54.114.35 - - [22/May/2025:14:19:47 -0400] "POST /wp-cron.php?doing_wp_cron=1747937987.4203419685363769531250 HTTP/1.1" 200 0 "-" "WordPress/6.8.1; https://client.socialdigiinnovator.com"
20.171.207.169 - - [22/May/2025:14:19:45 -0400] "GET /-.php/ HTTP/1.1" 404 8477 "-" "Mozilla/5.0 AppleWebKit/537.36 (KHTML, like Gecko; compatible; GPTBot/1.2; +https://openai.com/gptbot)"
2a03:2880:32ff:4:: - - [22/May/2025:14:36:50 -0400] "GET /wp-content/uploads/2022/04/Logo_Job-removebg-preview-Custom-2-150x150.png HTTP/1.1" 200 11638 "-" "facebookexternalhit/1.1 (+http://www.facebook.com/externalhit_uatext.php)"
198.54.114.35 - - [22/May/2025:15:00:00 -0400] "POST /wp-cron.php?doing_wp_cron=1747940399.9245660305023193359375 HTTP/1.1" 200 0 "-" "WordPress/6.8.1; https://client.socialdigiinnovator.com"
196.251.87.240 - - [22/May/2025:14:59:56 -0400] "GET / HTTP/1.1" 200 9194 "-" "Mozlila/5.0 (Linux; Android 7.0; SM-G892A Bulid/NRD90M; wv) AppleWebKit/537.36 (KHTML, like Gecko) Version/4.0 Chrome/60.0.3112.107 Moblie Safari/537.36"
196.251.87.240 - - [22/May/2025:14:59:56 -0400] "GET /wp-content/plugins/fix/up.php HTTP/1.1" 404 8477 "-" "Mozilla/5.0 (Windows NT 10.0; Win64; x64) AppleWebKit/537.36 (KHTML, like Gecko) Chrome/85.0.4183.102 Safari/537.36"
196.251.87.240 - - [22/May/2025:14:59:56 -0400] "POST /wp-plain.php HTTP/1.1" 404 8477 "www.google.com" "Mozilla/5.0 (Linux; Android 7.0; SM-G892A Bulid/NRD90M; wv) AppleWebKit/537.36 (KHTML, like Gecko) Version/4.0 Chrome/60.0.3112.107 Moblie Safari/537.36"
196.251.87.240 - - [22/May/2025:14:59:56 -0400] "POST /ALFA_DATA/alfacgiapi/perl.alfa HTTP/1.1" 404 8477 "www.google.com" "Mozlila/5.0 (Linux; Android 7.0; SM-G892A Bulid/NRD90M; wv) AppleWebKit/537.36 (KHTML, like Gecko) Version/4.0 Chrome/60.0.3112.107 Moblie Safari/537.36"
196.251.87.240 - - [22/May/2025:15:00:01 -0400] "GET /wp-content/themes/seotheme/db.php?u HTTP/1.1" 404 8477 "www.google.com" "Mozlila/5.0 (Linux; Android 7.0; SM-G892A Bulid/NRD90M; wv) AppleWebKit/537.36 (KHTML, like Gecko) Version/4.0 Chrome/60.0.3112.107 Moblie Safari/537.36"
196.251.87.240 - - [22/May/2025:15:00:01 -0400] "GET /plugins/content/apismtp/apismtp.php?test=hello HTTP/1.1" 404 8477 "-" "Mozlila/5.0 (Linux; Android 7.0; SM-G892A Bulid/NRD90M; wv) AppleWebKit/537.36 (KHTML, like Gecko) Version/4.0 Chrome/60.0.3112.107 Moblie Safari/537.36"
196.251.87.240 - - [22/May/2025:15:00:06 -0400] "GET /wp-content/plugins/apikey/apikey.php.suspected?test=hello HTTP/1.1" 404 8475 "-" "Mozlila/5.0 (Linux; Android 7.0; SM-G892A Bulid/NRD90M; wv) AppleWebKit/537.36 (KHTML, like Gecko) Version/4.0 Chrome/60.0.3112.107 Moblie Safari/537.36"
198.54.114.35 - - [22/May/2025:15:00:00 -0400] "POST /wp-cron.php?doing_wp_cron=1747940399.9246239662170410156250 HTTP/1.1" 200 0 "-" "WordPress/6.8.1; https://client.socialdigiinnovator.com"
196.251.87.240 - - [22/May/2025:14:59:56 -0400] "GET /wp-content/themes/seotheme/db.php?u HTTP/1.1" 404 8477 "www.google.com" "Mozlila/5.0 (Linux; Android 7.0; SM-G892A Bulid/NRD90M; wv) AppleWebKit/537.36 (KHTML, like Gecko) Version/4.0 Chrome/60.0.3112.107 Moblie Safari/537.36"
196.251.87.240 - - [22/May/2025:15:00:01 -0400] "GET /izasajpo.php?Fox=d3wL7 HTTP/1.1" 404 8477 "www.google.com" "Mozilla/5.0 (Linux; Android 7.0; SM-G892A Bulid/NRD90M; wv) AppleWebKit/537.36 (KHTML, like Gecko) Version/4.0 Chrome/60.0.3112.107 Moblie Safari/537.36"
196.251.87.240 - - [22/May/2025:15:00:00 -0400] "GET /wp-content/plugins/apikey/apikey.php?test=hello HTTP/1.1" 404 8477 "-" "Mozlila/5.0 (Linux; Android 7.0; SM-G892A Bulid/NRD90M; wv) AppleWebKit/537.36 (KHTML, like Gecko) Version/4.0 Chrome/60.0.3112.107 Moblie Safari/537.36"
196.251.87.240 - - [22/May/2025:15:00:01 -0400] "POST /alfacgiapi/perl.alfa HTTP/1.1" 404 8475 "www.google.com" "Mozlila/5.0 (Linux; Android 7.0; SM-G892A Bulid/NRD90M; wv) AppleWebKit/537.36 (KHTML, like Gecko) Version/4.0 Chrome/60.0.3112.107 Moblie Safari/537.36"
196.251.87.240 - - [22/May/2025:15:00:08 -0400] "GET /plugins/content/apismtp/apismtp.php.suspected?test=hello HTTP/1.1" 404 8477 "-" "Mozlila/5.0 (Linux; Android 7.0; SM-G892A Bulid/NRD90M; wv) AppleWebKit/537.36 (KHTML, like Gecko) Version/4.0 Chrome/60.0.3112.107 Moblie Safari/537.36"
157.66.54.162 - - [22/May/2025:15:14:49 -0400] "POST /api/phpunit/phpunit/src/Util/PHP/eval-stdin.php HTTP/1.1" 403 1242 "-" "python-requests/2.25.1"
157.66.54.162 - - [22/May/2025:15:14:52 -0400] "POST /beta/vendor/phpunit/phpunit/src/Util/PHP/eval-stdin.php HTTP/1.1" 403 1242 "-" "python-requests/2.25.1"
157.66.54.162 - - [22/May/2025:15:14:55 -0400] "POST /lib/vendor/phpunit/phpunit/src/Util/PHP/eval-stdin.php HTTP/1.1" 403 1242 "-" "python-requests/2.25.1"
157.66.54.162 - - [22/May/2025:15:14:58 -0400] "POST /v2/vendor/phpunit/phpunit/src/Util/PHP/eval-stdin.php HTTP/1.1" 403 1242 "-" "python-requests/2.25.1"
157.66.54.162 - - [22/May/2025:15:15:00 -0400] "POST /blogs/vendor/phpunit/phpunit/src/Util/PHP/eval-stdin.php HTTP/1.1" 403 1242 "-" "python-requests/2.25.1"
157.66.54.162 - - [22/May/2025:15:14:47 -0400] "POST /vendor/phpunit/phpunit/src/Util/PHP/eval-stdin.php HTTP/1.1" 403 1242 "-" "python-requests/2.25.1"
157.66.54.162 - - [22/May/2025:15:14:50 -0400] "POST /blog/vendor/phpunit/phpunit/src/Util/PHP/eval-stdin.php HTTP/1.1" 403 1242 "-" "python-requests/2.25.1"
157.66.54.162 - - [22/May/2025:15:14:57 -0400] "POST /v1/phpunit/phpunit/src/Util/PHP/eval-stdin.php HTTP/1.1" 403 1242 "-" "python-requests/2.25.1"
157.66.54.162 - - [22/May/2025:15:15:01 -0400] "POST /public/vendor/phpunit/phpunit/src/Util/PHP/eval-stdin.php HTTP/1.1" 403 1242 "-" "python-requests/2.25.1"
103.121.144.45 - - [22/May/2025:15:21:01 -0400] "GET /wp-login.php HTTP/1.1" 302 771 "-" "python-requests/2.31.0"
198.54.114.35 - - [22/May/2025:15:29:11 -0400] "POST /wp-cron.php?doing_wp_cron=1747942150.5629990100860595703125 HTTP/1.1" 200 0 "-" "WordPress/6.8.1; https://client.socialdigiinnovator.com"
187.17.145.226 - - [22/May/2025:15:29:13 -0400] "POST /xmlrpc.php HTTP/1.1" 403 1242 "-" "Mozilla/5.0 (Windows NT 6.3; Win64; x64) AppleWebKit/537.36 (KHTML, like Gecko) Chrome/101.0.4951.54 Safari/537.36"
187.17.145.226 - - [22/May/2025:15:29:18 -0400] "GET /404 HTTP/1.1" 404 8475 "-" "Mozilla/5.0 (Windows NT 6.3; Win64; x64) AppleWebKit/537.36 (KHTML, like Gecko) Chrome/101.0.4951.54 Safari/537.36"
197.254.56.238 - - [22/May/2025:15:29:20 -0400] "POST /xmlrpc.php HTTP/1.1" 403 1242 "-" "Mozilla/5.0 (Windows NT 6.3; Win64; x64) AppleWebKit/537.36 (KHTML, like Gecko) Chrome/101.0.4951.54 Safari/537.36"
197.254.56.238 - - [22/May/2025:15:29:22 -0400] "POST /wp-login.php HTTP/1.1" 302 0 "-" "Mozilla/5.0 (Windows NT 6.3; Win64; x64) AppleWebKit/537.36 (KHTML, like Gecko) Chrome/101.0.4951.54 Safari/537.36"
197.255.143.123 - - [22/May/2025:15:29:56 -0400] "POST /xmlrpc.php HTTP/1.1" 403 1242 "-" "Mozilla/5.0 (Windows NT 6.3; Win64; x64) AppleWebKit/537.36 (KHTML, like Gecko) Chrome/101.0.4951.54 Safari/537.36"
176.102.137.32 - - [22/May/2025:15:30:23 -0400] "POST /xmlrpc.php HTTP/1.1" 403 1242 "-" "Mozilla/5.0 (Windows NT 6.3; Win64; x64) AppleWebKit/537.36 (KHTML, like Gecko) Chrome/101.0.4951.54 Safari/537.36"
176.102.137.32 - - [22/May/2025:15:30:24 -0400] "POST /wp-login.php HTTP/1.1" 302 0 "-" "Mozilla/5.0 (Windows NT 6.3; Win64; x64) AppleWebKit/537.36 (KHTML, like Gecko) Chrome/101.0.4951.54 Safari/537.36"
187.17.145.226 - - [22/May/2025:15:29:07 -0400] "GET / HTTP/1.1" 200 9193 "-" "Mozilla/5.0 (Windows NT 6.3; Win64; x64) AppleWebKit/537.36 (KHTML, like Gecko) Chrome/101.0.4951.54 Safari/537.36"
187.17.145.226 - - [22/May/2025:15:29:15 -0400] "POST /wp-login.php HTTP/1.1" 302 0 "-" "Mozilla/5.0 (Windows NT 6.3; Win64; x64) AppleWebKit/537.36 (KHTML, like Gecko) Chrome/101.0.4951.54 Safari/537.36"
187.17.145.226 - - [22/May/2025:15:29:16 -0400] "GET /404 HTTP/1.1" 404 8477 "-" "Mozilla/5.0 (Windows NT 6.3; Win64; x64) AppleWebKit/537.36 (KHTML, like Gecko) Chrome/101.0.4951.54 Safari/537.36"
187.17.145.226 - - [22/May/2025:15:29:18 -0400] "POST /wp-login.php HTTP/1.1" 302 0 "-" "Mozilla/5.0 (Windows NT 6.3; Win64; x64) AppleWebKit/537.36 (KHTML, like Gecko) Chrome/101.0.4951.54 Safari/537.36"
197.254.56.238 - - [22/May/2025:15:29:24 -0400] "GET /404 HTTP/1.1" 404 8477 "-" "Mozilla/5.0 (Windows NT 6.3; Win64; x64) AppleWebKit/537.36 (KHTML, like Gecko) Chrome/101.0.4951.54 Safari/537.36"
197.254.56.238 - - [22/May/2025:15:29:25 -0400] "POST /wp-login.php HTTP/1.1" 302 0 "-" "Mozilla/5.0 (Windows NT 6.3; Win64; x64) AppleWebKit/537.36 (KHTML, like Gecko) Chrome/101.0.4951.54 Safari/537.36"
197.254.56.238 - - [22/May/2025:15:29:26 -0400] "GET /404 HTTP/1.1" 404 8475 "-" "Mozilla/5.0 (Windows NT 6.3; Win64; x64) AppleWebKit/537.36 (KHTML, like Gecko) Chrome/101.0.4951.54 Safari/537.36"
197.255.143.123 - - [22/May/2025:15:30:15 -0400] "POST /wp-login.php HTTP/1.1" 302 0 "-" "Mozilla/5.0 (Windows NT 6.3; Win64; x64) AppleWebKit/537.36 (KHTML, like Gecko) Chrome/101.0.4951.54 Safari/537.36"
198.54.114.35 - - [22/May/2025:15:30:19 -0400] "POST /wp-cron.php?doing_wp_cron=1747942219.3403890132904052734375 HTTP/1.1" 200 0 "-" "WordPress/6.8.1; https://client.socialdigiinnovator.com"
197.255.143.123 - - [22/May/2025:15:30:18 -0400] "GET /404 HTTP/1.1" 404 8475 "-" "Mozilla/5.0 (Windows NT 6.3; Win64; x64) AppleWebKit/537.36 (KHTML, like Gecko) Chrome/101.0.4951.54 Safari/537.36"
197.255.143.123 - - [22/May/2025:15:30:21 -0400] "POST /wp-login.php HTTP/1.1" 302 0 "-" "Mozilla/5.0 (Windows NT 6.3; Win64; x64) AppleWebKit/537.36 (KHTML, like Gecko) Chrome/101.0.4951.54 Safari/537.36"
197.255.143.123 - - [22/May/2025:15:30:22 -0400] "GET /404 HTTP/1.1" 404 8477 "-" "Mozilla/5.0 (Windows NT 6.3; Win64; x64) AppleWebKit/537.36 (KHTML, like Gecko) Chrome/101.0.4951.54 Safari/537.36"
176.102.137.32 - - [22/May/2025:15:30:25 -0400] "GET /404 HTTP/1.1" 404 8475 "-" "Mozilla/5.0 (Windows NT 6.3; Win64; x64) AppleWebKit/537.36 (KHTML, like Gecko) Chrome/101.0.4951.54 Safari/537.36"
176.102.137.32 - - [22/May/2025:15:30:26 -0400] "POST /wp-login.php HTTP/1.1" 302 0 "-" "Mozilla/5.0 (Windows NT 6.3; Win64; x64) AppleWebKit/537.36 (KHTML, like Gecko) Chrome/101.0.4951.54 Safari/537.36"
176.102.137.32 - - [22/May/2025:15:30:27 -0400] "GET /404 HTTP/1.1" 404 8475 "-" "Mozilla/5.0 (Windows NT 6.3; Win64; x64) AppleWebKit/537.36 (KHTML, like Gecko) Chrome/101.0.4951.54 Safari/537.36"
47.82.62.8 - - [22/May/2025:15:46:15 -0400] "GET / HTTP/1.1" 200 9193 "https://client.socialdigiinnovator.com/" "Mozilla/5.0 (Windows NT 10.0; Win64; x64) AppleWebKit/537.36 (KHTML, like Gecko) Chrome/114.0.0.0 Safari/537.36 Edg/114.0.1823.43"
198.54.114.35 - - [22/May/2025:15:46:19 -0400] "POST /wp-cron.php?doing_wp_cron=1747943179.6032280921936035156250 HTTP/1.1" 200 0 "-" "WordPress/6.8.1; https://client.socialdigiinnovator.com"
198.54.114.35 - - [22/May/2025:16:48:57 -0400] "POST /wp-cron.php?doing_wp_cron=1747946937.4436230659484863281250 HTTP/1.1" 200 0 "-" "WordPress/6.8.1; https://client.socialdigiinnovator.com"
2602:fb54:c6a:: - - [22/May/2025:16:48:54 -0400] "POST / HTTP/1.1" 200 9186 "https://client.socialdigiinnovator.com" "Mozilla/5.0 (Windows NT 10.0; Win64; x64) AppleWebKit/537.36 (KHTML, like Gecko) Chrome/136.0.0.0 Safari/537.36"
2602:fb54:c6a:: - - [22/May/2025:16:48:58 -0400] "GET / HTTP/1.1" 200 9193 "https://client.socialdigiinnovator.com" "Mozilla/5.0 (Windows NT 10.0; Win64; x64) AppleWebKit/537.36 (KHTML, like Gecko) Chrome/136.0.0.0 Safari/537.36"
2602:fb54:c7b:: - - [22/May/2025:17:40:30 -0400] "GET /wordpress/wp-login.php HTTP/1.1" 302 0 "-" "Mozilla/5.0 (Windows NT 10.0; Win64; x64) AppleWebKit/537.36 (KHTML, like Gecko) Chrome/91.0.4472.124 Safari/537.36"
2602:fb54:c7b:: - - [22/May/2025:17:40:31 -0400] "GET /404 HTTP/1.1" 404 8477 "-" "Mozilla/5.0 (Windows NT 10.0; Win64; x64) AppleWebKit/537.36 (KHTML, like Gecko) Chrome/91.0.4472.124 Safari/537.36"
2602:fb54:c7b:: - - [22/May/2025:17:40:31 -0400] "GET /blog/wp-login.php HTTP/1.1" 302 0 "-" "Mozilla/5.0 (Windows NT 10.0; Win64; x64) AppleWebKit/537.36 (KHTML, like Gecko) Chrome/91.0.4472.124 Safari/537.36"
2602:fb54:c7b:: - - [22/May/2025:17:40:32 -0400] "GET /404 HTTP/1.1" 404 8477 "-" "Mozilla/5.0 (Windows NT 10.0; Win64; x64) AppleWebKit/537.36 (KHTML, like Gecko) Chrome/91.0.4472.124 Safari/537.36"
2602:fb54:c7b:: - - [22/May/2025:17:40:32 -0400] "POST /wp-login.php HTTP/1.1" 302 0 "https://client.socialdigiinnovator.com/wp-admin/" "Mozilla/5.0 (Windows NT 10.0; Win64; x64) AppleWebKit/537.36 (KHTML, like Gecko) Chrome/91.0.4472.124 Safari/537.36"
2602:fb54:c7b:: - - [22/May/2025:17:40:33 -0400] "GET /404 HTTP/1.1" 404 8475 "https://client.socialdigiinnovator.com/wp-admin/" "Mozilla/5.0 (Windows NT 10.0; Win64; x64) AppleWebKit/537.36 (KHTML, like Gecko) Chrome/91.0.4472.124 Safari/537.36"
2602:fb54:c7b:: - - [22/May/2025:17:40:26 -0400] "GET /wp-login.php HTTP/1.1" 302 0 "-" "Mozilla/5.0 (Windows NT 10.0; Win64; x64) AppleWebKit/537.36 (KHTML, like Gecko) Chrome/91.0.4472.124 Safari/537.36"
198.54.114.35 - - [22/May/2025:17:40:29 -0400] "POST /wp-cron.php?doing_wp_cron=1747950029.6306040287017822265625 HTTP/1.1" 200 0 "-" "WordPress/6.8.1; https://client.socialdigiinnovator.com"
2602:fb54:c7b:: - - [22/May/2025:17:40:28 -0400] "GET /404 HTTP/1.1" 404 8477 "-" "Mozilla/5.0 (Windows NT 10.0; Win64; x64) AppleWebKit/537.36 (KHTML, like Gecko) Chrome/91.0.4472.124 Safari/537.36"
198.54.114.35 - - [22/May/2025:17:40:33 -0400] "POST /wp-cron.php?doing_wp_cron=1747950033.2236309051513671875000 HTTP/1.1" 200 0 "-" "WordPress/6.8.1; https://client.socialdigiinnovator.com"
2602:fb54:c7b:: - - [22/May/2025:17:40:33 -0400] "GET /wp-admin/ HTTP/1.1" 302 0 "-" "Mozilla/5.0 (Windows NT 10.0; Win64; x64) AppleWebKit/537.36 (KHTML, like Gecko) Chrome/91.0.4472.124 Safari/537.36"
2602:fb54:c7b:: - - [22/May/2025:17:40:34 -0400] "GET /wp-login.php?redirect_to=https%3A%2F%2Fclient.socialdigiinnovator.com%2Fwp-admin%2F&reauth=1 HTTP/1.1" 302 0 "-" "Mozilla/5.0 (Windows NT 10.0; Win64; x64) AppleWebKit/537.36 (KHTML, like Gecko) Chrome/91.0.4472.124 Safari/537.36"
2602:fb54:c7b:: - - [22/May/2025:17:40:34 -0400] "GET /404 HTTP/1.1" 404 8477 "-" "Mozilla/5.0 (Windows NT 10.0; Win64; x64) AppleWebKit/537.36 (KHTML, like Gecko) Chrome/91.0.4472.124 Safari/537.36"
198.54.114.35 - - [22/May/2025:18:15:13 -0400] "POST /wp-cron.php?doing_wp_cron=1747952113.0376191139221191406250 HTTP/1.1" 200 0 "-" "WordPress/6.8.1; https://client.socialdigiinnovator.com"
49.51.252.146 - - [22/May/2025:18:15:06 -0400] "GET / HTTP/1.1" 200 9194 "http://client.socialdigiinnovator.com" "Mozilla/5.0 (iPhone; CPU iPhone OS 13_2_3 like Mac OS X) AppleWebKit/605.1.15 (KHTML, like Gecko) Version/13.0.3 Mobile/15E148 Safari/604.1"
198.54.114.35 - - [22/May/2025:18:31:15 -0400] "POST /wp-cron.php?doing_wp_cron=1747953075.0831089019775390625000 HTTP/1.1" 200 0 "-" "WordPress/6.8.1; https://client.socialdigiinnovator.com"
49.51.72.76 - - [22/May/2025:18:31:09 -0400] "GET /password-reset/ HTTP/1.1" 200 9198 "-" "Mozilla/5.0 (iPhone; CPU iPhone OS 13_2_3 like Mac OS X) AppleWebKit/605.1.15 (KHTML, like Gecko) Version/13.0.3 Mobile/15E148 Safari/604.1"
198.54.114.35 - - [22/May/2025:18:39:41 -0400] "POST /wp-cron.php?doing_wp_cron=1747953581.0340011119842529296875 HTTP/1.1" 200 0 "-" "WordPress/6.8.1; https://client.socialdigiinnovator.com"
43.130.16.140 - - [22/May/2025:18:39:37 -0400] "GET /wp-json/oembed/1.0/embed?url=https%3A%2F%2Fclient.socialdigiinnovator.com%2F&format=xml HTTP/1.1" 200 1041 "-" "Mozilla/5.0 (iPhone; CPU iPhone OS 13_2_3 like Mac OS X) AppleWebKit/605.1.15 (KHTML, like Gecko) Version/13.0.3 Mobile/15E148 Safari/604.1"
198.54.114.35 - - [22/May/2025:18:48:00 -0400] "POST /wp-cron.php?doing_wp_cron=1747954079.8610560894012451171875 HTTP/1.1" 200 0 "-" "WordPress/6.8.1; https://client.socialdigiinnovator.com"
43.159.141.150 - - [22/May/2025:18:47:57 -0400] "GET /wp-json/wp/v2/pages/153 HTTP/1.1" 200 7532 "-" "Mozilla/5.0 (iPhone; CPU iPhone OS 13_2_3 like Mac OS X) AppleWebKit/605.1.15 (KHTML, like Gecko) Version/13.0.3 Mobile/15E148 Safari/604.1"
43.130.3.120 - - [22/May/2025:18:58:50 -0400] "GET /xmlrpc.php?rsd HTTP/1.1" 403 1242 "-" "Mozilla/5.0 (iPhone; CPU iPhone OS 13_2_3 like Mac OS X) AppleWebKit/605.1.15 (KHTML, like Gecko) Version/13.0.3 Mobile/15E148 Safari/604.1"
5.188.87.35 - - [22/May/2025:19:02:36 -0400] "GET /xmlrpc.php HTTP/1.1" 403 1242 "http://client.socialdigiinnovator.com/xmlrpc.php" "Mozilla/5.0 (Macintosh; Intel Mac OS X 10_15_7) AppleWebKit/605.1.15 (KHTML, like Gecko) Version/15.1 Safari/605.1.15"
5.188.87.35 - - [22/May/2025:19:02:36 -0400] "GET /xmlrpc.php HTTP/1.1" 403 1242 "http://client.socialdigiinnovator.com/xmlrpc.php" "Mozilla/5.0 (Windows NT 10.0; Win64; x64) AppleWebKit/537.36 (KHTML, like Gecko) Chrome/97.0.4692.99 Safari/537.36"
43.157.168.43 - - [22/May/2025:19:18:15 -0400] "GET /wp-json/wp/v2/pages/158 HTTP/1.1" 200 3337 "-" "Mozilla/5.0 (iPhone; CPU iPhone OS 13_2_3 like Mac OS X) AppleWebKit/605.1.15 (KHTML, like Gecko) Version/13.0.3 Mobile/15E148 Safari/604.1"
198.54.114.35 - - [22/May/2025:19:18:19 -0400] "POST /wp-cron.php?doing_wp_cron=1747955898.4832220077514648437500 HTTP/1.1" 200 0 "-" "WordPress/6.8.1; https://client.socialdigiinnovator.com"
198.54.114.35 - - [22/May/2025:19:16:49 -0400] "POST /wp-cron.php?doing_wp_cron=1747955808.7095139026641845703125 HTTP/1.1" 200 0 "-" "WordPress/6.8.1; https://client.socialdigiinnovator.com"
47.82.60.38 - - [22/May/2025:19:16:44 -0400] "GET / HTTP/1.1" 200 9194 "https://client.socialdigiinnovator.com/" "Mozilla/5.0 (Windows NT 10.0; Win64; x64) AppleWebKit/537.36 (KHTML, like Gecko) Chrome/114.0.0.0 Safari/537.36 Edg/114.0.1823.43"
198.54.114.35 - - [22/May/2025:19:09:05 -0400] "POST /wp-cron.php?doing_wp_cron=1747955344.9161410331726074218750 HTTP/1.1" 200 0 "-" "WordPress/6.8.1; https://client.socialdigiinnovator.com"
170.106.113.159 - - [22/May/2025:19:09:00 -0400] "GET /onboarding/ HTTP/1.1" 200 8590 "-" "Mozilla/5.0 (iPhone; CPU iPhone OS 13_2_3 like Mac OS X) AppleWebKit/605.1.15 (KHTML, like Gecko) Version/13.0.3 Mobile/15E148 Safari/604.1"
198.54.114.35 - - [22/May/2025:19:28:09 -0400] "POST /wp-cron.php?doing_wp_cron=1747956488.7204759120941162109375 HTTP/1.1" 200 0 "-" "WordPress/6.8.1; https://client.socialdigiinnovator.com"
43.157.38.228 - - [22/May/2025:19:28:05 -0400] "GET /?p=158 HTTP/1.1" 301 0 "-" "Mozilla/5.0 (iPhone; CPU iPhone OS 13_2_3 like Mac OS X) AppleWebKit/605.1.15 (KHTML, like Gecko) Version/13.0.3 Mobile/15E148 Safari/604.1"
43.157.38.228 - - [22/May/2025:19:28:10 -0400] "GET /password-reset/ HTTP/1.1" 200 9198 "https://client.socialdigiinnovator.com/?p=158" "Mozilla/5.0 (iPhone; CPU iPhone OS 13_2_3 like Mac OS X) AppleWebKit/605.1.15 (KHTML, like Gecko) Version/13.0.3 Mobile/15E148 Safari/604.1"
198.54.114.35 - - [22/May/2025:19:48:36 -0400] "POST /wp-cron.php?doing_wp_cron=1747957716.1902809143066406250000 HTTP/1.1" 200 0 "-" "WordPress/6.8.1; https://client.socialdigiinnovator.com"
198.54.114.35 - - [22/May/2025:19:38:35 -0400] "POST /wp-cron.php?doing_wp_cron=1747957115.7840650081634521484375 HTTP/1.1" 200 0 "-" "WordPress/6.8.1; https://client.socialdigiinnovator.com"
129.226.93.214 - - [22/May/2025:19:38:32 -0400] "GET /embed/ HTTP/1.1" 301 0 "-" "Mozilla/5.0 (iPhone; CPU iPhone OS 13_2_3 like Mac OS X) AppleWebKit/605.1.15 (KHTML, like Gecko) Version/13.0.3 Mobile/15E148 Safari/604.1"
129.226.93.214 - - [22/May/2025:19:38:39 -0400] "GET / HTTP/1.1" 200 9194 "https://client.socialdigiinnovator.com/embed/" "Mozilla/5.0 (iPhone; CPU iPhone OS 13_2_3 like Mac OS X) AppleWebKit/605.1.15 (KHTML, like Gecko) Version/13.0.3 Mobile/15E148 Safari/604.1"
170.39.218.58 - - [22/May/2025:19:42:03 -0400] "GET /wp-content/plugins/elementor/assets/js/frontend.min.js?ver=3.28.4 HTTP/1.1" 304 0 "-" "Mozilla/5.0 (Windows NT 10.0; Win64; x64) AppleWebKit/537.36 Chrome/121.0.0.0"
162.62.213.187 - - [22/May/2025:19:48:29 -0400] "GET /onboarding/ HTTP/1.1" 200 8590 "-" "Mozilla/5.0 (iPhone; CPU iPhone OS 13_2_3 like Mac OS X) AppleWebKit/605.1.15 (KHTML, like Gecko) Version/13.0.3 Mobile/15E148 Safari/604.1"
198.54.114.35 - - [22/May/2025:20:12:55 -0400] "POST /wp-cron.php?doing_wp_cron=1747959175.2107601165771484375000 HTTP/1.1" 200 0 "-" "WordPress/6.8.1; https://client.socialdigiinnovator.com"
43.130.67.33 - - [22/May/2025:20:12:51 -0400] "GET /wp-json/wp/v2/pages/542 HTTP/1.1" 200 1649 "-" "Mozilla/5.0 (iPhone; CPU iPhone OS 13_2_3 like Mac OS X) AppleWebKit/605.1.15 (KHTML, like Gecko) Version/13.0.3 Mobile/15E148 Safari/604.1"
198.54.114.35 - - [22/May/2025:20:20:10 -0400] "POST /wp-cron.php?doing_wp_cron=1747959610.3903169631958007812500 HTTP/1.1" 200 0 "-" "WordPress/6.8.1; https://client.socialdigiinnovator.com"
43.130.34.74 - - [22/May/2025:20:20:06 -0400] "GET /password-reset/ HTTP/1.1" 200 9196 "-" "Mozilla/5.0 (iPhone; CPU iPhone OS 13_2_3 like Mac OS X) AppleWebKit/605.1.15 (KHTML, like Gecko) Version/13.0.3 Mobile/15E148 Safari/604.1"
198.54.114.35 - - [22/May/2025:20:24:47 -0400] "POST /wp-cron.php?doing_wp_cron=1747959886.9968669414520263671875 HTTP/1.1" 200 0 "-" "WordPress/6.8.1; https://client.socialdigiinnovator.com"
188.208.16.123 - - [22/May/2025:20:24:49 -0400] "GET /404 HTTP/1.1" 404 8475 "-" "Mozilla/5.0 (Windows NT 10.0; Win64; x64) AppleWebKit/537.36 (KHTML, like Gecko) Chrome/115.0.0.0 Safari/537.36 Edg/115.0.1901.203"
188.208.16.123 - - [22/May/2025:20:24:42 -0400] "GET /wp-admin/admin.php HTTP/1.1" 302 0 "-" "Mozilla/5.0 (Windows NT 10.0; Win64; x64) AppleWebKit/537.36 (KHTML, like Gecko) Chrome/115.0.0.0 Safari/537.36 Edg/115.0.1901.203"
188.208.16.123 - - [22/May/2025:20:24:48 -0400] "GET /wp-login.php?redirect_to=https%3A%2F%2Fclient.socialdigiinnovator.com%2Fwp-admin%2Fadmin.php&reauth=1 HTTP/1.1" 302 0 "-" "Mozilla/5.0 (Windows NT 10.0; Win64; x64) AppleWebKit/537.36 (KHTML, like Gecko) Chrome/115.0.0.0 Safari/537.36 Edg/115.0.1901.203"
198.54.114.35 - - [22/May/2025:20:29:31 -0400] "POST /wp-cron.php?doing_wp_cron=1747960170.8315370082855224609375 HTTP/1.1" 200 0 "-" "WordPress/6.8.1; https://client.socialdigiinnovator.com"
43.130.53.252 - - [22/May/2025:20:29:27 -0400] "GET /wp-json/oembed/1.0/embed?url=https%3A%2F%2Fclient.socialdigiinnovator.com%2Fpassword-reset%2F&format=xml HTTP/1.1" 200 1052 "-" "Mozilla/5.0 (iPhone; CPU iPhone OS 13_2_3 like Mac OS X) AppleWebKit/605.1.15 (KHTML, like Gecko) Version/13.0.3 Mobile/15E148 Safari/604.1"
43.167.236.228 - - [22/May/2025:20:38:22 -0400] "GET /?p=542 HTTP/1.1" 301 0 "-" "Mozilla/5.0 (iPhone; CPU iPhone OS 13_2_3 like Mac OS X) AppleWebKit/605.1.15 (KHTML, like Gecko) Version/13.0.3 Mobile/15E148 Safari/604.1"
43.167.236.228 - - [22/May/2025:20:38:28 -0400] "GET /onboarding/ HTTP/1.1" 200 8589 "https://client.socialdigiinnovator.com/?p=542" "Mozilla/5.0 (iPhone; CPU iPhone OS 13_2_3 like Mac OS X) AppleWebKit/605.1.15 (KHTML, like Gecko) Version/13.0.3 Mobile/15E148 Safari/604.1"
198.54.114.35 - - [22/May/2025:20:38:26 -0400] "POST /wp-cron.php?doing_wp_cron=1747960706.6553270816802978515625 HTTP/1.1" 200 0 "-" "WordPress/6.8.1; https://client.socialdigiinnovator.com"
198.54.114.35 - - [22/May/2025:20:47:02 -0400] "POST /wp-cron.php?doing_wp_cron=1747961222.5556221008300781250000 HTTP/1.1" 200 0 "-" "WordPress/6.8.1; https://client.socialdigiinnovator.com"
198.54.114.35 - - [22/May/2025:20:46:55 -0400] "GET / HTTP/1.1" 200 9191 "-" "Mozilla/5.0 (Windows NT 10.0; Win64; x64; rv:122.0) Gecko/20100101 Firefox/122.0"
198.54.114.35 - - [22/May/2025:20:48:46 -0400] "POST /wp-cron.php?doing_wp_cron=1747961326.5852770805358886718750 HTTP/1.1" 200 0 "-" "WordPress/6.8.1; https://client.socialdigiinnovator.com"
43.153.35.128 - - [22/May/2025:20:48:42 -0400] "GET /wp-json/oembed/1.0/embed?url=https%3A%2F%2Fclient.socialdigiinnovator.com%2Fonboarding%2F&format=xml HTTP/1.1" 200 1040 "-" "Mozilla/5.0 (iPhone; CPU iPhone OS 13_2_3 like Mac OS X) AppleWebKit/605.1.15 (KHTML, like Gecko) Version/13.0.3 Mobile/15E148 Safari/604.1"