4.213.160.163 - - [27/May/2025:11:18:48 -0400] "GET /wp-includes/js/codemirror/ HTTP/1.1" 200 1135 "binance.com" "Mozilla/5.0 (Windows NT 10.0; Win64; x64) AppleWebKit/537.36 (KHTML, like Gecko) Chrome/90.0.4430.85 Safari/537.36"
4.213.160.163 - - [27/May/2025:11:18:58 -0400] "GET /wp-includes/js/plupload/ HTTP/1.1" 200 1187 "binance.com" "Mozilla/5.0 (Windows NT 10.0; Win64; x64) AppleWebKit/537.36 (KHTML, like Gecko) Chrome/90.0.4430.85 Safari/537.36"
198.54.114.35 - - [27/May/2025:11:19:09 -0400] "POST /wp-cron.php?doing_wp_cron=1748359149.6616539955139160156250 HTTP/1.1" 200 0 "-" "WordPress/6.8.1; https://socialsolargreen.com"
198.54.114.35 - - [27/May/2025:11:19:10 -0400] "POST /wp-admin/admin-ajax.php?action=async_litespeed&nonce=o01T8FQeXX9lvXvWiS5pphD6wP7E3RBI&litespeed_type=imgoptm HTTP/1.1" 200 5 "-" "WordPress/6.8.1; https://socialsolargreen.com"
182.69.178.28 - - [27/May/2025:11:39:20 -0400] "GET /contact HTTP/1.1" 301 0 "-" "Mozilla/5.0 (Windows NT 10.0; WOW64) AppleWebKit/537.36 (KHTML, like Gecko) Chrome/114.0.0.0 YaBrowser/22.7.0 Yowser/2.5 Safari/537.36"
198.54.114.35 - - [27/May/2025:11:39:26 -0400] "POST /wp-admin/admin-ajax.php?action=async_litespeed&nonce=kbBOTiYoOAUYx4bvAOrNRkPvGl5QvfWK&litespeed_type=imgoptm HTTP/1.1" 200 0 "-" "WordPress/6.8.1; https://socialsolargreen.com"
182.69.178.28 - - [27/May/2025:11:39:29 -0400] "GET /about-us/ HTTP/1.1" 200 27278 "https://socialsolargreen.com/contact/" "Mozilla/5.0 (Windows NT 10.0; WOW64) AppleWebKit/537.36 (KHTML, like Gecko) Chrome/114.0.0.0 YaBrowser/22.7.0 Yowser/2.5 Safari/537.36"
182.69.178.28 - - [27/May/2025:11:39:31 -0400] "GET /?p=259 HTTP/1.1" 301 0 "https://socialsolargreen.com/contact/" "Mozilla/5.0 (Windows NT 10.0; WOW64) AppleWebKit/537.36 (KHTML, like Gecko) Chrome/114.0.0.0 YaBrowser/22.7.0 Yowser/2.5 Safari/537.36"
182.69.178.28 - - [27/May/2025:11:39:32 -0400] "GET /contact/ HTTP/1.1" 200 25276 "https://socialsolargreen.com/?p=259" "Mozilla/5.0 (Windows NT 10.0; WOW64) AppleWebKit/537.36 (KHTML, like Gecko) Chrome/114.0.0.0 YaBrowser/22.7.0 Yowser/2.5 Safari/537.36"
182.69.178.28 - - [27/May/2025:11:39:34 -0400] "GET /residential/ HTTP/1.1" 200 28113 "https://socialsolargreen.com/contact/" "Mozilla/5.0 (Windows NT 10.0; WOW64) AppleWebKit/537.36 (KHTML, like Gecko) Chrome/114.0.0.0 YaBrowser/22.7.0 Yowser/2.5 Safari/537.36"
182.69.178.28 - - [27/May/2025:11:39:43 -0400] "GET /agricultural/ HTTP/1.1" 200 23942 "https://socialsolargreen.com/contact/" "Mozilla/5.0 (Windows NT 10.0; WOW64) AppleWebKit/537.36 (KHTML, like Gecko) Chrome/114.0.0.0 YaBrowser/22.7.0 Yowser/2.5 Safari/537.36"
182.69.178.28 - - [27/May/2025:11:39:46 -0400] "GET /wp-content/uploads/2023/10/512X512-300x300.webp HTTP/1.1" 200 18898 "https://socialsolargreen.com/contact/" "Mozilla/5.0 (Windows NT 10.0; WOW64) AppleWebKit/537.36 (KHTML, like Gecko) Chrome/114.0.0.0 YaBrowser/22.7.0 Yowser/2.5 Safari/537.36"
182.69.178.28 - - [27/May/2025:11:39:52 -0400] "GET /become-a-partner HTTP/1.1" 301 0 "https://socialsolargreen.com/contact/" "Mozilla/5.0 (Windows NT 10.0; WOW64) AppleWebKit/537.36 (KHTML, like Gecko) Chrome/114.0.0.0 YaBrowser/22.7.0 Yowser/2.5 Safari/537.36"
182.69.178.28 - - [27/May/2025:11:40:09 -0400] "GET /wp-content/uploads/2023/10/logo.webp HTTP/1.1" 200 11844 "https://socialsolargreen.com/contact/" "Mozilla/5.0 (Windows NT 10.0; WOW64) AppleWebKit/537.36 (KHTML, like Gecko) Chrome/114.0.0.0 YaBrowser/22.7.0 Yowser/2.5 Safari/537.36"
182.69.178.28 - - [27/May/2025:11:40:10 -0400] "GET /blog/ HTTP/1.1" 200 23667 "https://socialsolargreen.com/contact/" "Mozilla/5.0 (Windows NT 10.0; WOW64) AppleWebKit/537.36 (KHTML, like Gecko) Chrome/114.0.0.0 YaBrowser/22.7.0 Yowser/2.5 Safari/537.36"
198.54.114.35 - - [27/May/2025:11:40:12 -0400] "POST /wp-cron.php?doing_wp_cron=1748360412.6775009632110595703125 HTTP/1.1" 200 0 "-" "WordPress/6.8.1; https://socialsolargreen.com"
198.54.114.35 - - [27/May/2025:11:40:13 -0400] "POST /wp-admin/admin-ajax.php?action=async_litespeed&nonce=RVpgs9CySK8KKvpolTeFWmnXdgDJ3ymR&litespeed_type=imgoptm HTTP/1.1" 200 5 "-" "WordPress/6.8.1; https://socialsolargreen.com"
182.69.178.28 - - [27/May/2025:11:40:15 -0400] "GET /contact/ HTTP/1.1" 200 25276 "https://socialsolargreen.com/contact/" "Mozilla/5.0 (Windows NT 10.0; WOW64) AppleWebKit/537.36 (KHTML, like Gecko) Chrome/114.0.0.0 YaBrowser/22.7.0 Yowser/2.5 Safari/537.36"
182.69.178.28 - - [27/May/2025:11:40:23 -0400] "GET /wp-json/wp/v2/pages/259 HTTP/1.1" 200 28722 "https://socialsolargreen.com/contact/" "Mozilla/5.0 (Windows NT 10.0; WOW64) AppleWebKit/537.36 (KHTML, like Gecko) Chrome/114.0.0.0 YaBrowser/22.7.0 Yowser/2.5 Safari/537.36"
182.69.178.28 - - [27/May/2025:11:40:27 -0400] "GET / HTTP/1.1" 200 29850 "-" "Mozilla/5.0 (Windows NT 10.0; WOW64) AppleWebKit/537.36 (KHTML, like Gecko) Chrome/114.0.0.0 YaBrowser/22.7.0 Yowser/2.5 Safari/537.36"
198.54.114.35 - - [27/May/2025:11:39:25 -0400] "POST /wp-cron.php?doing_wp_cron=1748360365.0536611080169677734375 HTTP/1.1" 200 0 "-" "WordPress/6.8.1; https://socialsolargreen.com"
182.69.178.28 - - [27/May/2025:11:39:28 -0400] "GET /contact/ HTTP/1.1" 200 25276 "https://socialsolargreen.com/contact" "Mozilla/5.0 (Windows NT 10.0; WOW64) AppleWebKit/537.36 (KHTML, like Gecko) Chrome/114.0.0.0 YaBrowser/22.7.0 Yowser/2.5 Safari/537.36"
182.69.178.28 - - [27/May/2025:11:39:43 -0400] "GET /wp-content/uploads/2023/10/512X512-150x150.webp HTTP/1.1" 200 8016 "https://socialsolargreen.com/contact/" "Mozilla/5.0 (Windows NT 10.0; WOW64) AppleWebKit/537.36 (KHTML, like Gecko) Chrome/114.0.0.0 YaBrowser/22.7.0 Yowser/2.5 Safari/537.36"
182.69.178.28 - - [27/May/2025:11:39:48 -0400] "GET /commercial/ HTTP/1.1" 200 23973 "https://socialsolargreen.com/contact/" "Mozilla/5.0 (Windows NT 10.0; WOW64) AppleWebKit/537.36 (KHTML, like Gecko) Chrome/114.0.0.0 YaBrowser/22.7.0 Yowser/2.5 Safari/537.36"
182.69.178.28 - - [27/May/2025:11:39:50 -0400] "GET /wp-content/uploads/2023/10/footer-logo-1-1024x341.webp HTTP/1.1" 200 44518 "https://socialsolargreen.com/contact/" "Mozilla/5.0 (Windows NT 10.0; WOW64) AppleWebKit/537.36 (KHTML, like Gecko) Chrome/114.0.0.0 YaBrowser/22.7.0 Yowser/2.5 Safari/537.36"
182.69.178.28 - - [27/May/2025:11:39:53 -0400] "GET /become-a-partner/ HTTP/1.1" 200 24152 "https://socialsolargreen.com/become-a-partner" "Mozilla/5.0 (Windows NT 10.0; WOW64) AppleWebKit/537.36 (KHTML, like Gecko) Chrome/114.0.0.0 YaBrowser/22.7.0 Yowser/2.5 Safari/537.36"
182.69.178.28 - - [27/May/2025:11:39:57 -0400] "GET /wp-content/uploads/2023/10/footer-logo-1-300x100.webp HTTP/1.1" 200 9948 "https://socialsolargreen.com/contact/" "Mozilla/5.0 (Windows NT 10.0; WOW64) AppleWebKit/537.36 (KHTML, like Gecko) Chrome/114.0.0.0 YaBrowser/22.7.0 Yowser/2.5 Safari/537.36"
182.69.178.28 - - [27/May/2025:11:39:58 -0400] "GET / HTTP/1.1" 200 29850 "https://socialsolargreen.com/contact/" "Mozilla/5.0 (Windows NT 10.0; WOW64) AppleWebKit/537.36 (KHTML, like Gecko) Chrome/114.0.0.0 YaBrowser/22.7.0 Yowser/2.5 Safari/537.36"
182.69.178.28 - - [27/May/2025:11:39:59 -0400] "GET /wp-content/uploads/2023/10/footer-logo-1-768x256.webp HTTP/1.1" 200 31222 "https://socialsolargreen.com/contact/" "Mozilla/5.0 (Windows NT 10.0; WOW64) AppleWebKit/537.36 (KHTML, like Gecko) Chrome/114.0.0.0 YaBrowser/22.7.0 Yowser/2.5 Safari/537.36"
182.69.178.28 - - [27/May/2025:11:40:03 -0400] "GET /wp-content/uploads/2023/10/footer-logo-1.webp HTTP/1.1" 200 33922 "https://socialsolargreen.com/contact/" "Mozilla/5.0 (Windows NT 10.0; WOW64) AppleWebKit/537.36 (KHTML, like Gecko) Chrome/114.0.0.0 YaBrowser/22.7.0 Yowser/2.5 Safari/537.36"
182.69.178.28 - - [27/May/2025:11:40:04 -0400] "GET / HTTP/1.1" 200 29850 "https://socialsolargreen.com/contact/" "Mozilla/5.0 (Windows NT 10.0; WOW64) AppleWebKit/537.36 (KHTML, like Gecko) Chrome/114.0.0.0 YaBrowser/22.7.0 Yowser/2.5 Safari/537.36"
182.69.178.28 - - [27/May/2025:11:40:12 -0400] "GET /wp-json/ HTTP/1.1" 200 404918 "https://socialsolargreen.com/contact/" "Mozilla/5.0 (Windows NT 10.0; WOW64) AppleWebKit/537.36 (KHTML, like Gecko) Chrome/114.0.0.0 YaBrowser/22.7.0 Yowser/2.5 Safari/537.36"
182.69.178.28 - - [27/May/2025:11:40:19 -0400] "GET /wp-json/elementskit/v1/ HTTP/1.1" 404 114 "https://socialsolargreen.com/contact/" "Mozilla/5.0 (Windows NT 10.0; WOW64) AppleWebKit/537.36 (KHTML, like Gecko) Chrome/114.0.0.0 YaBrowser/22.7.0 Yowser/2.5 Safari/537.36"
182.69.178.28 - - [27/May/2025:11:40:20 -0400] "GET /privacy-policy/ HTTP/1.1" 200 24898 "https://socialsolargreen.com/contact/" "Mozilla/5.0 (Windows NT 10.0; WOW64) AppleWebKit/537.36 (KHTML, like Gecko) Chrome/114.0.0.0 YaBrowser/22.7.0 Yowser/2.5 Safari/537.36"
182.69.178.28 - - [27/May/2025:11:40:26 -0400] "GET /xmlrpc.php?rsd HTTP/1.1" 200 298 "https://socialsolargreen.com/contact/" "Mozilla/5.0 (Windows NT 10.0; WOW64) AppleWebKit/537.36 (KHTML, like Gecko) Chrome/114.0.0.0 YaBrowser/22.7.0 Yowser/2.5 Safari/537.36"
182.69.178.28 - - [27/May/2025:11:40:33 -0400] "GET /residential/ HTTP/1.1" 200 28113 "https://socialsolargreen.com/" "Mozilla/5.0 (Windows NT 10.0; WOW64) AppleWebKit/537.36 (KHTML, like Gecko) Chrome/114.0.0.0 YaBrowser/22.7.0 Yowser/2.5 Safari/537.36"
182.69.178.28 - - [27/May/2025:11:40:35 -0400] "GET /agricultural/ HTTP/1.1" 200 23942 "https://socialsolargreen.com/" "Mozilla/5.0 (Windows NT 10.0; WOW64) AppleWebKit/537.36 (KHTML, like Gecko) Chrome/114.0.0.0 YaBrowser/22.7.0 Yowser/2.5 Safari/537.36"
182.69.178.28 - - [27/May/2025:11:40:45 -0400] "GET / HTTP/1.1" 200 29850 "https://socialsolargreen.com/" "Mozilla/5.0 (Windows NT 10.0; WOW64) AppleWebKit/537.36 (KHTML, like Gecko) Chrome/114.0.0.0 YaBrowser/22.7.0 Yowser/2.5 Safari/537.36"
182.69.178.28 - - [27/May/2025:11:40:49 -0400] "GET /author/si6gd/ HTTP/1.1" 200 23371 "https://socialsolargreen.com/" "Mozilla/5.0 (Windows NT 10.0; WOW64) AppleWebKit/537.36 (KHTML, like Gecko) Chrome/114.0.0.0 YaBrowser/22.7.0 Yowser/2.5 Safari/537.36"
182.69.178.28 - - [27/May/2025:11:40:51 -0400] "GET /wp-json/ HTTP/1.1" 200 404918 "https://socialsolargreen.com/" "Mozilla/5.0 (Windows NT 10.0; WOW64) AppleWebKit/537.36 (KHTML, like Gecko) Chrome/114.0.0.0 YaBrowser/22.7.0 Yowser/2.5 Safari/537.36"
198.54.114.35 - - [27/May/2025:11:40:59 -0400] "POST /wp-admin/admin-ajax.php?action=async_litespeed&nonce=B2Qp76JB2lOsOjnWeZW2rXqZATs9Y1Fo&litespeed_type=imgoptm HTTP/1.1" 200 5 "-" "WordPress/6.8.1; https://socialsolargreen.com"
182.69.178.28 - - [27/May/2025:11:41:04 -0400] "GET /contact/ HTTP/1.1" 200 25276 "https://socialsolargreen.com/" "Mozilla/5.0 (Windows NT 10.0; WOW64) AppleWebKit/537.36 (KHTML, like Gecko) Chrome/114.0.0.0 YaBrowser/22.7.0 Yowser/2.5 Safari/537.36"
198.54.114.35 - - [27/May/2025:11:47:00 -0400] "POST /wp-cron.php?doing_wp_cron=1748360820.4252979755401611328125 HTTP/1.1" 200 0 "-" "WordPress/6.8.1; https://socialsolargreen.com"
208.85.17.196 - - [27/May/2025:11:46:55 -0400] "GET /wp-content/plugins/file-away/readme.txt HTTP/1.1" 404 22478 "-" "Mozilla/5.0 (Macintosh; Intel Mac OS X 10_15_7) AppleWebKit/537.36 (KHTML, like Gecko) Chrome/124.0.0.0 Safari/537.36"
51.222.253.15 - - [27/May/2025:11:47:57 -0400] "GET /author/si6gd/ HTTP/1.1" 200 23371 "-" "Mozilla/5.0 (compatible; AhrefsBot/7.0; +http://ahrefs.com/robot/)"
182.69.178.28 - - [27/May/2025:11:40:28 -0400] "GET /about-us/ HTTP/1.1" 200 27278 "https://socialsolargreen.com/" "Mozilla/5.0 (Windows NT 10.0; WOW64) AppleWebKit/537.36 (KHTML, like Gecko) Chrome/114.0.0.0 YaBrowser/22.7.0 Yowser/2.5 Safari/537.36"
182.69.178.28 - - [27/May/2025:11:40:37 -0400] "GET /commercial/ HTTP/1.1" 200 23973 "https://socialsolargreen.com/" "Mozilla/5.0 (Windows NT 10.0; WOW64) AppleWebKit/537.36 (KHTML, like Gecko) Chrome/114.0.0.0 YaBrowser/22.7.0 Yowser/2.5 Safari/537.36"
182.69.178.28 - - [27/May/2025:11:40:40 -0400] "GET /become-a-partner HTTP/1.1" 301 0 "https://socialsolargreen.com/" "Mozilla/5.0 (Windows NT 10.0; WOW64) AppleWebKit/537.36 (KHTML, like Gecko) Chrome/114.0.0.0 YaBrowser/22.7.0 Yowser/2.5 Safari/537.36"
182.69.178.28 - - [27/May/2025:11:40:41 -0400] "GET /become-a-partner/ HTTP/1.1" 200 24152 "https://socialsolargreen.com/become-a-partner" "Mozilla/5.0 (Windows NT 10.0; WOW64) AppleWebKit/537.36 (KHTML, like Gecko) Chrome/114.0.0.0 YaBrowser/22.7.0 Yowser/2.5 Safari/537.36"
182.69.178.28 - - [27/May/2025:11:40:47 -0400] "GET /things-to-look-for-in-solar-panels/ HTTP/1.1" 200 24802 "https://socialsolargreen.com/" "Mozilla/5.0 (Windows NT 10.0; WOW64) AppleWebKit/537.36 (KHTML, like Gecko) Chrome/114.0.0.0 YaBrowser/22.7.0 Yowser/2.5 Safari/537.36"
182.69.178.28 - - [27/May/2025:11:40:52 -0400] "GET /solar-panel-installation/ HTTP/1.1" 200 26299 "https://socialsolargreen.com/" "Mozilla/5.0 (Windows NT 10.0; WOW64) AppleWebKit/537.36 (KHTML, like Gecko) Chrome/114.0.0.0 YaBrowser/22.7.0 Yowser/2.5 Safari/537.36"
182.69.178.28 - - [27/May/2025:11:40:53 -0400] "GET /wp-json/elementskit/v1/ HTTP/1.1" 404 114 "https://socialsolargreen.com/" "Mozilla/5.0 (Windows NT 10.0; WOW64) AppleWebKit/537.36 (KHTML, like Gecko) Chrome/114.0.0.0 YaBrowser/22.7.0 Yowser/2.5 Safari/537.36"
182.69.178.28 - - [27/May/2025:11:40:54 -0400] "GET /wp-json/wp/v2/pages/17 HTTP/1.1" 200 78718 "https://socialsolargreen.com/" "Mozilla/5.0 (Windows NT 10.0; WOW64) AppleWebKit/537.36 (KHTML, like Gecko) Chrome/114.0.0.0 YaBrowser/22.7.0 Yowser/2.5 Safari/537.36"
182.69.178.28 - - [27/May/2025:11:40:57 -0400] "GET / HTTP/1.1" 200 29850 "https://socialsolargreen.com/" "Mozilla/5.0 (Windows NT 10.0; WOW64) AppleWebKit/537.36 (KHTML, like Gecko) Chrome/114.0.0.0 YaBrowser/22.7.0 Yowser/2.5 Safari/537.36"
198.54.114.35 - - [27/May/2025:11:40:59 -0400] "POST /wp-cron.php?doing_wp_cron=1748360459.2684218883514404296875 HTTP/1.1" 200 0 "-" "WordPress/6.8.1; https://socialsolargreen.com"
182.69.178.28 - - [27/May/2025:11:40:59 -0400] "GET /xmlrpc.php?rsd HTTP/1.1" 200 298 "https://socialsolargreen.com/" "Mozilla/5.0 (Windows NT 10.0; WOW64) AppleWebKit/537.36 (KHTML, like Gecko) Chrome/114.0.0.0 YaBrowser/22.7.0 Yowser/2.5 Safari/537.36"
182.69.178.28 - - [27/May/2025:11:41:00 -0400] "GET /blog/ HTTP/1.1" 200 23667 "https://socialsolargreen.com/" "Mozilla/5.0 (Windows NT 10.0; WOW64) AppleWebKit/537.36 (KHTML, like Gecko) Chrome/114.0.0.0 YaBrowser/22.7.0 Yowser/2.5 Safari/537.36"
182.69.178.28 - - [27/May/2025:11:41:02 -0400] "GET /privacy-policy/ HTTP/1.1" 200 24898 "https://socialsolargreen.com/" "Mozilla/5.0 (Windows NT 10.0; WOW64) AppleWebKit/537.36 (KHTML, like Gecko) Chrome/114.0.0.0 YaBrowser/22.7.0 Yowser/2.5 Safari/537.36"
198.54.114.35 - - [27/May/2025:11:47:01 -0400] "POST /wp-admin/admin-ajax.php?action=async_litespeed&nonce=PsNQ0IIElTKbf3Jc278lyf3uAnGXQNTU&litespeed_type=imgoptm HTTP/1.1" 200 5 "-" "WordPress/6.8.1; https://socialsolargreen.com"
170.39.218.60 - - [27/May/2025:12:01:10 -0400] "GET /wp-content/plugins/themesflat-addons-for-elementor/assets/js/tf-flexslider.js?ver=6.8.1 HTTP/1.1" 200 838 "-" "Mozilla/5.0 (Windows NT 10.0; Win64; x64) AppleWebKit/537.36 Chrome/121.0.0.0"
198.54.114.35 - - [27/May/2025:12:13:16 -0400] "POST /wp-cron.php?doing_wp_cron=1748362396.6188669204711914062500 HTTP/1.1" 200 0 "-" "WordPress/6.8.1; https://socialsolargreen.com"
150.109.230.210 - - [27/May/2025:12:13:18 -0400] "GET / HTTP/1.1" 200 29850 "https://www.socialsolargreen.com/" "Mozilla/5.0 (iPhone; CPU iPhone OS 13_2_3 like Mac OS X) AppleWebKit/605.1.15 (KHTML, like Gecko) Version/13.0.3 Mobile/15E148 Safari/604.1"
198.54.114.35 - - [27/May/2025:12:21:29 -0400] "POST /wp-cron.php?doing_wp_cron=1748362888.8178589344024658203125 HTTP/1.1" 200 0 "-" "WordPress/6.8.1; https://socialsolargreen.com"
198.54.114.35 - - [27/May/2025:12:21:29 -0400] "POST /wp-cron.php?doing_wp_cron=1748362889.1604270935058593750000 HTTP/1.1" 200 0 "-" "WordPress/6.8.1; https://socialsolargreen.com"
52.167.144.138 - - [27/May/2025:12:21:24 -0400] "GET /sitemap_index.xml HTTP/1.1" 301 0 "-" "Mozilla/5.0 AppleWebKit/537.36 (KHTML, like Gecko; compatible; bingbot/2.0; +http://www.bing.com/bingbot.htm) Chrome/116.0.1938.76 Safari/537.36"
198.54.114.35 - - [27/May/2025:12:21:29 -0400] "POST /wp-admin/admin-ajax.php?action=async_litespeed&nonce=fPrD3NVMxx1wo0AVvo7Uu1bY0Jj0JnOR&litespeed_type=imgoptm HTTP/1.1" 200 5 "-" "WordPress/6.8.1; https://socialsolargreen.com"
40.77.167.121 - - [27/May/2025:12:21:46 -0400] "GET /sitemap_index.xml HTTP/1.1" 404 22257 "-" "Mozilla/5.0 AppleWebKit/537.36 (KHTML, like Gecko; compatible; bingbot/2.0; +http://www.bing.com/bingbot.htm) Chrome/116.0.1938.76 Safari/537.36"
150.109.230.210 - - [27/May/2025:12:13:09 -0400] "GET / HTTP/1.1" 301 0 "http://www.socialsolargreen.com" "Mozilla/5.0 (iPhone; CPU iPhone OS 13_2_3 like Mac OS X) AppleWebKit/605.1.15 (KHTML, like Gecko) Version/13.0.3 Mobile/15E148 Safari/604.1"
198.54.114.35 - - [27/May/2025:12:13:17 -0400] "POST /wp-admin/admin-ajax.php?action=async_litespeed&nonce=RgD4Wh2TdLQ7elN045MHXPpbTty4ENdT&litespeed_type=imgoptm HTTP/1.1" 200 5 "-" "WordPress/6.8.1; https://socialsolargreen.com"
198.54.114.35 - - [27/May/2025:12:28:25 -0400] "POST /wp-cron.php?doing_wp_cron=1748363305.1033499240875244140625 HTTP/1.1" 200 0 "-" "WordPress/6.8.1; https://socialsolargreen.com"
198.54.114.35 - - [27/May/2025:12:28:25 -0400] "POST /wp-admin/admin-ajax.php?action=async_litespeed&nonce=bJ7I71DF5mIOnIc2DN3U6v0JuA041F5q&litespeed_type=imgoptm HTTP/1.1" 200 5 "-" "WordPress/6.8.1; https://socialsolargreen.com"
198.54.114.35 - - [27/May/2025:12:30:06 -0400] "POST /wp-cron.php?doing_wp_cron=1748363406.7953319549560546875000 HTTP/1.1" 200 0 "-" "WordPress/6.8.1; https://socialsolargreen.com"
198.54.114.35 - - [27/May/2025:12:38:12 -0400] "POST /wp-admin/admin-ajax.php?action=async_litespeed&nonce=QVT1DSUwJR5L6eyGROooF7WFltGmcZdw&litespeed_type=imgoptm HTTP/1.1" 200 5 "-" "WordPress/6.8.1; https://socialsolargreen.com"
43.157.22.57 - - [27/May/2025:12:28:20 -0400] "GET /wp-json/wp/v2/pages/17 HTTP/1.1" 200 78718 "-" "Mozilla/5.0 (iPhone; CPU iPhone OS 13_2_3 like Mac OS X) AppleWebKit/605.1.15 (KHTML, like Gecko) Version/13.0.3 Mobile/15E148 Safari/604.1"
172.245.214.89 - - [27/May/2025:12:29:51 -0400] "GET /robots.txt HTTP/1.1" 200 102 "-" "Mozilla/5.0 (Windows NT 10.0; Win64; x64) AppleWebKit/537.36 (KHTML, like Gecko) Chrome/124.0.0.0 Safari/537.36"
198.54.114.35 - - [27/May/2025:12:29:58 -0400] "POST /wp-cron.php?doing_wp_cron=1748363398.6255218982696533203125 HTTP/1.1" 200 0 "-" "WordPress/6.8.1; https://socialsolargreen.com"
198.54.114.35 - - [27/May/2025:12:29:59 -0400] "POST /wp-admin/admin-ajax.php?action=async_litespeed&nonce=dqmc2E4Cha8VXAsWXOgiAMYBhFLMbmRR&litespeed_type=imgoptm HTTP/1.1" 200 5 "-" "WordPress/6.8.1; https://socialsolargreen.com"
172.245.214.89 - - [27/May/2025:12:29:55 -0400] "GET /ads.txt HTTP/1.1" 404 22258 "-" "Mozilla/5.0 (Windows NT 10.0; Win64; x64) AppleWebKit/537.36 (KHTML, like Gecko) Chrome/124.0.0.0 Safari/537.36"
172.245.214.89 - - [27/May/2025:12:30:06 -0400] "GET /sellers.json HTTP/1.1" 404 22257 "-" "Mozilla/5.0 (Windows NT 10.0; Win64; x64) AppleWebKit/537.36 (KHTML, like Gecko) Chrome/124.0.0.0 Safari/537.36"
198.54.114.35 - - [27/May/2025:12:30:07 -0400] "POST /wp-admin/admin-ajax.php?action=async_litespeed&nonce=KPWojQLvomaGSr2Ljz95TzZZMFWdydfC&litespeed_type=imgoptm HTTP/1.1" 200 5 "-" "WordPress/6.8.1; https://socialsolargreen.com"
198.54.114.35 - - [27/May/2025:12:38:11 -0400] "POST /wp-cron.php?doing_wp_cron=1748363891.6563010215759277343750 HTTP/1.1" 200 0 "-" "WordPress/6.8.1; https://socialsolargreen.com"
43.130.100.35 - - [27/May/2025:12:38:08 -0400] "GET /wp-json/oembed/1.0/embed?url=https%3A%2F%2Fsocialsolargreen.com%2F&format=xml HTTP/1.1" 200 1027 "-" "Mozilla/5.0 (iPhone; CPU iPhone OS 13_2_3 like Mac OS X) AppleWebKit/605.1.15 (KHTML, like Gecko) Version/13.0.3 Mobile/15E148 Safari/604.1"
47.82.60.177 - - [27/May/2025:12:51:45 -0400] "GET / HTTP/1.1" 200 29850 "https://socialsolargreen.com/" "Mozilla/5.0 (Windows NT 10.0; Win64; x64) AppleWebKit/537.36 (KHTML, like Gecko) Chrome/114.0.0.0 Safari/537.36 Edg/114.0.1823.43"
66.249.75.166 - - [27/May/2025:12:57:31 -0400] "GET /robots.txt HTTP/1.1" 200 102 "-" "Mozilla/5.0 (compatible; Googlebot/2.1; +http://www.google.com/bot.html)"
66.249.75.166 - - [27/May/2025:12:57:32 -0400] "GET /ads.txt HTTP/1.1" 404 22258 "-" "Mozilla/5.0 (compatible; Googlebot/2.1; +http://www.google.com/bot.html)"
43.159.148.221 - - [27/May/2025:13:00:07 -0400] "GET /wp-json/ HTTP/1.1" 200 404918 "-" "Mozilla/5.0 (iPhone; CPU iPhone OS 13_2_3 like Mac OS X) AppleWebKit/605.1.15 (KHTML, like Gecko) Version/13.0.3 Mobile/15E148 Safari/604.1"
43.165.67.57 - - [27/May/2025:12:51:24 -0400] "GET /wp-content/uploads/2023/10/512X512-300x300.webp HTTP/1.1" 200 18898 "-" "Mozilla/5.0 (iPhone; CPU iPhone OS 13_2_3 like Mac OS X) AppleWebKit/605.1.15 (KHTML, like Gecko) Version/13.0.3 Mobile/15E148 Safari/604.1"
198.54.114.35 - - [27/May/2025:13:03:00 -0400] "POST /wp-cron.php?doing_wp_cron=1748365380.3667900562286376953125 HTTP/1.1" 200 0 "-" "WordPress/6.8.1; https://socialsolargreen.com"
170.39.218.60 - - [27/May/2025:13:01:26 -0400] "GET /wp-content/plugins/elementor/assets/css/conditionals/e-swiper.min.css?ver=3.28.4 HTTP/1.1" 200 699 "-" "Mozilla/5.0 (Windows NT 10.0; Win64; x64) AppleWebKit/537.36 Chrome/121.0.0.0"
45.118.77.121 - - [27/May/2025:13:02:55 -0400] "GET /wp-login.php HTTP/1.1" 302 0 "-" "Mozila/5.0"
198.54.114.35 - - [27/May/2025:13:03:01 -0400] "POST /wp-admin/admin-ajax.php?action=async_litespeed&nonce=fYOraD9X7rnBhTAXXwPhJsd23VTkMiL3&litespeed_type=imgoptm HTTP/1.1" 200 5 "-" "WordPress/6.8.1; https://socialsolargreen.com"
45.118.77.121 - - [27/May/2025:13:02:58 -0400] "GET /404 HTTP/1.1" 404 22256 "-" "Mozila/5.0"
203.192.228.155 - - [27/May/2025:13:14:46 -0400] "POST / HTTP/1.1" 200 29805 "-" "Mozilla/5.0 (Macintosh; Intel Mac OS X 10_15_7) AppleWebKit/537.36 (KHTML, like Gecko) Chrome/133.0.0.0 Safari/537.36"
203.192.228.155 - - [27/May/2025:13:15:02 -0400] "POST /blog/ HTTP/1.1" 200 23616 "-" "Mozilla/5.0 (Macintosh; Intel Mac OS X 10_15_7) AppleWebKit/537.36 (KHTML, like Gecko) Chrome/133.0.0.0 Safari/537.36"
203.192.228.155 - - [27/May/2025:13:15:12 -0400] "POST /contact/ HTTP/1.1" 200 25233 "-" "Mozilla/5.0 (Macintosh; Intel Mac OS X 10_15_7) AppleWebKit/537.36 (KHTML, like Gecko) Chrome/133.0.0.0 Safari/537.36"
203.192.228.155 - - [27/May/2025:13:15:16 -0400] "POST /contact/ HTTP/1.1" 200 25233 "-" "Mozilla/5.0 (Windows NT 10.0; Win64; x64) AppleWebKit/537.36 (KHTML, like Gecko) Chrome/120.0.0.0 Safari/537.36"
203.192.228.155 - - [27/May/2025:13:15:20 -0400] "POST /contact/ HTTP/1.1" 200 25233 "-" "Mozilla/5.0 (Macintosh; Intel Mac OS X 10_15_7) AppleWebKit/537.36 (KHTML, like Gecko) Chrome/133.0.0.0 Safari/537.36"
203.192.228.155 - - [27/May/2025:13:15:23 -0400] "POST /contact/ HTTP/1.1" 200 25233 "-" "Mozilla/5.0 (Windows NT 10.0; Win64; x64) AppleWebKit/537.36 (KHTML, like Gecko) Chrome/120.0.0.0 Safari/537.36"
203.192.228.155 - - [27/May/2025:13:15:27 -0400] "POST /contact/ HTTP/1.1" 200 25233 "-" "Mozilla/5.0 (Macintosh; Intel Mac OS X 10_15_7) AppleWebKit/537.36 (KHTML, like Gecko) Chrome/133.0.0.0 Safari/537.36"
203.192.228.155 - - [27/May/2025:13:15:31 -0400] "POST /contact/ HTTP/1.1" 200 25233 "-" "Mozilla/5.0 (Windows NT 10.0; Win64; x64) AppleWebKit/537.36 (KHTML, like Gecko) Chrome/120.0.0.0 Safari/537.36"
203.192.228.155 - - [27/May/2025:13:15:38 -0400] "POST /contact/ HTTP/1.1" 200 25233 "-" "Mozilla/5.0 (Windows NT 10.0; Win64; x64) AppleWebKit/537.36 (KHTML, like Gecko) Chrome/120.0.0.0 Safari/537.36"
198.54.114.35 - - [27/May/2025:13:20:46 -0400] "POST /wp-cron.php?doing_wp_cron=1748366446.0785279273986816406250 HTTP/1.1" 200 0 "-" "WordPress/6.8.1; https://socialsolargreen.com"
198.54.114.35 - - [27/May/2025:13:20:46 -0400] "POST /wp-admin/admin-ajax.php?action=async_litespeed&nonce=LTDOH9lwul1jN1XD0QOPr2N3ZxNRusX8&litespeed_type=imgoptm HTTP/1.1" 200 5 "-" "WordPress/6.8.1; https://socialsolargreen.com"
198.54.114.35 - - [27/May/2025:13:10:49 -0400] "POST /wp-cron.php?doing_wp_cron=1748365848.7854480743408203125000 HTTP/1.1" 200 0 "-" "WordPress/6.8.1; https://socialsolargreen.com"
43.130.53.252 - - [27/May/2025:13:10:43 -0400] "GET /xmlrpc.php?rsd HTTP/1.1" 200 298 "-" "Mozilla/5.0 (iPhone; CPU iPhone OS 13_2_3 like Mac OS X) AppleWebKit/605.1.15 (KHTML, like Gecko) Version/13.0.3 Mobile/15E148 Safari/604.1"
198.54.114.35 - - [27/May/2025:13:10:49 -0400] "POST /wp-admin/admin-ajax.php?action=async_litespeed&nonce=VPluUlh67XILJqLjWWpuTcwHhGwfytDg&litespeed_type=imgoptm HTTP/1.1" 200 5 "-" "WordPress/6.8.1; https://socialsolargreen.com"
185.157.214.24 - - [27/May/2025:13:14:44 -0400] "GET / HTTP/1.1" 200 29850 "-" "Mozilla/5.0 (Macintosh; Intel Mac OS X 10_15_7) AppleWebKit/537.36 (KHTML, like Gecko) Chrome/133.0.0.0 Safari/537.36"
198.54.114.35 - - [27/May/2025:13:14:50 -0400] "POST /wp-cron.php?doing_wp_cron=1748366090.4108829498291015625000 HTTP/1.1" 200 0 "-" "WordPress/6.8.1; https://socialsolargreen.com"
198.54.114.35 - - [27/May/2025:13:14:51 -0400] "POST /wp-admin/admin-ajax.php?action=async_litespeed&nonce=ZG44uIjLBaZd3IIFCuWGQs0U1L19GfzP&litespeed_type=imgoptm HTTP/1.1" 200 5 "-" "WordPress/6.8.1; https://socialsolargreen.com"
198.54.114.35 - - [27/May/2025:13:14:58 -0400] "POST /wp-cron.php?doing_wp_cron=1748366098.0844318866729736328125 HTTP/1.1" 200 0 "-" "WordPress/6.8.1; https://socialsolargreen.com"
203.192.228.155 - - [27/May/2025:13:14:57 -0400] "POST / HTTP/1.1" 200 29805 "-" "Mozilla/5.0 (Windows NT 10.0; Win64; x64) AppleWebKit/537.36 (KHTML, like Gecko) Chrome/120.0.0.0 Safari/537.36"
185.157.214.24 - - [27/May/2025:13:15:00 -0400] "GET /blog/ HTTP/1.1" 200 23667 "-" "Mozilla/5.0 (Macintosh; Intel Mac OS X 10_15_7) AppleWebKit/537.36 (KHTML, like Gecko) Chrome/133.0.0.0 Safari/537.36"
198.54.114.35 - - [27/May/2025:13:15:03 -0400] "POST /wp-cron.php?doing_wp_cron=1748366103.4559750556945800781250 HTTP/1.1" 200 0 "-" "WordPress/6.8.1; https://socialsolargreen.com"
198.54.114.35 - - [27/May/2025:13:15:04 -0400] "POST /wp-admin/admin-ajax.php?action=async_litespeed&nonce=wjJehgHhPyB7JaEV6uyKag8ZuikdCj2h&litespeed_type=imgoptm HTTP/1.1" 200 5 "-" "WordPress/6.8.1; https://socialsolargreen.com"
203.192.228.155 - - [27/May/2025:13:15:07 -0400] "POST /blog/ HTTP/1.1" 200 23616 "-" "Mozilla/5.0 (Windows NT 10.0; Win64; x64) AppleWebKit/537.36 (KHTML, like Gecko) Chrome/120.0.0.0 Safari/537.36"
185.157.214.24 - - [27/May/2025:13:15:10 -0400] "GET /contact/ HTTP/1.1" 200 25276 "-" "Mozilla/5.0 (Macintosh; Intel Mac OS X 10_15_7) AppleWebKit/537.36 (KHTML, like Gecko) Chrome/133.0.0.0 Safari/537.36"
185.157.214.24 - - [27/May/2025:13:15:25 -0400] "GET /contact/ HTTP/1.1" 200 25276 "-" "Mozilla/5.0 (Macintosh; Intel Mac OS X 10_15_7) AppleWebKit/537.36 (KHTML, like Gecko) Chrome/133.0.0.0 Safari/537.36"
203.192.228.155 - - [27/May/2025:13:15:35 -0400] "POST /contact/ HTTP/1.1" 200 25233 "-" "Mozilla/5.0 (Macintosh; Intel Mac OS X 10_15_7) AppleWebKit/537.36 (KHTML, like Gecko) Chrome/133.0.0.0 Safari/537.36"
52.167.144.196 - - [27/May/2025:13:18:01 -0400] "GET /sitemap_index.xml HTTP/1.1" 301 0 "-" "Mozilla/5.0 AppleWebKit/537.36 (KHTML, like Gecko; compatible; bingbot/2.0; +http://www.bing.com/bingbot.htm) Chrome/116.0.1938.76 Safari/537.36"
40.77.167.42 - - [27/May/2025:13:18:10 -0400] "GET /sitemap_index.xml HTTP/1.1" 404 22257 "-" "Mozilla/5.0 AppleWebKit/537.36 (KHTML, like Gecko; compatible; bingbot/2.0; +http://www.bing.com/bingbot.htm) Chrome/116.0.1938.76 Safari/537.36"
43.166.255.122 - - [27/May/2025:13:20:41 -0400] "GET /embed/ HTTP/1.1" 301 0 "-" "Mozilla/5.0 (iPhone; CPU iPhone OS 13_2_3 like Mac OS X) AppleWebKit/605.1.15 (KHTML, like Gecko) Version/13.0.3 Mobile/15E148 Safari/604.1"
43.166.255.122 - - [27/May/2025:13:20:49 -0400] "GET / HTTP/1.1" 200 29850 "https://socialsolargreen.com/embed/" "Mozilla/5.0 (iPhone; CPU iPhone OS 13_2_3 like Mac OS X) AppleWebKit/605.1.15 (KHTML, like Gecko) Version/13.0.3 Mobile/15E148 Safari/604.1"
2a03:2880:22ff:4:: - - [27/May/2025:13:23:34 -0400] "GET /robots.txt HTTP/1.1" 304 0 "-" "facebookexternalhit/1.1 (+http://www.facebook.com/externalhit_uatext.php)"
43.159.145.149 - - [27/May/2025:13:34:15 -0400] "GET / HTTP/1.1" 200 29850 "-" "Mozilla/5.0 (iPhone; CPU iPhone OS 13_2_3 like Mac OS X) AppleWebKit/605.1.15 (KHTML, like Gecko) Version/13.0.3 Mobile/15E148 Safari/604.1"
43.130.72.177 - - [27/May/2025:13:34:36 -0400] "GET /xmlrpc.php HTTP/1.1" 405 46 "-" "Mozilla/5.0 (iPhone; CPU iPhone OS 13_2_3 like Mac OS X) AppleWebKit/605.1.15 (KHTML, like Gecko) Version/13.0.3 Mobile/15E148 Safari/604.1"
198.54.114.35 - - [27/May/2025:13:34:43 -0400] "POST /wp-cron.php?doing_wp_cron=1748367282.8034210205078125000000 HTTP/1.1" 200 0 "-" "WordPress/6.8.1; https://socialsolargreen.com"
2a03:2880:f800:d:: - - [27/May/2025:13:23:43 -0400] "GET /wp-sitemap.xml HTTP/1.1" 200 195 "-" "meta-externalagent/1.1 (+https://developers.facebook.com/docs/sharing/webmasters/crawler)"
198.54.114.35 - - [27/May/2025:13:34:42 -0400] "POST /wp-cron.php?doing_wp_cron=1748367281.7882568836212158203125 HTTP/1.1" 200 0 "-" "WordPress/6.8.1; https://socialsolargreen.com"
198.54.114.35 - - [27/May/2025:13:34:42 -0400] "POST /wp-admin/admin-ajax.php?action=async_litespeed&nonce=UXUtr5TOoZwJk3XW0nsKNxare9WuPt9y&litespeed_type=imgoptm HTTP/1.1" 200 5 "-" "WordPress/6.8.1; https://socialsolargreen.com"
198.235.24.252 - - [27/May/2025:14:05:40 -0400] "GET /wp-login.php HTTP/1.1" 302 0 "-" "Expanse, a Palo Alto Networks company, searches across the global IPv4 space multiple times per day to identify customers' presences on the Internet. If you would like to be excluded from our scans, please send IP addresses/domains to: scaninfo@paloaltonetworks.com"
198.54.114.35 - - [27/May/2025:14:09:33 -0400] "POST /wp-cron.php?doing_wp_cron=1748369373.7174520492553710937500 HTTP/1.1" 200 0 "-" "WordPress/6.8.1; https://socialsolargreen.com"
223.15.245.170 - - [27/May/2025:14:09:28 -0400] "GET / HTTP/1.1" 301 0 "http://www.socialsolargreen.com" "Mozilla/5.0 (iPhone; CPU iPhone OS 13_2_3 like Mac OS X) AppleWebKit/605.1.15 (KHTML, like Gecko) Version/13.0.3 Mobile/15E148 Safari/604.1"
198.54.114.35 - - [27/May/2025:14:09:34 -0400] "POST /wp-admin/admin-ajax.php?action=async_litespeed&nonce=JutoIEvw0LYGPZhMp23HQy3NM4e7l0Jz&litespeed_type=imgoptm HTTP/1.1" 200 5 "-" "WordPress/6.8.1; https://socialsolargreen.com"
198.54.114.35 - - [27/May/2025:14:05:52 -0400] "POST /wp-cron.php?doing_wp_cron=1748369152.4335260391235351562500 HTTP/1.1" 200 0 "-" "WordPress/6.8.1; https://socialsolargreen.com"
198.54.114.35 - - [27/May/2025:14:05:53 -0400] "POST /wp-admin/admin-ajax.php?action=async_litespeed&nonce=Jy2PoX4vQ8ORvLjqKGbF1ypGbi65tYV1&litespeed_type=imgoptm HTTP/1.1" 200 0 "-" "WordPress/6.8.1; https://socialsolargreen.com"
198.235.24.252 - - [27/May/2025:14:05:46 -0400] "GET /404 HTTP/1.1" 200 0 "-" "Expanse, a Palo Alto Networks company, searches across the global IPv4 space multiple times per day to identify customers' presences on the Internet. If you would like to be excluded from our scans, please send IP addresses/domains to: scaninfo@paloaltonetworks.com"
223.15.245.170 - - [27/May/2025:14:09:37 -0400] "GET / HTTP/1.1" 200 29850 "https://www.socialsolargreen.com/" "Mozilla/5.0 (iPhone; CPU iPhone OS 13_2_3 like Mac OS X) AppleWebKit/605.1.15 (KHTML, like Gecko) Version/13.0.3 Mobile/15E148 Safari/604.1"
216.24.212.232 - - [27/May/2025:14:13:52 -0400] "GET /templates/atomic/templates.php HTTP/1.1" 200 0 "http://socialsolargreen.com/templates/atomic/templates.php" "Go-http-client/2.0"
198.54.114.35 - - [27/May/2025:14:13:56 -0400] "POST /wp-cron.php?doing_wp_cron=1748369636.6037480831146240234375 HTTP/1.1" 200 0 "-" "WordPress/6.8.1; https://socialsolargreen.com"
216.24.212.232 - - [27/May/2025:14:13:58 -0400] "GET /inputs.php HTTP/1.1" 404 22258 "http://socialsolargreen.com/inputs.php" "Go-http-client/2.0"
198.54.114.35 - - [27/May/2025:14:13:59 -0400] "POST /wp-cron.php?doing_wp_cron=1748369639.7677268981933593750000 HTTP/1.1" 200 0 "-" "WordPress/6.8.1; https://socialsolargreen.com"
216.24.212.232 - - [27/May/2025:14:13:59 -0400] "GET /zex.php HTTP/1.1" 404 22256 "http://socialsolargreen.com/zex.php" "Go-http-client/2.0"
216.24.212.232 - - [27/May/2025:14:14:01 -0400] "GET /css/index.php HTTP/1.1" 301 0 "http://socialsolargreen.com/css/index.php" "Go-http-client/2.0"
216.24.212.232 - - [27/May/2025:14:14:01 -0400] "GET /css/ HTTP/1.1" 404 22257 "https://socialsolargreen.com/css/index.php" "Go-http-client/2.0"
216.24.212.232 - - [27/May/2025:14:14:02 -0400] "GET /fm.php HTTP/1.1" 404 22257 "http://socialsolargreen.com/fm.php" "Go-http-client/2.0"
216.24.212.232 - - [27/May/2025:14:14:04 -0400] "GET /wp-includes/css/wp-conflg.php HTTP/1.1" 404 22477 "http://socialsolargreen.com/wp-includes/css/wp-conflg.php" "Go-http-client/2.0"
216.24.212.232 - - [27/May/2025:14:14:06 -0400] "GET /wp-links.php HTTP/1.1" 404 22257 "http://socialsolargreen.com/wp-links.php" "Go-http-client/2.0"
216.24.212.232 - - [27/May/2025:14:14:07 -0400] "GET /wp-includes/blocks/site-title/ HTTP/1.1" 200 1077 "https://socialsolargreen.com/wp-includes/blocks/site-title/index.php" "Go-http-client/2.0"
216.24.212.232 - - [27/May/2025:14:14:08 -0400] "GET /wp-includes/js/index.php HTTP/1.1" 301 0 "http://socialsolargreen.com/wp-includes/js/index.php" "Go-http-client/2.0"
216.24.212.232 - - [27/May/2025:14:14:10 -0400] "GET /wp-admin/js/ HTTP/1.1" 200 3516 "https://socialsolargreen.com/wp-admin/js/index.php" "Go-http-client/2.0"
216.24.212.232 - - [27/May/2025:14:14:10 -0400] "GET /termps.php HTTP/1.1" 404 22256 "http://socialsolargreen.com/termps.php" "Go-http-client/2.0"
216.24.212.232 - - [27/May/2025:14:14:12 -0400] "GET /bless.php HTTP/1.1" 404 22257 "http://socialsolargreen.com/bless.php" "Go-http-client/2.0"
216.24.212.232 - - [27/May/2025:14:14:13 -0400] "GET /as/function.php HTTP/1.1" 404 22257 "http://socialsolargreen.com/as/function.php" "Go-http-client/2.0"
216.24.212.232 - - [27/May/2025:14:14:18 -0400] "GET /admin/function.php HTTP/1.1" 404 22257 "http://socialsolargreen.com/admin/function.php" "Go-http-client/2.0"
216.24.212.232 - - [27/May/2025:14:14:21 -0400] "GET /heh.php HTTP/1.1" 404 22257 "http://socialsolargreen.com/heh.php" "Go-http-client/2.0"
216.24.212.232 - - [27/May/2025:14:14:30 -0400] "GET /wp-includes/Text/Diff/index.php HTTP/1.1" 301 0 "http://socialsolargreen.com/wp-includes/Text/Diff/index.php" "Go-http-client/2.0"
216.24.212.232 - - [27/May/2025:14:14:31 -0400] "GET /wp-includes/Text/Diff/ HTTP/1.1" 200 706 "https://socialsolargreen.com/wp-includes/Text/Diff/index.php" "Go-http-client/2.0"
216.24.212.232 - - [27/May/2025:14:14:31 -0400] "GET /post.php HTTP/1.1" 404 22257 "http://socialsolargreen.com/post.php" "Go-http-client/2.0"
216.24.212.232 - - [27/May/2025:14:14:34 -0400] "GET /wp-admin/network/admin.php HTTP/1.1" 302 0 "http://socialsolargreen.com/wp-admin/network/admin.php" "Go-http-client/2.0"
216.24.212.232 - - [27/May/2025:14:14:35 -0400] "GET /404 HTTP/1.1" 404 22258 "https://socialsolargreen.com/wp-login.php?redirect_to=https%3A%2F%2Fsocialsolargreen.com%2Fwp-admin%2Fnetwork%2Fadmin.php&reauth=1" "Go-http-client/2.0"
216.24.212.232 - - [27/May/2025:14:14:38 -0400] "GET /wp-content/index.php HTTP/1.1" 403 1242 "http://socialsolargreen.com/wp-content/index.php" "Go-http-client/2.0"
198.54.114.35 - - [27/May/2025:14:13:57 -0400] "POST /wp-admin/admin-ajax.php?action=async_litespeed&nonce=tvVIh87gqGudKwSJQnKtBGYYSTp8TIRK&litespeed_type=imgoptm HTTP/1.1" 200 5 "-" "WordPress/6.8.1; https://socialsolargreen.com"
216.24.212.232 - - [27/May/2025:14:13:57 -0400] "GET /wp-content/uploads/wp.php HTTP/1.1" 404 22478 "http://socialsolargreen.com/wp-content/uploads/wp.php" "Go-http-client/2.0"
198.54.114.35 - - [27/May/2025:14:14:00 -0400] "POST /wp-admin/admin-ajax.php?action=async_litespeed&nonce=gqzHTEUFb4WtEWh3wc58p6Cxhh6sju7n&litespeed_type=imgoptm HTTP/1.1" 200 5 "-" "WordPress/6.8.1; https://socialsolargreen.com"
216.24.212.232 - - [27/May/2025:14:14:05 -0400] "GET /cong.php HTTP/1.1" 404 22257 "http://socialsolargreen.com/cong.php" "Go-http-client/2.0"
216.24.212.232 - - [27/May/2025:14:14:07 -0400] "GET /wp-includes/blocks/site-title/index.php HTTP/1.1" 301 0 "http://socialsolargreen.com/wp-includes/blocks/site-title/index.php" "Go-http-client/2.0"
216.24.212.232 - - [27/May/2025:14:14:09 -0400] "GET /wp-includes/js/ HTTP/1.1" 200 3978 "https://socialsolargreen.com/wp-includes/js/index.php" "Go-http-client/2.0"
216.24.212.232 - - [27/May/2025:14:14:09 -0400] "GET /wp-admin/js/index.php HTTP/1.1" 301 0 "http://socialsolargreen.com/wp-admin/js/index.php" "Go-http-client/2.0"
216.24.212.232 - - [27/May/2025:14:14:14 -0400] "GET /wp-includes/css/index.php HTTP/1.1" 301 0 "http://socialsolargreen.com/wp-includes/css/index.php" "Go-http-client/2.0"
216.24.212.232 - - [27/May/2025:14:14:15 -0400] "GET /wp-includes/css/ HTTP/1.1" 200 1913 "https://socialsolargreen.com/wp-includes/css/index.php" "Go-http-client/2.0"
216.24.212.232 - - [27/May/2025:14:14:15 -0400] "GET /mar.php HTTP/1.1" 404 22257 "http://socialsolargreen.com/mar.php" "Go-http-client/2.0"
216.24.212.232 - - [27/May/2025:14:14:16 -0400] "GET /wp-content/themes/deeto/login.php HTTP/1.1" 404 22478 "http://socialsolargreen.com/wp-content/themes/deeto/login.php" "Go-http-client/2.0"
216.24.212.232 - - [27/May/2025:14:14:19 -0400] "GET /wp-includes/css/about.php HTTP/1.1" 404 22478 "http://socialsolargreen.com/wp-includes/css/about.php" "Go-http-client/2.0"
216.24.212.232 - - [27/May/2025:14:14:20 -0400] "GET /wp-includes/buy.php HTTP/1.1" 404 22257 "http://socialsolargreen.com/wp-includes/buy.php" "Go-http-client/2.0"
216.24.212.232 - - [27/May/2025:14:14:22 -0400] "GET /system.php HTTP/1.1" 404 22257 "http://socialsolargreen.com/system.php" "Go-http-client/2.0"
216.24.212.232 - - [27/May/2025:14:14:24 -0400] "GET /ws.php HTTP/1.1" 404 22257 "http://socialsolargreen.com/ws.php" "Go-http-client/2.0"
216.24.212.232 - - [27/May/2025:14:14:25 -0400] "GET /wp-content/BypassBest.php HTTP/1.1" 404 22257 "http://socialsolargreen.com/wp-content/BypassBest.php" "Go-http-client/2.0"
216.24.212.232 - - [27/May/2025:14:14:26 -0400] "GET /wp-admin/maint/wp-login.php HTTP/1.1" 302 0 "http://socialsolargreen.com/wp-admin/maint/wp-login.php" "Go-http-client/2.0"
216.24.212.232 - - [27/May/2025:14:14:27 -0400] "GET /404 HTTP/1.1" 404 22258 "https://socialsolargreen.com/wp-admin/maint/wp-login.php" "Go-http-client/2.0"
216.24.212.232 - - [27/May/2025:14:14:29 -0400] "GET /file.php HTTP/1.1" 404 22258 "http://socialsolargreen.com/file.php" "Go-http-client/2.0"
216.24.212.232 - - [27/May/2025:14:14:33 -0400] "GET /wp-content/plugins/core-plugin/include.php HTTP/1.1" 404 22478 "http://socialsolargreen.com/wp-content/plugins/core-plugin/include.php" "Go-http-client/2.0"
216.24.212.232 - - [27/May/2025:14:14:35 -0400] "GET /wp-login.php?redirect_to=https%3A%2F%2Fsocialsolargreen.com%2Fwp-admin%2Fnetwork%2Fadmin.php&reauth=1 HTTP/1.1" 302 0 "https://socialsolargreen.com/wp-admin/network/admin.php" "Go-http-client/2.0"
216.24.212.232 - - [27/May/2025:14:14:36 -0400] "GET /options.php HTTP/1.1" 404 22258 "http://socialsolargreen.com/options.php" "Go-http-client/2.0"
216.24.212.232 - - [27/May/2025:14:14:38 -0400] "GET /cgi-bin/install.php HTTP/1.1" 404 22258 "http://socialsolargreen.com/cgi-bin/install.php" "Go-http-client/2.0"
216.24.212.232 - - [27/May/2025:14:14:40 -0400] "GET /wp-admin/includes/index.php HTTP/1.1" 301 0 "http://socialsolargreen.com/wp-admin/includes/index.php" "Go-http-client/2.0"
216.24.212.232 - - [27/May/2025:14:14:40 -0400] "GET /wp-admin/includes/ HTTP/1.1" 200 4123 "https://socialsolargreen.com/wp-admin/includes/index.php" "Go-http-client/2.0"
216.24.212.232 - - [27/May/2025:14:14:44 -0400] "GET /ini.php HTTP/1.1" 404 22257 "http://socialsolargreen.com/ini.php" "Go-http-client/2.0"
216.24.212.232 - - [27/May/2025:14:14:45 -0400] "GET /hi.php HTTP/1.1" 404 22257 "http://socialsolargreen.com/hi.php" "Go-http-client/2.0"
216.24.212.232 - - [27/May/2025:14:14:48 -0400] "GET /sts.php HTTP/1.1" 404 22258 "http://socialsolargreen.com/sts.php" "Go-http-client/2.0"
216.24.212.232 - - [27/May/2025:14:14:53 -0400] "GET /wp-includes/sodium_compat/chosen.php HTTP/1.1" 404 22478 "http://socialsolargreen.com/wp-includes/sodium_compat/chosen.php" "Go-http-client/2.0"
198.54.114.35 - - [27/May/2025:14:14:56 -0400] "POST /wp-cron.php?doing_wp_cron=1748369696.0980379581451416015625 HTTP/1.1" 200 0 "-" "WordPress/6.8.1; https://socialsolargreen.com"
216.24.212.232 - - [27/May/2025:14:14:55 -0400] "GET /wp-includes/index.php HTTP/1.1" 301 0 "http://socialsolargreen.com/wp-includes/index.php" "Go-http-client/2.0"
216.24.212.232 - - [27/May/2025:14:14:56 -0400] "GET /wp-includes/ HTTP/1.1" 200 8659 "https://socialsolargreen.com/wp-includes/index.php" "Go-http-client/2.0"
216.24.212.232 - - [27/May/2025:14:14:57 -0400] "GET /autoload_classmap.php HTTP/1.1" 404 22258 "http://socialsolargreen.com/autoload_classmap.php" "Go-http-client/2.0"
216.24.212.232 - - [27/May/2025:14:14:58 -0400] "GET /wp-content/plugins/hello.php HTTP/1.1" 404 22478 "http://socialsolargreen.com/wp-content/plugins/hello.php" "Go-http-client/2.0"
216.24.212.232 - - [27/May/2025:14:14:59 -0400] "GET /wp-admin/images/admin.php HTTP/1.1" 404 22478 "http://socialsolargreen.com/wp-admin/images/admin.php" "Go-http-client/2.0"
198.54.114.35 - - [27/May/2025:14:15:00 -0400] "POST /wp-admin/admin-ajax.php?action=async_litespeed&nonce=1jYJan6UkrTHzcgB6KWK0mWotooY2tvD&litespeed_type=imgoptm HTTP/1.1" 200 5 "-" "WordPress/6.8.1; https://socialsolargreen.com"
216.24.212.232 - - [27/May/2025:14:15:01 -0400] "GET /index/function.php HTTP/1.1" 404 22256 "http://socialsolargreen.com/index/function.php" "Go-http-client/2.0"
216.24.212.232 - - [27/May/2025:14:15:04 -0400] "GET /function/function.php HTTP/1.1" 404 22257 "http://socialsolargreen.com/function/function.php" "Go-http-client/2.0"
216.24.212.232 - - [27/May/2025:14:15:07 -0400] "GET /wp-content/themes/alera/alpha.php HTTP/1.1" 404 22478 "http://socialsolargreen.com/wp-content/themes/alera/alpha.php" "Go-http-client/2.0"
216.24.212.232 - - [27/May/2025:14:15:09 -0400] "GET /wp-content/plugins/WordPressCore/index.php HTTP/1.1" 301 0 "http://socialsolargreen.com/wp-content/plugins/WordPressCore/index.php" "Go-http-client/2.0"
216.24.212.232 - - [27/May/2025:14:15:10 -0400] "GET /wp-content/plugins/WordPressCore/ HTTP/1.1" 404 22478 "https://socialsolargreen.com/wp-content/plugins/WordPressCore/index.php" "Go-http-client/2.0"
216.24.212.232 - - [27/May/2025:14:15:15 -0400] "GET /simple.php HTTP/1.1" 404 22257 "http://socialsolargreen.com/simple.php" "Go-http-client/2.0"
216.24.212.232 - - [27/May/2025:14:15:17 -0400] "GET /k.php HTTP/1.1" 404 22257 "http://socialsolargreen.com/k.php" "Go-http-client/2.0"
216.24.212.232 - - [27/May/2025:14:15:22 -0400] "GET /wp-includes/admin.php HTTP/1.1" 404 22257 "http://socialsolargreen.com/wp-includes/admin.php" "Go-http-client/2.0"
216.24.212.232 - - [27/May/2025:14:15:24 -0400] "GET /readme.php HTTP/1.1" 404 22257 "http://socialsolargreen.com/readme.php" "Go-http-client/2.0"
216.24.212.232 - - [27/May/2025:14:15:25 -0400] "GET /wp-includes/certificates/about.php HTTP/1.1" 404 22478 "http://socialsolargreen.com/wp-includes/certificates/about.php" "Go-http-client/2.0"
216.24.212.232 - - [27/May/2025:14:14:42 -0400] "GET /wp-content/themes/sketch/404.php HTTP/1.1" 404 22478 "http://socialsolargreen.com/wp-content/themes/sketch/404.php" "Go-http-client/2.0"
216.24.212.232 - - [27/May/2025:14:14:43 -0400] "GET /wp-includes/customize/about.php HTTP/1.1" 404 22478 "http://socialsolargreen.com/wp-includes/customize/about.php" "Go-http-client/2.0"
216.24.212.232 - - [27/May/2025:14:14:46 -0400] "GET /wp-includes/about.php HTTP/1.1" 404 22258 "http://socialsolargreen.com/wp-includes/about.php" "Go-http-client/2.0"
216.24.212.232 - - [27/May/2025:14:14:47 -0400] "GET /wp-admin/maint/index.php HTTP/1.1" 301 0 "http://socialsolargreen.com/wp-admin/maint/index.php" "Go-http-client/2.0"
216.24.212.232 - - [27/May/2025:14:14:48 -0400] "GET /wp-admin/maint/ HTTP/1.1" 200 627 "https://socialsolargreen.com/wp-admin/maint/index.php" "Go-http-client/2.0"
216.24.212.232 - - [27/May/2025:14:14:50 -0400] "GET /xml.php HTTP/1.1" 404 22257 "http://socialsolargreen.com/xml.php" "Go-http-client/2.0"
216.24.212.232 - - [27/May/2025:14:14:51 -0400] "GET /admin.php HTTP/1.1" 404 22257 "http://socialsolargreen.com/admin.php" "Go-http-client/2.0"
216.24.212.232 - - [27/May/2025:14:14:52 -0400] "GET /user.php HTTP/1.1" 404 22257 "http://socialsolargreen.com/user.php" "Go-http-client/2.0"
216.24.212.232 - - [27/May/2025:14:14:54 -0400] "GET /text.php HTTP/1.1" 404 22257 "http://socialsolargreen.com/text.php" "Go-http-client/2.0"
198.54.114.35 - - [27/May/2025:14:15:00 -0400] "POST /wp-cron.php?doing_wp_cron=1748369699.9802889823913574218750 HTTP/1.1" 200 0 "-" "WordPress/6.8.1; https://socialsolargreen.com"
216.24.212.232 - - [27/May/2025:14:15:02 -0400] "GET /goods.php HTTP/1.1" 404 22257 "http://socialsolargreen.com/goods.php" "Go-http-client/2.0"
198.54.114.35 - - [27/May/2025:14:15:05 -0400] "POST /wp-cron.php?doing_wp_cron=1748369705.0826361179351806640625 HTTP/1.1" 200 0 "-" "WordPress/6.8.1; https://socialsolargreen.com"
216.24.212.232 - - [27/May/2025:14:15:08 -0400] "GET /as.php HTTP/1.1" 404 22257 "http://socialsolargreen.com/as.php" "Go-http-client/2.0"
216.24.212.232 - - [27/May/2025:14:15:12 -0400] "GET /install.php HTTP/1.1" 404 22257 "http://socialsolargreen.com/install.php" "Go-http-client/2.0"
216.24.212.232 - - [27/May/2025:14:15:13 -0400] "GET /files.php HTTP/1.1" 404 22257 "http://socialsolargreen.com/files.php" "Go-http-client/2.0"
216.24.212.232 - - [27/May/2025:14:15:18 -0400] "GET /file/function.php HTTP/1.1" 404 22257 "http://socialsolargreen.com/file/function.php" "Go-http-client/2.0"
216.24.212.232 - - [27/May/2025:14:15:20 -0400] "GET /webdb.php HTTP/1.1" 404 22257 "http://socialsolargreen.com/webdb.php" "Go-http-client/2.0"
216.24.212.232 - - [27/May/2025:14:15:21 -0400] "GET /lock360.php HTTP/1.1" 404 22257 "http://socialsolargreen.com/lock360.php" "Go-http-client/2.0"
216.24.212.232 - - [27/May/2025:14:15:22 -0400] "GET /wp-content/plugins/index.php HTTP/1.1" 403 1242 "http://socialsolargreen.com/wp-content/plugins/index.php" "Go-http-client/2.0"
216.24.212.232 - - [27/May/2025:14:15:28 -0400] "GET /404.php HTTP/1.1" 404 22258 "http://socialsolargreen.com/404.php" "Go-http-client/2.0"
216.24.212.232 - - [27/May/2025:14:15:32 -0400] "GET /wp-includes/IXR/ HTTP/1.1" 200 1221 "https://socialsolargreen.com/wp-includes/IXR/index.php" "Go-http-client/2.0"
216.24.212.232 - - [27/May/2025:14:15:41 -0400] "GET /ss.php HTTP/1.1" 404 22257 "http://socialsolargreen.com/ss.php" "Go-http-client/2.0"
216.24.212.232 - - [27/May/2025:14:15:42 -0400] "GET /wp-includes/blocks/button/index.php HTTP/1.1" 301 0 "http://socialsolargreen.com/wp-includes/blocks/button/index.php" "Go-http-client/2.0"
216.24.212.232 - - [27/May/2025:14:15:43 -0400] "GET /wp-content/admin.php HTTP/1.1" 404 22257 "http://socialsolargreen.com/wp-content/admin.php" "Go-http-client/2.0"
216.24.212.232 - - [27/May/2025:14:15:44 -0400] "GET /wp-content/languages/index.php HTTP/1.1" 301 0 "http://socialsolargreen.com/wp-content/languages/index.php" "Go-http-client/2.0"
216.24.212.232 - - [27/May/2025:14:15:26 -0400] "GET /back.php HTTP/1.1" 404 22258 "http://socialsolargreen.com/back.php" "Go-http-client/2.0"
216.24.212.232 - - [27/May/2025:14:15:29 -0400] "GET /wp-add.php HTTP/1.1" 404 22257 "http://socialsolargreen.com/wp-add.php" "Go-http-client/2.0"
216.24.212.232 - - [27/May/2025:14:15:30 -0400] "GET /wp-admin/css/about.php HTTP/1.1" 404 22477 "http://socialsolargreen.com/wp-admin/css/about.php" "Go-http-client/2.0"
216.24.212.232 - - [27/May/2025:14:15:31 -0400] "GET /wp-includes/IXR/index.php HTTP/1.1" 301 0 "http://socialsolargreen.com/wp-includes/IXR/index.php" "Go-http-client/2.0"
216.24.212.232 - - [27/May/2025:14:15:32 -0400] "GET /wp-admin/css/admin.php HTTP/1.1" 404 22478 "http://socialsolargreen.com/wp-admin/css/admin.php" "Go-http-client/2.0"
216.24.212.232 - - [27/May/2025:14:15:34 -0400] "GET /wp-blog.php HTTP/1.1" 404 22257 "http://socialsolargreen.com/wp-blog.php" "Go-http-client/2.0"
216.24.212.232 - - [27/May/2025:14:15:35 -0400] "GET /core.php HTTP/1.1" 404 22257 "http://socialsolargreen.com/core.php" "Go-http-client/2.0"
216.24.212.232 - - [27/May/2025:14:15:36 -0400] "GET /av.php HTTP/1.1" 404 22258 "http://socialsolargreen.com/av.php" "Go-http-client/2.0"
216.24.212.232 - - [27/May/2025:14:15:37 -0400] "GET /wp-content/themes/seotheme/mar.php HTTP/1.1" 404 22478 "http://socialsolargreen.com/wp-content/themes/seotheme/mar.php" "Go-http-client/2.0"
216.24.212.232 - - [27/May/2025:14:15:39 -0400] "GET /classwithtostring.php HTTP/1.1" 404 22258 "http://socialsolargreen.com/classwithtostring.php" "Go-http-client/2.0"
216.24.212.232 - - [27/May/2025:14:15:40 -0400] "GET /atomlib.php HTTP/1.1" 404 22257 "http://socialsolargreen.com/atomlib.php" "Go-http-client/2.0"
216.24.212.232 - - [27/May/2025:14:15:42 -0400] "GET /wp-includes/blocks/button/ HTTP/1.1" 200 1088 "https://socialsolargreen.com/wp-includes/blocks/button/index.php" "Go-http-client/2.0"
216.24.212.232 - - [27/May/2025:14:15:44 -0400] "GET /wp-content/languages/ HTTP/1.1" 404 22257 "https://socialsolargreen.com/wp-content/languages/index.php" "Go-http-client/2.0"
216.24.212.232 - - [27/May/2025:14:15:45 -0400] "GET /new.php HTTP/1.1" 404 22257 "http://socialsolargreen.com/new.php" "Go-http-client/2.0"
216.24.212.232 - - [27/May/2025:14:15:46 -0400] "GET /ac.php HTTP/1.1" 404 22257 "http://socialsolargreen.com/ac.php" "Go-http-client/2.0"
216.24.212.232 - - [27/May/2025:14:15:48 -0400] "GET /update/f35.php HTTP/1.1" 404 22258 "http://socialsolargreen.com/update/f35.php" "Go-http-client/2.0"
