芝麻web文件管理V1.00
编辑当前文件:/home/sditechnicalteam/access-logs/socialsolargreen.com.sdipmtools.com-ssl_log
51.161.7.9 - - [27/May/2025:08:16:33 -0400] "POST /wp-login.php HTTP/1.1" 302 0 "https://socialsolargreen.com" "Mozilla/5.0 (Windows NT 10.0; Win64; x64) AppleWebKit/537.36 (KHTML, like Gecko) Chrome/113.0.5672.126 Safari/537.36 Edg/113.0.1774.50"
51.161.7.9 - - [27/May/2025:08:16:35 -0400] "GET /404 HTTP/1.1" 404 22257 "https://socialsolargreen.com" "Mozilla/5.0 (Windows NT 10.0; Win64; x64) AppleWebKit/537.36 (KHTML, like Gecko) Chrome/113.0.5672.126 Safari/537.36 Edg/113.0.1774.50"
146.190.123.164 - - [27/May/2025:08:26:39 -0400] "GET /wp-login.php HTTP/1.1" 302 0 "-" "Mozila/5.0"
146.190.123.164 - - [27/May/2025:08:26:41 -0400] "GET /404 HTTP/1.1" 404 22257 "-" "Mozila/5.0"
43.153.67.21 - - [27/May/2025:08:14:31 -0400] "GET / HTTP/1.1" 200 29850 "http://socialsolargreen.com" "Mozilla/5.0 (iPhone; CPU iPhone OS 13_2_3 like Mac OS X) AppleWebKit/605.1.15 (KHTML, like Gecko) Version/13.0.3 Mobile/15E148 Safari/604.1"
89.45.83.89 - - [27/May/2025:08:29:26 -0400] "POST /wp-login.php HTTP/1.1" 302 0 "https://socialsolargreen.com" "Mozilla/5.0 (Macintosh; Intel Mac OS X 14.5) AppleWebKit/618.3.5 (KHTML, like Gecko) Version/17.4 Safari/618.3.5"
89.45.83.89 - - [27/May/2025:08:29:28 -0400] "GET /404 HTTP/1.1" 404 22257 "https://socialsolargreen.com" "Mozilla/5.0 (Macintosh; Intel Mac OS X 14.5) AppleWebKit/618.3.5 (KHTML, like Gecko) Version/17.4 Safari/618.3.5"
34.58.52.74 - - [27/May/2025:08:50:02 -0400] "GET / HTTP/1.1" 200 29850 "-" "Mozilla/5.0 (Windows NT 10.0; Win64; x64) AppleWebKit/537.36 (KHTML, like Gecko) Chrome/78.0.3904.108 Safari/537.36"
198.54.114.35 - - [27/May/2025:08:50:09 -0400] "POST /wp-admin/admin-ajax.php?action=async_litespeed&nonce=AFQJx5PgQeBTyzdSPZVQYpgTMlJaV7kg&litespeed_type=imgoptm HTTP/1.1" 200 5 "-" "WordPress/6.8.1; https://socialsolargreen.com"
34.58.52.74 - - [27/May/2025:08:50:10 -0400] "GET //wp-json/wp/v2/users/ HTTP/1.1" 200 904 "-" "Mozilla/5.0 (Windows NT 10.0; Win64; x64) AppleWebKit/537.36 (KHTML, like Gecko) Chrome/78.0.3904.108 Safari/537.36"
34.58.52.74 - - [27/May/2025:08:50:10 -0400] "POST //xmlrpc.php HTTP/1.1" 200 205 "-" "Mozilla/5.0 (Windows NT 10.0; Win64; x64) AppleWebKit/537.36 (KHTML, like Gecko) Chrome/78.0.3904.108 Safari/537.36"
34.58.52.74 - - [27/May/2025:08:50:10 -0400] "POST //xmlrpc.php HTTP/1.1" 200 205 "-" "Mozilla/5.0 (Windows NT 10.0; Win64; x64) AppleWebKit/537.36 (KHTML, like Gecko) Chrome/78.0.3904.108 Safari/537.36"
34.58.52.74 - - [27/May/2025:08:50:11 -0400] "POST //xmlrpc.php HTTP/1.1" 200 205 "-" "Mozilla/5.0 (Windows NT 10.0; Win64; x64) AppleWebKit/537.36 (KHTML, like Gecko) Chrome/78.0.3904.108 Safari/537.36"
198.54.114.35 - - [27/May/2025:08:50:08 -0400] "POST /wp-cron.php?doing_wp_cron=1748350208.7089960575103759765625 HTTP/1.1" 200 0 "-" "WordPress/6.8.1; https://socialsolargreen.com"
34.58.52.74 - - [27/May/2025:08:50:02 -0400] "GET //wp-includes/wlwmanifest.xml HTTP/1.1" 301 0 "-" "Mozilla/5.0 (Windows NT 10.0; Win64; x64) AppleWebKit/537.36 (KHTML, like Gecko) Chrome/78.0.3904.108 Safari/537.36"
34.58.52.74 - - [27/May/2025:08:50:09 -0400] "GET //xmlrpc.php?rsd HTTP/1.1" 200 298 "-" "Mozilla/5.0 (Windows NT 10.0; Win64; x64) AppleWebKit/537.36 (KHTML, like Gecko) Chrome/78.0.3904.108 Safari/537.36"
34.58.52.74 - - [27/May/2025:08:50:09 -0400] "GET //?author=1 HTTP/1.1" 301 0 "-" "Mozilla/5.0 (Windows NT 10.0; Win64; x64) AppleWebKit/537.36 (KHTML, like Gecko) Chrome/78.0.3904.108 Safari/537.36"
34.58.52.74 - - [27/May/2025:08:50:09 -0400] "GET //?author=2 HTTP/1.1" 301 0 "-" "Mozilla/5.0 (Windows NT 10.0; Win64; x64) AppleWebKit/537.36 (KHTML, like Gecko) Chrome/78.0.3904.108 Safari/537.36"
34.58.52.74 - - [27/May/2025:08:50:10 -0400] "POST //xmlrpc.php HTTP/1.1" 200 205 "-" "Mozilla/5.0 (Windows NT 10.0; Win64; x64) AppleWebKit/537.36 (KHTML, like Gecko) Chrome/78.0.3904.108 Safari/537.36"
34.58.52.74 - - [27/May/2025:08:50:10 -0400] "POST //xmlrpc.php HTTP/1.1" 200 205 "-" "Mozilla/5.0 (Windows NT 10.0; Win64; x64) AppleWebKit/537.36 (KHTML, like Gecko) Chrome/78.0.3904.108 Safari/537.36"
34.58.52.74 - - [27/May/2025:08:50:11 -0400] "POST //xmlrpc.php HTTP/1.1" 200 205 "-" "Mozilla/5.0 (Windows NT 10.0; Win64; x64) AppleWebKit/537.36 (KHTML, like Gecko) Chrome/78.0.3904.108 Safari/537.36"
2001:1bb0:e000:1e::38b - - [27/May/2025:08:55:24 -0400] "POST /wp-login.php HTTP/1.1" 302 0 "https://socialsolargreen.com" "Mozilla/5.0 (Windows NT 10.0; Win64; x64) AppleWebKit/537.36 (KHTML, like Gecko) Chrome/112.0.5615.138 Safari/537.36 Edg/112.0.1722.68"
2001:1bb0:e000:1e::38b - - [27/May/2025:08:55:27 -0400] "GET /404 HTTP/1.1" 404 22257 "https://socialsolargreen.com" "Mozilla/5.0 (Windows NT 10.0; Win64; x64) AppleWebKit/537.36 (KHTML, like Gecko) Chrome/112.0.5615.138 Safari/537.36 Edg/112.0.1722.68"
162.19.67.137 - - [27/May/2025:09:08:20 -0400] "POST /wp-login.php HTTP/1.1" 302 0 "https://socialsolargreen.com" "Mozilla/5.0 (Macintosh; Intel Mac OS X 10_15_7) AppleWebKit/537.36 (KHTML, like Gecko) Chrome/114.0.5735.134 Safari/537.36"
198.54.114.35 - - [27/May/2025:09:08:27 -0400] "POST /wp-cron.php?doing_wp_cron=1748351307.6979010105133056640625 HTTP/1.1" 200 0 "-" "WordPress/6.8.1; https://socialsolargreen.com"
198.54.114.35 - - [27/May/2025:09:08:27 -0400] "POST /wp-admin/admin-ajax.php?action=async_litespeed&nonce=PoAfdnMegQLgpyfT93DPvC7h8L0jFoo7&litespeed_type=imgoptm HTTP/1.1" 200 0 "-" "WordPress/6.8.1; https://socialsolargreen.com"
198.54.114.35 - - [27/May/2025:09:08:27 -0400] "POST /wp-cron.php?doing_wp_cron=1748351307.1672759056091308593750 HTTP/1.1" 200 0 "-" "WordPress/6.8.1; https://socialsolargreen.com"
162.19.67.137 - - [27/May/2025:09:08:22 -0400] "GET /404 HTTP/1.1" 404 22258 "https://socialsolargreen.com" "Mozilla/5.0 (Macintosh; Intel Mac OS X 10_15_7) AppleWebKit/537.36 (KHTML, like Gecko) Chrome/114.0.5735.134 Safari/537.36"
141.98.84.36 - - [27/May/2025:09:15:43 -0400] "GET / HTTP/1.1" 200 29850 "-" "Mozilla/5.0 (compatible; MSIE 10.0; Windows NT 10.0; Win64; x64; Trident/6.0; .NET CLR 2.0.50727; .NET CLR 3.5.30729; .NET CLR 3.0.30729; Media Center PC 6.0; .NET4.0C; .NET4.0E)"
141.98.84.36 - - [27/May/2025:09:15:44 -0400] "POST /wp-login.php HTTP/1.1" 302 0 "-" "Mozilla/5.0 (compatible; MSIE 10.0; Windows NT 10.0; Win64; x64; Trident/6.0; .NET CLR 2.0.50727; .NET CLR 3.5.30729; .NET CLR 3.0.30729; Media Center PC 6.0; .NET4.0C; .NET4.0E)"
198.54.114.35 - - [27/May/2025:09:15:50 -0400] "POST /wp-admin/admin-ajax.php?action=async_litespeed&nonce=NG8sUZUo21bFnoxwgyVvC2A5GL7KYQxS&litespeed_type=imgoptm HTTP/1.1" 200 5 "-" "WordPress/6.8.1; https://socialsolargreen.com"
185.102.113.209 - - [27/May/2025:09:15:54 -0400] "GET /wp-login.php?redirect_to=https%3A%2F%2Fsocialsolargreen.com%2Fwp-admin%2F&reauth=1 HTTP/1.1" 302 0 "-" "Mozilla/5.0 (Windows NT 10.0; WOW64) AppleWebKit/537.36 (KHTML, like Gecko) Chrome/72.0.3293.80 Safari/537.36"
34.46.107.224 - - [27/May/2025:09:21:16 -0400] "POST /wp-login.php HTTP/1.1" 302 0 "https://socialsolargreen.com" "Mozilla/5.0 (Windows NT 10.0; Win64; x64) AppleWebKit/537.36 (KHTML, like Gecko) Chrome/126.0.0.0 Safari/537.36 Edg/126.0.0.0"
198.54.114.35 - - [27/May/2025:09:26:07 -0400] "POST /wp-cron.php?doing_wp_cron=1748352366.8163959980010986328125 HTTP/1.1" 200 0 "-" "WordPress/6.8.1; https://socialsolargreen.com"
198.54.114.35 - - [27/May/2025:09:26:07 -0400] "POST /wp-admin/admin-ajax.php?action=async_litespeed&nonce=TdFU4F926V62jEgbUWr0DZNNgkKBEs5O&litespeed_type=imgoptm HTTP/1.1" 200 5 "-" "WordPress/6.8.1; https://socialsolargreen.com"
144.76.139.216 - - [27/May/2025:09:26:03 -0400] "GET /wp-content/plugins/suretriggers/readme.txt HTTP/1.1" 404 22478 "www.google.com" "Mozilla/6.4 (Windows NT 11.1) Gecko/2010102 Firefox/99.0"
198.54.114.35 - - [27/May/2025:09:28:44 -0400] "POST /wp-cron.php?doing_wp_cron=1748352523.9054899215698242187500 HTTP/1.1" 200 0 "-" "WordPress/6.8.1; https://socialsolargreen.com"
198.54.114.35 - - [27/May/2025:09:28:44 -0400] "POST /wp-admin/admin-ajax.php?action=async_litespeed&nonce=oAipJE8zSTRrsHZra7uOPRhn4PV74pOj&litespeed_type=imgoptm HTTP/1.1" 200 5 "-" "WordPress/6.8.1; https://socialsolargreen.com"
134.199.234.51 - - [27/May/2025:09:28:40 -0400] "GET /wp-content/plugins/HelloDollyV2/hello_dolly_v2.php HTTP/1.1" 404 22457 "www.google.com" "Mozilla/5.0 (Linux; Android 7.0; SM-G892A Build/NRD90M; wv) AppleWebKit/537.36 (KHTML, like Gecko) Version/4.0 Chrome/60.0.3112.107 Mobile Safari/537.36"
198.54.114.35 - - [27/May/2025:09:30:10 -0400] "POST /wp-cron.php?doing_wp_cron=1748352610.6042470932006835937500 HTTP/1.1" 200 0 "-" "WordPress/6.8.1; https://socialsolargreen.com"
198.54.114.35 - - [27/May/2025:09:15:49 -0400] "POST /wp-cron.php?doing_wp_cron=1748351749.6120541095733642578125 HTTP/1.1" 200 0 "-" "WordPress/6.8.1; https://socialsolargreen.com"
141.98.84.36 - - [27/May/2025:09:15:47 -0400] "POST /xmlrpc.php HTTP/1.1" 200 186 "-" "Mozilla/5.0 (compatible; MSIE 10.0; Windows NT 10.0; Win64; x64; Trident/6.0; .NET CLR 2.0.50727; .NET CLR 3.5.30729; .NET CLR 3.0.30729; Media Center PC 6.0; .NET4.0C; .NET4.0E)"
185.102.113.209 - - [27/May/2025:09:15:51 -0400] "GET / HTTP/1.1" 200 29850 "-" "Mozilla/5.0 (Windows NT 10.0; WOW64) AppleWebKit/537.36 (KHTML, like Gecko) Chrome/72.0.3293.80 Safari/537.36"
185.102.113.209 - - [27/May/2025:09:15:52 -0400] "GET / HTTP/1.1" 200 29850 "-" "Mozilla/5.0 (Windows NT 10.0; WOW64) AppleWebKit/537.36 (KHTML, like Gecko) Chrome/72.0.3293.80 Safari/537.36"
185.102.113.209 - - [27/May/2025:09:15:53 -0400] "GET /wp-login.php HTTP/1.1" 302 0 "-" "Mozilla/5.0 (Windows NT 10.0; WOW64) AppleWebKit/537.36 (KHTML, like Gecko) Chrome/72.0.3293.80 Safari/537.36"
185.102.113.209 - - [27/May/2025:09:15:53 -0400] "GET /404 HTTP/1.1" 404 22258 "-" "Mozilla/5.0 (Windows NT 10.0; WOW64) AppleWebKit/537.36 (KHTML, like Gecko) Chrome/72.0.3293.80 Safari/537.36"
185.102.113.209 - - [27/May/2025:09:15:54 -0400] "GET /wp-admin/ HTTP/1.1" 302 0 "-" "Mozilla/5.0 (Windows NT 10.0; WOW64) AppleWebKit/537.36 (KHTML, like Gecko) Chrome/72.0.3293.80 Safari/537.36"
185.102.113.209 - - [27/May/2025:09:15:55 -0400] "GET /404 HTTP/1.1" 404 22258 "-" "Mozilla/5.0 (Windows NT 10.0; WOW64) AppleWebKit/537.36 (KHTML, like Gecko) Chrome/72.0.3293.80 Safari/537.36"
34.46.107.224 - - [27/May/2025:09:21:17 -0400] "GET /404 HTTP/1.1" 404 22258 "https://socialsolargreen.com" "Mozilla/5.0 (Windows NT 10.0; Win64; x64) AppleWebKit/537.36 (KHTML, like Gecko) Chrome/126.0.0.0 Safari/537.36 Edg/126.0.0.0"
134.199.234.51 - - [27/May/2025:09:28:53 -0400] "GET /wp-content/themes/hello_dolly_v2.php HTTP/1.1" 404 22457 "www.google.com" "Mozilla/5.0 (Linux; Android 7.0; SM-G892A Build/NRD90M; wv) AppleWebKit/537.36 (KHTML, like Gecko) Version/4.0 Chrome/60.0.3112.107 Mobile Safari/537.36"
198.54.114.35 - - [27/May/2025:09:29:47 -0400] "POST /wp-cron.php?doing_wp_cron=1748352586.9220221042633056640625 HTTP/1.1" 200 0 "-" "WordPress/6.8.1; https://socialsolargreen.com"
134.199.234.51 - - [27/May/2025:09:29:46 -0400] "GET /wp-content/plugins/WordPressCore/include.php HTTP/1.1" 404 22456 "www.google.com" "Mozilla/5.0 (Linux; Android 7.0; SM-G892A Build/NRD90M; wv) AppleWebKit/537.36 (KHTML, like Gecko) Version/4.0 Chrome/60.0.3112.107 Mobile Safari/537.36"
198.54.114.35 - - [27/May/2025:09:29:47 -0400] "POST /wp-admin/admin-ajax.php?action=async_litespeed&nonce=Zu0snUlKzvYRrR7HY7Q3nnfrgZjbslwk&litespeed_type=imgoptm HTTP/1.1" 200 5 "-" "WordPress/6.8.1; https://socialsolargreen.com"
198.54.114.35 - - [27/May/2025:09:30:11 -0400] "POST /wp-admin/admin-ajax.php?action=async_litespeed&nonce=Z0HfuxtlY87YBKBiktuHEqyezyLUe3HH&litespeed_type=imgoptm HTTP/1.1" 200 5 "-" "WordPress/6.8.1; https://socialsolargreen.com"
134.199.234.51 - - [27/May/2025:09:30:10 -0400] "GET /wp-content/themes/include.php HTTP/1.1" 404 22457 "www.google.com" "Mozilla/5.0 (Linux; Android 7.0; SM-G892A Build/NRD90M; wv) AppleWebKit/537.36 (KHTML, like Gecko) Version/4.0 Chrome/60.0.3112.107 Mobile Safari/537.36"
104.28.222.43 - - [27/May/2025:09:32:43 -0400] "GET /wp-login.php HTTP/1.1" 302 0 "http://socialsolargreen.com/wp-admin/" "Mozilla/5.0 (Windows NT 10.0; Win64; x64) AppleWebKit/537.36 (KHTML, like Gecko) Chrome/90.0.4430.85 Safari/537.36"
198.54.114.35 - - [27/May/2025:09:32:49 -0400] "POST /wp-admin/admin-ajax.php?action=async_litespeed&nonce=yG9g3qHFasFyZPV5cy1f5y1NN9HTSSZM&litespeed_type=imgoptm HTTP/1.1" 200 5 "-" "WordPress/6.8.1; https://socialsolargreen.com"
104.28.222.43 - - [27/May/2025:09:32:45 -0400] "GET /404 HTTP/1.1" 404 22258 "http://socialsolargreen.com/wp-admin/" "Mozilla/5.0 (Windows NT 10.0; Win64; x64) AppleWebKit/537.36 (KHTML, like Gecko) Chrome/90.0.4430.85 Safari/537.36"
104.28.222.43 - - [27/May/2025:09:32:46 -0400] "POST /404/wp-login.php HTTP/1.1" 302 0 "http://socialsolargreen.com/wp-admin/" "Mozilla/5.0 (Windows NT 10.0; Win64; x64) AppleWebKit/537.36 (KHTML, like Gecko) Chrome/90.0.4430.85 Safari/537.36"
104.28.222.43 - - [27/May/2025:09:32:46 -0400] "GET /404 HTTP/1.1" 404 22258 "http://socialsolargreen.com/wp-admin/" "Mozilla/5.0 (Windows NT 10.0; Win64; x64) AppleWebKit/537.36 (KHTML, like Gecko) Chrome/90.0.4430.85 Safari/537.36"
198.54.114.35 - - [27/May/2025:09:32:48 -0400] "POST /wp-cron.php?doing_wp_cron=1748352768.6884760856628417968750 HTTP/1.1" 200 0 "-" "WordPress/6.8.1; https://socialsolargreen.com"
104.28.222.43 - - [27/May/2025:09:32:46 -0400] "GET /404/wp-admin/ HTTP/1.1" 404 22257 "www.google.com" "Mozilla/5.0 (Windows NT 10.0; Win64; x64) AppleWebKit/537.36 (KHTML, like Gecko) Chrome/90.0.4430.85 Safari/537.36"
198.54.114.35 - - [27/May/2025:10:17:29 -0400] "POST /wp-cron.php?doing_wp_cron=1748355449.5698630809783935546875 HTTP/1.1" 200 0 "-" "WordPress/6.8.1; https://socialsolargreen.com"
198.54.114.35 - - [27/May/2025:10:17:29 -0400] "POST /wp-cron.php?doing_wp_cron=1748355449.5038950443267822265625 HTTP/1.1" 200 0 "-" "WordPress/6.8.1; https://socialsolargreen.com"
198.54.114.35 - - [27/May/2025:10:17:29 -0400] "POST /wp-cron.php?doing_wp_cron=1748355449.5035960674285888671875 HTTP/1.1" 200 0 "-" "WordPress/6.8.1; https://socialsolargreen.com"
198.54.114.35 - - [27/May/2025:10:17:30 -0400] "POST /wp-cron.php?doing_wp_cron=1748355449.8522529602050781250000 HTTP/1.1" 200 0 "-" "WordPress/6.8.1; https://socialsolargreen.com"
198.54.114.35 - - [27/May/2025:10:17:30 -0400] "POST /wp-admin/admin-ajax.php?action=async_litespeed&nonce=IhxiCdAUnqrxDpCt5o8lXxIncA4CLmWT&litespeed_type=imgoptm HTTP/1.1" 200 5 "-" "WordPress/6.8.1; https://socialsolargreen.com"
196.251.117.154 - - [27/May/2025:10:17:31 -0400] "POST /alfacgiapi/perl.alfa HTTP/1.1" 404 22165 "www.google.com" "Mozlila/5.0 (Linux; Android 7.0; SM-G892A Bulid/NRD90M; wv) AppleWebKit/537.36 (KHTML, like Gecko) Version/4.0 Chrome/60.0.3112.107 Moblie Safari/537.36"
196.251.117.154 - - [27/May/2025:10:17:31 -0400] "GET /plugins/content/apismtp/apismtp.php?test=hello HTTP/1.1" 404 22457 "-" "Mozlila/5.0 (Linux; Android 7.0; SM-G892A Bulid/NRD90M; wv) AppleWebKit/537.36 (KHTML, like Gecko) Version/4.0 Chrome/60.0.3112.107 Moblie Safari/537.36"
196.251.117.154 - - [27/May/2025:10:17:25 -0400] "GET / HTTP/1.1" 200 29850 "-" "Mozlila/5.0 (Linux; Android 7.0; SM-G892A Bulid/NRD90M; wv) AppleWebKit/537.36 (KHTML, like Gecko) Version/4.0 Chrome/60.0.3112.107 Moblie Safari/537.36"
198.54.114.35 - - [27/May/2025:10:17:29 -0400] "POST /wp-cron.php?doing_wp_cron=1748355449.5696020126342773437500 HTTP/1.1" 200 0 "-" "WordPress/6.8.1; https://socialsolargreen.com"
198.54.114.35 - - [27/May/2025:10:17:29 -0400] "POST /wp-cron.php?doing_wp_cron=1748355449.5724220275878906250000 HTTP/1.1" 200 0 "-" "WordPress/6.8.1; https://socialsolargreen.com"
196.251.117.154 - - [27/May/2025:10:17:25 -0400] "GET /wp-content/themes/seotheme/db.php?u HTTP/1.1" 404 22457 "www.google.com" "Mozlila/5.0 (Linux; Android 7.0; SM-G892A Bulid/NRD90M; wv) AppleWebKit/537.36 (KHTML, like Gecko) Version/4.0 Chrome/60.0.3112.107 Moblie Safari/537.36"
196.251.117.154 - - [27/May/2025:10:17:25 -0400] "POST /ALFA_DATA/alfacgiapi/perl.alfa HTTP/1.1" 404 22411 "www.google.com" "Mozlila/5.0 (Linux; Android 7.0; SM-G892A Bulid/NRD90M; wv) AppleWebKit/537.36 (KHTML, like Gecko) Version/4.0 Chrome/60.0.3112.107 Moblie Safari/537.36"
196.251.117.154 - - [27/May/2025:10:17:25 -0400] "GET /wp-content/plugins/fix/up.php HTTP/1.1" 404 22477 "-" "Mozilla/5.0 (Windows NT 10.0; Win64; x64) AppleWebKit/537.36 (KHTML, like Gecko) Chrome/85.0.4183.102 Safari/537.36"
196.251.117.154 - - [27/May/2025:10:17:25 -0400] "GET /wp-content/plugins/apikey/apikey.php?test=hello HTTP/1.1" 404 22457 "-" "Mozlila/5.0 (Linux; Android 7.0; SM-G892A Bulid/NRD90M; wv) AppleWebKit/537.36 (KHTML, like Gecko) Version/4.0 Chrome/60.0.3112.107 Moblie Safari/537.36"
196.251.117.154 - - [27/May/2025:10:17:25 -0400] "GET /uogxmmqa.php?Fox=d3wL7 HTTP/1.1" 404 22210 "www.google.com" "Mozilla/5.0 (Linux; Android 7.0; SM-G892A Bulid/NRD90M; wv) AppleWebKit/537.36 (KHTML, like Gecko) Version/4.0 Chrome/60.0.3112.107 Moblie Safari/537.36"
196.251.117.154 - - [27/May/2025:10:17:31 -0400] "GET /wp-content/themes/seotheme/db.php?u HTTP/1.1" 404 22457 "www.google.com" "Mozlila/5.0 (Linux; Android 7.0; SM-G892A Bulid/NRD90M; wv) AppleWebKit/537.36 (KHTML, like Gecko) Version/4.0 Chrome/60.0.3112.107 Moblie Safari/537.36"
196.251.117.154 - - [27/May/2025:10:17:32 -0400] "GET /wp-content/plugins/apikey/apikey.php.suspected?test=hello HTTP/1.1" 404 22457 "-" "Mozlila/5.0 (Linux; Android 7.0; SM-G892A Bulid/NRD90M; wv) AppleWebKit/537.36 (KHTML, like Gecko) Version/4.0 Chrome/60.0.3112.107 Moblie Safari/537.36"
196.251.117.154 - - [27/May/2025:10:17:33 -0400] "GET /plugins/content/apismtp/apismtp.php.suspected?test=hello HTTP/1.1" 404 22457 "-" "Mozlila/5.0 (Linux; Android 7.0; SM-G892A Bulid/NRD90M; wv) AppleWebKit/537.36 (KHTML, like Gecko) Version/4.0 Chrome/60.0.3112.107 Moblie Safari/537.36"
40.77.167.22 - - [27/May/2025:10:24:12 -0400] "GET /Project_gallery_img_01.jpg/ HTTP/1.1" 200 24326 "-" "Mozilla/5.0 AppleWebKit/537.36 (KHTML, like Gecko; compatible; bingbot/2.0; +http://www.bing.com/bingbot.htm) Chrome/116.0.1938.76 Safari/537.36"
198.54.114.35 - - [27/May/2025:10:24:08 -0400] "POST /wp-cron.php?doing_wp_cron=1748355848.1667959690093994140625 HTTP/1.1" 200 0 "-" "WordPress/6.8.1; https://socialsolargreen.com"
40.77.167.22 - - [27/May/2025:10:24:02 -0400] "GET /Project_gallery_img_01.jpg HTTP/1.1" 301 0 "-" "Mozilla/5.0 AppleWebKit/537.36 (KHTML, like Gecko; compatible; bingbot/2.0; +http://www.bing.com/bingbot.htm) Chrome/116.0.1938.76 Safari/537.36"
198.54.114.35 - - [27/May/2025:10:24:08 -0400] "POST /wp-admin/admin-ajax.php?action=async_litespeed&nonce=ogrDPynB9Zp7IW4DaBTCSiPW0eI0Rpei&litespeed_type=imgoptm HTTP/1.1" 200 5 "-" "WordPress/6.8.1; https://socialsolargreen.com"
4.213.160.163 - - [27/May/2025:10:55:19 -0400] "GET /wp-content/uploads/2025/05/ HTTP/1.1" 200 556 "binance.com" "Mozilla/5.0 (Windows NT 10.0; Win64; x64) AppleWebKit/537.36 (KHTML, like Gecko) Chrome/90.0.4430.85 Safari/537.36"
182.44.8.254 - - [27/May/2025:10:50:41 -0400] "GET / HTTP/1.1" 200 29850 "http://socialsolargreen.com" "Mozilla/5.0 (iPhone; CPU iPhone OS 13_2_3 like Mac OS X) AppleWebKit/605.1.15 (KHTML, like Gecko) Version/13.0.3 Mobile/15E148 Safari/604.1"
4.213.160.163 - - [27/May/2025:10:54:55 -0400] "GET /wp-admin/css/ HTTP/1.1" 200 3028 "binance.com" "Mozilla/5.0 (Windows NT 10.0; Win64; x64) AppleWebKit/537.36 (KHTML, like Gecko) Chrome/90.0.4430.85 Safari/537.36"
4.213.160.163 - - [27/May/2025:10:55:39 -0400] "GET /wp-content/uploads/2025/04/ HTTP/1.1" 200 556 "binance.com" "Mozilla/5.0 (Windows NT 10.0; Win64; x64) AppleWebKit/537.36 (KHTML, like Gecko) Chrome/90.0.4430.85 Safari/537.36"
4.213.160.163 - - [27/May/2025:10:55:59 -0400] "GET /wp-content/upgrade/ HTTP/1.1" 200 549 "binance.com" "Mozilla/5.0 (Windows NT 10.0; Win64; x64) AppleWebKit/537.36 (KHTML, like Gecko) Chrome/90.0.4430.85 Safari/537.36"
198.54.114.35 - - [27/May/2025:10:56:11 -0400] "POST /wp-cron.php?doing_wp_cron=1748357770.7723960876464843750000 HTTP/1.1" 200 0 "-" "WordPress/6.8.1; https://socialsolargreen.com"
198.54.114.35 - - [27/May/2025:10:56:11 -0400] "POST /wp-admin/admin-ajax.php?action=async_litespeed&nonce=hpIlrYEBGo8eAbndwBTCvWpi1zMbqrNV&litespeed_type=imgoptm HTTP/1.1" 200 5 "-" "WordPress/6.8.1; https://socialsolargreen.com"
4.213.160.163 - - [27/May/2025:10:56:07 -0400] "GET /wp-content/languages/ HTTP/1.1" 404 22257 "binance.com" "Mozilla/5.0 (Windows NT 10.0; Win64; x64) AppleWebKit/537.36 (KHTML, like Gecko) Chrome/90.0.4430.85 Safari/537.36"
4.213.160.163 - - [27/May/2025:10:56:19 -0400] "GET /wp-admin/includes/ HTTP/1.1" 200 4162 "binance.com" "Mozilla/5.0 (Windows NT 10.0; Win64; x64) AppleWebKit/537.36 (KHTML, like Gecko) Chrome/90.0.4430.85 Safari/537.36"
4.213.160.163 - - [27/May/2025:10:56:27 -0400] "GET /wp-admin/includes/ HTTP/1.1" 200 4123 "binance.com" "Mozilla/5.0 (Windows NT 10.0; Win64; x64) AppleWebKit/537.36 (KHTML, like Gecko) Chrome/90.0.4430.85 Safari/537.36"
4.213.160.163 - - [27/May/2025:10:56:38 -0400] "GET /wp-admin/maint/ HTTP/1.1" 200 627 "binance.com" "Mozilla/5.0 (Windows NT 10.0; Win64; x64) AppleWebKit/537.36 (KHTML, like Gecko) Chrome/90.0.4430.85 Safari/537.36"
198.54.114.35 - - [27/May/2025:10:57:02 -0400] "POST /wp-cron.php?doing_wp_cron=1748357822.4774401187896728515625 HTTP/1.1" 200 0 "-" "WordPress/6.8.1; https://socialsolargreen.com"
4.213.160.163 - - [27/May/2025:10:57:02 -0400] "GET /wp-admin/network/ HTTP/1.1" 302 0 "binance.com" "Mozilla/5.0 (Windows NT 10.0; Win64; x64) AppleWebKit/537.36 (KHTML, like Gecko) Chrome/90.0.4430.85 Safari/537.36"
198.54.114.35 - - [27/May/2025:10:57:03 -0400] "POST /wp-admin/admin-ajax.php?action=async_litespeed&nonce=k0Mjy7cF9s1cb4AO9us4C8fueG8jni4u&litespeed_type=imgoptm HTTP/1.1" 200 5 "-" "WordPress/6.8.1; https://socialsolargreen.com"
4.213.160.163 - - [27/May/2025:10:57:15 -0400] "GET /wp-admin/user/ HTTP/1.1" 302 0 "binance.com" "Mozilla/5.0 (Windows NT 10.0; Win64; x64) AppleWebKit/537.36 (KHTML, like Gecko) Chrome/90.0.4430.85 Safari/537.36"
4.213.160.163 - - [27/May/2025:10:57:30 -0400] "GET /wp-admin/css/ HTTP/1.1" 200 2998 "binance.com" "Mozilla/5.0 (Windows NT 10.0; Win64; x64) AppleWebKit/537.36 (KHTML, like Gecko) Chrome/90.0.4430.85 Safari/537.36"
4.213.160.163 - - [27/May/2025:10:57:41 -0400] "GET /wp-admin/css/colors/ HTTP/1.1" 200 1114 "binance.com" "Mozilla/5.0 (Windows NT 10.0; Win64; x64) AppleWebKit/537.36 (KHTML, like Gecko) Chrome/90.0.4430.85 Safari/537.36"
159.65.189.65 - - [27/May/2025:10:57:49 -0400] "POST /wp-login.php HTTP/1.1" 302 0 "-" "Mozilla/5.0 (X11; Linux x86_64; rv:121.0) Gecko/20100101 Firefox/121.0"
159.65.189.65 - - [27/May/2025:10:57:49 -0400] "POST /wp-login.php HTTP/1.1" 302 0 "-" "Mozilla/5.0 (X11; Linux x86_64; rv:121.0) Gecko/20100101 Firefox/121.0"
159.65.189.65 - - [27/May/2025:10:58:00 -0400] "GET /wp-login.php HTTP/1.1" 302 0 "-" "Mozilla/5.0 (Linux; Android 12; Redmi Note 9 Pro Build/SKQ1.211019.001; wv) AppleWebKit/537.36 (KHTML, like Gecko) Version/4.0 Chrome/126.0.6478.71 Mobile Safari/537.36"
159.65.189.65 - - [27/May/2025:10:58:00 -0400] "GET /404 HTTP/1.1" 404 22257 "-" "Mozilla/5.0 (Linux; Android 12; Redmi Note 9 Pro Build/SKQ1.211019.001; wv) AppleWebKit/537.36 (KHTML, like Gecko) Version/4.0 Chrome/126.0.6478.71 Mobile Safari/537.36"
4.213.160.163 - - [27/May/2025:10:55:48 -0400] "GET /wp-content/uploads/ HTTP/1.1" 200 698 "binance.com" "Mozilla/5.0 (Windows NT 10.0; Win64; x64) AppleWebKit/537.36 (KHTML, like Gecko) Chrome/90.0.4430.85 Safari/537.36"
4.213.160.163 - - [27/May/2025:10:56:49 -0400] "GET /wp-admin/maint/ HTTP/1.1" 200 627 "binance.com" "Mozilla/5.0 (Windows NT 10.0; Win64; x64) AppleWebKit/537.36 (KHTML, like Gecko) Chrome/90.0.4430.85 Safari/537.36"
4.213.160.163 - - [27/May/2025:10:57:03 -0400] "GET /wp-login.php?redirect_to=https%3A%2F%2Fsocialsolargreen.com%2Fwp-admin%2Fnetwork%2F&reauth=1 HTTP/1.1" 302 0 "binance.com" "Mozilla/5.0 (Windows NT 10.0; Win64; x64) AppleWebKit/537.36 (KHTML, like Gecko) Chrome/90.0.4430.85 Safari/537.36"
4.213.160.163 - - [27/May/2025:10:57:03 -0400] "GET /404 HTTP/1.1" 404 22257 "binance.com" "Mozilla/5.0 (Windows NT 10.0; Win64; x64) AppleWebKit/537.36 (KHTML, like Gecko) Chrome/90.0.4430.85 Safari/537.36"
4.213.160.163 - - [27/May/2025:10:57:16 -0400] "GET /wp-login.php?redirect_to=https%3A%2F%2Fsocialsolargreen.com%2Fwp-admin%2Fuser%2F&reauth=1 HTTP/1.1" 302 0 "binance.com" "Mozilla/5.0 (Windows NT 10.0; Win64; x64) AppleWebKit/537.36 (KHTML, like Gecko) Chrome/90.0.4430.85 Safari/537.36"
4.213.160.163 - - [27/May/2025:10:57:16 -0400] "GET /404 HTTP/1.1" 404 22257 "binance.com" "Mozilla/5.0 (Windows NT 10.0; Win64; x64) AppleWebKit/537.36 (KHTML, like Gecko) Chrome/90.0.4430.85 Safari/537.36"
159.65.189.65 - - [27/May/2025:10:57:48 -0400] "GET /wp-login.php HTTP/1.1" 302 0 "-" "Mozilla/5.0 (X11; Linux x86_64; rv:121.0) Gecko/20100101 Firefox/121.0"
159.65.189.65 - - [27/May/2025:10:57:48 -0400] "GET /404 HTTP/1.1" 404 22257 "-" "Mozilla/5.0 (X11; Linux x86_64; rv:121.0) Gecko/20100101 Firefox/121.0"
159.65.189.65 - - [27/May/2025:10:57:49 -0400] "GET /404 HTTP/1.1" 404 22257 "-" "Mozilla/5.0 (X11; Linux x86_64; rv:121.0) Gecko/20100101 Firefox/121.0"
159.65.189.65 - - [27/May/2025:10:57:49 -0400] "GET /404 HTTP/1.1" 404 22257 "-" "Mozilla/5.0 (X11; Linux x86_64; rv:121.0) Gecko/20100101 Firefox/121.0"
4.213.160.163 - - [27/May/2025:10:57:52 -0400] "GET /wp-admin/css/colors/blue/ HTTP/1.1" 200 736 "binance.com" "Mozilla/5.0 (Windows NT 10.0; Win64; x64) AppleWebKit/537.36 (KHTML, like Gecko) Chrome/90.0.4430.85 Safari/537.36"
4.213.160.163 - - [27/May/2025:10:58:01 -0400] "GET /wp-admin/css/colors/coffee/ HTTP/1.1" 200 748 "binance.com" "Mozilla/5.0 (Windows NT 10.0; Win64; x64) AppleWebKit/537.36 (KHTML, like Gecko) Chrome/90.0.4430.85 Safari/537.36"
4.213.160.163 - - [27/May/2025:10:58:12 -0400] "GET /wp-admin/css/colors/ectoplasm/ HTTP/1.1" 200 736 "binance.com" "Mozilla/5.0 (Windows NT 10.0; Win64; x64) AppleWebKit/537.36 (KHTML, like Gecko) Chrome/90.0.4430.85 Safari/537.36"
4.213.160.163 - - [27/May/2025:10:58:23 -0400] "GET /wp-admin/css/colors/light/ HTTP/1.1" 200 744 "binance.com" "Mozilla/5.0 (Windows NT 10.0; Win64; x64) AppleWebKit/537.36 (KHTML, like Gecko) Chrome/90.0.4430.85 Safari/537.36"
4.213.160.163 - - [27/May/2025:10:59:06 -0400] "GET /wp-admin/css/colors/sunrise/ HTTP/1.1" 200 738 "binance.com" "Mozilla/5.0 (Windows NT 10.0; Win64; x64) AppleWebKit/537.36 (KHTML, like Gecko) Chrome/90.0.4430.85 Safari/537.36"
198.54.114.35 - - [27/May/2025:10:59:06 -0400] "POST /wp-admin/admin-ajax.php?action=async_litespeed&nonce=13iXnIumI0ofn7wQabglrcn9FPm45EpB&litespeed_type=imgoptm HTTP/1.1" 200 5 "-" "WordPress/6.8.1; https://socialsolargreen.com"
4.213.160.163 - - [27/May/2025:10:59:36 -0400] "GET /wp-admin/js/widgets/ HTTP/1.1" 200 1274 "binance.com" "Mozilla/5.0 (Windows NT 10.0; Win64; x64) AppleWebKit/537.36 (KHTML, like Gecko) Chrome/90.0.4430.85 Safari/537.36"
4.213.160.163 - - [27/May/2025:11:00:05 -0400] "GET /wp-includes/ HTTP/1.1" 200 8659 "binance.com" "Mozilla/5.0 (Windows NT 10.0; Win64; x64) AppleWebKit/537.36 (KHTML, like Gecko) Chrome/90.0.4430.85 Safari/537.36"
4.213.160.163 - - [27/May/2025:11:00:26 -0400] "GET /wp-includes/block-bindings.php HTTP/1.1" 200 0 "binance.com" "Mozilla/5.0 (Windows NT 10.0; Win64; x64) AppleWebKit/537.36 (KHTML, like Gecko) Chrome/90.0.4430.85 Safari/537.36"
4.213.160.163 - - [27/May/2025:11:01:17 -0400] "GET /wp-includes/class-wp-block-bindings-registry.php HTTP/1.1" 200 0 "binance.com" "Mozilla/5.0 (Windows NT 10.0; Win64; x64) AppleWebKit/537.36 (KHTML, like Gecko) Chrome/90.0.4430.85 Safari/537.36"
4.213.160.163 - - [27/May/2025:11:01:22 -0400] "GET /wp-includes/class-wp-block-bindings-source.php HTTP/1.1" 200 0 "binance.com" "Mozilla/5.0 (Windows NT 10.0; Win64; x64) AppleWebKit/537.36 (KHTML, like Gecko) Chrome/90.0.4430.85 Safari/537.36"
4.213.160.163 - - [27/May/2025:11:01:30 -0400] "GET /wp-includes/class-wp-block-editor-context.php HTTP/1.1" 200 0 "binance.com" "Mozilla/5.0 (Windows NT 10.0; Win64; x64) AppleWebKit/537.36 (KHTML, like Gecko) Chrome/90.0.4430.85 Safari/537.36"
4.213.160.163 - - [27/May/2025:11:01:38 -0400] "GET /wp-includes/class-wp-block-metadata-registry.php HTTP/1.1" 200 0 "binance.com" "Mozilla/5.0 (Windows NT 10.0; Win64; x64) AppleWebKit/537.36 (KHTML, like Gecko) Chrome/90.0.4430.85 Safari/537.36"
4.213.160.163 - - [27/May/2025:11:02:06 -0400] "GET /wp-includes/class-wp-block-parser-frame.php HTTP/1.1" 200 0 "binance.com" "Mozilla/5.0 (Windows NT 10.0; Win64; x64) AppleWebKit/537.36 (KHTML, like Gecko) Chrome/90.0.4430.85 Safari/537.36"
4.213.160.163 - - [27/May/2025:11:02:15 -0400] "GET /wp-includes/class-wp-block-template.php HTTP/1.1" 200 0 "binance.com" "Mozilla/5.0 (Windows NT 10.0; Win64; x64) AppleWebKit/537.36 (KHTML, like Gecko) Chrome/90.0.4430.85 Safari/537.36"
4.213.160.163 - - [27/May/2025:11:02:23 -0400] "GET /wp-includes/class-wp-block-templates-registry.php HTTP/1.1" 200 0 "binance.com" "Mozilla/5.0 (Windows NT 10.0; Win64; x64) AppleWebKit/537.36 (KHTML, like Gecko) Chrome/90.0.4430.85 Safari/537.36"
4.213.160.163 - - [27/May/2025:11:02:30 -0400] "GET /wp-includes/class-wp-classic-to-block-menu-converter.php HTTP/1.1" 200 0 "binance.com" "Mozilla/5.0 (Windows NT 10.0; Win64; x64) AppleWebKit/537.36 (KHTML, like Gecko) Chrome/90.0.4430.85 Safari/537.36"
4.213.160.163 - - [27/May/2025:11:03:17 -0400] "GET /wp-includes/class-wp-exception.php HTTP/1.1" 200 0 "binance.com" "Mozilla/5.0 (Windows NT 10.0; Win64; x64) AppleWebKit/537.36 (KHTML, like Gecko) Chrome/90.0.4430.85 Safari/537.36"
4.213.160.163 - - [27/May/2025:11:03:27 -0400] "GET /wp-includes/class-wp-http.php HTTP/1.1" 200 6 "binance.com" "Mozilla/5.0 (Windows NT 10.0; Win64; x64) AppleWebKit/537.36 (KHTML, like Gecko) Chrome/90.0.4430.85 Safari/537.36"
198.235.24.46 - - [27/May/2025:11:03:29 -0400] "GET / HTTP/1.1" 200 29850 "-" "Expanse, a Palo Alto Networks company, searches across the global IPv4 space multiple times per day to identify customers' presences on the Internet. If you would like to be excluded from our scans, please send IP addresses/domains to: scaninfo@paloaltonetworks.com"
4.213.160.163 - - [27/May/2025:11:03:48 -0400] "GET /wp-includes/class-wp-navigation-fallback.php HTTP/1.1" 200 0 "binance.com" "Mozilla/5.0 (Windows NT 10.0; Win64; x64) AppleWebKit/537.36 (KHTML, like Gecko) Chrome/90.0.4430.85 Safari/537.36"
4.213.160.163 - - [27/May/2025:11:04:00 -0400] "GET /wp-includes/class-wp-phpmailer.php HTTP/1.1" 500 0 "binance.com" "Mozilla/5.0 (Windows NT 10.0; Win64; x64) AppleWebKit/537.36 (KHTML, like Gecko) Chrome/90.0.4430.85 Safari/537.36"
4.213.160.163 - - [27/May/2025:10:58:35 -0400] "GET /wp-admin/css/colors/midnight/ HTTP/1.1" 200 744 "binance.com" "Mozilla/5.0 (Windows NT 10.0; Win64; x64) AppleWebKit/537.36 (KHTML, like Gecko) Chrome/90.0.4430.85 Safari/537.36"
4.213.160.163 - - [27/May/2025:10:58:47 -0400] "GET /wp-admin/css/colors/modern/ HTTP/1.1" 200 725 "binance.com" "Mozilla/5.0 (Windows NT 10.0; Win64; x64) AppleWebKit/537.36 (KHTML, like Gecko) Chrome/90.0.4430.85 Safari/537.36"
4.213.160.163 - - [27/May/2025:10:58:55 -0400] "GET /wp-admin/css/colors/ocean/ HTTP/1.1" 200 745 "binance.com" "Mozilla/5.0 (Windows NT 10.0; Win64; x64) AppleWebKit/537.36 (KHTML, like Gecko) Chrome/90.0.4430.85 Safari/537.36"
198.54.114.35 - - [27/May/2025:10:59:06 -0400] "POST /wp-cron.php?doing_wp_cron=1748357945.9658639430999755859375 HTTP/1.1" 200 0 "-" "WordPress/6.8.1; https://socialsolargreen.com"
4.213.160.163 - - [27/May/2025:10:59:04 -0400] "GET /wp-admin/css/colors/sunrise/%20 HTTP/1.1" 301 0 "binance.com" "Mozilla/5.0 (Windows NT 10.0; Win64; x64) AppleWebKit/537.36 (KHTML, like Gecko) Chrome/90.0.4430.85 Safari/537.36"
4.213.160.163 - - [27/May/2025:10:59:17 -0400] "GET /wp-admin/images/ HTTP/1.1" 200 2762 "binance.com" "Mozilla/5.0 (Windows NT 10.0; Win64; x64) AppleWebKit/537.36 (KHTML, like Gecko) Chrome/90.0.4430.85 Safari/537.36"
4.213.160.163 - - [27/May/2025:10:59:28 -0400] "GET /wp-admin/js/ HTTP/1.1" 200 3506 "binance.com" "Mozilla/5.0 (Windows NT 10.0; Win64; x64) AppleWebKit/537.36 (KHTML, like Gecko) Chrome/90.0.4430.85 Safari/537.36"
4.213.160.163 - - [27/May/2025:10:59:46 -0400] "GET /wp-includes/ HTTP/1.1" 200 8639 "binance.com" "Mozilla/5.0 (Windows NT 10.0; Win64; x64) AppleWebKit/537.36 (KHTML, like Gecko) Chrome/90.0.4430.85 Safari/537.36"
4.213.160.163 - - [27/May/2025:11:00:46 -0400] "GET /wp-includes/block-editor.php HTTP/1.1" 200 0 "binance.com" "Mozilla/5.0 (Windows NT 10.0; Win64; x64) AppleWebKit/537.36 (KHTML, like Gecko) Chrome/90.0.4430.85 Safari/537.36"
4.213.160.163 - - [27/May/2025:11:00:54 -0400] "GET /wp-includes/block-template-utils.php HTTP/1.1" 200 0 "binance.com" "Mozilla/5.0 (Windows NT 10.0; Win64; x64) AppleWebKit/537.36 (KHTML, like Gecko) Chrome/90.0.4430.85 Safari/537.36"
4.213.160.163 - - [27/May/2025:11:01:01 -0400] "GET /wp-includes/block-template.php HTTP/1.1" 200 0 "binance.com" "Mozilla/5.0 (Windows NT 10.0; Win64; x64) AppleWebKit/537.36 (KHTML, like Gecko) Chrome/90.0.4430.85 Safari/537.36"
4.213.160.163 - - [27/May/2025:11:01:10 -0400] "GET /wp-includes/class-avif-info.php HTTP/1.1" 200 0 "binance.com" "Mozilla/5.0 (Windows NT 10.0; Win64; x64) AppleWebKit/537.36 (KHTML, like Gecko) Chrome/90.0.4430.85 Safari/537.36"
4.213.160.163 - - [27/May/2025:11:01:46 -0400] "GET /wp-includes/class-wp-block-parser-block.php HTTP/1.1" 200 0 "binance.com" "Mozilla/5.0 (Windows NT 10.0; Win64; x64) AppleWebKit/537.36 (KHTML, like Gecko) Chrome/90.0.4430.85 Safari/537.36"
4.213.160.163 - - [27/May/2025:11:02:44 -0400] "GET /wp-includes/class-wp-dependencies.php HTTP/1.1" 200 0 "binance.com" "Mozilla/5.0 (Windows NT 10.0; Win64; x64) AppleWebKit/537.36 (KHTML, like Gecko) Chrome/90.0.4430.85 Safari/537.36"
4.213.160.163 - - [27/May/2025:11:03:05 -0400] "GET /wp-includes/class-wp-duotone.php HTTP/1.1" 200 0 "binance.com" "Mozilla/5.0 (Windows NT 10.0; Win64; x64) AppleWebKit/537.36 (KHTML, like Gecko) Chrome/90.0.4430.85 Safari/537.36"
4.213.160.163 - - [27/May/2025:11:04:09 -0400] "GET /wp-includes/class-wp-plugin-dependencies.php HTTP/1.1" 200 0 "binance.com" "Mozilla/5.0 (Windows NT 10.0; Win64; x64) AppleWebKit/537.36 (KHTML, like Gecko) Chrome/90.0.4430.85 Safari/537.36"
4.213.160.163 - - [27/May/2025:11:04:22 -0400] "GET /wp-includes/class-wp-script-modules.php HTTP/1.1" 200 0 "binance.com" "Mozilla/5.0 (Windows NT 10.0; Win64; x64) AppleWebKit/537.36 (KHTML, like Gecko) Chrome/90.0.4430.85 Safari/537.36"
4.213.160.163 - - [27/May/2025:11:04:45 -0400] "GET /wp-includes/class-wp-scripts.php HTTP/1.1" 500 0 "binance.com" "Mozilla/5.0 (Windows NT 10.0; Win64; x64) AppleWebKit/537.36 (KHTML, like Gecko) Chrome/90.0.4430.85 Safari/537.36"
4.213.160.163 - - [27/May/2025:11:05:19 -0400] "GET /wp-includes/class-wp-styles.php HTTP/1.1" 500 0 "binance.com" "Mozilla/5.0 (Windows NT 10.0; Win64; x64) AppleWebKit/537.36 (KHTML, like Gecko) Chrome/90.0.4430.85 Safari/537.36"
4.213.160.163 - - [27/May/2025:11:05:30 -0400] "GET /wp-includes/class-wp-textdomain-registry.php HTTP/1.1" 200 0 "binance.com" "Mozilla/5.0 (Windows NT 10.0; Win64; x64) AppleWebKit/537.36 (KHTML, like Gecko) Chrome/90.0.4430.85 Safari/537.36"
4.213.160.163 - - [27/May/2025:11:05:59 -0400] "GET /wp-includes/class-wp-theme-json-resolver.php HTTP/1.1" 200 0 "binance.com" "Mozilla/5.0 (Windows NT 10.0; Win64; x64) AppleWebKit/537.36 (KHTML, like Gecko) Chrome/90.0.4430.85 Safari/537.36"
4.213.160.163 - - [27/May/2025:11:06:43 -0400] "GET /wp-includes/class-wp-theme-json.php HTTP/1.1" 200 0 "binance.com" "Mozilla/5.0 (Windows NT 10.0; Win64; x64) AppleWebKit/537.36 (KHTML, like Gecko) Chrome/90.0.4430.85 Safari/537.36"
4.213.160.163 - - [27/May/2025:11:07:18 -0400] "GET /wp-includes/class-wpdb.php HTTP/1.1" 200 0 "binance.com" "Mozilla/5.0 (Windows NT 10.0; Win64; x64) AppleWebKit/537.36 (KHTML, like Gecko) Chrome/90.0.4430.85 Safari/537.36"
4.213.160.163 - - [27/May/2025:11:07:31 -0400] "GET /wp-includes/fonts.php HTTP/1.1" 200 0 "binance.com" "Mozilla/5.0 (Windows NT 10.0; Win64; x64) AppleWebKit/537.36 (KHTML, like Gecko) Chrome/90.0.4430.85 Safari/537.36"
4.213.160.163 - - [27/May/2025:11:08:19 -0400] "GET /wp-includes/https-migration.php HTTP/1.1" 200 0 "binance.com" "Mozilla/5.0 (Windows NT 10.0; Win64; x64) AppleWebKit/537.36 (KHTML, like Gecko) Chrome/90.0.4430.85 Safari/537.36"
4.213.160.163 - - [27/May/2025:11:08:40 -0400] "GET /wp-includes/robots-template.php HTTP/1.1" 200 0 "binance.com" "Mozilla/5.0 (Windows NT 10.0; Win64; x64) AppleWebKit/537.36 (KHTML, like Gecko) Chrome/90.0.4430.85 Safari/537.36"
4.213.160.163 - - [27/May/2025:11:09:19 -0400] "GET /wp-includes/speculative-loading.php HTTP/1.1" 200 0 "binance.com" "Mozilla/5.0 (Windows NT 10.0; Win64; x64) AppleWebKit/537.36 (KHTML, like Gecko) Chrome/90.0.4430.85 Safari/537.36"
4.213.160.163 - - [27/May/2025:11:09:32 -0400] "GET /wp-includes/style-engine.php HTTP/1.1" 200 0 "binance.com" "Mozilla/5.0 (Windows NT 10.0; Win64; x64) AppleWebKit/537.36 (KHTML, like Gecko) Chrome/90.0.4430.85 Safari/537.36"
4.213.160.163 - - [27/May/2025:11:09:55 -0400] "GET /wp-includes/template-canvas.php HTTP/1.1" 500 0 "binance.com" "Mozilla/5.0 (Windows NT 10.0; Win64; x64) AppleWebKit/537.36 (KHTML, like Gecko) Chrome/90.0.4430.85 Safari/537.36"
4.213.160.163 - - [27/May/2025:11:10:06 -0400] "GET /wp-includes/theme-previews.php HTTP/1.1" 200 0 "binance.com" "Mozilla/5.0 (Windows NT 10.0; Win64; x64) AppleWebKit/537.36 (KHTML, like Gecko) Chrome/90.0.4430.85 Safari/537.36"
4.213.160.163 - - [27/May/2025:11:11:36 -0400] "GET /wp-includes/IXR/ HTTP/1.1" 200 1221 "binance.com" "Mozilla/5.0 (Windows NT 10.0; Win64; x64) AppleWebKit/537.36 (KHTML, like Gecko) Chrome/90.0.4430.85 Safari/537.36"
4.213.160.163 - - [27/May/2025:11:11:48 -0400] "GET /wp-includes/IXR/ HTTP/1.1" 200 1221 "binance.com" "Mozilla/5.0 (Windows NT 10.0; Win64; x64) AppleWebKit/537.36 (KHTML, like Gecko) Chrome/90.0.4430.85 Safari/537.36"
4.213.160.163 - - [27/May/2025:11:12:01 -0400] "GET /wp-includes/PHPMailer/ HTTP/1.1" 200 713 "binance.com" "Mozilla/5.0 (Windows NT 10.0; Win64; x64) AppleWebKit/537.36 (KHTML, like Gecko) Chrome/90.0.4430.85 Safari/537.36"
4.213.160.163 - - [27/May/2025:11:12:29 -0400] "GET /wp-includes/Text/ HTTP/1.1" 200 723 "binance.com" "Mozilla/5.0 (Windows NT 10.0; Win64; x64) AppleWebKit/537.36 (KHTML, like Gecko) Chrome/90.0.4430.85 Safari/537.36"
4.213.160.163 - - [27/May/2025:11:05:06 -0400] "GET /wp-includes/class-wp-speculation-rules.php HTTP/1.1" 200 0 "binance.com" "Mozilla/5.0 (Windows NT 10.0; Win64; x64) AppleWebKit/537.36 (KHTML, like Gecko) Chrome/90.0.4430.85 Safari/537.36"
4.213.160.163 - - [27/May/2025:11:05:49 -0400] "GET /wp-includes/class-wp-theme-json-data.php HTTP/1.1" 200 0 "binance.com" "Mozilla/5.0 (Windows NT 10.0; Win64; x64) AppleWebKit/537.36 (KHTML, like Gecko) Chrome/90.0.4430.85 Safari/537.36"
4.213.160.163 - - [27/May/2025:11:06:21 -0400] "GET /wp-includes/class-wp-theme-json-schema.php HTTP/1.1" 200 0 "binance.com" "Mozilla/5.0 (Windows NT 10.0; Win64; x64) AppleWebKit/537.36 (KHTML, like Gecko) Chrome/90.0.4430.85 Safari/537.36"
4.213.160.163 - - [27/May/2025:11:06:55 -0400] "GET /wp-includes/class-wp-token-map.php HTTP/1.1" 200 0 "binance.com" "Mozilla/5.0 (Windows NT 10.0; Win64; x64) AppleWebKit/537.36 (KHTML, like Gecko) Chrome/90.0.4430.85 Safari/537.36"
4.213.160.163 - - [27/May/2025:11:07:07 -0400] "GET /wp-includes/class-wp-url-pattern-prefixer.php HTTP/1.1" 200 0 "binance.com" "Mozilla/5.0 (Windows NT 10.0; Win64; x64) AppleWebKit/537.36 (KHTML, like Gecko) Chrome/90.0.4430.85 Safari/537.36"
4.213.160.163 - - [27/May/2025:11:07:45 -0400] "GET /wp-includes/global-styles-and-settings.php HTTP/1.1" 200 0 "binance.com" "Mozilla/5.0 (Windows NT 10.0; Win64; x64) AppleWebKit/537.36 (KHTML, like Gecko) Chrome/90.0.4430.85 Safari/537.36"
4.213.160.163 - - [27/May/2025:11:08:07 -0400] "GET /wp-includes/https-detection.php HTTP/1.1" 200 0 "binance.com" "Mozilla/5.0 (Windows NT 10.0; Win64; x64) AppleWebKit/537.36 (KHTML, like Gecko) Chrome/90.0.4430.85 Safari/537.36"
4.213.160.163 - - [27/May/2025:11:09:06 -0400] "GET /wp-includes/script-modules.php HTTP/1.1" 200 0 "binance.com" "Mozilla/5.0 (Windows NT 10.0; Win64; x64) AppleWebKit/537.36 (KHTML, like Gecko) Chrome/90.0.4430.85 Safari/537.36"
4.213.160.163 - - [27/May/2025:11:10:27 -0400] "GET /wp-includes/theme-templates.php HTTP/1.1" 200 0 "binance.com" "Mozilla/5.0 (Windows NT 10.0; Win64; x64) AppleWebKit/537.36 (KHTML, like Gecko) Chrome/90.0.4430.85 Safari/537.36"
4.213.160.163 - - [27/May/2025:11:10:40 -0400] "GET /wp-includes/ID3/ HTTP/1.1" 200 1369 "binance.com" "Mozilla/5.0 (Windows NT 10.0; Win64; x64) AppleWebKit/537.36 (KHTML, like Gecko) Chrome/90.0.4430.85 Safari/537.36"
4.213.160.163 - - [27/May/2025:11:11:25 -0400] "GET /wp-includes/ID3/ HTTP/1.1" 200 1369 "binance.com" "Mozilla/5.0 (Windows NT 10.0; Win64; x64) AppleWebKit/537.36 (KHTML, like Gecko) Chrome/90.0.4430.85 Safari/537.36"
4.213.160.163 - - [27/May/2025:11:12:14 -0400] "GET /wp-includes/PHPMailer/ HTTP/1.1" 200 713 "binance.com" "Mozilla/5.0 (Windows NT 10.0; Win64; x64) AppleWebKit/537.36 (KHTML, like Gecko) Chrome/90.0.4430.85 Safari/537.36"
4.213.160.163 - - [27/May/2025:11:13:12 -0400] "GET /wp-includes/Text/Diff/Engine/ HTTP/1.1" 200 715 "binance.com" "Mozilla/5.0 (Windows NT 10.0; Win64; x64) AppleWebKit/537.36 (KHTML, like Gecko) Chrome/90.0.4430.85 Safari/537.36"
4.213.160.163 - - [27/May/2025:11:13:22 -0400] "GET /wp-includes/Text/Diff/Engine/ HTTP/1.1" 200 715 "binance.com" "Mozilla/5.0 (Windows NT 10.0; Win64; x64) AppleWebKit/537.36 (KHTML, like Gecko) Chrome/90.0.4430.85 Safari/537.36"
4.213.160.163 - - [27/May/2025:11:14:09 -0400] "GET /wp-includes/blocks/ HTTP/1.1" 200 6 "binance.com" "Mozilla/5.0 (Windows NT 10.0; Win64; x64) AppleWebKit/537.36 (KHTML, like Gecko) Chrome/90.0.4430.85 Safari/537.36"
4.213.160.163 - - [27/May/2025:11:14:19 -0400] "GET /wp-includes/pomo/ HTTP/1.1" 200 1107 "binance.com" "Mozilla/5.0 (Windows NT 10.0; Win64; x64) AppleWebKit/537.36 (KHTML, like Gecko) Chrome/90.0.4430.85 Safari/537.36"
4.213.160.163 - - [27/May/2025:11:14:42 -0400] "GET /wp-includes/sitemaps/ HTTP/1.1" 200 1141 "binance.com" "Mozilla/5.0 (Windows NT 10.0; Win64; x64) AppleWebKit/537.36 (KHTML, like Gecko) Chrome/90.0.4430.85 Safari/537.36"
4.213.160.163 - - [27/May/2025:11:12:40 -0400] "GET /wp-includes/Text/ HTTP/1.1" 200 723 "binance.com" "Mozilla/5.0 (Windows NT 10.0; Win64; x64) AppleWebKit/537.36 (KHTML, like Gecko) Chrome/90.0.4430.85 Safari/537.36"
4.213.160.163 - - [27/May/2025:11:12:51 -0400] "GET /wp-includes/Text/Diff/ HTTP/1.1" 200 706 "binance.com" "Mozilla/5.0 (Windows NT 10.0; Win64; x64) AppleWebKit/537.36 (KHTML, like Gecko) Chrome/90.0.4430.85 Safari/537.36"
4.213.160.163 - - [27/May/2025:11:13:00 -0400] "GET /wp-includes/Text/Diff/ HTTP/1.1" 200 706 "binance.com" "Mozilla/5.0 (Windows NT 10.0; Win64; x64) AppleWebKit/537.36 (KHTML, like Gecko) Chrome/90.0.4430.85 Safari/537.36"
4.213.160.163 - - [27/May/2025:11:13:33 -0400] "GET /wp-includes/Text/Diff/Renderer/ HTTP/1.1" 200 635 "binance.com" "Mozilla/5.0 (Windows NT 10.0; Win64; x64) AppleWebKit/537.36 (KHTML, like Gecko) Chrome/90.0.4430.85 Safari/537.36"
4.213.160.163 - - [27/May/2025:11:13:46 -0400] "GET /wp-includes/Text/Diff/Renderer/ HTTP/1.1" 200 635 "binance.com" "Mozilla/5.0 (Windows NT 10.0; Win64; x64) AppleWebKit/537.36 (KHTML, like Gecko) Chrome/90.0.4430.85 Safari/537.36"
4.213.160.163 - - [27/May/2025:11:14:31 -0400] "GET /wp-includes/pomo/ HTTP/1.1" 200 1107 "binance.com" "Mozilla/5.0 (Windows NT 10.0; Win64; x64) AppleWebKit/537.36 (KHTML, like Gecko) Chrome/90.0.4430.85 Safari/537.36"
4.213.160.163 - - [27/May/2025:11:14:53 -0400] "GET /wp-includes/sitemaps/ HTTP/1.1" 200 1141 "binance.com" "Mozilla/5.0 (Windows NT 10.0; Win64; x64) AppleWebKit/537.36 (KHTML, like Gecko) Chrome/90.0.4430.85 Safari/537.36"
4.213.160.163 - - [27/May/2025:11:15:05 -0400] "GET /wp-includes/sitemaps/providers/ HTTP/1.1" 200 732 "binance.com" "Mozilla/5.0 (Windows NT 10.0; Win64; x64) AppleWebKit/537.36 (KHTML, like Gecko) Chrome/90.0.4430.85 Safari/537.36"
4.213.160.163 - - [27/May/2025:11:15:23 -0400] "GET /wp-includes/widgets/ HTTP/1.1" 200 1584 "binance.com" "Mozilla/5.0 (Windows NT 10.0; Win64; x64) AppleWebKit/537.36 (KHTML, like Gecko) Chrome/90.0.4430.85 Safari/537.36"
4.213.160.163 - - [27/May/2025:11:15:34 -0400] "GET /wp-includes/widgets/ HTTP/1.1" 200 1584 "binance.com" "Mozilla/5.0 (Windows NT 10.0; Win64; x64) AppleWebKit/537.36 (KHTML, like Gecko) Chrome/90.0.4430.85 Safari/537.36"
4.213.160.163 - - [27/May/2025:11:15:45 -0400] "GET /wp-includes/widgets/class-wp-widget-block.php HTTP/1.1" 500 0 "binance.com" "Mozilla/5.0 (Windows NT 10.0; Win64; x64) AppleWebKit/537.36 (KHTML, like Gecko) Chrome/90.0.4430.85 Safari/537.36"
4.213.160.163 - - [27/May/2025:11:16:13 -0400] "GET /wp-includes/fonts/ HTTP/1.1" 200 1249 "binance.com" "Mozilla/5.0 (Windows NT 10.0; Win64; x64) AppleWebKit/537.36 (KHTML, like Gecko) Chrome/90.0.4430.85 Safari/537.36"
4.213.160.163 - - [27/May/2025:11:16:25 -0400] "GET /wp-includes/fonts/ HTTP/1.1" 200 1249 "binance.com" "Mozilla/5.0 (Windows NT 10.0; Win64; x64) AppleWebKit/537.36 (KHTML, like Gecko) Chrome/90.0.4430.85 Safari/537.36"
4.213.160.163 - - [27/May/2025:11:17:06 -0400] "GET /wp-includes/fonts/class-wp-font-face.php HTTP/1.1" 200 0 "binance.com" "Mozilla/5.0 (Windows NT 10.0; Win64; x64) AppleWebKit/537.36 (KHTML, like Gecko) Chrome/90.0.4430.85 Safari/537.36"
4.213.160.163 - - [27/May/2025:11:17:13 -0400] "GET /wp-includes/fonts/class-wp-font-library.php HTTP/1.1" 200 0 "binance.com" "Mozilla/5.0 (Windows NT 10.0; Win64; x64) AppleWebKit/537.36 (KHTML, like Gecko) Chrome/90.0.4430.85 Safari/537.36"
4.213.160.163 - - [27/May/2025:11:17:20 -0400] "GET /wp-includes/fonts/class-wp-font-utils.php HTTP/1.1" 200 0 "binance.com" "Mozilla/5.0 (Windows NT 10.0; Win64; x64) AppleWebKit/537.36 (KHTML, like Gecko) Chrome/90.0.4430.85 Safari/537.36"
198.54.114.35 - - [27/May/2025:11:18:27 -0400] "POST /wp-cron.php?doing_wp_cron=1748359107.0860049724578857421875 HTTP/1.1" 200 0 "-" "WordPress/6.8.1; https://socialsolargreen.com"
198.54.114.35 - - [27/May/2025:11:18:27 -0400] "POST /wp-cron.php?doing_wp_cron=1748359107.4939570426940917968750 HTTP/1.1" 200 0 "-" "WordPress/6.8.1; https://socialsolargreen.com"
4.213.160.163 - - [27/May/2025:11:18:23 -0400] "GET /wp-includes/images/wlw/ HTTP/1.1" 404 22478 "binance.com" "Mozilla/5.0 (Windows NT 10.0; Win64; x64) AppleWebKit/537.36 (KHTML, like Gecko) Chrome/90.0.4430.85 Safari/537.36"
4.213.160.163 - - [27/May/2025:11:19:09 -0400] "GET /.well-known/ HTTP/1.1" 404 22256 "binance.com" "Mozilla/5.0 (Windows NT 10.0; Win64; x64) AppleWebKit/537.36 (KHTML, like Gecko) Chrome/90.0.4430.85 Safari/537.36"
4.213.160.163 - - [27/May/2025:11:15:15 -0400] "GET /wp-includes/sitemaps/providers/ HTTP/1.1" 200 732 "binance.com" "Mozilla/5.0 (Windows NT 10.0; Win64; x64) AppleWebKit/537.36 (KHTML, like Gecko) Chrome/90.0.4430.85 Safari/537.36"
4.213.160.163 - - [27/May/2025:11:15:54 -0400] "GET /wp-includes/css/ HTTP/1.1" 200 1913 "binance.com" "Mozilla/5.0 (Windows NT 10.0; Win64; x64) AppleWebKit/537.36 (KHTML, like Gecko) Chrome/90.0.4430.85 Safari/537.36"
4.213.160.163 - - [27/May/2025:11:16:03 -0400] "GET /wp-includes/css/dist/ HTTP/1.1" 200 1158 "binance.com" "Mozilla/5.0 (Windows NT 10.0; Win64; x64) AppleWebKit/537.36 (KHTML, like Gecko) Chrome/90.0.4430.85 Safari/537.36"
4.213.160.163 - - [27/May/2025:11:16:47 -0400] "GET /wp-includes/fonts/class-wp-font-collection.php HTTP/1.1" 200 0 "binance.com" "Mozilla/5.0 (Windows NT 10.0; Win64; x64) AppleWebKit/537.36 (KHTML, like Gecko) Chrome/90.0.4430.85 Safari/537.36"
4.213.160.163 - - [27/May/2025:11:16:57 -0400] "GET /wp-includes/fonts/class-wp-font-face-resolver.php HTTP/1.1" 200 0 "binance.com" "Mozilla/5.0 (Windows NT 10.0; Win64; x64) AppleWebKit/537.36 (KHTML, like Gecko) Chrome/90.0.4430.85 Safari/537.36"
4.213.160.163 - - [27/May/2025:11:17:39 -0400] "GET /wp-includes/images/ HTTP/1.1" 200 1647 "binance.com" "Mozilla/5.0 (Windows NT 10.0; Win64; x64) AppleWebKit/537.36 (KHTML, like Gecko) Chrome/90.0.4430.85 Safari/537.36"
4.213.160.163 - - [27/May/2025:11:17:50 -0400] "GET /wp-includes/images/crystal/ HTTP/1.1" 200 1186 "binance.com" "Mozilla/5.0 (Windows NT 10.0; Win64; x64) AppleWebKit/537.36 (KHTML, like Gecko) Chrome/90.0.4430.85 Safari/537.36"
4.213.160.163 - - [27/May/2025:11:17:58 -0400] "GET /wp-includes/images/media/ HTTP/1.1" 200 1260 "binance.com" "Mozilla/5.0 (Windows NT 10.0; Win64; x64) AppleWebKit/537.36 (KHTML, like Gecko) Chrome/90.0.4430.85 Safari/537.36"
4.213.160.163 - - [27/May/2025:11:18:06 -0400] "GET /wp-includes/images/smilies/ HTTP/1.1" 200 1436 "binance.com" "Mozilla/5.0 (Windows NT 10.0; Win64; x64) AppleWebKit/537.36 (KHTML, like Gecko) Chrome/90.0.4430.85 Safari/537.36"
198.54.114.35 - - [27/May/2025:11:18:27 -0400] "POST /wp-admin/admin-ajax.php?action=async_litespeed&nonce=OPl1ohJI4FiGdHZCHlfivqnFLoPBYzbv&litespeed_type=imgoptm HTTP/1.1" 200 5 "-" "WordPress/6.8.1; https://socialsolargreen.com"
4.213.160.163 - - [27/May/2025:11:18:39 -0400] "GET /wp-includes/js/%20 HTTP/1.1" 301 0 "binance.com" "Mozilla/5.0 (Windows NT 10.0; Win64; x64) AppleWebKit/537.36 (KHTML, like Gecko) Chrome/90.0.4430.85 Safari/537.36"
4.213.160.163 - - [27/May/2025:11:18:40 -0400] "GET /wp-includes/js/ HTTP/1.1" 200 3978 "binance.com" "Mozilla/5.0 (Windows NT 10.0; Win64; x64) AppleWebKit/537.36 (KHTML, like Gecko) Chrome/90.0.4430.85 Safari/537.36"
