40.77.167.4 - - [27/May/2025:22:25:53 -0400] "GET /things-to-look-for-in-solar-panels/ HTTP/1.1" 200 24802 "-" "Mozilla/5.0 AppleWebKit/537.36 (KHTML, like Gecko; compatible; bingbot/2.0; +http://www.bing.com/bingbot.htm) Chrome/116.0.1938.76 Safari/537.36"
51.222.253.2 - - [27/May/2025:22:36:49 -0400] "GET /agricultural/ HTTP/1.1" 200 23942 "-" "Mozilla/5.0 (compatible; AhrefsBot/7.0; +http://ahrefs.com/robot/)"
198.54.114.35 - - [27/May/2025:23:04:20 -0400] "POST /wp-admin/admin-ajax.php?action=async_litespeed&nonce=5iPX5jKJchbRgCKdBl12tbBAO5MEYt4u&litespeed_type=imgoptm HTTP/1.1" 200 5 "-" "WordPress/6.8.1; https://socialsolargreen.com"
52.167.144.213 - - [27/May/2025:23:04:14 -0400] "GET /en.wikibooks.org/wiki/Main_Page HTTP/1.1" 404 22477 "-" "Mozilla/5.0 AppleWebKit/537.36 (KHTML, like Gecko; compatible; bingbot/2.0; +http://www.bing.com/bingbot.htm) Chrome/116.0.1938.76 Safari/537.36"
198.54.114.35 - - [27/May/2025:23:04:19 -0400] "POST /wp-cron.php?doing_wp_cron=1748401459.5960080623626708984375 HTTP/1.1" 200 0 "-" "WordPress/6.8.1; https://socialsolargreen.com"
198.54.114.35 - - [27/May/2025:23:04:20 -0400] "POST /wp-cron.php?doing_wp_cron=1748401460.0989320278167724609375 HTTP/1.1" 200 0 "-" "WordPress/6.8.1; https://socialsolargreen.com"
139.155.139.22 - - [27/May/2025:23:43:49 -0400] "GET / HTTP/1.1" 200 29850 "http://socialsolargreen.com" "Mozilla/5.0 (iPhone; CPU iPhone OS 13_2_3 like Mac OS X) AppleWebKit/605.1.15 (KHTML, like Gecko) Version/13.0.3 Mobile/15E148 Safari/604.1"
107.151.248.138 - - [27/May/2025:23:58:48 -0400] "GET /wp-login.php HTTP/1.1" 302 0 "-" "Mozilla/5.0"
107.151.248.138 - - [27/May/2025:23:58:45 -0400] "GET /wp-login.php HTTP/1.1" 302 0 "-" "Mozilla/5.0"
198.54.114.35 - - [28/May/2025:00:28:10 -0400] "POST /wp-cron.php?doing_wp_cron=1748406490.3654389381408691406250 HTTP/1.1" 200 0 "-" "WordPress/6.8.1; https://socialsolargreen.com"
124.156.179.141 - - [28/May/2025:00:28:13 -0400] "GET / HTTP/1.1" 200 29850 "https://www.socialsolargreen.com/" "Mozilla/5.0 (iPhone; CPU iPhone OS 13_2_3 like Mac OS X) AppleWebKit/605.1.15 (KHTML, like Gecko) Version/13.0.3 Mobile/15E148 Safari/604.1"
4.227.36.96 - - [28/May/2025:00:34:01 -0400] "GET /robots.txt HTTP/1.1" 200 102 "-" "Mozilla/5.0 AppleWebKit/537.36 (KHTML, like Gecko; compatible; GPTBot/1.2; +https://openai.com/gptbot)"
20.171.207.92 - - [28/May/2025:00:34:26 -0400] "GET /wp-content/plugins/elementor-pro/assets/js/webpack-pro.runtime.min.js?ver=3.25.4 HTTP/1.1" 200 2629 "-" "Mozilla/5.0 AppleWebKit/537.36 (KHTML, like Gecko; compatible; GPTBot/1.2; +https://openai.com/gptbot)"
20.171.207.92 - - [28/May/2025:00:34:31 -0400] "GET /wp-content/plugins/elementor/assets/lib/font-awesome/webfonts/fa-solid-900.svg HTTP/1.1" 200 246159 "-" "Mozilla/5.0 AppleWebKit/537.36 (KHTML, like Gecko; compatible; GPTBot/1.2; +https://openai.com/gptbot)"
198.54.114.35 - - [28/May/2025:00:28:10 -0400] "POST /wp-cron.php?doing_wp_cron=1748406490.7049660682678222656250 HTTP/1.1" 200 0 "-" "WordPress/6.8.1; https://socialsolargreen.com"
124.156.179.141 - - [28/May/2025:00:28:07 -0400] "GET / HTTP/1.1" 301 0 "http://www.socialsolargreen.com" "Mozilla/5.0 (iPhone; CPU iPhone OS 13_2_3 like Mac OS X) AppleWebKit/605.1.15 (KHTML, like Gecko) Version/13.0.3 Mobile/15E148 Safari/604.1"
198.54.114.35 - - [28/May/2025:00:28:10 -0400] "POST /wp-admin/admin-ajax.php?action=async_litespeed&nonce=xRfxnaBl1shCr4pV9OpUcJkUXeZTejtU&litespeed_type=imgoptm HTTP/1.1" 200 5 "-" "WordPress/6.8.1; https://socialsolargreen.com"
20.171.207.92 - - [28/May/2025:00:34:11 -0400] "GET / HTTP/1.1" 200 29850 "-" "Mozilla/5.0 AppleWebKit/537.36 (KHTML, like Gecko; compatible; GPTBot/1.2; +https://openai.com/gptbot)"
198.54.114.35 - - [28/May/2025:00:34:21 -0400] "POST /wp-cron.php?doing_wp_cron=1748406861.6088740825653076171875 HTTP/1.1" 200 0 "-" "WordPress/6.8.1; https://socialsolargreen.com"
198.54.114.35 - - [28/May/2025:00:34:22 -0400] "POST /wp-admin/admin-ajax.php?action=async_litespeed&nonce=1TjBU7h5yAZCXFRLy3QzFZZjac7jHzCg&litespeed_type=imgoptm HTTP/1.1" 200 5 "-" "WordPress/6.8.1; https://socialsolargreen.com"
20.171.207.92 - - [28/May/2025:00:34:17 -0400] "GET /wp-content/plugins/elementor/assets/lib/swiper/swiper.min.js?ver=6.8.1 HTTP/1.1" 404 22477 "-" "Mozilla/5.0 AppleWebKit/537.36 (KHTML, like Gecko; compatible; GPTBot/1.2; +https://openai.com/gptbot)"
20.171.207.92 - - [28/May/2025:00:34:23 -0400] "GET /wp-content/plugins/elementor/assets/lib/font-awesome/css/solid.min.css?ver=5.15.3 HTTP/1.1" 200 286 "-" "Mozilla/5.0 AppleWebKit/537.36 (KHTML, like Gecko; compatible; GPTBot/1.2; +https://openai.com/gptbot)"
20.171.207.92 - - [28/May/2025:00:34:29 -0400] "GET /wp-json/elementskit/v1/ HTTP/1.1" 404 114 "-" "Mozilla/5.0 AppleWebKit/537.36 (KHTML, like Gecko; compatible; GPTBot/1.2; +https://openai.com/gptbot)"
198.54.114.35 - - [28/May/2025:01:07:23 -0400] "POST /wp-cron.php?doing_wp_cron=1748408843.2479751110076904296875 HTTP/1.1" 200 0 "-" "WordPress/6.8.1; https://socialsolargreen.com"
198.54.114.35 - - [28/May/2025:01:07:23 -0400] "POST /wp-cron.php?doing_wp_cron=1748408843.2483360767364501953125 HTTP/1.1" 200 0 "-" "WordPress/6.8.1; https://socialsolargreen.com"
196.251.83.161 - - [28/May/2025:01:07:17 -0400] "GET /wp-content/themes/seotheme/db.php?u HTTP/1.1" 200 0 "www.google.com" "Mozlila/5.0 (Linux; Android 7.0; SM-G892A Bulid/NRD90M; wv) AppleWebKit/537.36 (KHTML, like Gecko) Version/4.0 Chrome/60.0.3112.107 Moblie Safari/537.36"
196.251.83.161 - - [28/May/2025:01:07:17 -0400] "GET /wp-content/plugins/fix/up.php HTTP/1.1" 200 0 "-" "Mozilla/5.0 (Windows NT 10.0; Win64; x64) AppleWebKit/537.36 (KHTML, like Gecko) Chrome/85.0.4183.102 Safari/537.36"
196.251.83.161 - - [28/May/2025:01:07:25 -0400] "GET /wp-content/plugins/fix/up.php HTTP/1.1" 404 22477 "-" "Mozilla/5.0 (Windows NT 10.0; Win64; x64) AppleWebKit/537.36 (KHTML, like Gecko) Chrome/85.0.4183.102 Safari/537.36"
196.251.83.161 - - [28/May/2025:01:07:25 -0400] "GET /plugins/content/apismtp/apismtp.php?test=hello HTTP/1.1" 404 22456 "-" "Mozlila/5.0 (Linux; Android 7.0; SM-G892A Bulid/NRD90M; wv) AppleWebKit/537.36 (KHTML, like Gecko) Version/4.0 Chrome/60.0.3112.107 Moblie Safari/537.36"
196.251.83.161 - - [28/May/2025:01:07:25 -0400] "GET /wp-content/themes/seotheme/db.php?u HTTP/1.1" 404 22456 "www.google.com" "Mozlila/5.0 (Linux; Android 7.0; SM-G892A Bulid/NRD90M; wv) AppleWebKit/537.36 (KHTML, like Gecko) Version/4.0 Chrome/60.0.3112.107 Moblie Safari/537.36"
196.251.83.161 - - [28/May/2025:01:07:17 -0400] "GET / HTTP/1.1" 200 29850 "-" "Mozlila/5.0 (Linux; Android 7.0; SM-G892A Bulid/NRD90M; wv) AppleWebKit/537.36 (KHTML, like Gecko) Version/4.0 Chrome/60.0.3112.107 Moblie Safari/537.36"
198.54.114.35 - - [28/May/2025:01:07:23 -0400] "POST /wp-cron.php?doing_wp_cron=1748408843.2483079433441162109375 HTTP/1.1" 200 0 "-" "WordPress/6.8.1; https://socialsolargreen.com"
198.54.114.35 - - [28/May/2025:01:07:23 -0400] "POST /wp-cron.php?doing_wp_cron=1748408843.2479960918426513671875 HTTP/1.1" 200 0 "-" "WordPress/6.8.1; https://socialsolargreen.com"
198.54.114.35 - - [28/May/2025:01:07:24 -0400] "POST /wp-admin/admin-ajax.php?action=async_litespeed&nonce=HvnI3LSJMEZ2zb1eeQXHTZg4r54eFL5S&litespeed_type=imgoptm HTTP/1.1" 200 5 "-" "WordPress/6.8.1; https://socialsolargreen.com"
196.251.83.161 - - [28/May/2025:01:07:17 -0400] "GET /xhjxfeao.php?Fox=d3wL7 HTTP/1.1" 404 22211 "www.google.com" "Mozilla/5.0 (Linux; Android 7.0; SM-G892A Bulid/NRD90M; wv) AppleWebKit/537.36 (KHTML, like Gecko) Version/4.0 Chrome/60.0.3112.107 Moblie Safari/537.36"
196.251.83.161 - - [28/May/2025:01:07:17 -0400] "GET /wp-content/plugins/apikey/apikey.php?test=hello HTTP/1.1" 404 22456 "-" "Mozlila/5.0 (Linux; Android 7.0; SM-G892A Bulid/NRD90M; wv) AppleWebKit/537.36 (KHTML, like Gecko) Version/4.0 Chrome/60.0.3112.107 Moblie Safari/537.36"
196.251.83.161 - - [28/May/2025:01:07:17 -0400] "POST /ALFA_DATA/alfacgiapi/perl.alfa HTTP/1.1" 404 22410 "www.google.com" "Mozlila/5.0 (Linux; Android 7.0; SM-G892A Bulid/NRD90M; wv) AppleWebKit/537.36 (KHTML, like Gecko) Version/4.0 Chrome/60.0.3112.107 Moblie Safari/537.36"
196.251.83.161 - - [28/May/2025:01:07:25 -0400] "GET /wp-content/themes/seotheme/db.php?u HTTP/1.1" 404 22456 "www.google.com" "Mozlila/5.0 (Linux; Android 7.0; SM-G892A Bulid/NRD90M; wv) AppleWebKit/537.36 (KHTML, like Gecko) Version/4.0 Chrome/60.0.3112.107 Moblie Safari/537.36"
196.251.83.161 - - [28/May/2025:01:07:25 -0400] "POST /alfacgiapi/perl.alfa HTTP/1.1" 404 22165 "www.google.com" "Mozlila/5.0 (Linux; Android 7.0; SM-G892A Bulid/NRD90M; wv) AppleWebKit/537.36 (KHTML, like Gecko) Version/4.0 Chrome/60.0.3112.107 Moblie Safari/537.36"
196.251.83.161 - - [28/May/2025:01:07:25 -0400] "GET /wp-content/plugins/apikey/apikey.php.suspected?test=hello HTTP/1.1" 404 22456 "-" "Mozlila/5.0 (Linux; Android 7.0; SM-G892A Bulid/NRD90M; wv) AppleWebKit/537.36 (KHTML, like Gecko) Version/4.0 Chrome/60.0.3112.107 Moblie Safari/537.36"
196.251.83.161 - - [28/May/2025:01:07:26 -0400] "GET /plugins/content/apismtp/apismtp.php.suspected?test=hello HTTP/1.1" 404 22456 "-" "Mozlila/5.0 (Linux; Android 7.0; SM-G892A Bulid/NRD90M; wv) AppleWebKit/537.36 (KHTML, like Gecko) Version/4.0 Chrome/60.0.3112.107 Moblie Safari/537.36"
52.70.138.176 - - [28/May/2025:01:41:33 -0400] "GET /blog/ HTTP/1.1" 200 23667 "-" "Mozilla/5.0 AppleWebKit/537.36 (KHTML, like Gecko; compatible; Amazonbot/0.1; +https://developer.amazon.com/support/amazonbot) Chrome/119.0.6045.214 Safari/537.36"
198.54.114.35 - - [28/May/2025:02:06:58 -0400] "POST /wp-cron.php?doing_wp_cron=1748412418.0939419269561767578125 HTTP/1.1" 200 0 "-" "WordPress/6.8.1; https://socialsolargreen.com"
196.251.80.141 - - [28/May/2025:02:06:53 -0400] "GET //wp-includes/wlwmanifest.xml HTTP/1.1" 301 0 "-" "Mozilla/5.0 (Windows NT 10.0; Win64; x64) AppleWebKit/537.36 (KHTML, like Gecko) Chrome/89.0.4389.114 Safari/537.36"
196.251.80.141 - - [28/May/2025:02:06:59 -0400] "GET / HTTP/1.1" 200 29850 "-" "Mozilla/5.0 (Windows NT 10.0; Win64; x64) AppleWebKit/537.36 (KHTML, like Gecko) Chrome/89.0.4389.114 Safari/537.36"
198.54.114.35 - - [28/May/2025:02:07:00 -0400] "POST /wp-cron.php?doing_wp_cron=1748412420.4444990158081054687500 HTTP/1.1" 200 0 "-" "WordPress/6.8.1; https://socialsolargreen.com"
196.251.80.141 - - [28/May/2025:02:07:00 -0400] "GET //?author=2 HTTP/1.1" 301 0 "-" "Mozilla/5.0 (Windows NT 10.0; Win64; x64) AppleWebKit/537.36 (KHTML, like Gecko) Chrome/89.0.4389.114 Safari/537.36"
198.54.114.35 - - [28/May/2025:02:07:00 -0400] "POST /wp-admin/admin-ajax.php?action=async_litespeed&nonce=TS0WeKZ06rFXSbA07t8znVwaPm0gvPxk&litespeed_type=imgoptm HTTP/1.1" 200 5 "-" "WordPress/6.8.1; https://socialsolargreen.com"
196.251.80.141 - - [28/May/2025:02:07:00 -0400] "GET //?author=3 HTTP/1.1" 301 0 "-" "Mozilla/5.0 (Windows NT 10.0; Win64; x64) AppleWebKit/537.36 (KHTML, like Gecko) Chrome/89.0.4389.114 Safari/537.36"
196.251.80.141 - - [28/May/2025:02:07:01 -0400] "GET //wp-json/wp/v2/users/ HTTP/1.1" 200 904 "-" "Mozilla/5.0 (Windows NT 10.0; Win64; x64) AppleWebKit/537.36 (KHTML, like Gecko) Chrome/89.0.4389.114 Safari/537.36"
196.251.80.141 - - [28/May/2025:02:06:52 -0400] "GET / HTTP/1.1" 200 29850 "-" "Mozilla/5.0 (Windows NT 10.0; Win64; x64) AppleWebKit/537.36 (KHTML, like Gecko) Chrome/89.0.4389.114 Safari/537.36"
198.54.114.35 - - [28/May/2025:02:06:57 -0400] "POST /wp-cron.php?doing_wp_cron=1748412417.7262248992919921875000 HTTP/1.1" 200 0 "-" "WordPress/6.8.1; https://socialsolargreen.com"
198.54.114.35 - - [28/May/2025:02:06:58 -0400] "POST /wp-admin/admin-ajax.php?action=async_litespeed&nonce=N7oxvG77NXiUz451ocTYF0si6zOABD89&litespeed_type=imgoptm HTTP/1.1" 200 5 "-" "WordPress/6.8.1; https://socialsolargreen.com"
196.251.80.141 - - [28/May/2025:02:06:59 -0400] "GET //?author=1 HTTP/1.1" 301 0 "-" "Mozilla/5.0 (Windows NT 10.0; Win64; x64) AppleWebKit/537.36 (KHTML, like Gecko) Chrome/89.0.4389.114 Safari/537.36"
43.157.170.13 - - [28/May/2025:02:33:59 -0400] "GET / HTTP/1.1" 200 29850 "http://socialsolargreen.com" "Mozilla/5.0 (iPhone; CPU iPhone OS 13_2_3 like Mac OS X) AppleWebKit/605.1.15 (KHTML, like Gecko) Version/13.0.3 Mobile/15E148 Safari/604.1"
198.54.114.35 - - [28/May/2025:02:56:48 -0400] "POST /wp-cron.php?doing_wp_cron=1748415408.1295089721679687500000 HTTP/1.1" 200 0 "-" "WordPress/6.8.1; https://socialsolargreen.com"
198.54.114.35 - - [28/May/2025:02:56:48 -0400] "POST /wp-admin/admin-ajax.php?action=async_litespeed&nonce=FoZfjSSvU56fRMdEz9Goz5XrCtDPDDs3&litespeed_type=imgoptm HTTP/1.1" 200 5 "-" "WordPress/6.8.1; https://socialsolargreen.com"
114.96.103.33 - - [28/May/2025:02:56:49 -0400] "GET / HTTP/1.1" 200 29850 "https://www.socialsolargreen.com/" "Mozilla/5.0 (iPhone; CPU iPhone OS 13_2_3 like Mac OS X) AppleWebKit/605.1.15 (KHTML, like Gecko) Version/13.0.3 Mobile/15E148 Safari/604.1"
114.96.103.33 - - [28/May/2025:02:56:44 -0400] "GET / HTTP/1.1" 301 0 "http://www.socialsolargreen.com" "Mozilla/5.0 (iPhone; CPU iPhone OS 13_2_3 like Mac OS X) AppleWebKit/605.1.15 (KHTML, like Gecko) Version/13.0.3 Mobile/15E148 Safari/604.1"
198.54.114.35 - - [28/May/2025:03:46:35 -0400] "POST /wp-cron.php?doing_wp_cron=1748418395.0477728843688964843750 HTTP/1.1" 200 0 "-" "WordPress/6.8.1; https://socialsolargreen.com"
198.54.114.35 - - [28/May/2025:03:46:35 -0400] "POST /wp-admin/admin-ajax.php?action=async_litespeed&nonce=nQwZluL7XowKtFuWxmYRyjkB88ziemRC&litespeed_type=imgoptm HTTP/1.1" 200 5 "-" "WordPress/6.8.1; https://socialsolargreen.com"
198.54.114.35 - - [28/May/2025:03:46:34 -0400] "POST /wp-cron.php?doing_wp_cron=1748418394.6490108966827392578125 HTTP/1.1" 200 0 "-" "WordPress/6.8.1; https://socialsolargreen.com"
45.120.177.111 - - [28/May/2025:03:46:30 -0400] "GET /wp-content/themes/masterstudy/style.css HTTP/1.1" 404 22478 "-" "python-requests/2.32.3"
198.54.114.35 - - [28/May/2025:03:59:45 -0400] "POST /wp-cron.php?doing_wp_cron=1748419184.8986709117889404296875 HTTP/1.1" 200 0 "-" "WordPress/6.8.1; https://socialsolargreen.com"
78.153.140.218 - - [28/May/2025:03:59:41 -0400] "GET /test HTTP/1.1" 301 0 "-" "Mozilla/5.0 (Windows NT 6.1; WOW64) AppleWebKit/537.36 (KHTML, like Gecko) Chrome/58.0.3029.110 Safari/537.36 OPR/45.0.2552.898"
78.153.140.218 - - [28/May/2025:03:59:46 -0400] "GET /.aws/credentials HTTP/1.1" 301 0 "-" "Mozilla/5.0 (X11; U; Linux i686; en-US; rv:1.8.0.5) Gecko/20060731 Ubuntu/dapper-security Firefox/1.5.0.5"
78.153.140.218 - - [28/May/2025:03:59:47 -0400] "GET /backend/.env HTTP/1.1" 403 1242 "-" "Mozilla/5.0 (Windows; U; Windows NT 5.2; de-DE; rv:1.7.6) Gecko/20050321 Firefox/1.0.2"
78.153.140.218 - - [28/May/2025:03:59:48 -0400] "GET /api/.env HTTP/1.1" 403 1242 "-" "Mozilla/5.0 (X11; U; Linux i686; pl; rv:1.8.0.1) Gecko/20060313 Fedora/1.5.0.1-9 Firefox/1.5.0.1 pango-text Mnenhy/0.7.3.0"
78.153.140.218 - - [28/May/2025:03:59:49 -0400] "GET /.aws/credentials HTTP/1.1" 404 22257 "-" "Mozilla/5.0 (Windows NT 10.0; WOW64) AppleWebKit/537.36 (KHTML, like Gecko) Chrome/59.0.3071.115 Safari/537.36 OPR/46.0.2597.46"
78.153.140.218 - - [28/May/2025:03:59:50 -0400] "GET /vendor/.env HTTP/1.1" 403 1242 "-" "Mozilla/5.0 (Windows; U; Windows NT 6.0; en-US; rv:1.8.0.12) Gecko/20070508 Firefox/1.5.0.12"
78.153.140.218 - - [28/May/2025:03:59:52 -0400] "GET /admin/.env HTTP/1.1" 403 1242 "-" "Mozilla/4.0 (compatible; MSIE 6.0; Windows NT 5.1; SV1; FunWebProducts; .NET CLR 1.1.4322; PeoplePal 6.2)"
78.153.140.218 - - [28/May/2025:03:59:55 -0400] "GET /phpinfo.php HTTP/1.1" 301 0 "-" "Mozilla/5.0 (Linux; Android 5.1; XT1528 Build/LPIS23.29-17.5-2) AppleWebKit/537.36 (KHTML, like Gecko) Version/4.0 Chrome/40.0.0.0 Mobile Safari/537.36"
78.153.140.218 - - [28/May/2025:03:59:58 -0400] "GET /server/.env HTTP/1.1" 403 1242 "-" "Mozilla/5.0 (X11; U; Linux i686; en-US; rv:1.7.10) Gecko/20050911 Firefox/1.0.6 (Debian package 1.0.6-5)"
78.153.140.218 - - [28/May/2025:03:59:59 -0400] "GET /twilio/.env HTTP/1.1" 403 1242 "-" "Mozilla/5.0 (Linux; Android 6.0.1; SM-G900V Build/MMB29M) AppleWebKit/537.36 (KHTML, like Gecko) Chrome/63.0.3239.111 Mobile Safari/537.36"
78.153.140.218 - - [28/May/2025:04:00:00 -0400] "GET /.env.save HTTP/1.1" 403 1242 "-" "Mozilla/5.0 (X11; Linux x86_64) AppleWebKit/537.36 (KHTML, like Gecko) Chrome/34.0.1847.137 Safari/4E423F"
198.54.114.35 - - [28/May/2025:04:00:01 -0400] "POST /wp-cron.php?doing_wp_cron=1748419201.3488500118255615234375 HTTP/1.1" 200 0 "-" "WordPress/6.8.1; https://socialsolargreen.com"
78.153.140.218 - - [28/May/2025:04:00:01 -0400] "GET /.json HTTP/1.1" 301 0 "-" "Mozilla/5.0 (Windows; U; Windows NT 5.1; zh-CN) AppleWebKit/528.16 (KHTML, like Gecko) Version/4.0 Safari/528.16"
198.54.114.35 - - [28/May/2025:04:00:01 -0400] "POST /wp-admin/admin-ajax.php?action=async_litespeed&nonce=DRyusdIh1NrGvAhmBwNsNhWoMERfPJSd&litespeed_type=imgoptm HTTP/1.1" 200 5 "-" "WordPress/6.8.1; https://socialsolargreen.com"
78.153.140.218 - - [28/May/2025:04:00:02 -0400] "GET /?url=.env HTTP/1.1" 301 0 "-" "Mozilla/5.0 (Linux; Android 5.0.1; ALE-L21 Build/HuaweiALE-L21) AppleWebKit/537.36 (KHTML, like Gecko) Version/4.0 Chrome/37.0.0.0 Mobile Safari/537.36"
78.153.140.218 - - [28/May/2025:03:59:40 -0400] "GET /.env HTTP/1.1" 403 1242 "-" "Mozilla/5.0 (Windows NT 6.1; Win64; x64) AppleWebKit/537.36 (KHTML, like Gecko) Chrome/63.0.3224.0 Safari/537.36 OPR/47.0.2631.80"
78.153.140.218 - - [28/May/2025:03:59:40 -0400] "GET /.env HTTP/1.1" 403 1242 "-" "Mozilla/5.0 (Linux; Android 7.0; LGMS550 Build/NRD90U) AppleWebKit/537.36 (KHTML, like Gecko) Chrome/61.0.3163.98 Mobile Safari/537.36"
198.54.114.35 - - [28/May/2025:03:59:45 -0400] "POST /wp-cron.php?doing_wp_cron=1748419184.8991498947143554687500 HTTP/1.1" 200 0 "-" "WordPress/6.8.1; https://socialsolargreen.com"
198.54.114.35 - - [28/May/2025:03:59:45 -0400] "POST /wp-admin/admin-ajax.php?action=async_litespeed&nonce=Ylcf2GEMIpNqr1XUhDf5uXMGYDoCiIw9&litespeed_type=imgoptm HTTP/1.1" 200 5 "-" "WordPress/6.8.1; https://socialsolargreen.com"
78.153.140.218 - - [28/May/2025:03:59:42 -0400] "GET /test HTTP/1.1" 404 22257 "-" "Mozilla/5.0 (Windows NT 10.0; WOW64) AppleWebKit/537.36 (KHTML, like Gecko) Chrome/53.0.2785.101 Safari/537.36 OPR/40.0.2308.54 (Edition Campaign 70)"
78.153.140.218 - - [28/May/2025:03:59:49 -0400] "GET /admin/.env HTTP/1.1" 403 1242 "-" "Mozilla/5.0 (Linux; Android 7.0; SM-G920F Build/NRD90M) AppleWebKit/537.36 (KHTML, like Gecko) Chrome/62.0.3202.84 Mobile Safari/537.36"
78.153.140.218 - - [28/May/2025:03:59:50 -0400] "GET /app/.env HTTP/1.1" 403 1242 "-" "Mozilla/5.0 (Android 6.0.1; Mobile; rv:45.0) Gecko/45.0 Firefox/45.0"
78.153.140.218 - - [28/May/2025:03:59:50 -0400] "GET /backend/.env HTTP/1.1" 403 1242 "-" "Mozilla/5.0 (Macintosh; U; Intel Mac OS X 10_6_3; en-US) AppleWebKit/534.1 (KHTML, like Gecko) Chrome/6.0.428.0 Safari/534.1"
78.153.140.218 - - [28/May/2025:03:59:51 -0400] "GET /crm/.env HTTP/1.1" 403 1242 "-" "Mozilla/5.0 (iPad; CPU OS 7_0_3 like Mac OS X) AppleWebKit/537.51.1 (KHTML, like Gecko) Coast/1.1.2.64598 Mobile/11B511 Safari/7534.48.3"
78.153.140.218 - - [28/May/2025:03:59:51 -0400] "GET /api/.env HTTP/1.1" 403 1242 "-" "Opera/9.80 (X11; Linux i686; U; fr) Presto/2.7.62 Version/11.01"
78.153.140.218 - - [28/May/2025:03:59:52 -0400] "GET /.env.example HTTP/1.1" 403 1242 "-" "Mozilla/5.0 (Windows NT 6.1; rv:51.0) Gecko/20100101 Firefox/51.0"
78.153.140.218 - - [28/May/2025:03:59:53 -0400] "GET /.env.production HTTP/1.1" 403 1242 "-" "Mozilla/5.0 (Linux; U; Android 4.1.2; en-us; SCH-R530C Build/JZO54K) AppleWebKit/534.30 (KHTML, like Gecko) Version/4.0 Mobile Safari/534.30"
78.153.140.218 - - [28/May/2025:03:59:53 -0400] "GET /app/.env HTTP/1.1" 403 1242 "-" "Mozilla/4.0 (compatible; MSIE 8.0; Windows NT 6.1; WOW64; Trident/4.0; SLCC2; .NET CLR 2.0.50727; .NET CLR 3.5.30729; .NET CLR 3.0.30729; Media Center PC 6.0; CMDTDF; BRI/1; .NET4.0C; .NET4.0E; InfoPath.3)"
78.153.140.218 - - [28/May/2025:03:59:54 -0400] "GET /?phpinfo=-1 HTTP/1.1" 301 0 "-" "Mozilla/5.0 (Windows NT 6.1; WOW64) AppleWebKit/537.1 (KHTML, like Gecko) Chrome/21.0.1180.75 Safari/537.1"
78.153.140.218 - - [28/May/2025:03:59:56 -0400] "GET /media/.env HTTP/1.1" 403 1242 "-" "Opera/9.80 (Linux armv7l; HbbTV/1.1.1 (; Philips; ; ; PHILIPSTV; ) CE-HTML/1.0 NETTV/4.3.2 PHILIPSTV/2.1.1 Firmware/003.010.000.001 (PhilipsTV, 2.1.1,) en) Presto/2.12.362 Version/12.11"
78.153.140.218 - - [28/May/2025:03:59:58 -0400] "GET /staging/.env HTTP/1.1" 403 1242 "-" "Mozilla/5.0 (X11; Linux x86_64; rv:45.0; Rigor) Gecko/20100101 Firefox/45.0"
78.153.140.218 - - [28/May/2025:04:00:03 -0400] "GET /config/.env HTTP/1.1" 403 1242 "-" "Mozilla/5.0 (Linux; Android 4.4.2; LG-F180L Build/KOT49I.F180L30b) AppleWebKit/537.36 (KHTML, like Gecko) Version/4.0 Chrome/30.0.0.0 Mobile Safari/537.36"
78.153.140.218 - - [28/May/2025:04:00:05 -0400] "GET /info HTTP/1.1" 301 0 "-" "SEC-SGHE900/1.0 NetFront/3.2 Profile/MIDP-2.0 Configuration/CLDC-1.1 Opera/8.01 (J2ME/MIDP; Opera Mini/2.0.4509/1378; nl; U; ssr)"
78.153.140.218 - - [28/May/2025:04:00:07 -0400] "GET /stage/.env HTTP/1.1" 403 1242 "-" "Mozilla/5.0 (Windows NT 6.2; ARM; Trident/7.0; Touch; rv:11.0; WPDesktop; NOKIA; Lumia 630) like Gecko"
198.54.114.35 - - [28/May/2025:04:29:54 -0400] "POST /wp-cron.php?doing_wp_cron=1748420993.8359661102294921875000 HTTP/1.1" 200 0 "-" "WordPress/6.8.1; https://socialsolargreen.com"
52.167.144.163 - - [28/May/2025:04:29:46 -0400] "GET /NNlo-16c6cefadb-kawne HTTP/1.1" 404 22257 "-" "Mozilla/5.0 (Windows NT 10.0; Win64; x64) AppleWebKit/537.36 (KHTML, like Gecko) Chrome/112.0.0.0 Safari/537.36 Edg/112.0.1722.68"
198.54.114.35 - - [28/May/2025:04:29:54 -0400] "POST /wp-admin/admin-ajax.php?action=async_litespeed&nonce=ais9xsNf3rySfUb39liFXV2AcFge64Cv&litespeed_type=imgoptm HTTP/1.1" 200 5 "-" "WordPress/6.8.1; https://socialsolargreen.com"
198.54.114.35 - - [28/May/2025:04:32:57 -0400] "POST /wp-cron.php?doing_wp_cron=1748421177.4392690658569335937500 HTTP/1.1" 200 0 "-" "WordPress/6.8.1; https://socialsolargreen.com"
198.54.114.35 - - [28/May/2025:04:43:06 -0400] "POST /wp-cron.php?doing_wp_cron=1748421786.7122349739074707031250 HTTP/1.1" 200 0 "-" "WordPress/6.8.1; https://socialsolargreen.com"
185.177.72.210 - - [28/May/2025:04:42:56 -0400] "GET /%c0 HTTP/1.1" 404 22256 "-" "Mozilla/5.0 (Windows NT 10.0; Win64; x64) AppleWebKit/537.36 (KHTML, like Gecko) Chrome/91.0.4472.124 Safari/537.36"
185.177.72.210 - - [28/May/2025:04:43:14 -0400] "GET /.azure-pipelines.yml HTTP/1.1" 404 22257 "-" "Mozilla/5.0 (Windows NT 10.0; Win64; x64) AppleWebKit/537.36 (KHTML, like Gecko) Chrome/91.0.4472.124 Safari/537.36"
185.177.72.210 - - [28/May/2025:04:43:16 -0400] "GET /.bak HTTP/1.1" 404 22257 "-" "Mozilla/5.0 (Windows NT 10.0; Win64; x64) AppleWebKit/537.36 (KHTML, like Gecko) Chrome/91.0.4472.124 Safari/537.36"
185.177.72.210 - - [28/May/2025:04:43:17 -0400] "GET /.bitbucket-pipelines.yml HTTP/1.1" 404 22257 "-" "Mozilla/5.0 (Windows NT 10.0; Win64; x64) AppleWebKit/537.36 (KHTML, like Gecko) Chrome/91.0.4472.124 Safari/537.36"
185.177.72.210 - - [28/May/2025:04:43:18 -0400] "GET /.bitbucket/.env HTTP/1.1" 403 1242 "-" "Mozilla/5.0 (Windows NT 10.0; Win64; x64) AppleWebKit/537.36 (KHTML, like Gecko) Chrome/91.0.4472.124 Safari/537.36"
185.177.72.210 - - [28/May/2025:04:43:20 -0400] "GET /.bzr/ HTTP/1.1" 404 22257 "-" "Mozilla/5.0 (Windows NT 10.0; Win64; x64) AppleWebKit/537.36 (KHTML, like Gecko) Chrome/91.0.4472.124 Safari/537.36"
185.177.72.210 - - [28/May/2025:04:43:21 -0400] "GET /.circleci/config.yml HTTP/1.1" 404 22257 "-" "Mozilla/5.0 (Windows NT 10.0; Win64; x64) AppleWebKit/537.36 (KHTML, like Gecko) Chrome/91.0.4472.124 Safari/537.36"
185.177.72.210 - - [28/May/2025:04:43:22 -0400] "GET /.docker/.env HTTP/1.1" 403 1242 "-" "Mozilla/5.0 (Windows NT 10.0; Win64; x64) AppleWebKit/537.36 (KHTML, like Gecko) Chrome/91.0.4472.124 Safari/537.36"
185.177.72.210 - - [28/May/2025:04:43:22 -0400] "GET /.dockerignore HTTP/1.1" 404 22257 "-" "Mozilla/5.0 (Windows NT 10.0; Win64; x64) AppleWebKit/537.36 (KHTML, like Gecko) Chrome/91.0.4472.124 Safari/537.36"
185.177.72.210 - - [28/May/2025:04:43:23 -0400] "GET /.env HTTP/1.1" 403 1242 "-" "Mozilla/5.0 (Windows NT 10.0; Win64; x64) AppleWebKit/537.36 (KHTML, like Gecko) Chrome/91.0.4472.124 Safari/537.36"
185.177.72.210 - - [28/May/2025:04:43:24 -0400] "GET /.env-db HTTP/1.1" 403 1242 "-" "Mozilla/5.0 (Windows NT 10.0; Win64; x64) AppleWebKit/537.36 (KHTML, like Gecko) Chrome/91.0.4472.124 Safari/537.36"
185.177.72.210 - - [28/May/2025:04:43:24 -0400] "GET /.env.back HTTP/1.1" 403 1242 "-" "Mozilla/5.0 (Windows NT 10.0; Win64; x64) AppleWebKit/537.36 (KHTML, like Gecko) Chrome/91.0.4472.124 Safari/537.36"
185.177.72.210 - - [28/May/2025:04:43:24 -0400] "GET /.env.backup HTTP/1.1" 403 1242 "-" "Mozilla/5.0 (Windows NT 10.0; Win64; x64) AppleWebKit/537.36 (KHTML, like Gecko) Chrome/91.0.4472.124 Safari/537.36"
185.177.72.210 - - [28/May/2025:04:43:24 -0400] "GET /.env.bkp HTTP/1.1" 403 1242 "-" "Mozilla/5.0 (Windows NT 10.0; Win64; x64) AppleWebKit/537.36 (KHTML, like Gecko) Chrome/91.0.4472.124 Safari/537.36"
185.177.72.210 - - [28/May/2025:04:43:25 -0400] "GET /.env.credentials HTTP/1.1" 403 1242 "-" "Mozilla/5.0 (Windows NT 10.0; Win64; x64) AppleWebKit/537.36 (KHTML, like Gecko) Chrome/91.0.4472.124 Safari/537.36"
185.177.72.210 - - [28/May/2025:04:43:25 -0400] "GET /.env.development.local HTTP/1.1" 403 1242 "-" "Mozilla/5.0 (Windows NT 10.0; Win64; x64) AppleWebKit/537.36 (KHTML, like Gecko) Chrome/91.0.4472.124 Safari/537.36"
185.177.72.210 - - [28/May/2025:04:43:26 -0400] "GET /.env.example HTTP/1.1" 403 1242 "-" "Mozilla/5.0 (Windows NT 10.0; Win64; x64) AppleWebKit/537.36 (KHTML, like Gecko) Chrome/91.0.4472.124 Safari/537.36"
158.179.21.71 - - [28/May/2025:04:32:49 -0400] "GET /wp-login.php HTTP/1.1" 302 0 "-" "Mozila/5.0"
198.54.114.35 - - [28/May/2025:04:32:58 -0400] "POST /wp-admin/admin-ajax.php?action=async_litespeed&nonce=dNc1yeL1DiQdQBKPfwNk151Pu9GsCMcx&litespeed_type=imgoptm HTTP/1.1" 200 5 "-" "WordPress/6.8.1; https://socialsolargreen.com"
158.179.21.71 - - [28/May/2025:04:32:53 -0400] "GET /404 HTTP/1.1" 404 22257 "-" "Mozila/5.0"
198.54.114.35 - - [28/May/2025:04:43:07 -0400] "POST /wp-admin/admin-ajax.php?action=async_litespeed&nonce=a33cqDE90apJdHLUXofEXzvdH5Fjnn5N&litespeed_type=imgoptm HTTP/1.1" 200 0 "-" "WordPress/6.8.1; https://socialsolargreen.com"
185.177.72.210 - - [28/May/2025:04:43:10 -0400] "GET /.aws/config HTTP/1.1" 404 22257 "-" "Mozilla/5.0 (Windows NT 10.0; Win64; x64) AppleWebKit/537.36 (KHTML, like Gecko) Chrome/91.0.4472.124 Safari/537.36"
185.177.72.210 - - [28/May/2025:04:43:12 -0400] "GET /.aws/credentials HTTP/1.1" 404 22257 "-" "Mozilla/5.0 (Windows NT 10.0; Win64; x64) AppleWebKit/537.36 (KHTML, like Gecko) Chrome/91.0.4472.124 Safari/537.36"
185.177.72.210 - - [28/May/2025:04:43:12 -0400] "GET /.aws/credentials.bak HTTP/1.1" 404 22257 "-" "Mozilla/5.0 (Windows NT 10.0; Win64; x64) AppleWebKit/537.36 (KHTML, like Gecko) Chrome/91.0.4472.124 Safari/537.36"
185.177.72.210 - - [28/May/2025:04:43:14 -0400] "GET /.aws/credentials/admin/.env HTTP/1.1" 403 1242 "-" "Mozilla/5.0 (Windows NT 10.0; Win64; x64) AppleWebKit/537.36 (KHTML, like Gecko) Chrome/91.0.4472.124 Safari/537.36"
185.177.72.210 - - [28/May/2025:04:43:19 -0400] "GET /.boto HTTP/1.1" 404 22257 "-" "Mozilla/5.0 (Windows NT 10.0; Win64; x64) AppleWebKit/537.36 (KHTML, like Gecko) Chrome/91.0.4472.124 Safari/537.36"
185.177.72.210 - - [28/May/2025:04:43:21 -0400] "GET /.c9/metadata/environment/.env HTTP/1.1" 403 1242 "-" "Mozilla/5.0 (Windows NT 10.0; Win64; x64) AppleWebKit/537.36 (KHTML, like Gecko) Chrome/91.0.4472.124 Safari/537.36"
185.177.72.210 - - [28/May/2025:04:43:21 -0400] "GET /.circleci/.env HTTP/1.1" 403 1242 "-" "Mozilla/5.0 (Windows NT 10.0; Win64; x64) AppleWebKit/537.36 (KHTML, like Gecko) Chrome/91.0.4472.124 Safari/537.36"
185.177.72.210 - - [28/May/2025:04:43:22 -0400] "GET /.docker/laravel/app/.env HTTP/1.1" 403 1242 "-" "Mozilla/5.0 (Windows NT 10.0; Win64; x64) AppleWebKit/537.36 (KHTML, like Gecko) Chrome/91.0.4472.124 Safari/537.36"
185.177.72.210 - - [28/May/2025:04:43:24 -0400] "GET /.env.bak HTTP/1.1" 403 1242 "-" "Mozilla/5.0 (Windows NT 10.0; Win64; x64) AppleWebKit/537.36 (KHTML, like Gecko) Chrome/91.0.4472.124 Safari/537.36"
185.177.72.210 - - [28/May/2025:04:43:25 -0400] "GET /.env.dev HTTP/1.1" 403 1242 "-" "Mozilla/5.0 (Windows NT 10.0; Win64; x64) AppleWebKit/537.36 (KHTML, like Gecko) Chrome/91.0.4472.124 Safari/537.36"
185.177.72.210 - - [28/May/2025:04:43:25 -0400] "GET /.env.development HTTP/1.1" 403 1242 "-" "Mozilla/5.0 (Windows NT 10.0; Win64; x64) AppleWebKit/537.36 (KHTML, like Gecko) Chrome/91.0.4472.124 Safari/537.36"
185.177.72.210 - - [28/May/2025:04:43:25 -0400] "GET /.env.docker.dev HTTP/1.1" 403 1242 "-" "Mozilla/5.0 (Windows NT 10.0; Win64; x64) AppleWebKit/537.36 (KHTML, like Gecko) Chrome/91.0.4472.124 Safari/537.36"
185.177.72.210 - - [28/May/2025:04:43:26 -0400] "GET /.env.email HTTP/1.1" 403 1242 "-" "Mozilla/5.0 (Windows NT 10.0; Win64; x64) AppleWebKit/537.36 (KHTML, like Gecko) Chrome/91.0.4472.124 Safari/537.36"
185.177.72.210 - - [28/May/2025:04:43:27 -0400] "GET /.env.js HTTP/1.1" 403 1242 "-" "Mozilla/5.0 (Windows NT 10.0; Win64; x64) AppleWebKit/537.36 (KHTML, like Gecko) Chrome/91.0.4472.124 Safari/537.36"
185.177.72.210 - - [28/May/2025:04:43:27 -0400] "GET /.env.live HTTP/1.1" 403 1242 "-" "Mozilla/5.0 (Windows NT 10.0; Win64; x64) AppleWebKit/537.36 (KHTML, like Gecko) Chrome/91.0.4472.124 Safari/537.36"
185.177.72.210 - - [28/May/2025:04:43:28 -0400] "GET /.env.mail HTTP/1.1" 403 1242 "-" "Mozilla/5.0 (Windows NT 10.0; Win64; x64) AppleWebKit/537.36 (KHTML, like Gecko) Chrome/91.0.4472.124 Safari/537.36"
185.177.72.210 - - [28/May/2025:04:43:26 -0400] "GET /.env.hidden HTTP/1.1" 403 1242 "-" "Mozilla/5.0 (Windows NT 10.0; Win64; x64) AppleWebKit/537.36 (KHTML, like Gecko) Chrome/91.0.4472.124 Safari/537.36"
185.177.72.210 - - [28/May/2025:04:43:26 -0400] "GET /.env.hide HTTP/1.1" 403 1242 "-" "Mozilla/5.0 (Windows NT 10.0; Win64; x64) AppleWebKit/537.36 (KHTML, like Gecko) Chrome/91.0.4472.124 Safari/537.36"
185.177.72.210 - - [28/May/2025:04:43:27 -0400] "GET /.env.key HTTP/1.1" 403 1242 "-" "Mozilla/5.0 (Windows NT 10.0; Win64; x64) AppleWebKit/537.36 (KHTML, like Gecko) Chrome/91.0.4472.124 Safari/537.36"
185.177.72.210 - - [28/May/2025:04:43:27 -0400] "GET /.env.local HTTP/1.1" 403 1242 "-" "Mozilla/5.0 (Windows NT 10.0; Win64; x64) AppleWebKit/537.36 (KHTML, like Gecko) Chrome/91.0.4472.124 Safari/537.36"
185.177.72.210 - - [28/May/2025:04:43:28 -0400] "GET /.env.php HTTP/1.1" 403 1242 "-" "Mozilla/5.0 (Windows NT 10.0; Win64; x64) AppleWebKit/537.36 (KHTML, like Gecko) Chrome/91.0.4472.124 Safari/537.36"
185.177.72.210 - - [28/May/2025:04:43:28 -0400] "GET /.env.prod HTTP/1.1" 403 1242 "-" "Mozilla/5.0 (Windows NT 10.0; Win64; x64) AppleWebKit/537.36 (KHTML, like Gecko) Chrome/91.0.4472.124 Safari/537.36"
185.177.72.210 - - [28/May/2025:04:43:29 -0400] "GET /.env.production.local HTTP/1.1" 403 1242 "-" "Mozilla/5.0 (Windows NT 10.0; Win64; x64) AppleWebKit/537.36 (KHTML, like Gecko) Chrome/91.0.4472.124 Safari/537.36"
185.177.72.210 - - [28/May/2025:04:43:29 -0400] "GET /.env.sample HTTP/1.1" 403 1242 "-" "Mozilla/5.0 (Windows NT 10.0; Win64; x64) AppleWebKit/537.36 (KHTML, like Gecko) Chrome/91.0.4472.124 Safari/537.36"
185.177.72.210 - - [28/May/2025:04:43:30 -0400] "GET /.env.stage HTTP/1.1" 403 1242 "-" "Mozilla/5.0 (Windows NT 10.0; Win64; x64) AppleWebKit/537.36 (KHTML, like Gecko) Chrome/91.0.4472.124 Safari/537.36"
185.177.72.210 - - [28/May/2025:04:43:30 -0400] "GET /.env.staging HTTP/1.1" 403 1242 "-" "Mozilla/5.0 (Windows NT 10.0; Win64; x64) AppleWebKit/537.36 (KHTML, like Gecko) Chrome/91.0.4472.124 Safari/537.36"
185.177.72.210 - - [28/May/2025:04:43:31 -0400] "GET /.env.testing HTTP/1.1" 403 1242 "-" "Mozilla/5.0 (Windows NT 10.0; Win64; x64) AppleWebKit/537.36 (KHTML, like Gecko) Chrome/91.0.4472.124 Safari/537.36"
185.177.72.210 - - [28/May/2025:04:43:31 -0400] "GET /.env.txt HTTP/1.1" 403 1242 "-" "Mozilla/5.0 (Windows NT 10.0; Win64; x64) AppleWebKit/537.36 (KHTML, like Gecko) Chrome/91.0.4472.124 Safari/537.36"
185.177.72.210 - - [28/May/2025:04:43:31 -0400] "GET /.env.www HTTP/1.1" 403 1242 "-" "Mozilla/5.0 (Windows NT 10.0; Win64; x64) AppleWebKit/537.36 (KHTML, like Gecko) Chrome/91.0.4472.124 Safari/537.36"
185.177.72.210 - - [28/May/2025:04:43:31 -0400] "GET /.env_1 HTTP/1.1" 403 1242 "-" "Mozilla/5.0 (Windows NT 10.0; Win64; x64) AppleWebKit/537.36 (KHTML, like Gecko) Chrome/91.0.4472.124 Safari/537.36"
185.177.72.210 - - [28/May/2025:04:43:32 -0400] "GET /.env_backup HTTP/1.1" 403 1242 "-" "Mozilla/5.0 (Windows NT 10.0; Win64; x64) AppleWebKit/537.36 (KHTML, like Gecko) Chrome/91.0.4472.124 Safari/537.36"
185.177.72.210 - - [28/May/2025:04:43:32 -0400] "GET /.env_copy HTTP/1.1" 403 1242 "-" "Mozilla/5.0 (Windows NT 10.0; Win64; x64) AppleWebKit/537.36 (KHTML, like Gecko) Chrome/91.0.4472.124 Safari/537.36"
185.177.72.210 - - [28/May/2025:04:43:32 -0400] "GET /.env_private HTTP/1.1" 403 1242 "-" "Mozilla/5.0 (Windows NT 10.0; Win64; x64) AppleWebKit/537.36 (KHTML, like Gecko) Chrome/91.0.4472.124 Safari/537.36"
185.177.72.210 - - [28/May/2025:04:43:32 -0400] "GET /.env_sample HTTP/1.1" 403 1242 "-" "Mozilla/5.0 (Windows NT 10.0; Win64; x64) AppleWebKit/537.36 (KHTML, like Gecko) Chrome/91.0.4472.124 Safari/537.36"
185.177.72.210 - - [28/May/2025:04:43:33 -0400] "GET /.env_secret HTTP/1.1" 403 1242 "-" "Mozilla/5.0 (Windows NT 10.0; Win64; x64) AppleWebKit/537.36 (KHTML, like Gecko) Chrome/91.0.4472.124 Safari/537.36"
185.177.72.210 - - [28/May/2025:04:43:28 -0400] "GET /.env.old HTTP/1.1" 403 1242 "-" "Mozilla/5.0 (Windows NT 10.0; Win64; x64) AppleWebKit/537.36 (KHTML, like Gecko) Chrome/91.0.4472.124 Safari/537.36"
185.177.72.210 - - [28/May/2025:04:43:28 -0400] "GET /.env.production HTTP/1.1" 403 1242 "-" "Mozilla/5.0 (Windows NT 10.0; Win64; x64) AppleWebKit/537.36 (KHTML, like Gecko) Chrome/91.0.4472.124 Safari/537.36"
185.177.72.210 - - [28/May/2025:04:43:29 -0400] "GET /.env.sample.php HTTP/1.1" 403 1242 "-" "Mozilla/5.0 (Windows NT 10.0; Win64; x64) AppleWebKit/537.36 (KHTML, like Gecko) Chrome/91.0.4472.124 Safari/537.36"
185.177.72.210 - - [28/May/2025:04:43:29 -0400] "GET /.env.save HTTP/1.1" 403 1242 "-" "Mozilla/5.0 (Windows NT 10.0; Win64; x64) AppleWebKit/537.36 (KHTML, like Gecko) Chrome/91.0.4472.124 Safari/537.36"
185.177.72.210 - - [28/May/2025:04:43:29 -0400] "GET /.env.smtp HTTP/1.1" 403 1242 "-" "Mozilla/5.0 (Windows NT 10.0; Win64; x64) AppleWebKit/537.36 (KHTML, like Gecko) Chrome/91.0.4472.124 Safari/537.36"
185.177.72.210 - - [28/May/2025:04:43:30 -0400] "GET /.env.swp HTTP/1.1" 403 1242 "-" "Mozilla/5.0 (Windows NT 10.0; Win64; x64) AppleWebKit/537.36 (KHTML, like Gecko) Chrome/91.0.4472.124 Safari/537.36"
185.177.72.210 - - [28/May/2025:04:43:30 -0400] "GET /.env.test HTTP/1.1" 403 1242 "-" "Mozilla/5.0 (Windows NT 10.0; Win64; x64) AppleWebKit/537.36 (KHTML, like Gecko) Chrome/91.0.4472.124 Safari/537.36"
185.177.72.210 - - [28/May/2025:04:43:30 -0400] "GET /.env.test.local HTTP/1.1" 403 1242 "-" "Mozilla/5.0 (Windows NT 10.0; Win64; x64) AppleWebKit/537.36 (KHTML, like Gecko) Chrome/91.0.4472.124 Safari/537.36"
185.177.72.210 - - [28/May/2025:04:43:31 -0400] "GET /.env.uat HTTP/1.1" 403 1242 "-" "Mozilla/5.0 (Windows NT 10.0; Win64; x64) AppleWebKit/537.36 (KHTML, like Gecko) Chrome/91.0.4472.124 Safari/537.36"
185.177.72.210 - - [28/May/2025:04:43:32 -0400] "GET /.env_aws HTTP/1.1" 403 1242 "-" "Mozilla/5.0 (Windows NT 10.0; Win64; x64) AppleWebKit/537.36 (KHTML, like Gecko) Chrome/91.0.4472.124 Safari/537.36"
185.177.72.210 - - [28/May/2025:04:43:34 -0400] "GET /.github/.env HTTP/1.1" 403 1242 "-" "Mozilla/5.0 (Windows NT 10.0; Win64; x64) AppleWebKit/537.36 (KHTML, like Gecko) Chrome/91.0.4472.124 Safari/537.36"
185.177.72.210 - - [28/May/2025:04:43:34 -0400] "GET /.github/workflows/*.yml HTTP/1.1" 404 22476 "-" "Mozilla/5.0 (Windows NT 10.0; Win64; x64) AppleWebKit/537.36 (KHTML, like Gecko) Chrome/91.0.4472.124 Safari/537.36"
185.177.72.210 - - [28/May/2025:04:43:35 -0400] "GET /.gitignore HTTP/1.1" 403 1242 "-" "Mozilla/5.0 (Windows NT 10.0; Win64; x64) AppleWebKit/537.36 (KHTML, like Gecko) Chrome/91.0.4472.124 Safari/537.36"
185.177.72.210 - - [28/May/2025:04:43:35 -0400] "GET /.gitlab-ci.yml HTTP/1.1" 404 22257 "-" "Mozilla/5.0 (Windows NT 10.0; Win64; x64) AppleWebKit/537.36 (KHTML, like Gecko) Chrome/91.0.4472.124 Safari/537.36"
185.177.72.210 - - [28/May/2025:04:43:37 -0400] "GET /.gitlab-ci/.env HTTP/1.1" 403 1242 "-" "Mozilla/5.0 (Windows NT 10.0; Win64; x64) AppleWebKit/537.36 (KHTML, like Gecko) Chrome/91.0.4472.124 Safari/537.36"
185.177.72.210 - - [28/May/2025:04:43:37 -0400] "GET /.gitlab/.env HTTP/1.1" 403 1242 "-" "Mozilla/5.0 (Windows NT 10.0; Win64; x64) AppleWebKit/537.36 (KHTML, like Gecko) Chrome/91.0.4472.124 Safari/537.36"
185.177.72.210 - - [28/May/2025:04:43:37 -0400] "GET /.htaccess HTTP/1.1" 403 1242 "-" "Mozilla/5.0 (Windows NT 10.0; Win64; x64) AppleWebKit/537.36 (KHTML, like Gecko) Chrome/91.0.4472.124 Safari/537.36"
185.177.72.210 - - [28/May/2025:04:43:38 -0400] "GET /.idea/.env HTTP/1.1" 403 1242 "-" "Mozilla/5.0 (Windows NT 10.0; Win64; x64) AppleWebKit/537.36 (KHTML, like Gecko) Chrome/91.0.4472.124 Safari/537.36"
185.177.72.210 - - [28/May/2025:04:43:38 -0400] "GET /.local HTTP/1.1" 404 22257 "-" "Mozilla/5.0 (Windows NT 10.0; Win64; x64) AppleWebKit/537.36 (KHTML, like Gecko) Chrome/91.0.4472.124 Safari/537.36"
185.177.72.210 - - [28/May/2025:04:43:33 -0400] "GET /.env~ HTTP/1.1" 403 1242 "-" "Mozilla/5.0 (Windows NT 10.0; Win64; x64) AppleWebKit/537.36 (KHTML, like Gecko) Chrome/91.0.4472.124 Safari/537.36"
185.177.72.210 - - [28/May/2025:04:43:33 -0400] "GET /.git/ HTTP/1.1" 403 1242 "-" "Mozilla/5.0 (Windows NT 10.0; Win64; x64) AppleWebKit/537.36 (KHTML, like Gecko) Chrome/91.0.4472.124 Safari/537.36"
185.177.72.210 - - [28/May/2025:04:43:33 -0400] "GET /.git/config HTTP/1.1" 403 1242 "-" "Mozilla/5.0 (Windows NT 10.0; Win64; x64) AppleWebKit/537.36 (KHTML, like Gecko) Chrome/91.0.4472.124 Safari/537.36"
185.177.72.210 - - [28/May/2025:04:43:37 -0400] "GET /.hg/ HTTP/1.1" 403 1242 "-" "Mozilla/5.0 (Windows NT 10.0; Win64; x64) AppleWebKit/537.36 (KHTML, like Gecko) Chrome/91.0.4472.124 Safari/537.36"
185.177.72.210 - - [28/May/2025:04:43:40 -0400] "GET /.next/ HTTP/1.1" 404 22257 "-" "Mozilla/5.0 (Windows NT 10.0; Win64; x64) AppleWebKit/537.36 (KHTML, like Gecko) Chrome/91.0.4472.124 Safari/537.36"
185.177.72.210 - - [28/May/2025:04:43:42 -0400] "GET /.nuxt/ HTTP/1.1" 404 22257 "-" "Mozilla/5.0 (Windows NT 10.0; Win64; x64) AppleWebKit/537.36 (KHTML, like Gecko) Chrome/91.0.4472.124 Safari/537.36"
185.177.72.210 - - [28/May/2025:04:43:43 -0400] "GET /.output/ HTTP/1.1" 404 22257 "-" "Mozilla/5.0 (Windows NT 10.0; Win64; x64) AppleWebKit/537.36 (KHTML, like Gecko) Chrome/91.0.4472.124 Safari/537.36"
185.177.72.210 - - [28/May/2025:04:43:45 -0400] "GET /.phpinfo HTTP/1.1" 404 22257 "-" "Mozilla/5.0 (Windows NT 10.0; Win64; x64) AppleWebKit/537.36 (KHTML, like Gecko) Chrome/91.0.4472.124 Safari/537.36"
185.177.72.210 - - [28/May/2025:04:43:46 -0400] "GET /.production HTTP/1.1" 404 22257 "-" "Mozilla/5.0 (Windows NT 10.0; Win64; x64) AppleWebKit/537.36 (KHTML, like Gecko) Chrome/91.0.4472.124 Safari/537.36"
185.177.72.210 - - [28/May/2025:04:43:47 -0400] "GET /.pypirc HTTP/1.1" 404 22257 "-" "Mozilla/5.0 (Windows NT 10.0; Win64; x64) AppleWebKit/537.36 (KHTML, like Gecko) Chrome/91.0.4472.124 Safari/537.36"
185.177.72.210 - - [28/May/2025:04:43:49 -0400] "GET /.ssh/id_rsa HTTP/1.1" 404 22257 "-" "Mozilla/5.0 (Windows NT 10.0; Win64; x64) AppleWebKit/537.36 (KHTML, like Gecko) Chrome/91.0.4472.124 Safari/537.36"
185.177.72.210 - - [28/May/2025:04:43:51 -0400] "GET /.ssh/id_rsa.pub HTTP/1.1" 404 22257 "-" "Mozilla/5.0 (Windows NT 10.0; Win64; x64) AppleWebKit/537.36 (KHTML, like Gecko) Chrome/91.0.4472.124 Safari/537.36"
185.177.72.210 - - [28/May/2025:04:43:52 -0400] "GET /.svn/ HTTP/1.1" 403 1242 "-" "Mozilla/5.0 (Windows NT 10.0; Win64; x64) AppleWebKit/537.36 (KHTML, like Gecko) Chrome/91.0.4472.124 Safari/537.36"
185.177.72.210 - - [28/May/2025:04:43:52 -0400] "GET /.travis.yml HTTP/1.1" 404 22257 "-" "Mozilla/5.0 (Windows NT 10.0; Win64; x64) AppleWebKit/537.36 (KHTML, like Gecko) Chrome/91.0.4472.124 Safari/537.36"
185.177.72.210 - - [28/May/2025:04:43:56 -0400] "GET /.vscode/.env HTTP/1.1" 403 1242 "-" "Mozilla/5.0 (Windows NT 10.0; Win64; x64) AppleWebKit/537.36 (KHTML, like Gecko) Chrome/91.0.4472.124 Safari/537.36"
185.177.72.210 - - [28/May/2025:04:43:56 -0400] "GET /.vscode/settings.json HTTP/1.1" 404 22257 "-" "Mozilla/5.0 (Windows NT 10.0; Win64; x64) AppleWebKit/537.36 (KHTML, like Gecko) Chrome/91.0.4472.124 Safari/537.36"
185.177.72.210 - - [28/May/2025:04:43:57 -0400] "GET /.well-known/openid-configuration HTTP/1.1" 404 22257 "-" "Mozilla/5.0 (Windows NT 10.0; Win64; x64) AppleWebKit/537.36 (KHTML, like Gecko) Chrome/91.0.4472.124 Safari/537.36"
198.54.114.35 - - [28/May/2025:04:44:00 -0400] "POST /wp-cron.php?doing_wp_cron=1748421840.2099649906158447265625 HTTP/1.1" 200 0 "-" "WordPress/6.8.1; https://socialsolargreen.com"
198.54.114.35 - - [28/May/2025:04:44:01 -0400] "POST /wp-admin/admin-ajax.php?action=async_litespeed&nonce=ve0lbv2XHsxQ2Le7yp6LVb2bvboBCAXX&litespeed_type=imgoptm HTTP/1.1" 200 5 "-" "WordPress/6.8.1; https://socialsolargreen.com"
185.177.72.210 - - [28/May/2025:04:43:41 -0400] "GET /.npmrc HTTP/1.1" 404 22257 "-" "Mozilla/5.0 (Windows NT 10.0; Win64; x64) AppleWebKit/537.36 (KHTML, like Gecko) Chrome/91.0.4472.124 Safari/537.36"
185.177.72.210 - - [28/May/2025:04:43:48 -0400] "GET /.remote HTTP/1.1" 404 22257 "-" "Mozilla/5.0 (Windows NT 10.0; Win64; x64) AppleWebKit/537.36 (KHTML, like Gecko) Chrome/91.0.4472.124 Safari/537.36"
185.177.72.210 - - [28/May/2025:04:43:54 -0400] "GET /.vite/ HTTP/1.1" 404 22257 "-" "Mozilla/5.0 (Windows NT 10.0; Win64; x64) AppleWebKit/537.36 (KHTML, like Gecko) Chrome/91.0.4472.124 Safari/537.36"
185.177.72.210 - - [28/May/2025:04:43:59 -0400] "GET /.well-known/security.txt HTTP/1.1" 404 22256 "-" "Mozilla/5.0 (Windows NT 10.0; Win64; x64) AppleWebKit/537.36 (KHTML, like Gecko) Chrome/91.0.4472.124 Safari/537.36"
185.177.72.210 - - [28/May/2025:04:44:02 -0400] "GET /08-routing/end/vue-heroes/.env HTTP/1.1" 403 1242 "-" "Mozilla/5.0 (Windows NT 10.0; Win64; x64) AppleWebKit/537.36 (KHTML, like Gecko) Chrome/91.0.4472.124 Safari/537.36"
185.177.72.210 - - [28/May/2025:04:44:05 -0400] "GET /3-sequelize/final/.env HTTP/1.1" 403 1242 "-" "Mozilla/5.0 (Windows NT 10.0; Win64; x64) AppleWebKit/537.36 (KHTML, like Gecko) Chrome/91.0.4472.124 Safari/537.36"
185.177.72.210 - - [28/May/2025:04:44:05 -0400] "GET /31_structure_tests/.env HTTP/1.1" 403 1242 "-" "Mozilla/5.0 (Windows NT 10.0; Win64; x64) AppleWebKit/537.36 (KHTML, like Gecko) Chrome/91.0.4472.124 Safari/537.36"
185.177.72.210 - - [28/May/2025:04:44:10 -0400] "GET /?phpinfo.php HTTP/1.1" 301 0 "-" "Mozilla/5.0 (Windows NT 10.0; Win64; x64) AppleWebKit/537.36 (KHTML, like Gecko) Chrome/91.0.4472.124 Safari/537.36"
185.177.72.210 - - [28/May/2025:04:44:10 -0400] "GET /?phpinfo_php HTTP/1.1" 200 29854 "-" "Mozilla/5.0 (Windows NT 10.0; Win64; x64) AppleWebKit/537.36 (KHTML, like Gecko) Chrome/91.0.4472.124 Safari/537.36"
185.177.72.210 - - [28/May/2025:04:44:15 -0400] "GET /__debugbar HTTP/1.1" 404 22257 "-" "Mozilla/5.0 (Windows NT 10.0; Win64; x64) AppleWebKit/537.36 (KHTML, like Gecko) Chrome/91.0.4472.124 Safari/537.36"
185.177.72.210 - - [28/May/2025:04:44:16 -0400] "GET /_astro/[chunk-name].[hash].js HTTP/1.1" 404 22257 "-" "Mozilla/5.0 (Windows NT 10.0; Win64; x64) AppleWebKit/537.36 (KHTML, like Gecko) Chrome/91.0.4472.124 Safari/537.36"
185.177.72.210 - - [28/May/2025:04:44:17 -0400] "GET /_dev HTTP/1.1" 404 22257 "-" "Mozilla/5.0 (Windows NT 10.0; Win64; x64) AppleWebKit/537.36 (KHTML, like Gecko) Chrome/91.0.4472.124 Safari/537.36"
185.177.72.210 - - [28/May/2025:04:44:18 -0400] "GET /_ignition/ HTTP/1.1" 404 22257 "-" "Mozilla/5.0 (Windows NT 10.0; Win64; x64) AppleWebKit/537.36 (KHTML, like Gecko) Chrome/91.0.4472.124 Safari/537.36"
185.177.72.210 - - [28/May/2025:04:44:19 -0400] "GET /_next/static/chunks/945-34f67d7c0866cf61b970.js HTTP/1.1" 404 22477 "-" "Mozilla/5.0 (Windows NT 10.0; Win64; x64) AppleWebKit/537.36 (KHTML, like Gecko) Chrome/91.0.4472.124 Safari/537.36"
185.177.72.210 - - [28/May/2025:04:44:20 -0400] "GET /_next/static/chunks/app/%5B...not-found%5D/page-63e952e68a371605.js HTTP/1.1" 404 22477 "-" "Mozilla/5.0 (Windows NT 10.0; Win64; x64) AppleWebKit/537.36 (KHTML, like Gecko) Chrome/91.0.4472.124 Safari/537.36"
185.177.72.210 - - [28/May/2025:04:44:24 -0400] "GET /_next/static/chunks/app/layout-a908fe02173ed4b1.js HTTP/1.1" 404 22476 "-" "Mozilla/5.0 (Windows NT 10.0; Win64; x64) AppleWebKit/537.36 (KHTML, like Gecko) Chrome/91.0.4472.124 Safari/537.36"
185.177.72.210 - - [28/May/2025:04:44:25 -0400] "GET /_next/static/chunks/framework-[hash].js HTTP/1.1" 404 22478 "-" "Mozilla/5.0 (Windows NT 10.0; Win64; x64) AppleWebKit/537.36 (KHTML, like Gecko) Chrome/91.0.4472.124 Safari/537.36"
185.177.72.210 - - [28/May/2025:04:44:27 -0400] "GET /_next/static/chunks/pages/_app-a9fba37d935ce3f3.js HTTP/1.1" 404 22477 "-" "Mozilla/5.0 (Windows NT 10.0; Win64; x64) AppleWebKit/537.36 (KHTML, like Gecko) Chrome/91.0.4472.124 Safari/537.36"
185.177.72.210 - - [28/May/2025:04:44:02 -0400] "GET /07-accessing-data/begin/vue-heroes/.env HTTP/1.1" 403 1242 "-" "Mozilla/5.0 (Windows NT 10.0; Win64; x64) AppleWebKit/537.36 (KHTML, like Gecko) Chrome/91.0.4472.124 Safari/537.36"
185.177.72.210 - - [28/May/2025:04:44:02 -0400] "GET /07-accessing-data/end/vue-heroes/.env HTTP/1.1" 403 1242 "-" "Mozilla/5.0 (Windows NT 10.0; Win64; x64) AppleWebKit/537.36 (KHTML, like Gecko) Chrome/91.0.4472.124 Safari/537.36"
185.177.72.210 - - [28/May/2025:04:44:02 -0400] "GET /08-routing/begin/vue-heroes/.env HTTP/1.1" 403 1242 "-" "Mozilla/5.0 (Windows NT 10.0; Win64; x64) AppleWebKit/537.36 (KHTML, like Gecko) Chrome/91.0.4472.124 Safari/537.36"
185.177.72.210 - - [28/May/2025:04:44:02 -0400] "GET /09-managing-state/begin/vue-heroes/.env HTTP/1.1" 403 1242 "-" "Mozilla/5.0 (Windows NT 10.0; Win64; x64) AppleWebKit/537.36 (KHTML, like Gecko) Chrome/91.0.4472.124 Safari/537.36"
185.177.72.210 - - [28/May/2025:04:44:03 -0400] "GET /09-managing-state/end/vue-heroes/.env HTTP/1.1" 403 1242 "-" "Mozilla/5.0 (Windows NT 10.0; Win64; x64) AppleWebKit/537.36 (KHTML, like Gecko) Chrome/91.0.4472.124 Safari/537.36"
185.177.72.210 - - [28/May/2025:04:44:03 -0400] "GET /123.php HTTP/1.1" 404 22257 "-" "Mozilla/5.0 (Windows NT 10.0; Win64; x64) AppleWebKit/537.36 (KHTML, like Gecko) Chrome/91.0.4472.124 Safari/537.36"
185.177.72.210 - - [28/May/2025:04:44:05 -0400] "GET /?p=info HTTP/1.1" 200 22932 "-" "Mozilla/5.0 (Windows NT 10.0; Win64; x64) AppleWebKit/537.36 (KHTML, like Gecko) Chrome/91.0.4472.124 Safari/537.36"
185.177.72.210 - - [28/May/2025:04:44:06 -0400] "GET /?p=php HTTP/1.1" 200 22932 "-" "Mozilla/5.0 (Windows NT 10.0; Win64; x64) AppleWebKit/537.36 (KHTML, like Gecko) Chrome/91.0.4472.124 Safari/537.36"
185.177.72.210 - - [28/May/2025:04:44:07 -0400] "GET /?phpinfo HTTP/1.1" 200 29854 "-" "Mozilla/5.0 (Windows NT 10.0; Win64; x64) AppleWebKit/537.36 (KHTML, like Gecko) Chrome/91.0.4472.124 Safari/537.36"
185.177.72.210 - - [28/May/2025:04:44:11 -0400] "GET /?phpinfo=1 HTTP/1.1" 200 29854 "-" "Mozilla/5.0 (Windows NT 10.0; Win64; x64) AppleWebKit/537.36 (KHTML, like Gecko) Chrome/91.0.4472.124 Safari/537.36"
185.177.72.210 - - [28/May/2025:04:44:13 -0400] "GET /?q=info HTTP/1.1" 200 29854 "-" "Mozilla/5.0 (Windows NT 10.0; Win64; x64) AppleWebKit/537.36 (KHTML, like Gecko) Chrome/91.0.4472.124 Safari/537.36"
185.177.72.210 - - [28/May/2025:04:44:14 -0400] "GET /__debug__ HTTP/1.1" 404 22257 "-" "Mozilla/5.0 (Windows NT 10.0; Win64; x64) AppleWebKit/537.36 (KHTML, like Gecko) Chrome/91.0.4472.124 Safari/537.36"
185.177.72.210 - - [28/May/2025:04:44:16 -0400] "GET /__tests__/test-become/.env HTTP/1.1" 403 1242 "-" "Mozilla/5.0 (Windows NT 10.0; Win64; x64) AppleWebKit/537.36 (KHTML, like Gecko) Chrome/91.0.4472.124 Safari/537.36"
185.177.72.210 - - [28/May/2025:04:44:22 -0400] "GET /_next/static/chunks/app/error.js HTTP/1.1" 404 22476 "-" "Mozilla/5.0 (Windows NT 10.0; Win64; x64) AppleWebKit/537.36 (KHTML, like Gecko) Chrome/91.0.4472.124 Safari/537.36"
185.177.72.210 - - [28/May/2025:04:44:23 -0400] "GET /_next/static/chunks/app/global-error.js HTTP/1.1" 404 22476 "-" "Mozilla/5.0 (Windows NT 10.0; Win64; x64) AppleWebKit/537.36 (KHTML, like Gecko) Chrome/91.0.4472.124 Safari/537.36"
185.177.72.210 - - [28/May/2025:04:44:26 -0400] "GET /_next/static/chunks/main-app-[hash].js HTTP/1.1" 404 22477 "-" "Mozilla/5.0 (Windows NT 10.0; Win64; x64) AppleWebKit/537.36 (KHTML, like Gecko) Chrome/91.0.4472.124 Safari/537.36"
185.177.72.210 - - [28/May/2025:04:44:28 -0400] "GET /_next/static/chunks/pages/_app-d1b5411bacd03f02.js HTTP/1.1" 404 22477 "-" "Mozilla/5.0 (Windows NT 10.0; Win64; x64) AppleWebKit/537.36 (KHTML, like Gecko) Chrome/91.0.4472.124 Safari/537.36"
185.177.72.210 - - [28/May/2025:04:44:31 -0400] "GET /_next/static/chunks/webpack-[hash].js HTTP/1.1" 404 22477 "-" "Mozilla/5.0 (Windows NT 10.0; Win64; x64) AppleWebKit/537.36 (KHTML, like Gecko) Chrome/91.0.4472.124 Safari/537.36"
185.177.72.210 - - [28/May/2025:04:44:30 -0400] "GET /_next/static/chunks/pages/_app-d25b242610000153a081.js HTTP/1.1" 404 22477 "-" "Mozilla/5.0 (Windows NT 10.0; Win64; x64) AppleWebKit/537.36 (KHTML, like Gecko) Chrome/91.0.4472.124 Safari/537.36"
