198.54.114.35 - - [27/May/2025:16:28:30 -0400] "POST /wp-admin/admin-ajax.php?action=async_litespeed&nonce=URFs57qyY2QucBMaiyJatv65tZbZJBGR&litespeed_type=imgoptm HTTP/1.1" 200 5 "-" "WordPress/6.8.1; https://socialsolargreen.com"
103.221.222.85 - - [27/May/2025:16:26:10 -0400] "GET / HTTP/1.1" 200 29850 "http://socialsolargreen.com" "Mozilla/5.0 (Macintosh; Intel Mac OS X 13.3; rv:126.0) Gecko/20100101 Firefox/126.0"
198.54.114.35 - - [27/May/2025:16:26:15 -0400] "POST /wp-cron.php?doing_wp_cron=1748377575.1197659969329833984375 HTTP/1.1" 200 0 "-" "WordPress/6.8.1; https://socialsolargreen.com"
103.221.222.85 - - [27/May/2025:16:26:10 -0400] "GET /index.php?rest_route=/wp/v2/users HTTP/1.1" 200 904 "https://socialsolargreen.com" "Mozilla/5.0 (Macintosh; Intel Mac OS X 13_3) AppleWebKit/537.36 (KHTML, like Gecko) Chrome/126.0.0.0 Safari/537.36"
52.167.144.16 - - [27/May/2025:16:28:26 -0400] "GET /public/cancer/index.html?tab=1 HTTP/1.1" 301 0 "-" "Mozilla/5.0 AppleWebKit/537.36 (KHTML, like Gecko; compatible; bingbot/2.0; +http://www.bing.com/bingbot.htm) Chrome/116.0.1938.76 Safari/537.36"
170.39.218.60 - - [27/May/2025:17:09:15 -0400] "GET /wp-content/plugins/elementor/assets/js/webpack.runtime.min.js?ver=3.28.4 HTTP/1.1" 200 2323 "-" "Mozilla/5.0 (Macintosh; Intel Mac OS X 10_15_7) AppleWebKit/537.36 Chrome/120.0.0.0"
170.39.218.60 - - [27/May/2025:17:17:48 -0400] "GET /wp-content/plugins/elementor/assets/js/frontend-modules.min.js?ver=3.28.4 HTTP/1.1" 200 14423 "-" "Mozilla/5.0 (Windows NT 10.0; Win64; x64) AppleWebKit/537.36 Chrome/121.0.0.0"
120.71.59.24 - - [27/May/2025:17:18:51 -0400] "GET / HTTP/1.1" 200 29850 "http://socialsolargreen.com" "Mozilla/5.0 (iPhone; CPU iPhone OS 13_2_3 like Mac OS X) AppleWebKit/605.1.15 (KHTML, like Gecko) Version/13.0.3 Mobile/15E148 Safari/604.1"
74.225.186.185 - - [27/May/2025:18:18:51 -0400] "GET /wp-admin/css/ HTTP/1.1" 200 3028 "binance.com" "Mozilla/5.0 (Windows NT 10.0; Win64; x64) AppleWebKit/537.36 (KHTML, like Gecko) Chrome/90.0.4430.85 Safari/537.36"
74.225.186.185 - - [27/May/2025:18:19:01 -0400] "GET /wp-content/uploads/2025/05/ HTTP/1.1" 200 556 "binance.com" "Mozilla/5.0 (Windows NT 10.0; Win64; x64) AppleWebKit/537.36 (KHTML, like Gecko) Chrome/90.0.4430.85 Safari/537.36"
74.225.186.185 - - [27/May/2025:18:19:33 -0400] "GET /wp-content/uploads/ HTTP/1.1" 200 698 "binance.com" "Mozilla/5.0 (Windows NT 10.0; Win64; x64) AppleWebKit/537.36 (KHTML, like Gecko) Chrome/90.0.4430.85 Safari/537.36"
74.225.186.185 - - [27/May/2025:18:19:42 -0400] "GET /wp-content/upgrade/ HTTP/1.1" 200 549 "binance.com" "Mozilla/5.0 (Windows NT 10.0; Win64; x64) AppleWebKit/537.36 (KHTML, like Gecko) Chrome/90.0.4430.85 Safari/537.36"
198.54.114.35 - - [27/May/2025:18:19:54 -0400] "POST /wp-cron.php?doing_wp_cron=1748384393.9726369380950927734375 HTTP/1.1" 200 0 "-" "WordPress/6.8.1; https://socialsolargreen.com"
198.54.114.35 - - [27/May/2025:18:19:54 -0400] "POST /wp-cron.php?doing_wp_cron=1748384394.4837009906768798828125 HTTP/1.1" 200 0 "-" "WordPress/6.8.1; https://socialsolargreen.com"
74.225.186.185 - - [27/May/2025:18:20:11 -0400] "GET /wp-admin/includes/ HTTP/1.1" 200 4123 "binance.com" "Mozilla/5.0 (Windows NT 10.0; Win64; x64) AppleWebKit/537.36 (KHTML, like Gecko) Chrome/90.0.4430.85 Safari/537.36"
74.225.186.185 - - [27/May/2025:18:20:17 -0400] "GET /wp-admin/maint/ HTTP/1.1" 200 627 "binance.com" "Mozilla/5.0 (Windows NT 10.0; Win64; x64) AppleWebKit/537.36 (KHTML, like Gecko) Chrome/90.0.4430.85 Safari/537.36"
198.54.114.35 - - [27/May/2025:18:20:39 -0400] "POST /wp-admin/admin-ajax.php?action=async_litespeed&nonce=aWmowrzHY4W9ii8vus84JoN93FFVGQ4p&litespeed_type=imgoptm HTTP/1.1" 200 5 "-" "WordPress/6.8.1; https://socialsolargreen.com"
74.225.186.185 - - [27/May/2025:18:20:50 -0400] "GET /wp-login.php?redirect_to=https%3A%2F%2Fsocialsolargreen.com%2Fwp-admin%2Fuser%2F&reauth=1 HTTP/1.1" 302 0 "binance.com" "Mozilla/5.0 (Windows NT 10.0; Win64; x64) AppleWebKit/537.36 (KHTML, like Gecko) Chrome/90.0.4430.85 Safari/537.36"
74.225.186.185 - - [27/May/2025:18:21:36 -0400] "GET /wp-admin/css/colors/coffee/ HTTP/1.1" 200 748 "binance.com" "Mozilla/5.0 (Windows NT 10.0; Win64; x64) AppleWebKit/537.36 (KHTML, like Gecko) Chrome/90.0.4430.85 Safari/537.36"
74.225.186.185 - - [27/May/2025:18:22:06 -0400] "GET /wp-admin/css/colors/midnight/ HTTP/1.1" 200 744 "binance.com" "Mozilla/5.0 (Windows NT 10.0; Win64; x64) AppleWebKit/537.36 (KHTML, like Gecko) Chrome/90.0.4430.85 Safari/537.36"
74.225.186.185 - - [27/May/2025:18:22:16 -0400] "GET /wp-admin/css/colors/modern/ HTTP/1.1" 200 725 "binance.com" "Mozilla/5.0 (Windows NT 10.0; Win64; x64) AppleWebKit/537.36 (KHTML, like Gecko) Chrome/90.0.4430.85 Safari/537.36"
198.54.114.35 - - [27/May/2025:18:22:43 -0400] "POST /wp-cron.php?doing_wp_cron=1748384563.4357769489288330078125 HTTP/1.1" 200 0 "-" "WordPress/6.8.1; https://socialsolargreen.com"
74.225.186.185 - - [27/May/2025:18:22:37 -0400] "GET /wp-admin/css/colors/sunrise/%20 HTTP/1.1" 301 0 "binance.com" "Mozilla/5.0 (Windows NT 10.0; Win64; x64) AppleWebKit/537.36 (KHTML, like Gecko) Chrome/90.0.4430.85 Safari/537.36"
74.225.186.185 - - [27/May/2025:18:22:44 -0400] "GET /wp-admin/css/colors/sunrise/ HTTP/1.1" 200 738 "binance.com" "Mozilla/5.0 (Windows NT 10.0; Win64; x64) AppleWebKit/537.36 (KHTML, like Gecko) Chrome/90.0.4430.85 Safari/537.36"
198.54.114.35 - - [27/May/2025:18:22:44 -0400] "POST /wp-admin/admin-ajax.php?action=async_litespeed&nonce=iZggKU52CMRGvkPM4L2NpKQND62cuoCc&litespeed_type=imgoptm HTTP/1.1" 200 5 "-" "WordPress/6.8.1; https://socialsolargreen.com"
74.225.186.185 - - [27/May/2025:18:19:10 -0400] "GET /wp-content/uploads/2025/04/ HTTP/1.1" 200 556 "binance.com" "Mozilla/5.0 (Windows NT 10.0; Win64; x64) AppleWebKit/537.36 (KHTML, like Gecko) Chrome/90.0.4430.85 Safari/537.36"
198.54.114.35 - - [27/May/2025:18:19:54 -0400] "POST /wp-admin/admin-ajax.php?action=async_litespeed&nonce=DspjQKTZ4yFxCEgfWESrN8aYJWNVOkbA&litespeed_type=imgoptm HTTP/1.1" 200 5 "-" "WordPress/6.8.1; https://socialsolargreen.com"
74.225.186.185 - - [27/May/2025:18:19:50 -0400] "GET /wp-content/languages/ HTTP/1.1" 404 22258 "binance.com" "Mozilla/5.0 (Windows NT 10.0; Win64; x64) AppleWebKit/537.36 (KHTML, like Gecko) Chrome/90.0.4430.85 Safari/537.36"
74.225.186.185 - - [27/May/2025:18:20:03 -0400] "GET /wp-admin/includes/ HTTP/1.1" 200 4123 "binance.com" "Mozilla/5.0 (Windows NT 10.0; Win64; x64) AppleWebKit/537.36 (KHTML, like Gecko) Chrome/90.0.4430.85 Safari/537.36"
74.225.186.185 - - [27/May/2025:18:20:26 -0400] "GET /wp-admin/maint/ HTTP/1.1" 200 627 "binance.com" "Mozilla/5.0 (Windows NT 10.0; Win64; x64) AppleWebKit/537.36 (KHTML, like Gecko) Chrome/90.0.4430.85 Safari/537.36"
198.54.114.35 - - [27/May/2025:18:20:38 -0400] "POST /wp-cron.php?doing_wp_cron=1748384438.7049190998077392578125 HTTP/1.1" 200 0 "-" "WordPress/6.8.1; https://socialsolargreen.com"
74.225.186.185 - - [27/May/2025:18:20:37 -0400] "GET /wp-admin/network/ HTTP/1.1" 302 0 "binance.com" "Mozilla/5.0 (Windows NT 10.0; Win64; x64) AppleWebKit/537.36 (KHTML, like Gecko) Chrome/90.0.4430.85 Safari/537.36"
74.225.186.185 - - [27/May/2025:18:20:39 -0400] "GET /wp-login.php?redirect_to=https%3A%2F%2Fsocialsolargreen.com%2Fwp-admin%2Fnetwork%2F&reauth=1 HTTP/1.1" 302 0 "binance.com" "Mozilla/5.0 (Windows NT 10.0; Win64; x64) AppleWebKit/537.36 (KHTML, like Gecko) Chrome/90.0.4430.85 Safari/537.36"
74.225.186.185 - - [27/May/2025:18:20:39 -0400] "GET /404 HTTP/1.1" 404 22257 "binance.com" "Mozilla/5.0 (Windows NT 10.0; Win64; x64) AppleWebKit/537.36 (KHTML, like Gecko) Chrome/90.0.4430.85 Safari/537.36"
74.225.186.185 - - [27/May/2025:18:20:49 -0400] "GET /wp-admin/user/ HTTP/1.1" 302 0 "binance.com" "Mozilla/5.0 (Windows NT 10.0; Win64; x64) AppleWebKit/537.36 (KHTML, like Gecko) Chrome/90.0.4430.85 Safari/537.36"
74.225.186.185 - - [27/May/2025:18:20:50 -0400] "GET /404 HTTP/1.1" 404 22257 "binance.com" "Mozilla/5.0 (Windows NT 10.0; Win64; x64) AppleWebKit/537.36 (KHTML, like Gecko) Chrome/90.0.4430.85 Safari/537.36"
74.225.186.185 - - [27/May/2025:18:20:57 -0400] "GET /wp-admin/css/ HTTP/1.1" 200 2998 "binance.com" "Mozilla/5.0 (Windows NT 10.0; Win64; x64) AppleWebKit/537.36 (KHTML, like Gecko) Chrome/90.0.4430.85 Safari/537.36"
74.225.186.185 - - [27/May/2025:18:21:18 -0400] "GET /wp-admin/css/colors/ HTTP/1.1" 200 1114 "binance.com" "Mozilla/5.0 (Windows NT 10.0; Win64; x64) AppleWebKit/537.36 (KHTML, like Gecko) Chrome/90.0.4430.85 Safari/537.36"
74.225.186.185 - - [27/May/2025:18:21:26 -0400] "GET /wp-admin/css/colors/blue/ HTTP/1.1" 200 736 "binance.com" "Mozilla/5.0 (Windows NT 10.0; Win64; x64) AppleWebKit/537.36 (KHTML, like Gecko) Chrome/90.0.4430.85 Safari/537.36"
74.225.186.185 - - [27/May/2025:18:21:47 -0400] "GET /wp-admin/css/colors/ectoplasm/ HTTP/1.1" 200 736 "binance.com" "Mozilla/5.0 (Windows NT 10.0; Win64; x64) AppleWebKit/537.36 (KHTML, like Gecko) Chrome/90.0.4430.85 Safari/537.36"
74.225.186.185 - - [27/May/2025:18:21:58 -0400] "GET /wp-admin/css/colors/light/ HTTP/1.1" 200 744 "binance.com" "Mozilla/5.0 (Windows NT 10.0; Win64; x64) AppleWebKit/537.36 (KHTML, like Gecko) Chrome/90.0.4430.85 Safari/537.36"
74.225.186.185 - - [27/May/2025:18:22:27 -0400] "GET /wp-admin/css/colors/ocean/ HTTP/1.1" 200 745 "binance.com" "Mozilla/5.0 (Windows NT 10.0; Win64; x64) AppleWebKit/537.36 (KHTML, like Gecko) Chrome/90.0.4430.85 Safari/537.36"
74.225.186.185 - - [27/May/2025:18:23:04 -0400] "GET /wp-admin/images/ HTTP/1.1" 200 2710 "binance.com" "Mozilla/5.0 (Windows NT 10.0; Win64; x64) AppleWebKit/537.36 (KHTML, like Gecko) Chrome/90.0.4430.85 Safari/537.36"
74.225.186.185 - - [27/May/2025:18:23:15 -0400] "GET /wp-admin/js/ HTTP/1.1" 200 3506 "binance.com" "Mozilla/5.0 (Windows NT 10.0; Win64; x64) AppleWebKit/537.36 (KHTML, like Gecko) Chrome/90.0.4430.85 Safari/537.36"
74.225.186.185 - - [27/May/2025:18:23:24 -0400] "GET /wp-admin/js/widgets/ HTTP/1.1" 200 1274 "binance.com" "Mozilla/5.0 (Windows NT 10.0; Win64; x64) AppleWebKit/537.36 (KHTML, like Gecko) Chrome/90.0.4430.85 Safari/537.36"
74.225.186.185 - - [27/May/2025:18:23:31 -0400] "GET /wp-includes/ HTTP/1.1" 200 8659 "binance.com" "Mozilla/5.0 (Windows NT 10.0; Win64; x64) AppleWebKit/537.36 (KHTML, like Gecko) Chrome/90.0.4430.85 Safari/537.36"
74.225.186.185 - - [27/May/2025:18:23:46 -0400] "GET /wp-includes/block-bindings.php HTTP/1.1" 200 0 "binance.com" "Mozilla/5.0 (Windows NT 10.0; Win64; x64) AppleWebKit/537.36 (KHTML, like Gecko) Chrome/90.0.4430.85 Safari/537.36"
74.225.186.185 - - [27/May/2025:18:23:54 -0400] "GET /wp-includes/block-editor.php HTTP/1.1" 200 0 "binance.com" "Mozilla/5.0 (Windows NT 10.0; Win64; x64) AppleWebKit/537.36 (KHTML, like Gecko) Chrome/90.0.4430.85 Safari/537.36"
74.225.186.185 - - [27/May/2025:18:24:12 -0400] "GET /wp-includes/block-template.php HTTP/1.1" 200 0 "binance.com" "Mozilla/5.0 (Windows NT 10.0; Win64; x64) AppleWebKit/537.36 (KHTML, like Gecko) Chrome/90.0.4430.85 Safari/537.36"
74.225.186.185 - - [27/May/2025:18:24:23 -0400] "GET /wp-includes/class-avif-info.php HTTP/1.1" 200 0 "binance.com" "Mozilla/5.0 (Windows NT 10.0; Win64; x64) AppleWebKit/537.36 (KHTML, like Gecko) Chrome/90.0.4430.85 Safari/537.36"
74.225.186.185 - - [27/May/2025:18:24:35 -0400] "GET /wp-includes/class-wp-block-bindings-registry.php HTTP/1.1" 200 0 "binance.com" "Mozilla/5.0 (Windows NT 10.0; Win64; x64) AppleWebKit/537.36 (KHTML, like Gecko) Chrome/90.0.4430.85 Safari/537.36"
74.225.186.185 - - [27/May/2025:18:24:47 -0400] "GET /wp-includes/class-wp-block-bindings-source.php HTTP/1.1" 200 0 "binance.com" "Mozilla/5.0 (Windows NT 10.0; Win64; x64) AppleWebKit/537.36 (KHTML, like Gecko) Chrome/90.0.4430.85 Safari/537.36"
74.225.186.185 - - [27/May/2025:18:25:06 -0400] "GET /wp-includes/class-wp-block-metadata-registry.php HTTP/1.1" 200 0 "binance.com" "Mozilla/5.0 (Windows NT 10.0; Win64; x64) AppleWebKit/537.36 (KHTML, like Gecko) Chrome/90.0.4430.85 Safari/537.36"
74.225.186.185 - - [27/May/2025:18:25:27 -0400] "GET /wp-includes/class-wp-block-parser-block.php HTTP/1.1" 200 0 "binance.com" "Mozilla/5.0 (Windows NT 10.0; Win64; x64) AppleWebKit/537.36 (KHTML, like Gecko) Chrome/90.0.4430.85 Safari/537.36"
74.225.186.185 - - [27/May/2025:18:25:46 -0400] "GET /wp-includes/class-wp-block-template.php HTTP/1.1" 200 0 "binance.com" "Mozilla/5.0 (Windows NT 10.0; Win64; x64) AppleWebKit/537.36 (KHTML, like Gecko) Chrome/90.0.4430.85 Safari/537.36"
74.225.186.185 - - [27/May/2025:18:26:19 -0400] "GET /wp-includes/class-wp-duotone.php HTTP/1.1" 200 0 "binance.com" "Mozilla/5.0 (Windows NT 10.0; Win64; x64) AppleWebKit/537.36 (KHTML, like Gecko) Chrome/90.0.4430.85 Safari/537.36"
74.225.186.185 - - [27/May/2025:18:26:49 -0400] "GET /wp-includes/class-wp-navigation-fallback.php HTTP/1.1" 200 0 "binance.com" "Mozilla/5.0 (Windows NT 10.0; Win64; x64) AppleWebKit/537.36 (KHTML, like Gecko) Chrome/90.0.4430.85 Safari/537.36"
74.225.186.185 - - [27/May/2025:18:27:09 -0400] "GET /wp-includes/class-wp-plugin-dependencies.php HTTP/1.1" 200 0 "binance.com" "Mozilla/5.0 (Windows NT 10.0; Win64; x64) AppleWebKit/537.36 (KHTML, like Gecko) Chrome/90.0.4430.85 Safari/537.36"
74.225.186.185 - - [27/May/2025:18:27:20 -0400] "GET /wp-includes/class-wp-script-modules.php HTTP/1.1" 200 0 "binance.com" "Mozilla/5.0 (Windows NT 10.0; Win64; x64) AppleWebKit/537.36 (KHTML, like Gecko) Chrome/90.0.4430.85 Safari/537.36"
74.225.186.185 - - [27/May/2025:18:23:39 -0400] "GET /wp-includes/ HTTP/1.1" 200 8659 "binance.com" "Mozilla/5.0 (Windows NT 10.0; Win64; x64) AppleWebKit/537.36 (KHTML, like Gecko) Chrome/90.0.4430.85 Safari/537.36"
74.225.186.185 - - [27/May/2025:18:24:02 -0400] "GET /wp-includes/block-template-utils.php HTTP/1.1" 200 0 "binance.com" "Mozilla/5.0 (Windows NT 10.0; Win64; x64) AppleWebKit/537.36 (KHTML, like Gecko) Chrome/90.0.4430.85 Safari/537.36"
74.225.186.185 - - [27/May/2025:18:24:56 -0400] "GET /wp-includes/class-wp-block-editor-context.php HTTP/1.1" 200 0 "binance.com" "Mozilla/5.0 (Windows NT 10.0; Win64; x64) AppleWebKit/537.36 (KHTML, like Gecko) Chrome/90.0.4430.85 Safari/537.36"
74.225.186.185 - - [27/May/2025:18:25:38 -0400] "GET /wp-includes/class-wp-block-parser-frame.php HTTP/1.1" 200 0 "binance.com" "Mozilla/5.0 (Windows NT 10.0; Win64; x64) AppleWebKit/537.36 (KHTML, like Gecko) Chrome/90.0.4430.85 Safari/537.36"
74.225.186.185 - - [27/May/2025:18:25:55 -0400] "GET /wp-includes/class-wp-block-templates-registry.php HTTP/1.1" 200 0 "binance.com" "Mozilla/5.0 (Windows NT 10.0; Win64; x64) AppleWebKit/537.36 (KHTML, like Gecko) Chrome/90.0.4430.85 Safari/537.36"
74.225.186.185 - - [27/May/2025:18:26:03 -0400] "GET /wp-includes/class-wp-classic-to-block-menu-converter.php HTTP/1.1" 200 0 "binance.com" "Mozilla/5.0 (Windows NT 10.0; Win64; x64) AppleWebKit/537.36 (KHTML, like Gecko) Chrome/90.0.4430.85 Safari/537.36"
74.225.186.185 - - [27/May/2025:18:26:10 -0400] "GET /wp-includes/class-wp-dependencies.php HTTP/1.1" 200 0 "binance.com" "Mozilla/5.0 (Windows NT 10.0; Win64; x64) AppleWebKit/537.36 (KHTML, like Gecko) Chrome/90.0.4430.85 Safari/537.36"
74.225.186.185 - - [27/May/2025:18:26:28 -0400] "GET /wp-includes/class-wp-exception.php HTTP/1.1" 200 0 "binance.com" "Mozilla/5.0 (Windows NT 10.0; Win64; x64) AppleWebKit/537.36 (KHTML, like Gecko) Chrome/90.0.4430.85 Safari/537.36"
74.225.186.185 - - [27/May/2025:18:26:37 -0400] "GET /wp-includes/class-wp-http.php HTTP/1.1" 200 6 "binance.com" "Mozilla/5.0 (Windows NT 10.0; Win64; x64) AppleWebKit/537.36 (KHTML, like Gecko) Chrome/90.0.4430.85 Safari/537.36"
74.225.186.185 - - [27/May/2025:18:27:00 -0400] "GET /wp-includes/class-wp-phpmailer.php HTTP/1.1" 500 0 "binance.com" "Mozilla/5.0 (Windows NT 10.0; Win64; x64) AppleWebKit/537.36 (KHTML, like Gecko) Chrome/90.0.4430.85 Safari/537.36"
74.225.186.185 - - [27/May/2025:18:27:28 -0400] "GET /wp-includes/class-wp-scripts.php HTTP/1.1" 500 0 "binance.com" "Mozilla/5.0 (Windows NT 10.0; Win64; x64) AppleWebKit/537.36 (KHTML, like Gecko) Chrome/90.0.4430.85 Safari/537.36"
74.225.186.185 - - [27/May/2025:18:27:46 -0400] "GET /wp-includes/class-wp-styles.php HTTP/1.1" 500 0 "binance.com" "Mozilla/5.0 (Windows NT 10.0; Win64; x64) AppleWebKit/537.36 (KHTML, like Gecko) Chrome/90.0.4430.85 Safari/537.36"
74.225.186.185 - - [27/May/2025:18:27:51 -0400] "GET /wp-includes/class-wp-textdomain-registry.php HTTP/1.1" 200 0 "binance.com" "Mozilla/5.0 (Windows NT 10.0; Win64; x64) AppleWebKit/537.36 (KHTML, like Gecko) Chrome/90.0.4430.85 Safari/537.36"
74.225.186.185 - - [27/May/2025:18:28:26 -0400] "GET /wp-includes/class-wp-theme-json-schema.php HTTP/1.1" 200 0 "binance.com" "Mozilla/5.0 (Windows NT 10.0; Win64; x64) AppleWebKit/537.36 (KHTML, like Gecko) Chrome/90.0.4430.85 Safari/537.36"
74.225.186.185 - - [27/May/2025:18:28:44 -0400] "GET /wp-includes/class-wp-token-map.php HTTP/1.1" 200 0 "binance.com" "Mozilla/5.0 (Windows NT 10.0; Win64; x64) AppleWebKit/537.36 (KHTML, like Gecko) Chrome/90.0.4430.85 Safari/537.36"
74.225.186.185 - - [27/May/2025:18:28:55 -0400] "GET /wp-includes/class-wp-url-pattern-prefixer.php HTTP/1.1" 200 0 "binance.com" "Mozilla/5.0 (Windows NT 10.0; Win64; x64) AppleWebKit/537.36 (KHTML, like Gecko) Chrome/90.0.4430.85 Safari/537.36"
74.225.186.185 - - [27/May/2025:18:29:06 -0400] "GET /wp-includes/class-wpdb.php HTTP/1.1" 200 0 "binance.com" "Mozilla/5.0 (Windows NT 10.0; Win64; x64) AppleWebKit/537.36 (KHTML, like Gecko) Chrome/90.0.4430.85 Safari/537.36"
74.225.186.185 - - [27/May/2025:18:29:17 -0400] "GET /wp-includes/fonts.php HTTP/1.1" 200 0 "binance.com" "Mozilla/5.0 (Windows NT 10.0; Win64; x64) AppleWebKit/537.36 (KHTML, like Gecko) Chrome/90.0.4430.85 Safari/537.36"
74.225.186.185 - - [27/May/2025:18:29:26 -0400] "GET /wp-includes/global-styles-and-settings.php HTTP/1.1" 200 0 "binance.com" "Mozilla/5.0 (Windows NT 10.0; Win64; x64) AppleWebKit/537.36 (KHTML, like Gecko) Chrome/90.0.4430.85 Safari/537.36"
74.225.186.185 - - [27/May/2025:18:29:31 -0400] "GET /wp-includes/https-detection.php HTTP/1.1" 200 0 "binance.com" "Mozilla/5.0 (Windows NT 10.0; Win64; x64) AppleWebKit/537.36 (KHTML, like Gecko) Chrome/90.0.4430.85 Safari/537.36"
74.225.186.185 - - [27/May/2025:18:30:18 -0400] "GET /wp-includes/script-modules.php HTTP/1.1" 200 0 "binance.com" "Mozilla/5.0 (Windows NT 10.0; Win64; x64) AppleWebKit/537.36 (KHTML, like Gecko) Chrome/90.0.4430.85 Safari/537.36"
74.225.186.185 - - [27/May/2025:18:30:27 -0400] "GET /wp-includes/speculative-loading.php HTTP/1.1" 200 0 "binance.com" "Mozilla/5.0 (Windows NT 10.0; Win64; x64) AppleWebKit/537.36 (KHTML, like Gecko) Chrome/90.0.4430.85 Safari/537.36"
74.225.186.185 - - [27/May/2025:18:31:09 -0400] "GET /wp-includes/theme-previews.php HTTP/1.1" 200 0 "binance.com" "Mozilla/5.0 (Windows NT 10.0; Win64; x64) AppleWebKit/537.36 (KHTML, like Gecko) Chrome/90.0.4430.85 Safari/537.36"
74.225.186.185 - - [27/May/2025:18:31:26 -0400] "GET /wp-includes/theme-templates.php HTTP/1.1" 200 0 "binance.com" "Mozilla/5.0 (Windows NT 10.0; Win64; x64) AppleWebKit/537.36 (KHTML, like Gecko) Chrome/90.0.4430.85 Safari/537.36"
74.225.186.185 - - [27/May/2025:18:31:47 -0400] "GET /wp-includes/ID3/ HTTP/1.1" 200 1369 "binance.com" "Mozilla/5.0 (Windows NT 10.0; Win64; x64) AppleWebKit/537.36 (KHTML, like Gecko) Chrome/90.0.4430.85 Safari/537.36"
74.225.186.185 - - [27/May/2025:18:31:56 -0400] "GET /wp-includes/IXR/ HTTP/1.1" 200 1221 "binance.com" "Mozilla/5.0 (Windows NT 10.0; Win64; x64) AppleWebKit/537.36 (KHTML, like Gecko) Chrome/90.0.4430.85 Safari/537.36"
74.225.186.185 - - [27/May/2025:18:32:21 -0400] "GET /wp-includes/PHPMailer/ HTTP/1.1" 200 713 "binance.com" "Mozilla/5.0 (Windows NT 10.0; Win64; x64) AppleWebKit/537.36 (KHTML, like Gecko) Chrome/90.0.4430.85 Safari/537.36"
74.225.186.185 - - [27/May/2025:18:27:37 -0400] "GET /wp-includes/class-wp-speculation-rules.php HTTP/1.1" 200 0 "binance.com" "Mozilla/5.0 (Windows NT 10.0; Win64; x64) AppleWebKit/537.36 (KHTML, like Gecko) Chrome/90.0.4430.85 Safari/537.36"
74.225.186.185 - - [27/May/2025:18:27:57 -0400] "GET /wp-includes/class-wp-theme-json-data.php HTTP/1.1" 200 0 "binance.com" "Mozilla/5.0 (Windows NT 10.0; Win64; x64) AppleWebKit/537.36 (KHTML, like Gecko) Chrome/90.0.4430.85 Safari/537.36"
74.225.186.185 - - [27/May/2025:18:28:17 -0400] "GET /wp-includes/class-wp-theme-json-resolver.php HTTP/1.1" 200 0 "binance.com" "Mozilla/5.0 (Windows NT 10.0; Win64; x64) AppleWebKit/537.36 (KHTML, like Gecko) Chrome/90.0.4430.85 Safari/537.36"
74.225.186.185 - - [27/May/2025:18:28:35 -0400] "GET /wp-includes/class-wp-theme-json.php HTTP/1.1" 200 0 "binance.com" "Mozilla/5.0 (Windows NT 10.0; Win64; x64) AppleWebKit/537.36 (KHTML, like Gecko) Chrome/90.0.4430.85 Safari/537.36"
74.225.186.185 - - [27/May/2025:18:29:42 -0400] "GET /wp-includes/https-migration.php HTTP/1.1" 200 0 "binance.com" "Mozilla/5.0 (Windows NT 10.0; Win64; x64) AppleWebKit/537.36 (KHTML, like Gecko) Chrome/90.0.4430.85 Safari/537.36"
74.225.186.185 - - [27/May/2025:18:29:53 -0400] "GET /wp-includes/robots-template.php HTTP/1.1" 200 0 "binance.com" "Mozilla/5.0 (Windows NT 10.0; Win64; x64) AppleWebKit/537.36 (KHTML, like Gecko) Chrome/90.0.4430.85 Safari/537.36"
74.225.186.185 - - [27/May/2025:18:30:40 -0400] "GET /wp-includes/style-engine.php HTTP/1.1" 200 0 "binance.com" "Mozilla/5.0 (Windows NT 10.0; Win64; x64) AppleWebKit/537.36 (KHTML, like Gecko) Chrome/90.0.4430.85 Safari/537.36"
74.225.186.185 - - [27/May/2025:18:30:51 -0400] "GET /wp-includes/template-canvas.php HTTP/1.1" 500 0 "binance.com" "Mozilla/5.0 (Windows NT 10.0; Win64; x64) AppleWebKit/537.36 (KHTML, like Gecko) Chrome/90.0.4430.85 Safari/537.36"
74.225.186.185 - - [27/May/2025:18:31:38 -0400] "GET /wp-includes/ID3/ HTTP/1.1" 200 1369 "binance.com" "Mozilla/5.0 (Windows NT 10.0; Win64; x64) AppleWebKit/537.36 (KHTML, like Gecko) Chrome/90.0.4430.85 Safari/537.36"
74.225.186.185 - - [27/May/2025:18:32:06 -0400] "GET /wp-includes/IXR/ HTTP/1.1" 200 1221 "binance.com" "Mozilla/5.0 (Windows NT 10.0; Win64; x64) AppleWebKit/537.36 (KHTML, like Gecko) Chrome/90.0.4430.85 Safari/537.36"
74.225.186.185 - - [27/May/2025:18:32:12 -0400] "GET /wp-includes/PHPMailer/ HTTP/1.1" 200 713 "binance.com" "Mozilla/5.0 (Windows NT 10.0; Win64; x64) AppleWebKit/537.36 (KHTML, like Gecko) Chrome/90.0.4430.85 Safari/537.36"
74.225.186.185 - - [27/May/2025:18:32:42 -0400] "GET /wp-includes/Text/ HTTP/1.1" 200 723 "binance.com" "Mozilla/5.0 (Windows NT 10.0; Win64; x64) AppleWebKit/537.36 (KHTML, like Gecko) Chrome/90.0.4430.85 Safari/537.36"
74.225.186.185 - - [27/May/2025:18:33:28 -0400] "GET /wp-includes/Text/Diff/ HTTP/1.1" 200 706 "binance.com" "Mozilla/5.0 (Windows NT 10.0; Win64; x64) AppleWebKit/537.36 (KHTML, like Gecko) Chrome/90.0.4430.85 Safari/537.36"
74.225.186.185 - - [27/May/2025:18:33:39 -0400] "GET /wp-includes/Text/Diff/Engine/ HTTP/1.1" 200 715 "binance.com" "Mozilla/5.0 (Windows NT 10.0; Win64; x64) AppleWebKit/537.36 (KHTML, like Gecko) Chrome/90.0.4430.85 Safari/537.36"
74.225.186.185 - - [27/May/2025:18:33:49 -0400] "GET /wp-includes/Text/Diff/Engine/ HTTP/1.1" 200 715 "binance.com" "Mozilla/5.0 (Windows NT 10.0; Win64; x64) AppleWebKit/537.36 (KHTML, like Gecko) Chrome/90.0.4430.85 Safari/537.36"
74.225.186.185 - - [27/May/2025:18:34:19 -0400] "GET /wp-includes/Text/Diff/Renderer/ HTTP/1.1" 200 635 "binance.com" "Mozilla/5.0 (Windows NT 10.0; Win64; x64) AppleWebKit/537.36 (KHTML, like Gecko) Chrome/90.0.4430.85 Safari/537.36"
74.225.186.185 - - [27/May/2025:18:34:35 -0400] "GET /wp-includes/blocks/ HTTP/1.1" 200 6 "binance.com" "Mozilla/5.0 (Windows NT 10.0; Win64; x64) AppleWebKit/537.36 (KHTML, like Gecko) Chrome/90.0.4430.85 Safari/537.36"
74.225.186.185 - - [27/May/2025:18:34:49 -0400] "GET /wp-includes/pomo/ HTTP/1.1" 200 1107 "binance.com" "Mozilla/5.0 (Windows NT 10.0; Win64; x64) AppleWebKit/537.36 (KHTML, like Gecko) Chrome/90.0.4430.85 Safari/537.36"
74.225.186.185 - - [27/May/2025:18:34:58 -0400] "GET /wp-includes/pomo/ HTTP/1.1" 200 1107 "binance.com" "Mozilla/5.0 (Windows NT 10.0; Win64; x64) AppleWebKit/537.36 (KHTML, like Gecko) Chrome/90.0.4430.85 Safari/537.36"
74.225.186.185 - - [27/May/2025:18:35:28 -0400] "GET /wp-includes/sitemaps/ HTTP/1.1" 200 1141 "binance.com" "Mozilla/5.0 (Windows NT 10.0; Win64; x64) AppleWebKit/537.36 (KHTML, like Gecko) Chrome/90.0.4430.85 Safari/537.36"
45.118.77.121 - - [27/May/2025:18:35:36 -0400] "GET /404 HTTP/1.1" 404 22257 "-" "Mozila/5.0"
74.225.186.185 - - [27/May/2025:18:35:37 -0400] "GET /wp-includes/sitemaps/providers/ HTTP/1.1" 200 732 "binance.com" "Mozilla/5.0 (Windows NT 10.0; Win64; x64) AppleWebKit/537.36 (KHTML, like Gecko) Chrome/90.0.4430.85 Safari/537.36"
74.225.186.185 - - [27/May/2025:18:35:44 -0400] "GET /wp-includes/sitemaps/providers/ HTTP/1.1" 200 732 "binance.com" "Mozilla/5.0 (Windows NT 10.0; Win64; x64) AppleWebKit/537.36 (KHTML, like Gecko) Chrome/90.0.4430.85 Safari/537.36"
74.225.186.185 - - [27/May/2025:18:36:07 -0400] "GET /wp-includes/widgets/ HTTP/1.1" 200 1584 "binance.com" "Mozilla/5.0 (Windows NT 10.0; Win64; x64) AppleWebKit/537.36 (KHTML, like Gecko) Chrome/90.0.4430.85 Safari/537.36"
74.225.186.185 - - [27/May/2025:18:36:39 -0400] "GET /wp-includes/css/ HTTP/1.1" 200 1913 "binance.com" "Mozilla/5.0 (Windows NT 10.0; Win64; x64) AppleWebKit/537.36 (KHTML, like Gecko) Chrome/90.0.4430.85 Safari/537.36"
74.225.186.185 - - [27/May/2025:18:37:32 -0400] "GET /wp-includes/fonts/class-wp-font-face-resolver.php HTTP/1.1" 200 0 "binance.com" "Mozilla/5.0 (Windows NT 10.0; Win64; x64) AppleWebKit/537.36 (KHTML, like Gecko) Chrome/90.0.4430.85 Safari/537.36"
74.225.186.185 - - [27/May/2025:18:38:03 -0400] "GET /wp-includes/fonts/class-wp-font-utils.php HTTP/1.1" 200 0 "binance.com" "Mozilla/5.0 (Windows NT 10.0; Win64; x64) AppleWebKit/537.36 (KHTML, like Gecko) Chrome/90.0.4430.85 Safari/537.36"
74.225.186.185 - - [27/May/2025:18:38:15 -0400] "GET /wp-includes/images/ HTTP/1.1" 200 1647 "binance.com" "Mozilla/5.0 (Windows NT 10.0; Win64; x64) AppleWebKit/537.36 (KHTML, like Gecko) Chrome/90.0.4430.85 Safari/537.36"
74.225.186.185 - - [27/May/2025:18:38:29 -0400] "GET /wp-includes/images/crystal/ HTTP/1.1" 200 1186 "binance.com" "Mozilla/5.0 (Windows NT 10.0; Win64; x64) AppleWebKit/537.36 (KHTML, like Gecko) Chrome/90.0.4430.85 Safari/537.36"
74.225.186.185 - - [27/May/2025:18:38:44 -0400] "GET /wp-includes/images/smilies/ HTTP/1.1" 200 1418 "binance.com" "Mozilla/5.0 (Windows NT 10.0; Win64; x64) AppleWebKit/537.36 (KHTML, like Gecko) Chrome/90.0.4430.85 Safari/537.36"
74.225.186.185 - - [27/May/2025:18:33:05 -0400] "GET /wp-includes/Text/ HTTP/1.1" 200 723 "binance.com" "Mozilla/5.0 (Windows NT 10.0; Win64; x64) AppleWebKit/537.36 (KHTML, like Gecko) Chrome/90.0.4430.85 Safari/537.36"
74.225.186.185 - - [27/May/2025:18:33:17 -0400] "GET /wp-includes/Text/Diff/ HTTP/1.1" 200 706 "binance.com" "Mozilla/5.0 (Windows NT 10.0; Win64; x64) AppleWebKit/537.36 (KHTML, like Gecko) Chrome/90.0.4430.85 Safari/537.36"
74.225.186.185 - - [27/May/2025:18:34:02 -0400] "GET /wp-includes/Text/Diff/Renderer/ HTTP/1.1" 200 635 "binance.com" "Mozilla/5.0 (Windows NT 10.0; Win64; x64) AppleWebKit/537.36 (KHTML, like Gecko) Chrome/90.0.4430.85 Safari/537.36"
74.225.186.185 - - [27/May/2025:18:35:20 -0400] "GET /wp-includes/sitemaps/ HTTP/1.1" 200 1141 "binance.com" "Mozilla/5.0 (Windows NT 10.0; Win64; x64) AppleWebKit/537.36 (KHTML, like Gecko) Chrome/90.0.4430.85 Safari/537.36"
45.118.77.121 - - [27/May/2025:18:35:34 -0400] "GET /wp-login.php HTTP/1.1" 302 0 "-" "Mozila/5.0"
74.225.186.185 - - [27/May/2025:18:36:20 -0400] "GET /wp-includes/widgets/ HTTP/1.1" 200 1584 "binance.com" "Mozilla/5.0 (Windows NT 10.0; Win64; x64) AppleWebKit/537.36 (KHTML, like Gecko) Chrome/90.0.4430.85 Safari/537.36"
74.225.186.185 - - [27/May/2025:18:36:30 -0400] "GET /wp-includes/widgets/class-wp-widget-block.php HTTP/1.1" 500 0 "binance.com" "Mozilla/5.0 (Windows NT 10.0; Win64; x64) AppleWebKit/537.36 (KHTML, like Gecko) Chrome/90.0.4430.85 Safari/537.36"
74.225.186.185 - - [27/May/2025:18:36:47 -0400] "GET /wp-includes/css/dist/ HTTP/1.1" 200 1158 "binance.com" "Mozilla/5.0 (Windows NT 10.0; Win64; x64) AppleWebKit/537.36 (KHTML, like Gecko) Chrome/90.0.4430.85 Safari/537.36"
74.225.186.185 - - [27/May/2025:18:37:00 -0400] "GET /wp-includes/fonts/ HTTP/1.1" 200 1249 "binance.com" "Mozilla/5.0 (Windows NT 10.0; Win64; x64) AppleWebKit/537.36 (KHTML, like Gecko) Chrome/90.0.4430.85 Safari/537.36"
74.225.186.185 - - [27/May/2025:18:37:10 -0400] "GET /wp-includes/fonts/ HTTP/1.1" 200 1249 "binance.com" "Mozilla/5.0 (Windows NT 10.0; Win64; x64) AppleWebKit/537.36 (KHTML, like Gecko) Chrome/90.0.4430.85 Safari/537.36"
74.225.186.185 - - [27/May/2025:18:37:23 -0400] "GET /wp-includes/fonts/class-wp-font-collection.php HTTP/1.1" 200 0 "binance.com" "Mozilla/5.0 (Windows NT 10.0; Win64; x64) AppleWebKit/537.36 (KHTML, like Gecko) Chrome/90.0.4430.85 Safari/537.36"
74.225.186.185 - - [27/May/2025:18:37:41 -0400] "GET /wp-includes/fonts/class-wp-font-face.php HTTP/1.1" 200 0 "binance.com" "Mozilla/5.0 (Windows NT 10.0; Win64; x64) AppleWebKit/537.36 (KHTML, like Gecko) Chrome/90.0.4430.85 Safari/537.36"
74.225.186.185 - - [27/May/2025:18:37:52 -0400] "GET /wp-includes/fonts/class-wp-font-library.php HTTP/1.1" 200 0 "binance.com" "Mozilla/5.0 (Windows NT 10.0; Win64; x64) AppleWebKit/537.36 (KHTML, like Gecko) Chrome/90.0.4430.85 Safari/537.36"
74.225.186.185 - - [27/May/2025:18:38:37 -0400] "GET /wp-includes/images/media/ HTTP/1.1" 200 1260 "binance.com" "Mozilla/5.0 (Windows NT 10.0; Win64; x64) AppleWebKit/537.36 (KHTML, like Gecko) Chrome/90.0.4430.85 Safari/537.36"
198.54.114.35 - - [27/May/2025:18:39:04 -0400] "POST /wp-cron.php?doing_wp_cron=1748385544.4085390567779541015625 HTTP/1.1" 200 0 "-" "WordPress/6.8.1; https://socialsolargreen.com"
198.54.114.35 - - [27/May/2025:18:39:04 -0400] "POST /wp-admin/admin-ajax.php?action=async_litespeed&nonce=yZBx3hpIhV1EEGg11GwMw9b7lYgigr7U&litespeed_type=imgoptm HTTP/1.1" 200 5 "-" "WordPress/6.8.1; https://socialsolargreen.com"
74.225.186.185 - - [27/May/2025:18:39:13 -0400] "GET /wp-includes/js/codemirror/ HTTP/1.1" 200 1135 "binance.com" "Mozilla/5.0 (Windows NT 10.0; Win64; x64) AppleWebKit/537.36 (KHTML, like Gecko) Chrome/90.0.4430.85 Safari/537.36"
74.225.186.185 - - [27/May/2025:18:39:34 -0400] "GET /wp-includes/js/plupload/ HTTP/1.1" 200 1187 "binance.com" "Mozilla/5.0 (Windows NT 10.0; Win64; x64) AppleWebKit/537.36 (KHTML, like Gecko) Chrome/90.0.4430.85 Safari/537.36"
198.54.114.35 - - [27/May/2025:18:38:52 -0400] "POST /wp-cron.php?doing_wp_cron=1748385532.4341759681701660156250 HTTP/1.1" 200 0 "-" "WordPress/6.8.1; https://socialsolargreen.com"
198.54.114.35 - - [27/May/2025:18:38:53 -0400] "POST /wp-admin/admin-ajax.php?action=async_litespeed&nonce=lTLumxELWpqmGhknNtWgklerN2RVglMZ&litespeed_type=imgoptm HTTP/1.1" 200 5 "-" "WordPress/6.8.1; https://socialsolargreen.com"
74.225.186.185 - - [27/May/2025:18:38:49 -0400] "GET /wp-includes/images/wlw/ HTTP/1.1" 404 22479 "binance.com" "Mozilla/5.0 (Windows NT 10.0; Win64; x64) AppleWebKit/537.36 (KHTML, like Gecko) Chrome/90.0.4430.85 Safari/537.36"
74.225.186.185 - - [27/May/2025:18:39:04 -0400] "GET /wp-includes/js/%20 HTTP/1.1" 301 0 "binance.com" "Mozilla/5.0 (Windows NT 10.0; Win64; x64) AppleWebKit/537.36 (KHTML, like Gecko) Chrome/90.0.4430.85 Safari/537.36"
74.225.186.185 - - [27/May/2025:18:39:05 -0400] "GET /wp-includes/js/ HTTP/1.1" 200 3978 "binance.com" "Mozilla/5.0 (Windows NT 10.0; Win64; x64) AppleWebKit/537.36 (KHTML, like Gecko) Chrome/90.0.4430.85 Safari/537.36"
74.225.186.185 - - [27/May/2025:18:39:43 -0400] "GET /.well-known/ HTTP/1.1" 404 22258 "binance.com" "Mozilla/5.0 (Windows NT 10.0; Win64; x64) AppleWebKit/537.36 (KHTML, like Gecko) Chrome/90.0.4430.85 Safari/537.36"
51.68.111.241 - - [27/May/2025:18:45:41 -0400] "GET /robots.txt HTTP/1.1" 304 0 "-" "Mozilla/5.0 (compatible; MJ12bot/v2.0.2; http://mj12bot.com/)"
40.77.167.151 - - [27/May/2025:18:41:39 -0400] "GET /Project_gallery_img_01.jpg HTTP/1.1" 301 0 "-" "Mozilla/5.0 AppleWebKit/537.36 (KHTML, like Gecko; compatible; bingbot/2.0; +http://www.bing.com/bingbot.htm) Chrome/116.0.1938.76 Safari/537.36"
40.77.167.151 - - [27/May/2025:18:41:40 -0400] "GET /Project_gallery_img_01.jpg/ HTTP/1.1" 200 24326 "-" "Mozilla/5.0 AppleWebKit/537.36 (KHTML, like Gecko; compatible; bingbot/2.0; +http://www.bing.com/bingbot.htm) Chrome/116.0.1938.76 Safari/537.36"
51.68.111.241 - - [27/May/2025:18:45:42 -0400] "GET / HTTP/1.1" 200 29850 "-" "Mozilla/5.0 (compatible; MJ12bot/v2.0.2; http://mj12bot.com/)"
51.68.111.241 - - [27/May/2025:18:45:43 -0400] "GET / HTTP/1.1" 200 29850 "-" "Mozilla/5.0 (compatible; MJ12bot/v2.0.2; http://mj12bot.com/)"
114.119.165.200 - - [27/May/2025:19:00:46 -0400] "GET /wp-content/uploads/2023/10/location1.png HTTP/1.1" 200 29993 "https://socialsolargreen.com/contact/" "Mozilla/5.0 (Linux; Android 7.0;) AppleWebKit/537.36 (KHTML, like Gecko) Mobile Safari/537.36 (compatible; PetalBot;+https://webmaster.petalsearch.com/site/petalbot)"
198.54.114.35 - - [27/May/2025:19:31:17 -0400] "POST /wp-cron.php?doing_wp_cron=1748388677.6801710128784179687500 HTTP/1.1" 200 0 "-" "WordPress/6.8.1; https://socialsolargreen.com"
40.77.167.4 - - [27/May/2025:19:31:13 -0400] "GET /aa.wikibooks.org/wiki/Main_Page HTTP/1.1" 301 0 "-" "Mozilla/5.0 AppleWebKit/537.36 (KHTML, like Gecko; compatible; bingbot/2.0; +http://www.bing.com/bingbot.htm) Chrome/116.0.1938.76 Safari/537.36"
198.54.114.35 - - [27/May/2025:19:31:17 -0400] "POST /wp-cron.php?doing_wp_cron=1748388677.2619130611419677734375 HTTP/1.1" 200 0 "-" "WordPress/6.8.1; https://socialsolargreen.com"
198.54.114.35 - - [27/May/2025:19:31:17 -0400] "POST /wp-admin/admin-ajax.php?action=async_litespeed&nonce=gnD1OcBwGjOjMiRkK1BEFfFeIlPrkNrx&litespeed_type=imgoptm HTTP/1.1" 200 5 "-" "WordPress/6.8.1; https://socialsolargreen.com"
51.222.253.12 - - [27/May/2025:19:51:13 -0400] "GET /robots.txt HTTP/1.1" 304 0 "-" "Mozilla/5.0 (compatible; AhrefsBot/7.0; +http://ahrefs.com/robot/)"
198.54.114.35 - - [27/May/2025:19:51:52 -0400] "POST /wp-cron.php?doing_wp_cron=1748389912.6014049053192138671875 HTTP/1.1" 200 0 "-" "WordPress/6.8.1; https://socialsolargreen.com"
198.54.114.35 - - [27/May/2025:19:51:53 -0400] "POST /wp-admin/admin-ajax.php?action=async_litespeed&nonce=rmpzGstLhjSMXx1iKbW9w9TeFk9IjeGa&litespeed_type=imgoptm HTTP/1.1" 200 0 "-" "WordPress/6.8.1; https://socialsolargreen.com"
52.167.144.19 - - [27/May/2025:19:51:46 -0400] "GET /vPnf-35dffccaeb-GlIMG HTTP/1.1" 404 22257 "-" "Mozilla/5.0 AppleWebKit/537.36 (KHTML, like Gecko; compatible; bingbot/2.0; +http://www.bing.com/bingbot.htm) Chrome/116.0.1938.76 Safari/537.36"
45.120.177.111 - - [27/May/2025:20:00:05 -0400] "GET /wp-content/themes/masterstudy/style.css HTTP/1.1" 404 22477 "-" "python-requests/2.32.3"
198.54.114.35 - - [27/May/2025:20:00:15 -0400] "POST /wp-cron.php?doing_wp_cron=1748390414.7488110065460205078125 HTTP/1.1" 200 0 "-" "WordPress/6.8.1; https://socialsolargreen.com"
198.54.114.35 - - [27/May/2025:20:00:16 -0400] "POST /wp-admin/admin-ajax.php?action=async_litespeed&nonce=cAVXvJN7NyRmFokp2Sg1JS7lYBfxJmr5&litespeed_type=imgoptm HTTP/1.1" 200 0 "-" "WordPress/6.8.1; https://socialsolargreen.com"
20.244.94.21 - - [27/May/2025:20:18:31 -0400] "GET /wp-login.php HTTP/1.1" 302 0 "http://socialsolargreen.com/wp-admin/" "Mozilla/5.0 (Windows NT 10.0; Win64; x64) AppleWebKit/537.36 (KHTML, like Gecko) Chrome/90.0.4430.85 Safari/537.36"
198.54.114.35 - - [27/May/2025:20:18:36 -0400] "POST /wp-cron.php?doing_wp_cron=1748391516.4157700538635253906250 HTTP/1.1" 200 0 "-" "WordPress/6.8.1; https://socialsolargreen.com"
20.244.94.21 - - [27/May/2025:20:18:34 -0400] "GET /404 HTTP/1.1" 404 22257 "http://socialsolargreen.com/wp-admin/" "Mozilla/5.0 (Windows NT 10.0; Win64; x64) AppleWebKit/537.36 (KHTML, like Gecko) Chrome/90.0.4430.85 Safari/537.36"
20.244.94.21 - - [27/May/2025:20:18:38 -0400] "POST /404/wp-login.php HTTP/1.1" 302 0 "http://socialsolargreen.com/wp-admin/" "Mozilla/5.0 (Windows NT 10.0; Win64; x64) AppleWebKit/537.36 (KHTML, like Gecko) Chrome/90.0.4430.85 Safari/537.36"
20.244.94.21 - - [27/May/2025:20:18:39 -0400] "GET /404 HTTP/1.1" 404 22257 "http://socialsolargreen.com/wp-admin/" "Mozilla/5.0 (Windows NT 10.0; Win64; x64) AppleWebKit/537.36 (KHTML, like Gecko) Chrome/90.0.4430.85 Safari/537.36"
20.244.94.21 - - [27/May/2025:20:18:41 -0400] "POST /404/wp-login.php HTTP/1.1" 302 0 "https://socialsolargreen.com/404/wp-admin/" "Mozilla/5.0 (Windows NT 10.0; Win64; x64) AppleWebKit/537.36 (KHTML, like Gecko) Chrome/90.0.4430.85 Safari/537.36"
20.244.94.21 - - [27/May/2025:20:18:41 -0400] "GET /404 HTTP/1.1" 404 22257 "https://socialsolargreen.com/404/wp-admin/" "Mozilla/5.0 (Windows NT 10.0; Win64; x64) AppleWebKit/537.36 (KHTML, like Gecko) Chrome/90.0.4430.85 Safari/537.36"
20.244.94.21 - - [27/May/2025:20:18:43 -0400] "POST /404/wp-login.php HTTP/1.1" 302 0 "https://socialsolargreen.com/404/wp-admin/" "Mozilla/5.0 (Windows NT 10.0; Win64; x64) AppleWebKit/537.36 (KHTML, like Gecko) Chrome/90.0.4430.85 Safari/537.36"
20.244.94.21 - - [27/May/2025:20:18:43 -0400] "GET /404 HTTP/1.1" 404 22257 "https://socialsolargreen.com/404/wp-admin/" "Mozilla/5.0 (Windows NT 10.0; Win64; x64) AppleWebKit/537.36 (KHTML, like Gecko) Chrome/90.0.4430.85 Safari/537.36"
20.244.94.21 - - [27/May/2025:20:18:43 -0400] "GET /404/wp-admin/ HTTP/1.1" 404 22256 "https://socialsolargreen.com/404/wp-admin/" "Mozilla/5.0 (Windows NT 10.0; Win64; x64) AppleWebKit/537.36 (KHTML, like Gecko) Chrome/90.0.4430.85 Safari/537.36"
20.244.94.21 - - [27/May/2025:20:18:45 -0400] "GET /404 HTTP/1.1" 404 22257 "https://socialsolargreen.com/404/wp-admin/" "Mozilla/5.0 (Windows NT 10.0; Win64; x64) AppleWebKit/537.36 (KHTML, like Gecko) Chrome/90.0.4430.85 Safari/537.36"
198.54.114.35 - - [27/May/2025:20:20:25 -0400] "POST /wp-cron.php?doing_wp_cron=1748391625.1278939247131347656250 HTTP/1.1" 200 0 "-" "WordPress/6.8.1; https://socialsolargreen.com"
198.54.114.35 - - [27/May/2025:20:20:26 -0400] "POST /wp-admin/admin-ajax.php?action=async_litespeed&nonce=EZIHu0h93U0zmPjGeioJmDhRGsRrW7yW&litespeed_type=imgoptm HTTP/1.1" 200 0 "-" "WordPress/6.8.1; https://socialsolargreen.com"
198.54.114.35 - - [27/May/2025:20:18:37 -0400] "POST /wp-admin/admin-ajax.php?action=async_litespeed&nonce=WilMFjG6ahtP4cszyqkXEiQfAv16VRD9&litespeed_type=imgoptm HTTP/1.1" 200 5 "-" "WordPress/6.8.1; https://socialsolargreen.com"
20.244.94.21 - - [27/May/2025:20:18:39 -0400] "GET /404/wp-admin/ HTTP/1.1" 404 22256 "http://socialsolargreen.com/wp-admin/" "Mozilla/5.0 (Windows NT 10.0; Win64; x64) AppleWebKit/537.36 (KHTML, like Gecko) Chrome/90.0.4430.85 Safari/537.36"
20.244.94.21 - - [27/May/2025:20:18:42 -0400] "GET /404/wp-admin/ HTTP/1.1" 404 22256 "https://socialsolargreen.com/404/wp-admin/" "Mozilla/5.0 (Windows NT 10.0; Win64; x64) AppleWebKit/537.36 (KHTML, like Gecko) Chrome/90.0.4430.85 Safari/537.36"
20.244.94.21 - - [27/May/2025:20:18:44 -0400] "POST /404/wp-login.php HTTP/1.1" 302 0 "https://socialsolargreen.com/404/wp-admin/" "Mozilla/5.0 (Windows NT 10.0; Win64; x64) AppleWebKit/537.36 (KHTML, like Gecko) Chrome/90.0.4430.85 Safari/537.36"
20.244.94.21 - - [27/May/2025:20:18:45 -0400] "GET /404/wp-admin/ HTTP/1.1" 404 22256 "https://socialsolargreen.com/404/wp-admin/" "Mozilla/5.0 (Windows NT 10.0; Win64; x64) AppleWebKit/537.36 (KHTML, like Gecko) Chrome/90.0.4430.85 Safari/537.36"
45.157.54.23 - - [27/May/2025:20:20:21 -0400] "GET /wp-content/plugins/uterexe/uterexe.php HTTP/1.1" 404 22477 "-" "Mozilla/5.0 (Windows NT 10.0; Win64; x64) AppleWebKit/537.36 (KHTML, like Gecko) Chrome/127.0.0.0 Safari/537.36"
198.54.114.35 - - [27/May/2025:20:57:19 -0400] "GET / HTTP/1.1" 200 29850 "-" "Mozilla/5.0 (Windows NT 10.0; Win64; x64; rv:122.0) Gecko/20100101 Firefox/122.0"
93.123.109.81 - - [27/May/2025:21:06:10 -0400] "GET /.env HTTP/1.1" 403 1242 "-" "Mozilla/5.0 (X11; Linux x86_64) AppleWebKit/537.36 (KHTML, like Gecko) Chrome/81.0.4044.129 Safari/537.36"
93.123.109.81 - - [27/May/2025:21:06:19 -0400] "GET /api/config.js HTTP/1.1" 404 22255 "-" "Mozilla/5.0 (X11; Linux x86_64) AppleWebKit/537.36 (KHTML, like Gecko) Chrome/81.0.4044.129 Safari/537.36"
93.123.109.81 - - [27/May/2025:21:06:23 -0400] "GET /js/app.js HTTP/1.1" 404 22256 "-" "Mozilla/5.0 (X11; Linux x86_64) AppleWebKit/537.36 (KHTML, like Gecko) Chrome/81.0.4044.129 Safari/537.36"
93.123.109.81 - - [27/May/2025:21:06:24 -0400] "GET /config.json HTTP/1.1" 404 22256 "-" "Mozilla/5.0 (X11; Linux x86_64) AppleWebKit/537.36 (KHTML, like Gecko) Chrome/81.0.4044.129 Safari/537.36"
93.123.109.81 - - [27/May/2025:21:06:29 -0400] "GET /php_info.php HTTP/1.1" 404 22255 "-" "Mozilla/5.0 (X11; Linux x86_64) AppleWebKit/537.36 (KHTML, like Gecko) Chrome/81.0.4044.129 Safari/537.36"
93.123.109.81 - - [27/May/2025:21:06:32 -0400] "POST / HTTP/1.1" 200 29806 "-" "Mozilla/5.0 (X11; Linux x86_64) AppleWebKit/537.36 (KHTML, like Gecko) Chrome/81.0.4044.129 Safari/537.36"
198.54.114.35 - - [27/May/2025:21:10:20 -0400] "POST /wp-cron.php?doing_wp_cron=1748394620.3872079849243164062500 HTTP/1.1" 200 0 "-" "WordPress/6.8.1; https://socialsolargreen.com"
198.54.114.35 - - [27/May/2025:21:10:21 -0400] "POST /wp-admin/admin-ajax.php?action=async_litespeed&nonce=GD3BOhDzxCSyKUZx2CCLKsnwEMtlsyjN&litespeed_type=imgoptm HTTP/1.1" 200 5 "-" "WordPress/6.8.1; https://socialsolargreen.com"
13.233.127.159 - - [27/May/2025:21:10:23 -0400] "GET //wp-json/wp/v2/users/ HTTP/1.1" 200 904 "-" "Mozilla/5.0 (Windows NT 10.0; Win64; x64) AppleWebKit/537.36 (KHTML, like Gecko) Chrome/80.0.3987.149 Safari/537.36"
93.123.109.81 - - [27/May/2025:21:06:11 -0400] "GET /api/.env HTTP/1.1" 403 1242 "-" "Mozilla/5.0 (X11; Linux x86_64) AppleWebKit/537.36 (KHTML, like Gecko) Chrome/81.0.4044.129 Safari/537.36"
93.123.109.81 - - [27/May/2025:21:06:11 -0400] "GET /.env.save HTTP/1.1" 403 1242 "-" "Mozilla/5.0 (X11; Linux x86_64) AppleWebKit/537.36 (KHTML, like Gecko) Chrome/81.0.4044.129 Safari/537.36"
93.123.109.81 - - [27/May/2025:21:06:12 -0400] "GET /.env.prod HTTP/1.1" 403 1242 "-" "Mozilla/5.0 (X11; Linux x86_64) AppleWebKit/537.36 (KHTML, like Gecko) Chrome/81.0.4044.129 Safari/537.36"
198.54.114.35 - - [27/May/2025:21:06:17 -0400] "POST /wp-cron.php?doing_wp_cron=1748394376.9413690567016601562500 HTTP/1.1" 200 0 "-" "WordPress/6.8.1; https://socialsolargreen.com"
198.54.114.35 - - [27/May/2025:21:06:17 -0400] "POST /wp-cron.php?doing_wp_cron=1748394377.3472490310668945312500 HTTP/1.1" 200 0 "-" "WordPress/6.8.1; https://socialsolargreen.com"
198.54.114.35 - - [27/May/2025:21:06:17 -0400] "POST /wp-admin/admin-ajax.php?action=async_litespeed&nonce=8gx2y9YDT9Zp0qeL5ocohA9UzdxQPF6Q&litespeed_type=imgoptm HTTP/1.1" 200 5 "-" "WordPress/6.8.1; https://socialsolargreen.com"
93.123.109.81 - - [27/May/2025:21:06:13 -0400] "GET /env.js HTTP/1.1" 404 22256 "-" "Mozilla/5.0 (X11; Linux x86_64) AppleWebKit/537.36 (KHTML, like Gecko) Chrome/81.0.4044.129 Safari/537.36"
93.123.109.81 - - [27/May/2025:21:06:20 -0400] "GET /assets/env.js HTTP/1.1" 404 22255 "-" "Mozilla/5.0 (X11; Linux x86_64) AppleWebKit/537.36 (KHTML, like Gecko) Chrome/81.0.4044.129 Safari/537.36"
93.123.109.81 - - [27/May/2025:21:06:22 -0400] "GET /js/config.js HTTP/1.1" 404 22256 "-" "Mozilla/5.0 (X11; Linux x86_64) AppleWebKit/537.36 (KHTML, like Gecko) Chrome/81.0.4044.129 Safari/537.36"
93.123.109.81 - - [27/May/2025:21:06:25 -0400] "GET /phpinfo.php HTTP/1.1" 404 22256 "-" "Mozilla/5.0 (X11; Linux x86_64) AppleWebKit/537.36 (KHTML, like Gecko) Chrome/81.0.4044.129 Safari/537.36"
93.123.109.81 - - [27/May/2025:21:06:27 -0400] "GET /phpinfo HTTP/1.1" 404 22256 "-" "Mozilla/5.0 (X11; Linux x86_64) AppleWebKit/537.36 (KHTML, like Gecko) Chrome/81.0.4044.129 Safari/537.36"
93.123.109.81 - - [27/May/2025:21:06:28 -0400] "GET /dev/.env HTTP/1.1" 403 1242 "-" "Mozilla/5.0 (X11; Linux x86_64) AppleWebKit/537.36 (KHTML, like Gecko) Chrome/81.0.4044.129 Safari/537.36"
93.123.109.81 - - [27/May/2025:21:06:29 -0400] "GET /application/.env HTTP/1.1" 403 1242 "-" "Mozilla/5.0 (X11; Linux x86_64) AppleWebKit/537.36 (KHTML, like Gecko) Chrome/81.0.4044.129 Safari/537.36"
93.123.109.81 - - [27/May/2025:21:06:31 -0400] "GET /_profiler/phpinfo HTTP/1.1" 404 22255 "-" "Mozilla/5.0 (X11; Linux x86_64) AppleWebKit/537.36 (KHTML, like Gecko) Chrome/81.0.4044.129 Safari/537.36"
13.233.127.159 - - [27/May/2025:21:10:14 -0400] "GET / HTTP/1.1" 200 29850 "-" "Mozilla/5.0 (Windows NT 10.0; Win64; x64) AppleWebKit/537.36 (KHTML, like Gecko) Chrome/80.0.3987.149 Safari/537.36"
13.233.127.159 - - [27/May/2025:21:10:15 -0400] "GET //wp-includes/wlwmanifest.xml HTTP/1.1" 301 0 "-" "Mozilla/5.0 (Windows NT 10.0; Win64; x64) AppleWebKit/537.36 (KHTML, like Gecko) Chrome/80.0.3987.149 Safari/537.36"
13.233.127.159 - - [27/May/2025:21:10:21 -0400] "GET / HTTP/1.1" 200 29850 "-" "Mozilla/5.0 (Windows NT 10.0; Win64; x64) AppleWebKit/537.36 (KHTML, like Gecko) Chrome/80.0.3987.149 Safari/537.36"
13.233.127.159 - - [27/May/2025:21:10:22 -0400] "GET //?author=1 HTTP/1.1" 301 0 "-" "Mozilla/5.0 (Windows NT 10.0; Win64; x64) AppleWebKit/537.36 (KHTML, like Gecko) Chrome/80.0.3987.149 Safari/537.36"
13.233.127.159 - - [27/May/2025:21:10:22 -0400] "GET //?author=2 HTTP/1.1" 301 0 "-" "Mozilla/5.0 (Windows NT 10.0; Win64; x64) AppleWebKit/537.36 (KHTML, like Gecko) Chrome/80.0.3987.149 Safari/537.36"
185.177.72.3 - - [27/May/2025:21:17:20 -0400] "GET / HTTP/1.1" 200 29850 "-" "Mozilla/5.0 (Windows NT 10.0; Win64; x64) AppleWebKit/537.36 (KHTML, like Gecko) Chrome/58.0.3029.110 Safari/537.3"
198.54.114.35 - - [27/May/2025:21:17:43 -0400] "POST /wp-cron.php?doing_wp_cron=1748395062.8767189979553222656250 HTTP/1.1" 200 0 "-" "WordPress/6.8.1; https://socialsolargreen.com"
185.177.72.3 - - [27/May/2025:21:17:56 -0400] "GET /test.php HTTP/1.1" 404 22257 "-" "Mozilla/5.0 (Windows NT 10.0; Win64; x64) AppleWebKit/537.36 (KHTML, like Gecko) Chrome/58.0.3029.110 Safari/537.3"
185.177.72.3 - - [27/May/2025:21:18:03 -0400] "GET /.env HTTP/1.1" 403 1242 "-" "Mozilla/5.0 (Windows NT 10.0; Win64; x64) AppleWebKit/537.36 (KHTML, like Gecko) Chrome/58.0.3029.110 Safari/537.3"
185.177.72.3 - - [27/May/2025:21:17:26 -0400] "GET / HTTP/1.1" 200 29850 "-" "Mozilla/5.0 (Windows NT 10.0; Win64; x64) AppleWebKit/537.36 (KHTML, like Gecko) Chrome/58.0.3029.110 Safari/537.3"
185.177.72.3 - - [27/May/2025:21:17:32 -0400] "GET /phpinfo.php HTTP/1.1" 404 22256 "-" "Mozilla/5.0 (Windows NT 10.0; Win64; x64) AppleWebKit/537.36 (KHTML, like Gecko) Chrome/58.0.3029.110 Safari/537.3"
198.54.114.35 - - [27/May/2025:21:17:43 -0400] "POST /wp-admin/admin-ajax.php?action=async_litespeed&nonce=M04Y3CeSi6imSPeOdrx5oOCYzA1gJwy1&litespeed_type=imgoptm HTTP/1.1" 200 5 "-" "WordPress/6.8.1; https://socialsolargreen.com"
185.177.72.3 - - [27/May/2025:21:17:39 -0400] "GET /info.php HTTP/1.1" 404 22256 "-" "Mozilla/5.0 (Windows NT 10.0; Win64; x64) AppleWebKit/537.36 (KHTML, like Gecko) Chrome/58.0.3029.110 Safari/537.3"
185.177.72.3 - - [27/May/2025:21:17:50 -0400] "GET /phpinfo HTTP/1.1" 404 22256 "-" "Mozilla/5.0 (Windows NT 10.0; Win64; x64) AppleWebKit/537.36 (KHTML, like Gecko) Chrome/58.0.3029.110 Safari/537.3"
185.177.72.3 - - [27/May/2025:21:18:07 -0400] "GET /config/.env HTTP/1.1" 403 1242 "-" "Mozilla/5.0 (Windows NT 10.0; Win64; x64) AppleWebKit/537.36 (KHTML, like Gecko) Chrome/58.0.3029.110 Safari/537.3"
185.177.72.3 - - [27/May/2025:21:18:13 -0400] "GET /api/.env HTTP/1.1" 403 1242 "-" "Mozilla/5.0 (Windows NT 10.0; Win64; x64) AppleWebKit/537.36 (KHTML, like Gecko) Chrome/58.0.3029.110 Safari/537.3"
45.148.10.80 - - [27/May/2025:21:29:04 -0400] "GET /.git/config HTTP/1.1" 403 1242 "-" "Mozilla/5.0 (Macintosh; Intel Mac OS X 10_14_6) AppleWebKit/605.1.15 (KHTML, like Gecko) Version/14.1.2 Safari/605.1.15"
162.243.175.168 - - [27/May/2025:21:43:49 -0400] "GET / HTTP/1.1" 200 29850 "-" "Mozilla/5.0 (X11; Linux x86_64; rv:136.0) Gecko/20100101 Firefox/136.0"
162.243.175.168 - - [27/May/2025:21:43:50 -0400] "GET /ads.txt HTTP/1.1" 200 0 "-" "Mozilla/5.0 (X11; Linux x86_64; rv:136.0) Gecko/20100101 Firefox/136.0"
184.73.239.35 - - [27/May/2025:21:55:05 -0400] "GET /robots.txt HTTP/1.1" 304 0 "-" "Mozilla/5.0 AppleWebKit/537.36 (KHTML, like Gecko; compatible; Amazonbot/0.1; +https://developer.amazon.com/support/amazonbot) Chrome/119.0.6045.214 Safari/537.36"
198.54.114.35 - - [27/May/2025:21:43:57 -0400] "POST /wp-cron.php?doing_wp_cron=1748396637.1693749427795410156250 HTTP/1.1" 200 0 "-" "WordPress/6.8.1; https://socialsolargreen.com"
198.54.114.35 - - [27/May/2025:21:43:58 -0400] "POST /wp-admin/admin-ajax.php?action=async_litespeed&nonce=es0NFriRulFBG1xfe9TU8VpVDzEVuKdx&litespeed_type=imgoptm HTTP/1.1" 200 0 "-" "WordPress/6.8.1; https://socialsolargreen.com"
54.147.182.90 - - [27/May/2025:21:55:06 -0400] "GET /agricultural/ HTTP/1.1" 200 23942 "-" "Mozilla/5.0 AppleWebKit/537.36 (KHTML, like Gecko; compatible; Amazonbot/0.1; +https://developer.amazon.com/support/amazonbot) Chrome/119.0.6045.214 Safari/537.36"
170.39.218.60 - - [27/May/2025:21:58:42 -0400] "GET /wp-includes/js/dist/hooks.min.js?ver=4d63a3d491d11ffd8ac6 HTTP/1.1" 200 1571 "-" "Mozilla/5.0 (Windows NT 10.0; Win64; x64) AppleWebKit/537.36 Chrome/121.0.0.0"
94.232.247.195 - - [27/May/2025:22:00:53 -0400] "GET / HTTP/1.1" 200 29850 "-" "Mozilla/5.0 (Windows NT 10.0; Win64; x64) AppleWebKit/537.36 (KHTML, like Gecko) Chrome/91.0.4472.124 Safari/537.36"
104.210.140.140 - - [27/May/2025:22:18:34 -0400] "GET /robots.txt HTTP/1.1" 304 0 "-" "Mozilla/5.0 (Macintosh; Intel Mac OS X 10_15_7) AppleWebKit/537.36 (KHTML, like Gecko) Chrome/131.0.0.0 Safari/537.36; compatible; OAI-SearchBot/1.0; +https://openai.com/searchbot"
