216.24.212.232 - - [27/May/2025:14:20:01 -0400] "GET /wp-includes/css/dist/components/ HTTP/1.1" 200 706 "http://socialsolargreen.com/wp-includes/css/dist/components/" "Go-http-client/2.0"
216.24.212.232 - - [27/May/2025:14:20:04 -0400] "GET /wp-includes/js/tinymce/themes/inlite/ HTTP/1.1" 200 664 "http://socialsolargreen.com/wp-includes/js/tinymce/themes/inlite/" "Go-http-client/2.0"
216.24.212.232 - - [27/May/2025:14:20:05 -0400] "GET /wp-content/plugins/erinyani/ HTTP/1.1" 404 22477 "http://socialsolargreen.com/wp-content/plugins/erinyani/" "Go-http-client/2.0"
216.24.212.232 - - [27/May/2025:14:20:06 -0400] "GET /wp-includes/images/ HTTP/1.1" 200 1647 "http://socialsolargreen.com/wp-includes/images/" "Go-http-client/2.0"
216.24.212.232 - - [27/May/2025:14:20:09 -0400] "GET /wp-content/uploads/ HTTP/1.1" 200 698 "http://socialsolargreen.com/wp-content/uploads/" "Go-http-client/2.0"
216.24.212.232 - - [27/May/2025:14:20:11 -0400] "GET /footer.php HTTP/1.1" 404 22257 "http://socialsolargreen.com/footer.php" "Go-http-client/2.0"
216.24.212.232 - - [27/May/2025:14:20:14 -0400] "GET /wp-admin/maint/file.php HTTP/1.1" 404 22477 "http://socialsolargreen.com/wp-admin/maint/file.php" "Go-http-client/2.0"
216.24.212.232 - - [27/May/2025:14:20:15 -0400] "GET /wp-includes/customize/ HTTP/1.1" 200 2175 "http://socialsolargreen.com/wp-includes/customize/" "Go-http-client/2.0"
216.24.212.232 - - [27/May/2025:14:20:19 -0400] "GET /wp-content/themes/twentytwenty/ HTTP/1.1" 404 22477 "http://socialsolargreen.com/wp-content/themes/twentytwenty/" "Go-http-client/2.0"
216.24.212.232 - - [27/May/2025:14:20:21 -0400] "GET /wp-includes/block-bindings/ HTTP/1.1" 200 682 "http://socialsolargreen.com/wp-includes/block-bindings/" "Go-http-client/2.0"
216.24.212.232 - - [27/May/2025:14:20:22 -0400] "GET /wp-includes/js/tinymce/langs/ HTTP/1.1" 200 637 "http://socialsolargreen.com/wp-includes/js/tinymce/langs/" "Go-http-client/2.0"
216.24.212.232 - - [27/May/2025:14:20:24 -0400] "GET /wp-includes/images/crystal/index.php HTTP/1.1" 301 0 "http://socialsolargreen.com/wp-includes/images/crystal/index.php" "Go-http-client/2.0"
216.24.212.232 - - [27/May/2025:14:20:26 -0400] "GET /.well-known/ HTTP/1.1" 404 22258 "http://socialsolargreen.com/.well-known/" "Go-http-client/2.0"
216.24.212.232 - - [27/May/2025:14:20:27 -0400] "GET /sim.php HTTP/1.1" 404 22258 "http://socialsolargreen.com/sim.php" "Go-http-client/2.0"
216.24.212.232 - - [27/May/2025:14:20:28 -0400] "GET /wp-includes/Text/ HTTP/1.1" 200 723 "http://socialsolargreen.com/wp-includes/Text/" "Go-http-client/2.0"
216.24.212.232 - - [27/May/2025:14:20:30 -0400] "GET /wp-content/x/ HTTP/1.1" 404 22257 "http://socialsolargreen.com/wp-content/x/" "Go-http-client/2.0"
216.24.212.232 - - [27/May/2025:14:20:33 -0400] "GET /wp-includes/blocks/file/ HTTP/1.1" 200 1216 "http://socialsolargreen.com/wp-includes/blocks/file/" "Go-http-client/2.0"
216.24.212.232 - - [27/May/2025:14:20:34 -0400] "GET /wp-includes/IXR/ HTTP/1.1" 200 1221 "http://socialsolargreen.com/wp-includes/IXR/" "Go-http-client/2.0"
216.24.212.232 - - [27/May/2025:14:20:35 -0400] "GET /wp-content/uploads/2023/05/ HTTP/1.1" 404 22478 "http://socialsolargreen.com/wp-content/uploads/2023/05/" "Go-http-client/2.0"
216.24.212.232 - - [27/May/2025:14:20:37 -0400] "GET /cgi-bin/ HTTP/1.1" 404 1251 "http://socialsolargreen.com/cgi-bin/" "Go-http-client/2.0"
216.24.212.232 - - [27/May/2025:14:20:38 -0400] "GET /wp-content/plugins/WordPressCore/ HTTP/1.1" 404 22478 "http://socialsolargreen.com/wp-content/plugins/WordPressCore/" "Go-http-client/2.0"
216.24.212.232 - - [27/May/2025:14:20:10 -0400] "GET /wp-content/themes/pridmag/ HTTP/1.1" 404 22478 "http://socialsolargreen.com/wp-content/themes/pridmag/" "Go-http-client/2.0"
216.24.212.232 - - [27/May/2025:14:20:12 -0400] "GET /wp-content/plugins/view-more/ioxi.php HTTP/1.1" 404 22477 "http://socialsolargreen.com/wp-content/plugins/view-more/ioxi.php" "Go-http-client/2.0"
216.24.212.232 - - [27/May/2025:14:20:16 -0400] "GET /wp-admin/network/ HTTP/1.1" 302 0 "http://socialsolargreen.com/wp-admin/network/" "Go-http-client/2.0"
216.24.212.232 - - [27/May/2025:14:20:17 -0400] "GET /wp-login.php?redirect_to=https%3A%2F%2Fsocialsolargreen.com%2Fwp-admin%2Fnetwork%2F&reauth=1 HTTP/1.1" 302 0 "https://socialsolargreen.com/wp-admin/network/" "Go-http-client/2.0"
216.24.212.232 - - [27/May/2025:14:20:18 -0400] "GET /404 HTTP/1.1" 404 22258 "https://socialsolargreen.com/wp-login.php?redirect_to=https%3A%2F%2Fsocialsolargreen.com%2Fwp-admin%2Fnetwork%2F&reauth=1" "Go-http-client/2.0"
216.24.212.232 - - [27/May/2025:14:20:18 -0400] "GET /wp-includes/ HTTP/1.1" 200 8659 "http://socialsolargreen.com/wp-includes/" "Go-http-client/2.0"
216.24.212.232 - - [27/May/2025:14:20:20 -0400] "GET /wp-includes/rest-api/ HTTP/1.1" 200 1082 "http://socialsolargreen.com/wp-includes/rest-api/" "Go-http-client/2.0"
216.24.212.232 - - [27/May/2025:14:20:22 -0400] "GET /wp-content/plugins/ HTTP/1.1" 403 1242 "http://socialsolargreen.com/wp-content/plugins/" "Go-http-client/2.0"
216.24.212.232 - - [27/May/2025:14:20:23 -0400] "GET /wp-content/uploads/xc.php HTTP/1.1" 404 22478 "http://socialsolargreen.com/wp-content/uploads/xc.php" "Go-http-client/2.0"
216.24.212.232 - - [27/May/2025:14:20:26 -0400] "GET /wp-includes/images/crystal/ HTTP/1.1" 200 1186 "https://socialsolargreen.com/wp-includes/images/crystal/index.php" "Go-http-client/2.0"
216.24.212.232 - - [27/May/2025:14:20:29 -0400] "GET /system_log.php HTTP/1.1" 404 22258 "http://socialsolargreen.com/system_log.php" "Go-http-client/2.0"
216.24.212.232 - - [27/May/2025:14:20:31 -0400] "GET /wp-includes/js/tinymce/utils/ HTTP/1.1" 200 772 "http://socialsolargreen.com/wp-includes/js/tinymce/utils/" "Go-http-client/2.0"
216.24.212.232 - - [27/May/2025:14:20:32 -0400] "GET /wp-includes/Text/chosen.php HTTP/1.1" 404 22478 "http://socialsolargreen.com/wp-includes/Text/chosen.php" "Go-http-client/2.0"
216.24.212.232 - - [27/May/2025:14:20:34 -0400] "GET /wp-includes/SimplePie/ HTTP/1.1" 200 709 "http://socialsolargreen.com/wp-includes/SimplePie/" "Go-http-client/2.0"
216.24.212.232 - - [27/May/2025:14:20:37 -0400] "GET /wp-includes/js/codemirror/ HTTP/1.1" 200 1135 "http://socialsolargreen.com/wp-includes/js/codemirror/" "Go-http-client/2.0"
216.24.212.232 - - [27/May/2025:14:20:40 -0400] "GET /404 HTTP/1.1" 404 22258 "https://socialsolargreen.com/wp-content/themes/bltm/wp-login.php" "Go-http-client/2.0"
216.24.212.232 - - [27/May/2025:14:20:40 -0400] "GET /wp-includes/ID3/ HTTP/1.1" 200 1369 "http://socialsolargreen.com/wp-includes/ID3/" "Go-http-client/2.0"
216.24.212.232 - - [27/May/2025:14:20:42 -0400] "GET /wp-admin/css/colors/coffee/ HTTP/1.1" 200 748 "http://socialsolargreen.com/wp-admin/css/colors/coffee/" "Go-http-client/2.0"
216.24.212.232 - - [27/May/2025:14:20:42 -0400] "GET /wp-includes/css/dist/preferences/ HTTP/1.1" 200 679 "http://socialsolargreen.com/wp-includes/css/dist/preferences/" "Go-http-client/2.0"
216.24.212.232 - - [27/May/2025:14:20:42 -0400] "GET /wp-content/themes/twentytwentyfour/ HTTP/1.1" 200 1209 "http://socialsolargreen.com/wp-content/themes/twentytwentyfour/" "Go-http-client/2.0"
216.24.212.232 - - [27/May/2025:14:20:44 -0400] "GET /wp-includes/SimplePie/HTTP/ HTTP/1.1" 404 22478 "http://socialsolargreen.com/wp-includes/SimplePie/HTTP/" "Go-http-client/2.0"
216.24.212.232 - - [27/May/2025:14:20:45 -0400] "GET /wp-content/upgrade/ HTTP/1.1" 200 549 "http://socialsolargreen.com/wp-content/upgrade/" "Go-http-client/2.0"
216.24.212.232 - - [27/May/2025:14:20:39 -0400] "GET /wp-includes/Text/Diff/Engine/ HTTP/1.1" 200 715 "http://socialsolargreen.com/wp-includes/Text/Diff/Engine/" "Go-http-client/2.0"
216.24.212.232 - - [27/May/2025:14:20:39 -0400] "GET /wp-content/themes/bltm/wp-login.php HTTP/1.1" 302 0 "http://socialsolargreen.com/wp-content/themes/bltm/wp-login.php" "Go-http-client/2.0"
216.24.212.232 - - [27/May/2025:14:20:41 -0400] "GET /wp-includes/images/smilies/index.php HTTP/1.1" 301 0 "http://socialsolargreen.com/wp-includes/images/smilies/index.php" "Go-http-client/2.0"
216.24.212.232 - - [27/May/2025:14:20:41 -0400] "GET /wp-includes/images/smilies/ HTTP/1.1" 200 1418 "https://socialsolargreen.com/wp-includes/images/smilies/index.php" "Go-http-client/2.0"
216.24.212.232 - - [27/May/2025:14:20:43 -0400] "GET /gel4y.php HTTP/1.1" 404 22257 "http://socialsolargreen.com/gel4y.php" "Go-http-client/2.0"
216.24.212.232 - - [27/May/2025:14:20:46 -0400] "GET /wp-includes/Text/Diff/Renderer/ HTTP/1.1" 200 635 "http://socialsolargreen.com/wp-includes/Text/Diff/Renderer/" "Go-http-client/2.0"
216.24.212.232 - - [27/May/2025:14:20:47 -0400] "GET /wp-includes/images/media/ HTTP/1.1" 200 1260 "http://socialsolargreen.com/wp-includes/images/media/" "Go-http-client/2.0"
216.24.212.232 - - [27/May/2025:14:20:48 -0400] "GET /wp-includes/images/wlw/ HTTP/1.1" 404 22478 "http://socialsolargreen.com/wp-includes/images/wlw/" "Go-http-client/2.0"
216.24.212.232 - - [27/May/2025:14:20:49 -0400] "GET /wp-admin/user/ HTTP/1.1" 302 0 "http://socialsolargreen.com/wp-admin/user/" "Go-http-client/2.0"
216.24.212.232 - - [27/May/2025:14:20:51 -0400] "GET /wp-content/plugins/linkpreview/ HTTP/1.1" 404 22477 "http://socialsolargreen.com/wp-content/plugins/linkpreview/" "Go-http-client/2.0"
216.24.212.232 - - [27/May/2025:14:20:52 -0400] "GET /wp-admin/js/chosen.php HTTP/1.1" 404 22478 "http://socialsolargreen.com/wp-admin/js/chosen.php" "Go-http-client/2.0"
216.24.212.232 - - [27/May/2025:14:20:53 -0400] "GET /wp-includes/click.php HTTP/1.1" 404 22257 "http://socialsolargreen.com/wp-includes/click.php" "Go-http-client/2.0"
216.24.212.232 - - [27/May/2025:14:20:54 -0400] "GET /wp-include.php HTTP/1.1" 404 22257 "http://socialsolargreen.com/wp-include.php" "Go-http-client/2.0"
216.24.212.232 - - [27/May/2025:14:20:56 -0400] "GET /lock.php HTTP/1.1" 404 22257 "http://socialsolargreen.com/lock.php" "Go-http-client/2.0"
216.24.212.232 - - [27/May/2025:14:20:57 -0400] "GET /wp-content/themes/pridmag/1.php HTTP/1.1" 404 22478 "http://socialsolargreen.com/wp-content/themes/pridmag/1.php" "Go-http-client/2.0"
216.24.212.232 - - [27/May/2025:14:20:58 -0400] "GET /wp-content/shell20211028.php HTTP/1.1" 404 22258 "http://socialsolargreen.com/wp-content/shell20211028.php" "Go-http-client/2.0"
216.24.212.232 - - [27/May/2025:14:21:01 -0400] "GET /wp-includes/js/tinymce/skins/lightgray/img/ HTTP/1.1" 200 709 "http://socialsolargreen.com/wp-includes/js/tinymce/skins/lightgray/img/" "Go-http-client/2.0"
216.24.212.232 - - [27/May/2025:14:21:01 -0400] "GET /wp-includes/l10n/ HTTP/1.1" 200 786 "http://socialsolargreen.com/wp-includes/l10n/" "Go-http-client/2.0"
216.24.212.232 - - [27/May/2025:14:21:03 -0400] "GET /wp-includes/css/ HTTP/1.1" 200 1913 "http://socialsolargreen.com/wp-includes/css/" "Go-http-client/2.0"
216.24.212.232 - - [27/May/2025:14:21:03 -0400] "GET /wp-includes/sitemaps/ HTTP/1.1" 200 1141 "http://socialsolargreen.com/wp-includes/sitemaps/" "Go-http-client/2.0"
216.24.212.232 - - [27/May/2025:14:21:07 -0400] "GET /wp-login.php?redirect_to=https%3A%2F%2Fsocialsolargreen.com%2Fwp-admin%2F&reauth=1 HTTP/1.1" 302 0 "https://socialsolargreen.com/wp-admin/" "Go-http-client/2.0"
216.24.212.232 - - [27/May/2025:14:21:07 -0400] "GET /wp-content/ HTTP/1.1" 403 1242 "http://socialsolargreen.com/wp-content/" "Go-http-client/2.0"
216.24.212.232 - - [27/May/2025:14:21:08 -0400] "GET /wp-includes/js/tinymce/plugins/image/ HTTP/1.1" 200 663 "http://socialsolargreen.com/wp-includes/js/tinymce/plugins/image/" "Go-http-client/2.0"
216.24.212.232 - - [27/May/2025:14:20:45 -0400] "GET /wp-includes/blocks/ HTTP/1.1" 200 6 "http://socialsolargreen.com/wp-includes/blocks/" "Go-http-client/2.0"
216.24.212.232 - - [27/May/2025:14:20:46 -0400] "GET /wp-admin/js/widgets/ HTTP/1.1" 200 1274 "http://socialsolargreen.com/wp-admin/js/widgets/" "Go-http-client/2.0"
216.24.212.232 - - [27/May/2025:14:20:48 -0400] "GET /wp-includes/interactivity-api/ HTTP/1.1" 200 733 "http://socialsolargreen.com/wp-includes/interactivity-api/" "Go-http-client/2.0"
216.24.212.232 - - [27/May/2025:14:20:50 -0400] "GET /wp-login.php?redirect_to=https%3A%2F%2Fsocialsolargreen.com%2Fwp-admin%2Fuser%2F&reauth=1 HTTP/1.1" 302 0 "https://socialsolargreen.com/wp-admin/user/" "Go-http-client/2.0"
216.24.212.232 - - [27/May/2025:14:20:50 -0400] "GET /404 HTTP/1.1" 404 22258 "https://socialsolargreen.com/wp-login.php?redirect_to=https%3A%2F%2Fsocialsolargreen.com%2Fwp-admin%2Fuser%2F&reauth=1" "Go-http-client/2.0"
216.24.212.232 - - [27/May/2025:14:20:55 -0400] "GET /wp-includes/blocks/archives/ HTTP/1.1" 200 1081 "http://socialsolargreen.com/wp-includes/blocks/archives/" "Go-http-client/2.0"
216.24.212.232 - - [27/May/2025:14:20:55 -0400] "GET /wp-includes/Text/Diff/ HTTP/1.1" 200 706 "http://socialsolargreen.com/wp-includes/Text/Diff/" "Go-http-client/2.0"
216.24.212.232 - - [27/May/2025:14:20:59 -0400] "GET /wp-admin/images/ HTTP/1.1" 200 2762 "http://socialsolargreen.com/wp-admin/images/" "Go-http-client/2.0"
216.24.212.232 - - [27/May/2025:14:21:00 -0400] "GET /wp-includes/js/dist/ HTTP/1.1" 200 3703 "http://socialsolargreen.com/wp-includes/js/dist/" "Go-http-client/2.0"
216.24.212.232 - - [27/May/2025:14:21:00 -0400] "GET /wp-includes/blocks/group/ HTTP/1.1" 200 1170 "http://socialsolargreen.com/wp-includes/blocks/group/" "Go-http-client/2.0"
216.24.212.232 - - [27/May/2025:14:21:01 -0400] "GET /wp-includes/Requests/library/ HTTP/1.1" 200 632 "http://socialsolargreen.com/wp-includes/Requests/library/" "Go-http-client/2.0"
216.24.212.232 - - [27/May/2025:14:21:02 -0400] "GET /.well-known/pki-validation/ HTTP/1.1" 404 1251 "http://socialsolargreen.com/.well-known/pki-validation/" "Go-http-client/2.0"
216.24.212.232 - - [27/May/2025:14:21:02 -0400] "GET /wp-includes/assets/ HTTP/1.1" 200 1095 "http://socialsolargreen.com/wp-includes/assets/" "Go-http-client/2.0"
198.54.114.35 - - [27/May/2025:14:21:04 -0400] "POST /wp-cron.php?doing_wp_cron=1748370064.3553080558776855468750 HTTP/1.1" 200 0 "-" "WordPress/6.8.1; https://socialsolargreen.com"
216.24.212.232 - - [27/May/2025:14:21:04 -0400] "GET /wp-content/uploads/2023/11/ HTTP/1.1" 404 22477 "http://socialsolargreen.com/wp-content/uploads/2023/11/" "Go-http-client/2.0"
198.54.114.35 - - [27/May/2025:14:21:04 -0400] "POST /wp-admin/admin-ajax.php?action=async_litespeed&nonce=f1JT9bYCpdPxNmjYH7zmnfDCuDJWuXHJ&litespeed_type=imgoptm HTTP/1.1" 200 5 "-" "WordPress/6.8.1; https://socialsolargreen.com"
216.24.212.232 - - [27/May/2025:14:21:05 -0400] "GET /jquery.php HTTP/1.1" 404 22257 "http://socialsolargreen.com/jquery.php" "Go-http-client/2.0"
216.24.212.232 - - [27/May/2025:14:21:06 -0400] "GET /admin/ HTTP/1.1" 302 0 "http://socialsolargreen.com/admin/" "Go-http-client/2.0"
216.24.212.232 - - [27/May/2025:14:21:06 -0400] "GET /wp-admin/ HTTP/1.1" 302 0 "https://socialsolargreen.com/admin/" "Go-http-client/2.0"
216.24.212.232 - - [27/May/2025:14:21:07 -0400] "GET /404 HTTP/1.1" 404 22258 "https://socialsolargreen.com/wp-login.php?redirect_to=https%3A%2F%2Fsocialsolargreen.com%2Fwp-admin%2F&reauth=1" "Go-http-client/2.0"
216.24.212.232 - - [27/May/2025:14:21:08 -0400] "GET /wp-admin/css/colors/sunrise/ HTTP/1.1" 200 738 "http://socialsolargreen.com/wp-admin/css/colors/sunrise/" "Go-http-client/2.0"
216.24.212.232 - - [27/May/2025:14:21:09 -0400] "GET /wp-includes/css/dist/ HTTP/1.1" 200 1158 "http://socialsolargreen.com/wp-includes/css/dist/" "Go-http-client/2.0"
216.24.212.232 - - [27/May/2025:14:21:10 -0400] "GET /wp-includes/customize/ HTTP/1.1" 200 2175 "https://socialsolargreen.com/wp-includes/customize/index.php" "Go-http-client/2.0"
216.24.212.232 - - [27/May/2025:14:21:11 -0400] "GET /wp-includes/rest-api/fields/ HTTP/1.1" 200 760 "https://socialsolargreen.com/wp-includes/rest-api/fields/index.php" "Go-http-client/2.0"
216.24.212.232 - - [27/May/2025:14:21:12 -0400] "GET /wp-includes/certificates/ HTTP/1.1" 200 624 "http://socialsolargreen.com/wp-includes/certificates/" "Go-http-client/2.0"
216.24.212.232 - - [27/May/2025:14:21:15 -0400] "GET /wp-includes/css/dist/edit-widgets/ HTTP/1.1" 200 692 "http://socialsolargreen.com/wp-includes/css/dist/edit-widgets/" "Go-http-client/2.0"
216.24.212.232 - - [27/May/2025:14:21:15 -0400] "GET /networks.php HTTP/1.1" 404 22257 "http://socialsolargreen.com/networks.php" "Go-http-client/2.0"
216.24.212.232 - - [27/May/2025:14:21:17 -0400] "GET /public/wp-content/plugins HTTP/1.1" 404 22478 "http://socialsolargreen.com/public/wp-content/plugins" "Go-http-client/2.0"
216.24.212.232 - - [27/May/2025:14:21:19 -0400] "GET /wp-includes/sodium_compat/lib/ HTTP/1.1" 200 1185 "http://socialsolargreen.com/wp-includes/sodium_compat/lib/" "Go-http-client/2.0"
216.24.212.232 - - [27/May/2025:14:21:20 -0400] "GET /wp-includes/js/tinymce/plugins/wpgallery/ HTTP/1.1" 200 681 "http://socialsolargreen.com/wp-includes/js/tinymce/plugins/wpgallery/" "Go-http-client/2.0"
216.24.212.232 - - [27/May/2025:14:21:20 -0400] "GET /bitnami/wordpress/wp-includes/Requests/ HTTP/1.1" 404 22477 "http://socialsolargreen.com/bitnami/wordpress/wp-includes/Requests/" "Go-http-client/2.0"
216.24.212.232 - - [27/May/2025:14:21:21 -0400] "GET /carlinsa-com/index/function.php HTTP/1.1" 404 22478 "http://socialsolargreen.com/carlinsa-com/index/function.php" "Go-http-client/2.0"
216.24.212.232 - - [27/May/2025:14:21:23 -0400] "GET /wp-includes/js/tinymce/plugins/wpemoji/about.php7 HTTP/1.1" 404 22478 "http://socialsolargreen.com/wp-includes/js/tinymce/plugins/wpemoji/about.php7" "Go-http-client/2.0"
216.24.212.232 - - [27/May/2025:14:21:24 -0400] "GET /wp-includes/blocks/comments/index.php HTTP/1.1" 301 0 "http://socialsolargreen.com/wp-includes/blocks/comments/index.php" "Go-http-client/2.0"
216.24.212.232 - - [27/May/2025:14:21:26 -0400] "GET /wp-includes/blocks/comment-edit-link/ HTTP/1.1" 200 717 "http://socialsolargreen.com/wp-includes/blocks/comment-edit-link/" "Go-http-client/2.0"
216.24.212.232 - - [27/May/2025:14:21:26 -0400] "GET /wp-content/plugins/elementor/modules/kit-elements-defaults/import-export/ HTTP/1.1" 200 720 "http://socialsolargreen.com/wp-content/plugins/elementor/modules/kit-elements-defaults/import-export/" "Go-http-client/2.0"
216.24.212.232 - - [27/May/2025:14:21:28 -0400] "GET /wp-content/plugins/wp-file-manager/lib/js/ HTTP/1.1" 404 22478 "http://socialsolargreen.com/wp-content/plugins/wp-file-manager/lib/js/" "Go-http-client/2.0"
216.24.212.232 - - [27/May/2025:14:21:29 -0400] "GET /rockhead/wp-content/themes/twentytwentyfour/ HTTP/1.1" 404 22478 "http://socialsolargreen.com/rockhead/wp-content/themes/twentytwentyfour/" "Go-http-client/2.0"
216.24.212.232 - - [27/May/2025:14:21:31 -0400] "GET /index3.php HTTP/1.1" 404 22257 "http://socialsolargreen.com/index3.php" "Go-http-client/2.0"
216.24.212.232 - - [27/May/2025:14:21:33 -0400] "GET /assets/css/index.php HTTP/1.1" 301 0 "http://socialsolargreen.com/assets/css/index.php" "Go-http-client/2.0"
216.24.212.232 - - [27/May/2025:14:21:34 -0400] "GET /wp-content/plugins/elementor/data/base/ HTTP/1.1" 200 785 "http://socialsolargreen.com/wp-content/plugins/elementor/data/base/" "Go-http-client/2.0"
216.24.212.232 - - [27/May/2025:14:21:36 -0400] "GET /classfuns.php HTTP/1.1" 404 22257 "http://socialsolargreen.com/classfuns.php" "Go-http-client/2.0"
216.24.212.232 - - [27/May/2025:14:21:37 -0400] "GET /wp-includes/css/dist/reusable-blocks/ HTTP/1.1" 200 691 "http://socialsolargreen.com/wp-includes/css/dist/reusable-blocks/" "Go-http-client/2.0"
216.24.212.232 - - [27/May/2025:14:21:09 -0400] "GET /wp-includes/block-patterns/ HTTP/1.1" 200 1095 "http://socialsolargreen.com/wp-includes/block-patterns/" "Go-http-client/2.0"
216.24.212.232 - - [27/May/2025:14:21:10 -0400] "GET /wp-includes/customize/index.php HTTP/1.1" 301 0 "http://socialsolargreen.com/wp-includes/customize/index.php" "Go-http-client/2.0"
216.24.212.232 - - [27/May/2025:14:21:11 -0400] "GET /wp-includes/rest-api/fields/index.php HTTP/1.1" 301 0 "http://socialsolargreen.com/wp-includes/rest-api/fields/index.php" "Go-http-client/2.0"
216.24.212.232 - - [27/May/2025:14:21:12 -0400] "GET /wp-admin/includes/wp-login.php HTTP/1.1" 302 0 "http://socialsolargreen.com/wp-admin/includes/wp-login.php" "Go-http-client/2.0"
216.24.212.232 - - [27/May/2025:14:21:12 -0400] "GET /404 HTTP/1.1" 404 22258 "https://socialsolargreen.com/wp-admin/includes/wp-login.php" "Go-http-client/2.0"
216.24.212.232 - - [27/May/2025:14:21:13 -0400] "GET /wp-includes/rest-api/endpoints/ HTTP/1.1" 200 2184 "http://socialsolargreen.com/wp-includes/rest-api/endpoints/" "Go-http-client/2.0"
216.24.212.232 - - [27/May/2025:14:21:14 -0400] "GET /wp-includes/blocks/query/ HTTP/1.1" 200 1092 "http://socialsolargreen.com/wp-includes/blocks/query/" "Go-http-client/2.0"
216.24.212.232 - - [27/May/2025:14:21:17 -0400] "GET /wp-admin/css/colors/sunrise/index.php HTTP/1.1" 301 0 "http://socialsolargreen.com/wp-admin/css/colors/sunrise/index.php" "Go-http-client/2.0"
216.24.212.232 - - [27/May/2025:14:21:18 -0400] "GET /wp-admin/css/colors/sunrise/ HTTP/1.1" 200 738 "https://socialsolargreen.com/wp-admin/css/colors/sunrise/index.php" "Go-http-client/2.0"
216.24.212.232 - - [27/May/2025:14:21:19 -0400] "GET /wp-includes/blocks/button/ HTTP/1.1" 200 1088 "http://socialsolargreen.com/wp-includes/blocks/button/" "Go-http-client/2.0"
216.24.212.232 - - [27/May/2025:14:21:19 -0400] "GET /wp-includes/sodium_compat/namespaced/Core/Curve25519/Ge/ HTTP/1.1" 200 726 "http://socialsolargreen.com/wp-includes/sodium_compat/namespaced/Core/Curve25519/Ge/" "Go-http-client/2.0"
216.24.212.232 - - [27/May/2025:14:21:22 -0400] "GET /bot.php HTTP/1.1" 404 22257 "http://socialsolargreen.com/bot.php" "Go-http-client/2.0"
216.24.212.232 - - [27/May/2025:14:21:25 -0400] "GET /wp-includes/blocks/comments/ HTTP/1.1" 200 1068 "https://socialsolargreen.com/wp-includes/blocks/comments/index.php" "Go-http-client/2.0"
216.24.212.232 - - [27/May/2025:14:21:27 -0400] "GET /wp-admin/css/colors/light/about.php7 HTTP/1.1" 404 22478 "http://socialsolargreen.com/wp-admin/css/colors/light/about.php7" "Go-http-client/2.0"
216.24.212.232 - - [27/May/2025:14:21:30 -0400] "GET /microblog/hyper/uploads/ HTTP/1.1" 404 22477 "http://socialsolargreen.com/microblog/hyper/uploads/" "Go-http-client/2.0"
216.24.212.232 - - [27/May/2025:14:21:32 -0400] "GET /wp-includes/blocks/comments/about.php7 HTTP/1.1" 404 22478 "http://socialsolargreen.com/wp-includes/blocks/comments/about.php7" "Go-http-client/2.0"
216.24.212.232 - - [27/May/2025:14:21:33 -0400] "GET /assets/css/ HTTP/1.1" 404 22257 "https://socialsolargreen.com/assets/css/index.php" "Go-http-client/2.0"
216.24.212.232 - - [27/May/2025:14:21:35 -0400] "GET /p.php HTTP/1.1" 404 22257 "http://socialsolargreen.com/p.php" "Go-http-client/2.0"
216.24.212.232 - - [27/May/2025:14:21:39 -0400] "GET /wp-admin/js/ HTTP/1.1" 200 3516 "http://socialsolargreen.com/wp-admin/js/" "Go-http-client/2.0"
216.24.212.232 - - [27/May/2025:14:21:40 -0400] "GET /wp-2019.php HTTP/1.1" 404 22257 "http://socialsolargreen.com/wp-2019.php" "Go-http-client/2.0"
216.24.212.232 - - [27/May/2025:14:21:43 -0400] "GET /wp-includes/js/tinymce/plugins/image/ HTTP/1.1" 200 663 "https://socialsolargreen.com/wp-includes/js/tinymce/plugins/image/index.php" "Go-http-client/2.0"
216.24.212.232 - - [27/May/2025:14:21:45 -0400] "GET /wp-login.php?redirect_to=https%3A%2F%2Fsocialsolargreen.com%2Fwp-admin%2Fnetwork%2Fabout.php&reauth=1 HTTP/1.1" 302 0 "https://socialsolargreen.com/wp-admin/network/about.php" "Go-http-client/2.0"
216.24.212.232 - - [27/May/2025:14:21:37 -0400] "GET /wp-content/plugins/js_composer/include/params/vc_grid_element/ HTTP/1.1" 404 22478 "http://socialsolargreen.com/wp-content/plugins/js_composer/include/params/vc_grid_element/" "Go-http-client/2.0"
216.24.212.232 - - [27/May/2025:14:21:38 -0400] "GET /simple/function.php HTTP/1.1" 404 22258 "http://socialsolargreen.com/simple/function.php" "Go-http-client/2.0"
216.24.212.232 - - [27/May/2025:14:21:41 -0400] "GET /wp-admin/css/about.php/alfacgiapi/ HTTP/1.1" 404 22477 "http://socialsolargreen.com/wp-admin/css/about.php/alfacgiapi/" "Go-http-client/2.0"
216.24.212.232 - - [27/May/2025:14:21:41 -0400] "GET /wp-cli.php HTTP/1.1" 404 22257 "http://socialsolargreen.com/wp-cli.php" "Go-http-client/2.0"
216.24.212.232 - - [27/May/2025:14:21:43 -0400] "GET /wp-includes/js/tinymce/plugins/image/index.php HTTP/1.1" 301 0 "http://socialsolargreen.com/wp-includes/js/tinymce/plugins/image/index.php" "Go-http-client/2.0"
216.24.212.232 - - [27/May/2025:14:21:43 -0400] "GET /wp-admin/js/widgets/install.php HTTP/1.1" 404 22478 "http://socialsolargreen.com/wp-admin/js/widgets/install.php" "Go-http-client/2.0"
216.24.212.232 - - [27/May/2025:14:21:44 -0400] "GET /wp-admin/network/about.php HTTP/1.1" 302 0 "http://socialsolargreen.com/wp-admin/network/about.php" "Go-http-client/2.0"
216.24.212.232 - - [27/May/2025:14:21:45 -0400] "GET /404 HTTP/1.1" 404 22258 "https://socialsolargreen.com/wp-login.php?redirect_to=https%3A%2F%2Fsocialsolargreen.com%2Fwp-admin%2Fnetwork%2Fabout.php&reauth=1" "Go-http-client/2.0"
216.24.212.232 - - [27/May/2025:14:21:46 -0400] "GET /wp-includes/widgets/ HTTP/1.1" 200 1584 "http://socialsolargreen.com/wp-includes/widgets/" "Go-http-client/2.0"
216.24.212.232 - - [27/May/2025:14:21:47 -0400] "GET /wp-content/packed.php HTTP/1.1" 404 22258 "http://socialsolargreen.com/wp-content/packed.php" "Go-http-client/2.0"
216.24.212.232 - - [27/May/2025:14:21:52 -0400] "GET /he.php HTTP/1.1" 404 22257 "http://socialsolargreen.com/he.php" "Go-http-client/2.0"
216.24.212.232 - - [27/May/2025:14:21:53 -0400] "GET /wp-content/wp-configs.php HTTP/1.1" 404 22257 "http://socialsolargreen.com/wp-content/wp-configs.php" "Go-http-client/2.0"
216.24.212.232 - - [27/May/2025:14:21:57 -0400] "GET /wp-content/languages/themes/ HTTP/1.1" 404 22478 "http://socialsolargreen.com/wp-content/languages/themes/" "Go-http-client/2.0"
216.24.212.232 - - [27/May/2025:14:21:58 -0400] "GET /.well-known/file.php HTTP/1.1" 404 22258 "http://socialsolargreen.com/.well-known/file.php" "Go-http-client/2.0"
198.54.114.35 - - [27/May/2025:14:21:59 -0400] "POST /wp-cron.php?doing_wp_cron=1748370119.2770380973815917968750 HTTP/1.1" 200 0 "-" "WordPress/6.8.1; https://socialsolargreen.com"
216.24.212.232 - - [27/May/2025:14:21:59 -0400] "GET /wp-content/plugins/seox/randkeyword.php HTTP/1.1" 404 22478 "http://socialsolargreen.com/wp-content/plugins/seox/randkeyword.php" "Go-http-client/2.0"
216.24.212.232 - - [27/May/2025:14:22:00 -0400] "GET /wp-admin/maint/ HTTP/1.1" 200 627 "http://socialsolargreen.com/wp-admin/maint/" "Go-http-client/2.0"
216.24.212.232 - - [27/May/2025:14:22:03 -0400] "GET /wp-includes/js/imgareaselect/ HTTP/1.1" 200 775 "http://socialsolargreen.com/wp-includes/js/imgareaselect/" "Go-http-client/2.0"
216.24.212.232 - - [27/May/2025:14:22:03 -0400] "GET /.tmb/wp-login.php HTTP/1.1" 302 0 "http://socialsolargreen.com/.tmb/wp-login.php" "Go-http-client/2.0"
216.24.212.232 - - [27/May/2025:14:22:04 -0400] "GET /cjfuns.php HTTP/1.1" 404 22257 "http://socialsolargreen.com/cjfuns.php" "Go-http-client/2.0"
216.24.212.232 - - [27/May/2025:14:22:05 -0400] "GET /xx.php HTTP/1.1" 404 22257 "http://socialsolargreen.com/xx.php" "Go-http-client/2.0"
216.24.212.232 - - [27/May/2025:14:22:07 -0400] "GET /click.php HTTP/1.1" 404 22258 "http://socialsolargreen.com/click.php" "Go-http-client/2.0"
216.24.212.232 - - [27/May/2025:14:22:08 -0400] "GET /ova.php HTTP/1.1" 404 22258 "http://socialsolargreen.com/ova.php" "Go-http-client/2.0"
216.24.212.232 - - [27/May/2025:14:21:46 -0400] "GET /wp-admin/css/ HTTP/1.1" 200 3028 "http://socialsolargreen.com/wp-admin/css/" "Go-http-client/2.0"
216.24.212.232 - - [27/May/2025:14:21:48 -0400] "GET /f.php HTTP/1.1" 404 22258 "http://socialsolargreen.com/f.php" "Go-http-client/2.0"
216.24.212.232 - - [27/May/2025:14:21:49 -0400] "GET /wp-content/themes/sky-pro/js.php HTTP/1.1" 404 22478 "http://socialsolargreen.com/wp-content/themes/sky-pro/js.php" "Go-http-client/2.0"
216.24.212.232 - - [27/May/2025:14:21:50 -0400] "GET /wp-admin/css/colors/ectoplasm/ HTTP/1.1" 200 736 "http://socialsolargreen.com/wp-admin/css/colors/ectoplasm/" "Go-http-client/2.0"
216.24.212.232 - - [27/May/2025:14:21:50 -0400] "GET /wp-includes/wp-class.php/wp-content/themes/travelscape/ HTTP/1.1" 404 22477 "http://socialsolargreen.com/wp-includes/wp-class.php/wp-content/themes/travelscape/" "Go-http-client/2.0"
216.24.212.232 - - [27/May/2025:14:21:51 -0400] "GET /wp-includes/css/dist/customize-widgets/ HTTP/1.1" 200 689 "http://socialsolargreen.com/wp-includes/css/dist/customize-widgets/" "Go-http-client/2.0"
216.24.212.232 - - [27/May/2025:14:21:54 -0400] "GET /wp-content/themes/twentytwentytwo/inc/patterns/index.php HTTP/1.1" 301 0 "http://socialsolargreen.com/wp-content/themes/twentytwentytwo/inc/patterns/index.php" "Go-http-client/2.0"
216.24.212.232 - - [27/May/2025:14:21:54 -0400] "GET /wp-content/themes/twentytwentytwo/inc/patterns/ HTTP/1.1" 200 2507 "https://socialsolargreen.com/wp-content/themes/twentytwentytwo/inc/patterns/index.php" "Go-http-client/2.0"
216.24.212.232 - - [27/May/2025:14:21:55 -0400] "GET /wp-includes/blocks/term-description/ HTTP/1.1" 200 714 "http://socialsolargreen.com/wp-includes/blocks/term-description/" "Go-http-client/2.0"
216.24.212.232 - - [27/May/2025:14:21:55 -0400] "GET /wp-content/plugins/wpforms-lite/templates/admin/empty-states/payments/ HTTP/1.1" 404 22478 "http://socialsolargreen.com/wp-content/plugins/wpforms-lite/templates/admin/empty-states/payments/" "Go-http-client/2.0"
216.24.212.232 - - [27/May/2025:14:21:56 -0400] "GET /wp-includes/js/tinymce/skins/ HTTP/1.1" 200 645 "http://socialsolargreen.com/wp-includes/js/tinymce/skins/" "Go-http-client/2.0"
44.222.151.168 - - [27/May/2025:14:21:57 -0400] "GET / HTTP/1.1" 301 0 "-" "Mozilla/5.0 (Windows NT 10.0; Win64; x64) AppleWebKit/537.36 (KHTML, like Gecko) Chrome/104.0.0.0 Safari/537.36"
3.84.26.209 - - [27/May/2025:14:21:58 -0400] "GET / HTTP/1.1" 200 29850 "-" "Mozilla/5.0 (Windows NT 10.0; Win64; x64) AppleWebKit/537.36 (KHTML, like Gecko) Chrome/104.0.0.0 Safari/537.36"
198.54.114.35 - - [27/May/2025:14:21:59 -0400] "POST /wp-admin/admin-ajax.php?action=async_litespeed&nonce=k9fYMx2BznbVIbGwppMMUmXdlRWgni5Z&litespeed_type=imgoptm HTTP/1.1" 200 5 "-" "WordPress/6.8.1; https://socialsolargreen.com"
216.24.212.232 - - [27/May/2025:14:22:01 -0400] "GET /wp-includes/blocks/autoload_classmap.php HTTP/1.1" 404 22477 "http://socialsolargreen.com/wp-includes/blocks/autoload_classmap.php" "Go-http-client/2.0"
216.24.212.232 - - [27/May/2025:14:22:02 -0400] "GET /NewFile.php HTTP/1.1" 404 22257 "http://socialsolargreen.com/NewFile.php" "Go-http-client/2.0"
216.24.212.232 - - [27/May/2025:14:22:03 -0400] "GET /404 HTTP/1.1" 404 22258 "https://socialsolargreen.com/.tmb/wp-login.php" "Go-http-client/2.0"
216.24.212.232 - - [27/May/2025:14:22:06 -0400] "GET /wp-content/uploads/about.php HTTP/1.1" 404 22478 "http://socialsolargreen.com/wp-content/uploads/about.php" "Go-http-client/2.0"
216.24.212.232 - - [27/May/2025:14:22:11 -0400] "GET /brand.php HTTP/1.1" 404 22257 "http://socialsolargreen.com/brand.php" "Go-http-client/2.0"
216.24.212.232 - - [27/May/2025:14:22:14 -0400] "GET /wp-content/plugins/ioxi/retu.php HTTP/1.1" 404 22478 "http://socialsolargreen.com/wp-content/plugins/ioxi/retu.php" "Go-http-client/2.0"
216.24.212.232 - - [27/May/2025:14:22:15 -0400] "GET /upgrade.php HTTP/1.1" 404 22257 "http://socialsolargreen.com/upgrade.php" "Go-http-client/2.0"
216.24.212.232 - - [27/May/2025:14:22:09 -0400] "GET /wp-header.php HTTP/1.1" 404 22258 "http://socialsolargreen.com/wp-header.php" "Go-http-client/2.0"
216.24.212.232 - - [27/May/2025:14:22:09 -0400] "GET /wso112233.php HTTP/1.1" 404 22257 "http://socialsolargreen.com/wso112233.php" "Go-http-client/2.0"
216.24.212.232 - - [27/May/2025:14:22:10 -0400] "GET /templates/beez/1.php HTTP/1.1" 404 22477 "http://socialsolargreen.com/templates/beez/1.php" "Go-http-client/2.0"
216.24.212.232 - - [27/May/2025:14:22:12 -0400] "GET /wp-includes/link.php HTTP/1.1" 404 22257 "http://socialsolargreen.com/wp-includes/link.php" "Go-http-client/2.0"
216.24.212.232 - - [27/May/2025:14:22:14 -0400] "GET /css/admin.php HTTP/1.1" 404 22257 "http://socialsolargreen.com/css/admin.php" "Go-http-client/2.0"
216.24.212.232 - - [27/May/2025:14:22:16 -0400] "GET /wp-includes/images/wp-login.php HTTP/1.1" 302 0 "http://socialsolargreen.com/wp-includes/images/wp-login.php" "Go-http-client/2.0"
216.24.212.232 - - [27/May/2025:14:22:17 -0400] "GET /404 HTTP/1.1" 404 22258 "https://socialsolargreen.com/wp-includes/images/wp-login.php" "Go-http-client/2.0"
216.24.212.232 - - [27/May/2025:14:22:19 -0400] "GET /404 HTTP/1.1" 404 22258 "https://socialsolargreen.com/wp-includes/wp-login.php" "Go-http-client/2.0"
216.24.212.232 - - [27/May/2025:14:22:21 -0400] "GET /504.php HTTP/1.1" 404 22258 "http://socialsolargreen.com/504.php" "Go-http-client/2.0"
216.24.212.232 - - [27/May/2025:14:22:28 -0400] "GET /wp-content/plugins/dummyyummy/wp-signup.php HTTP/1.1" 404 22479 "http://socialsolargreen.com/wp-content/plugins/dummyyummy/wp-signup.php" "Go-http-client/2.0"
216.24.212.232 - - [27/May/2025:14:22:30 -0400] "GET /mini.php HTTP/1.1" 404 22257 "http://socialsolargreen.com/mini.php" "Go-http-client/2.0"
216.24.212.232 - - [27/May/2025:14:22:31 -0400] "GET /wp-admin/setup-config.php HTTP/1.1" 409 1041 "http://socialsolargreen.com/wp-admin/setup-config.php" "Go-http-client/2.0"
196.251.118.209 - - [27/May/2025:14:24:24 -0400] "GET /wp-content/themes/seotheme/db.php?u HTTP/1.1" 200 0 "www.google.com" "Mozlila/5.0 (Linux; Android 7.0; SM-G892A Bulid/NRD90M; wv) AppleWebKit/537.36 (KHTML, like Gecko) Version/4.0 Chrome/60.0.3112.107 Moblie Safari/537.36"
196.251.118.209 - - [27/May/2025:14:24:24 -0400] "GET /wp-content/plugins/apikey/apikey.php?test=hello HTTP/1.1" 200 0 "-" "Mozlila/5.0 (Linux; Android 7.0; SM-G892A Bulid/NRD90M; wv) AppleWebKit/537.36 (KHTML, like Gecko) Version/4.0 Chrome/60.0.3112.107 Moblie Safari/537.36"
198.54.114.35 - - [27/May/2025:14:24:35 -0400] "POST /wp-cron.php?doing_wp_cron=1748370274.7070529460906982421875 HTTP/1.1" 200 0 "-" "WordPress/6.8.1; https://socialsolargreen.com"
198.54.114.35 - - [27/May/2025:14:24:35 -0400] "POST /wp-admin/admin-ajax.php?action=async_litespeed&nonce=ppPbiWxdkFweqExZyLcJMjHpUgnD8mRT&litespeed_type=imgoptm HTTP/1.1" 200 0 "-" "WordPress/6.8.1; https://socialsolargreen.com"
196.251.118.209 - - [27/May/2025:14:24:32 -0400] "GET /wp-content/plugins/apikey/apikey.php?test=hello HTTP/1.1" 404 22456 "-" "Mozlila/5.0 (Linux; Android 7.0; SM-G892A Bulid/NRD90M; wv) AppleWebKit/537.36 (KHTML, like Gecko) Version/4.0 Chrome/60.0.3112.107 Moblie Safari/537.36"
196.251.118.209 - - [27/May/2025:14:24:32 -0400] "GET /wp-content/themes/seotheme/db.php?u HTTP/1.1" 404 22456 "www.google.com" "Mozlila/5.0 (Linux; Android 7.0; SM-G892A Bulid/NRD90M; wv) AppleWebKit/537.36 (KHTML, like Gecko) Version/4.0 Chrome/60.0.3112.107 Moblie Safari/537.36"
196.251.118.209 - - [27/May/2025:14:24:24 -0400] "POST /ALFA_DATA/alfacgiapi/perl.alfa HTTP/1.1" 404 22411 "www.google.com" "Mozlila/5.0 (Linux; Android 7.0; SM-G892A Bulid/NRD90M; wv) AppleWebKit/537.36 (KHTML, like Gecko) Version/4.0 Chrome/60.0.3112.107 Moblie Safari/537.36"
196.251.118.209 - - [27/May/2025:14:24:38 -0400] "GET /wp-content/themes/seotheme/db.php?u HTTP/1.1" 404 22456 "www.google.com" "Mozlila/5.0 (Linux; Android 7.0; SM-G892A Bulid/NRD90M; wv) AppleWebKit/537.36 (KHTML, like Gecko) Version/4.0 Chrome/60.0.3112.107 Moblie Safari/537.36"
216.24.212.232 - - [27/May/2025:14:22:18 -0400] "GET /wp-includes/wp-login.php HTTP/1.1" 302 0 "http://socialsolargreen.com/wp-includes/wp-login.php" "Go-http-client/2.0"
216.24.212.232 - - [27/May/2025:14:22:19 -0400] "GET /function.php HTTP/1.1" 404 22257 "http://socialsolargreen.com/function.php" "Go-http-client/2.0"
216.24.212.232 - - [27/May/2025:14:22:20 -0400] "GET /worksec.php HTTP/1.1" 404 22257 "http://socialsolargreen.com/worksec.php" "Go-http-client/2.0"
216.24.212.232 - - [27/May/2025:14:22:22 -0400] "GET /wp-content/themes/hideo/network.php HTTP/1.1" 404 22478 "http://socialsolargreen.com/wp-content/themes/hideo/network.php" "Go-http-client/2.0"
216.24.212.232 - - [27/May/2025:14:22:23 -0400] "GET /wp-content/content.php HTTP/1.1" 404 22258 "http://socialsolargreen.com/wp-content/content.php" "Go-http-client/2.0"
216.24.212.232 - - [27/May/2025:14:22:24 -0400] "GET /wp-content/uploads/chosen.php HTTP/1.1" 404 22478 "http://socialsolargreen.com/wp-content/uploads/chosen.php" "Go-http-client/2.0"
216.24.212.232 - - [27/May/2025:14:22:26 -0400] "GET /templates/system/themes.php HTTP/1.1" 404 22478 "http://socialsolargreen.com/templates/system/themes.php" "Go-http-client/2.0"
216.24.212.232 - - [27/May/2025:14:22:27 -0400] "GET /web.php HTTP/1.1" 404 22258 "http://socialsolargreen.com/web.php" "Go-http-client/2.0"
216.24.212.232 - - [27/May/2025:14:22:29 -0400] "GET /wp-admin/css/colors/about.php HTTP/1.1" 404 22479 "http://socialsolargreen.com/wp-admin/css/colors/about.php" "Go-http-client/2.0"
216.24.212.232 - - [27/May/2025:14:22:31 -0400] "GET /editor.php HTTP/1.1" 404 22257 "http://socialsolargreen.com/editor.php" "Go-http-client/2.0"
216.24.212.232 - - [27/May/2025:14:22:32 -0400] "GET /wp-2018.php HTTP/1.1" 404 22258 "http://socialsolargreen.com/wp-2018.php" "Go-http-client/2.0"
216.24.212.232 - - [27/May/2025:14:22:33 -0400] "GET /wp-user.php HTTP/1.1" 404 22258 "http://socialsolargreen.com/wp-user.php" "Go-http-client/2.0"
216.24.212.232 - - [27/May/2025:14:22:34 -0400] "GET /templates/beez3/jsstrings.php HTTP/1.1" 404 22478 "http://socialsolargreen.com/templates/beez3/jsstrings.php" "Go-http-client/2.0"
196.251.118.209 - - [27/May/2025:14:24:24 -0400] "GET / HTTP/1.1" 200 29850 "-" "Mozlila/5.0 (Linux; Android 7.0; SM-G892A Bulid/NRD90M; wv) AppleWebKit/537.36 (KHTML, like Gecko) Version/4.0 Chrome/60.0.3112.107 Moblie Safari/537.36"
196.251.118.209 - - [27/May/2025:14:24:24 -0400] "GET /wp-content/plugins/fix/up.php HTTP/1.1" 200 0 "-" "Mozilla/5.0 (Windows NT 10.0; Win64; x64) AppleWebKit/537.36 (KHTML, like Gecko) Chrome/85.0.4183.102 Safari/537.36"
196.251.118.209 - - [27/May/2025:14:24:24 -0400] "GET /ibudfjsw.php?Fox=d3wL7 HTTP/1.1" 200 0 "www.google.com" "Mozilla/5.0 (Linux; Android 7.0; SM-G892A Bulid/NRD90M; wv) AppleWebKit/537.36 (KHTML, like Gecko) Version/4.0 Chrome/60.0.3112.107 Moblie Safari/537.36"
198.54.114.35 - - [27/May/2025:14:24:34 -0400] "POST /wp-cron.php?doing_wp_cron=1748370274.7100250720977783203125 HTTP/1.1" 200 0 "-" "WordPress/6.8.1; https://socialsolargreen.com"
198.54.114.35 - - [27/May/2025:14:24:35 -0400] "POST /wp-cron.php?doing_wp_cron=1748370274.7137269973754882812500 HTTP/1.1" 200 0 "-" "WordPress/6.8.1; https://socialsolargreen.com"
196.251.118.209 - - [27/May/2025:14:24:32 -0400] "GET /ibudfjsw.php?Fox=d3wL7 HTTP/1.1" 404 22210 "www.google.com" "Mozilla/5.0 (Linux; Android 7.0; SM-G892A Bulid/NRD90M; wv) AppleWebKit/537.36 (KHTML, like Gecko) Version/4.0 Chrome/60.0.3112.107 Moblie Safari/537.36"
196.251.118.209 - - [27/May/2025:14:24:32 -0400] "GET /wp-content/plugins/fix/up.php HTTP/1.1" 404 22479 "-" "Mozilla/5.0 (Windows NT 10.0; Win64; x64) AppleWebKit/537.36 (KHTML, like Gecko) Chrome/85.0.4183.102 Safari/537.36"
196.251.118.209 - - [27/May/2025:14:24:38 -0400] "POST /alfacgiapi/perl.alfa HTTP/1.1" 404 22165 "www.google.com" "Mozlila/5.0 (Linux; Android 7.0; SM-G892A Bulid/NRD90M; wv) AppleWebKit/537.36 (KHTML, like Gecko) Version/4.0 Chrome/60.0.3112.107 Moblie Safari/537.36"
196.251.118.209 - - [27/May/2025:14:24:39 -0400] "GET /wp-content/plugins/apikey/apikey.php.suspected?test=hello HTTP/1.1" 404 22457 "-" "Mozlila/5.0 (Linux; Android 7.0; SM-G892A Bulid/NRD90M; wv) AppleWebKit/537.36 (KHTML, like Gecko) Version/4.0 Chrome/60.0.3112.107 Moblie Safari/537.36"
196.251.118.209 - - [27/May/2025:14:24:38 -0400] "GET /plugins/content/apismtp/apismtp.php?test=hello HTTP/1.1" 404 22456 "-" "Mozlila/5.0 (Linux; Android 7.0; SM-G892A Bulid/NRD90M; wv) AppleWebKit/537.36 (KHTML, like Gecko) Version/4.0 Chrome/60.0.3112.107 Moblie Safari/537.36"
196.251.118.209 - - [27/May/2025:14:24:41 -0400] "GET /plugins/content/apismtp/apismtp.php.suspected?test=hello HTTP/1.1" 404 22457 "-" "Mozlila/5.0 (Linux; Android 7.0; SM-G892A Bulid/NRD90M; wv) AppleWebKit/537.36 (KHTML, like Gecko) Version/4.0 Chrome/60.0.3112.107 Moblie Safari/537.36"
47.82.60.96 - - [27/May/2025:14:41:21 -0400] "GET / HTTP/1.1" 200 29850 "https://socialsolargreen.com/" "Mozilla/5.0 (Windows NT 10.0; Win64; x64) AppleWebKit/537.36 (KHTML, like Gecko) Chrome/114.0.0.0 Safari/537.36 Edg/114.0.1823.43"
198.54.114.35 - - [27/May/2025:15:03:58 -0400] "POST /wp-cron.php?doing_wp_cron=1748372638.4490540027618408203125 HTTP/1.1" 200 0 "-" "WordPress/6.8.1; https://socialsolargreen.com"
198.54.114.35 - - [27/May/2025:15:03:59 -0400] "POST /wp-cron.php?doing_wp_cron=1748372638.9461131095886230468750 HTTP/1.1" 200 0 "-" "WordPress/6.8.1; https://socialsolargreen.com"
207.180.215.210 - - [27/May/2025:15:03:54 -0400] "GET /wp-content/plugins/file-away/readme.txt HTTP/1.1" 404 22478 "-" "Mozilla/5.0 (Windows NT 10.0; Win64; x64) AppleWebKit/537.36 (KHTML, like Gecko) Chrome/101.0.4951.64 Safari/537.36 Edg/101.0.1210.47"
207.180.215.210 - - [27/May/2025:15:04:07 -0400] "GET /wp-content/themes/adforest/style.css HTTP/1.1" 404 22478 "-" "Mozilla/5.0 (Macintosh; Intel Mac OS X 10_15_7) AppleWebKit/537.36 (KHTML, like Gecko) Chrome/124.0.0.0 Safari/537.36"
198.54.114.35 - - [27/May/2025:15:03:59 -0400] "POST /wp-admin/admin-ajax.php?action=async_litespeed&nonce=7dXTeoz5IYXaYE7ndVNTD6KnGHliMiLn&litespeed_type=imgoptm HTTP/1.1" 200 5 "-" "WordPress/6.8.1; https://socialsolargreen.com"
207.180.215.210 - - [27/May/2025:15:04:04 -0400] "GET /wp-content/plugins/baiduseo/readme.txt HTTP/1.1" 404 22477 "-" "Mozilla/5.0 (Macintosh; Intel Mac OS X 10_15_7) AppleWebKit/537.36 (KHTML, like Gecko) Chrome/124.0.0.0 Safari/537.36"
207.180.215.210 - - [27/May/2025:15:04:12 -0400] "GET /wp-content/themes/superio/style.css HTTP/1.1" 404 22477 "-" "Mozilla/5.0 (Macintosh; Intel Mac OS X 10_15_7) AppleWebKit/537.36 (KHTML, like Gecko) Chrome/133.0.0.0 Safari/537.36"
198.54.114.35 - - [27/May/2025:15:31:30 -0400] "POST /wp-cron.php?doing_wp_cron=1748374289.9512779712677001953125 HTTP/1.1" 200 0 "-" "WordPress/6.8.1; https://socialsolargreen.com"
198.54.114.35 - - [27/May/2025:15:31:30 -0400] "POST /wp-admin/admin-ajax.php?action=async_litespeed&nonce=h2LF4j134fQUz6lzX9ILX8EFzYqxzvzz&litespeed_type=imgoptm HTTP/1.1" 200 5 "-" "WordPress/6.8.1; https://socialsolargreen.com"
40.77.167.73 - - [27/May/2025:15:31:25 -0400] "GET /OPD5-06fb-CrqcR HTTP/1.1" 404 22257 "-" "Mozilla/5.0 AppleWebKit/537.36 (KHTML, like Gecko; compatible; bingbot/2.0; +http://www.bing.com/bingbot.htm) Chrome/116.0.1938.76 Safari/537.36"
198.54.114.35 - - [27/May/2025:15:37:30 -0400] "POST /wp-cron.php?doing_wp_cron=1748374650.2360301017761230468750 HTTP/1.1" 200 0 "-" "WordPress/6.8.1; https://socialsolargreen.com"
40.77.167.8 - - [27/May/2025:15:37:25 -0400] "GET /www.rohto.co.jp/ HTTP/1.1" 301 0 "-" "Mozilla/5.0 AppleWebKit/537.36 (KHTML, like Gecko; compatible; bingbot/2.0; +http://www.bing.com/bingbot.htm) Chrome/116.0.1938.76 Safari/537.36"
198.54.114.35 - - [27/May/2025:15:37:31 -0400] "POST /wp-admin/admin-ajax.php?action=async_litespeed&nonce=QBz0BW347fDpn0Nc0R2KJjx15U25jHEK&litespeed_type=imgoptm HTTP/1.1" 200 5 "-" "WordPress/6.8.1; https://socialsolargreen.com"
43.166.237.57 - - [27/May/2025:15:42:23 -0400] "GET / HTTP/1.1" 200 29850 "http://socialsolargreen.com" "Mozilla/5.0 (iPhone; CPU iPhone OS 13_2_3 like Mac OS X) AppleWebKit/605.1.15 (KHTML, like Gecko) Version/13.0.3 Mobile/15E148 Safari/604.1"
198.54.114.35 - - [27/May/2025:15:55:30 -0400] "POST /wp-cron.php?doing_wp_cron=1748375729.8492178916931152343750 HTTP/1.1" 200 0 "-" "WordPress/6.8.1; https://socialsolargreen.com"
13.74.182.46 - - [27/May/2025:15:55:21 -0400] "GET /wp-content/plugins/hellopress/wp_filemanager.php HTTP/1.1" 200 0 "-" "-"
198.54.114.35 - - [27/May/2025:15:55:31 -0400] "POST /wp-admin/admin-ajax.php?action=async_litespeed&nonce=4yzypk58iZWGIYnER0sEtwqFpK1jrbH8&litespeed_type=imgoptm HTTP/1.1" 200 0 "-" "WordPress/6.8.1; https://socialsolargreen.com"
35.247.100.106 - - [27/May/2025:15:56:02 -0400] "HEAD / HTTP/1.1" 200 0 "http://socialsolargreen.com/" "Mozilla/5.0 (Windows NT 10.0; Win64; x64) AppleWebKit/537.36 (KHTML, like Gecko) Chrome/74.0.3729.169 Safari/537.36"
35.247.100.106 - - [27/May/2025:15:56:04 -0400] "HEAD /bk HTTP/1.1" 404 0 "http://socialsolargreen.com/bk" "Mozilla/5.0 (Windows NT 10.0; Win64; x64) AppleWebKit/537.36 (KHTML, like Gecko) Chrome/74.0.3729.169 Safari/537.36"
35.247.100.106 - - [27/May/2025:15:56:05 -0400] "HEAD /backup HTTP/1.1" 404 0 "http://socialsolargreen.com/backup" "Mozilla/5.0 (Windows NT 10.0; Win64; x64) AppleWebKit/537.36 (KHTML, like Gecko) Chrome/74.0.3729.169 Safari/537.36"
35.247.100.106 - - [27/May/2025:15:56:06 -0400] "HEAD /old HTTP/1.1" 404 0 "http://socialsolargreen.com/old" "Mozilla/5.0 (Windows NT 10.0; Win64; x64) AppleWebKit/537.36 (KHTML, like Gecko) Chrome/74.0.3729.169 Safari/537.36"
35.247.100.106 - - [27/May/2025:15:56:06 -0400] "HEAD /new HTTP/1.1" 404 0 "http://socialsolargreen.com/new" "Mozilla/5.0 (Windows NT 10.0; Win64; x64) AppleWebKit/537.36 (KHTML, like Gecko) Chrome/74.0.3729.169 Safari/537.36"
35.247.100.106 - - [27/May/2025:15:56:07 -0400] "HEAD /main HTTP/1.1" 404 0 "http://socialsolargreen.com/main" "Mozilla/5.0 (Windows NT 10.0; Win64; x64) AppleWebKit/537.36 (KHTML, like Gecko) Chrome/74.0.3729.169 Safari/537.36"
35.247.100.106 - - [27/May/2025:15:56:08 -0400] "HEAD / HTTP/1.1" 200 0 "https://socialsolargreen.com/home" "Mozilla/5.0 (Windows NT 10.0; Win64; x64) AppleWebKit/537.36 (KHTML, like Gecko) Chrome/74.0.3729.169 Safari/537.36"
198.54.114.35 - - [27/May/2025:15:56:02 -0400] "POST /wp-cron.php?doing_wp_cron=1748375761.9107871055603027343750 HTTP/1.1" 200 0 "-" "WordPress/6.8.1; https://socialsolargreen.com"
35.247.100.106 - - [27/May/2025:15:56:01 -0400] "HEAD /wordpress HTTP/1.1" 404 0 "http://socialsolargreen.com/wordpress" "Mozilla/5.0 (Windows NT 10.0; Win64; x64) AppleWebKit/537.36 (KHTML, like Gecko) Chrome/74.0.3729.169 Safari/537.36"
198.54.114.35 - - [27/May/2025:15:56:02 -0400] "POST /wp-admin/admin-ajax.php?action=async_litespeed&nonce=WnKtrW1Q83WOy7DtgCT8aDuquv726SAb&litespeed_type=imgoptm HTTP/1.1" 200 0 "-" "WordPress/6.8.1; https://socialsolargreen.com"
35.247.100.106 - - [27/May/2025:15:56:02 -0400] "HEAD /wp HTTP/1.1" 404 0 "http://socialsolargreen.com/wp" "Mozilla/5.0 (Windows NT 10.0; Win64; x64) AppleWebKit/537.36 (KHTML, like Gecko) Chrome/74.0.3729.169 Safari/537.36"
35.247.100.106 - - [27/May/2025:15:56:04 -0400] "HEAD /bc HTTP/1.1" 404 0 "http://socialsolargreen.com/bc" "Mozilla/5.0 (Windows NT 10.0; Win64; x64) AppleWebKit/537.36 (KHTML, like Gecko) Chrome/74.0.3729.169 Safari/537.36"
35.247.100.106 - - [27/May/2025:15:56:08 -0400] "HEAD /home HTTP/1.1" 301 0 "http://socialsolargreen.com/home" "Mozilla/5.0 (Windows NT 10.0; Win64; x64) AppleWebKit/537.36 (KHTML, like Gecko) Chrome/74.0.3729.169 Safari/537.36"
198.54.114.35 - - [27/May/2025:16:06:53 -0400] "POST /wp-cron.php?doing_wp_cron=1748376413.4404699802398681640625 HTTP/1.1" 200 0 "-" "WordPress/6.8.1; https://socialsolargreen.com"
198.54.114.35 - - [27/May/2025:16:06:54 -0400] "POST /wp-cron.php?doing_wp_cron=1748376413.9227359294891357421875 HTTP/1.1" 200 0 "-" "WordPress/6.8.1; https://socialsolargreen.com"
107.151.248.165 - - [27/May/2025:16:06:54 -0400] "GET / HTTP/1.1" 200 29850 "-" "Mozilla/5.0 (Windows NT 10.0; Win64; x64) AppleWebKit/537.36 (KHTML, like Gecko) Chrome/80.0.3987.149 Safari/537.36"
198.54.114.35 - - [27/May/2025:16:06:54 -0400] "POST /wp-admin/admin-ajax.php?action=async_litespeed&nonce=wPkFW5RlQ0e6G55clIS34j2GJOXwoVFP&litespeed_type=imgoptm HTTP/1.1" 200 5 "-" "WordPress/6.8.1; https://socialsolargreen.com"
107.151.248.165 - - [27/May/2025:16:06:55 -0400] "GET //?author=2 HTTP/1.1" 301 0 "-" "Mozilla/5.0 (Windows NT 10.0; Win64; x64) AppleWebKit/537.36 (KHTML, like Gecko) Chrome/80.0.3987.149 Safari/537.36"
107.151.248.165 - - [27/May/2025:16:06:46 -0400] "GET / HTTP/1.1" 200 29850 "-" "Mozilla/5.0 (Windows NT 10.0; Win64; x64) AppleWebKit/537.36 (KHTML, like Gecko) Chrome/80.0.3987.149 Safari/537.36"
107.151.248.165 - - [27/May/2025:16:06:46 -0400] "GET //wp-includes/wlwmanifest.xml HTTP/1.1" 301 0 "-" "Mozilla/5.0 (Windows NT 10.0; Win64; x64) AppleWebKit/537.36 (KHTML, like Gecko) Chrome/80.0.3987.149 Safari/537.36"
107.151.248.165 - - [27/May/2025:16:06:55 -0400] "GET //?author=1 HTTP/1.1" 301 0 "-" "Mozilla/5.0 (Windows NT 10.0; Win64; x64) AppleWebKit/537.36 (KHTML, like Gecko) Chrome/80.0.3987.149 Safari/537.36"
107.151.248.165 - - [27/May/2025:16:06:55 -0400] "GET //wp-json/wp/v2/users/ HTTP/1.1" 200 904 "-" "Mozilla/5.0 (Windows NT 10.0; Win64; x64) AppleWebKit/537.36 (KHTML, like Gecko) Chrome/80.0.3987.149 Safari/537.36"
47.82.61.10 - - [27/May/2025:16:23:10 -0400] "GET / HTTP/1.1" 200 29850 "https://socialsolargreen.com/" "Mozilla/5.0 (Windows NT 10.0; Win64; x64) AppleWebKit/537.36 (KHTML, like Gecko) Chrome/114.0.0.0 Safari/537.36 Edg/114.0.1823.43"
198.54.114.35 - - [27/May/2025:16:26:15 -0400] "POST /wp-admin/admin-ajax.php?action=async_litespeed&nonce=YvO1gF8VbMlXUl7XGBnz2y8TABU7h82m&litespeed_type=imgoptm HTTP/1.1" 200 5 "-" "WordPress/6.8.1; https://socialsolargreen.com"
198.54.114.35 - - [27/May/2025:16:28:29 -0400] "POST /wp-cron.php?doing_wp_cron=1748377709.4683289527893066406250 HTTP/1.1" 200 0 "-" "WordPress/6.8.1; https://socialsolargreen.com"
