芝麻web文件管理V1.00
编辑当前文件:/home/sditechnicalteam/access-logs/client.socialdigiinnovator.com-ssl_log
206.189.83.152 - - [19/May/2025:08:18:53 -0400] "POST /wp-login.php HTTP/1.1" 302 0 "https://client.socialdigiinnovator.com/wp-admin/" "Mozilla/5.0 (Windows NT 10.0; Win64; x64) AppleWebKit/537.36 (KHTML, like Gecko) Chrome/90.0.4430.85 Safari/537.36"
198.54.114.35 - - [19/May/2025:08:19:02 -0400] "POST /wp-cron.php?doing_wp_cron=1747657141.8633151054382324218750 HTTP/1.1" 200 0 "-" "WordPress/6.8.1; https://client.socialdigiinnovator.com"
198.54.114.35 - - [19/May/2025:08:24:42 -0400] "POST /wp-cron.php?doing_wp_cron=1747657481.9185340404510498046875 HTTP/1.1" 200 0 "-" "WordPress/6.8.1; https://client.socialdigiinnovator.com"
47.82.61.118 - - [19/May/2025:08:24:38 -0400] "GET / HTTP/1.1" 200 9147 "https://client.socialdigiinnovator.com/" "Mozilla/5.0 (Windows NT 10.0; Win64; x64) AppleWebKit/537.36 (KHTML, like Gecko) Chrome/114.0.0.0 Safari/537.36 Edg/114.0.1823.43"
198.54.114.35 - - [19/May/2025:08:29:49 -0400] "POST /wp-cron.php?doing_wp_cron=1747657789.6417570114135742187500 HTTP/1.1" 200 0 "-" "WordPress/6.8.1; https://client.socialdigiinnovator.com"
185.195.232.157 - - [19/May/2025:08:29:52 -0400] "GET /wp-admin/ HTTP/1.1" 302 0 "www.google.com" "Mozilla/5.0 (Windows NT 10.0; Win64; x64) AppleWebKit/537.36 (KHTML, like Gecko) Chrome/90.0.4430.85 Safari/537.36"
185.195.232.157 - - [19/May/2025:08:29:53 -0400] "GET /wp-login.php?redirect_to=https%3A%2F%2Fclient.socialdigiinnovator.com%2Fwp-admin%2F&reauth=1 HTTP/1.1" 302 0 "www.google.com" "Mozilla/5.0 (Windows NT 10.0; Win64; x64) AppleWebKit/537.36 (KHTML, like Gecko) Chrome/90.0.4430.85 Safari/537.36"
185.195.232.157 - - [19/May/2025:08:29:54 -0400] "POST /wp-login.php HTTP/1.1" 302 0 "https://client.socialdigiinnovator.com/wp-admin/" "Mozilla/5.0 (Windows NT 10.0; Win64; x64) AppleWebKit/537.36 (KHTML, like Gecko) Chrome/90.0.4430.85 Safari/537.36"
185.195.232.157 - - [19/May/2025:08:29:54 -0400] "GET /404 HTTP/1.1" 404 8430 "https://client.socialdigiinnovator.com/wp-admin/" "Mozilla/5.0 (Windows NT 10.0; Win64; x64) AppleWebKit/537.36 (KHTML, like Gecko) Chrome/90.0.4430.85 Safari/537.36"
185.195.232.157 - - [19/May/2025:08:29:55 -0400] "GET /wp-login.php?redirect_to=https%3A%2F%2Fclient.socialdigiinnovator.com%2Fwp-admin%2F&reauth=1 HTTP/1.1" 302 0 "www.google.com" "Mozilla/5.0 (Windows NT 10.0; Win64; x64) AppleWebKit/537.36 (KHTML, like Gecko) Chrome/90.0.4430.85 Safari/537.36"
185.195.232.157 - - [19/May/2025:08:29:56 -0400] "GET /404 HTTP/1.1" 404 8432 "www.google.com" "Mozilla/5.0 (Windows NT 10.0; Win64; x64) AppleWebKit/537.36 (KHTML, like Gecko) Chrome/90.0.4430.85 Safari/537.36"
206.189.83.152 - - [19/May/2025:08:18:58 -0400] "GET /404 HTTP/1.1" 404 8432 "https://client.socialdigiinnovator.com/wp-admin/" "Mozilla/5.0 (Windows NT 10.0; Win64; x64) AppleWebKit/537.36 (KHTML, like Gecko) Chrome/90.0.4430.85 Safari/537.36"
206.189.83.152 - - [19/May/2025:08:19:03 -0400] "POST /404/wp-login.php HTTP/1.1" 302 0 "https://client.socialdigiinnovator.com/wp-admin/" "Mozilla/5.0 (Windows NT 10.0; Win64; x64) AppleWebKit/537.36 (KHTML, like Gecko) Chrome/90.0.4430.85 Safari/537.36"
206.189.83.152 - - [19/May/2025:08:19:03 -0400] "GET /404 HTTP/1.1" 404 8432 "https://client.socialdigiinnovator.com/wp-admin/" "Mozilla/5.0 (Windows NT 10.0; Win64; x64) AppleWebKit/537.36 (KHTML, like Gecko) Chrome/90.0.4430.85 Safari/537.36"
206.189.83.152 - - [19/May/2025:08:19:04 -0400] "GET /404/wp-admin/ HTTP/1.1" 404 8432 "-" "Mozilla/5.0 (Windows NT 10.0; Win64; x64) AppleWebKit/537.36 (KHTML, like Gecko) Chrome/112.0.0.0 Safari/537.36"
185.248.85.38 - - [19/May/2025:08:29:43 -0400] "GET / HTTP/1.1" 200 9145 "-" "Mozilla/5.0 (Linux; Android 6.0; Nexus 5 Build/MRA58N) AppleWebKit/537.36 (KHTML, like Gecko) Chrome/128.0.0.0 Mobile Safari/537.36"
185.195.232.157 - - [19/May/2025:08:29:53 -0400] "GET /404 HTTP/1.1" 404 8430 "www.google.com" "Mozilla/5.0 (Windows NT 10.0; Win64; x64) AppleWebKit/537.36 (KHTML, like Gecko) Chrome/90.0.4430.85 Safari/537.36"
185.195.232.157 - - [19/May/2025:08:29:55 -0400] "GET /wp-admin/ HTTP/1.1" 302 0 "www.google.com" "Mozilla/5.0 (Windows NT 10.0; Win64; x64) AppleWebKit/537.36 (KHTML, like Gecko) Chrome/90.0.4430.85 Safari/537.36"
156.228.95.82 - - [19/May/2025:09:10:08 -0400] "GET /wp-json/wp/v2/users HTTP/1.1" 200 891 "https://www.google.com" "Mozilla/5.0 (X11; Linux x86_64) AppleWebKit/537.36 (KHTML, like Gecko) Chrome/119.0.0.0 Safari/537.36"
156.228.95.82 - - [19/May/2025:09:10:16 -0400] "GET /?author=1 HTTP/1.1" 403 1242 "https://www.google.com" "Mozilla/5.0 (X11; Linux x86_64) AppleWebKit/537.36 (KHTML, like Gecko) Chrome/119.0.0.0 Safari/537.36"
156.228.95.82 - - [19/May/2025:09:10:17 -0400] "GET /wp-login.php HTTP/1.1" 302 0 "https://www.google.com" "Mozilla/5.0 (X11; Linux x86_64) AppleWebKit/537.36 (KHTML, like Gecko) Chrome/119.0.0.0 Safari/537.36"
156.228.95.82 - - [19/May/2025:09:10:18 -0400] "GET /404 HTTP/1.1" 404 8432 "https://www.google.com" "Mozilla/5.0 (X11; Linux x86_64) AppleWebKit/537.36 (KHTML, like Gecko) Chrome/119.0.0.0 Safari/537.36"
156.228.95.82 - - [19/May/2025:09:10:22 -0400] "GET /404 HTTP/1.1" 404 8432 "https://www.google.com" "Mozilla/5.0 (X11; Linux x86_64) AppleWebKit/537.36 (KHTML, like Gecko) Chrome/119.0.0.0 Safari/537.36"
156.228.95.82 - - [19/May/2025:09:10:28 -0400] "GET /wp-login.php HTTP/1.1" 302 0 "https://www.google.com" "Mozilla/5.0 (X11; Linux x86_64) AppleWebKit/537.36 (KHTML, like Gecko) Chrome/119.0.0.0 Safari/537.36"
156.228.95.82 - - [19/May/2025:09:10:30 -0400] "GET /wp-login.php HTTP/1.1" 302 0 "https://www.google.com" "Mozilla/5.0 (X11; Linux x86_64) AppleWebKit/537.36 (KHTML, like Gecko) Chrome/119.0.0.0 Safari/537.36"
156.228.95.82 - - [19/May/2025:09:10:34 -0400] "GET /wp-login.php HTTP/1.1" 302 0 "https://www.google.com" "Mozilla/5.0 (X11; Linux x86_64) AppleWebKit/537.36 (KHTML, like Gecko) Chrome/119.0.0.0 Safari/537.36"
156.228.95.82 - - [19/May/2025:09:10:35 -0400] "GET /404 HTTP/1.1" 404 8430 "https://www.google.com" "Mozilla/5.0 (X11; Linux x86_64) AppleWebKit/537.36 (KHTML, like Gecko) Chrome/119.0.0.0 Safari/537.36"
156.228.95.82 - - [19/May/2025:09:10:38 -0400] "GET /404 HTTP/1.1" 404 8432 "https://www.google.com" "Mozilla/5.0 (X11; Linux x86_64) AppleWebKit/537.36 (KHTML, like Gecko) Chrome/119.0.0.0 Safari/537.36"
156.228.95.82 - - [19/May/2025:09:10:39 -0400] "GET /admin HTTP/1.1" 302 0 "https://www.google.com" "Mozilla/5.0 (X11; Linux x86_64) AppleWebKit/537.36 (KHTML, like Gecko) Chrome/119.0.0.0 Safari/537.36"
156.228.95.82 - - [19/May/2025:09:10:40 -0400] "GET /wp-admin/ HTTP/1.1" 302 0 "https://www.google.com" "Mozilla/5.0 (X11; Linux x86_64) AppleWebKit/537.36 (KHTML, like Gecko) Chrome/119.0.0.0 Safari/537.36"
156.228.95.82 - - [19/May/2025:09:10:41 -0400] "GET /wp-login.php?redirect_to=https%3A%2F%2Fclient.socialdigiinnovator.com%2Fwp-admin%2F&reauth=1 HTTP/1.1" 302 0 "https://www.google.com" "Mozilla/5.0 (X11; Linux x86_64) AppleWebKit/537.36 (KHTML, like Gecko) Chrome/119.0.0.0 Safari/537.36"
156.228.95.82 - - [19/May/2025:09:10:42 -0400] "GET /404 HTTP/1.1" 404 8432 "https://www.google.com" "Mozilla/5.0 (X11; Linux x86_64) AppleWebKit/537.36 (KHTML, like Gecko) Chrome/119.0.0.0 Safari/537.36"
156.228.95.82 - - [19/May/2025:09:10:44 -0400] "GET /wp-login.php HTTP/1.1" 302 0 "https://www.google.com" "Mozilla/5.0 (X11; Linux x86_64) AppleWebKit/537.36 (KHTML, like Gecko) Chrome/119.0.0.0 Safari/537.36"
156.228.95.82 - - [19/May/2025:09:10:48 -0400] "GET /wp-login.php?redirect_to=https%3A%2F%2Fclient.socialdigiinnovator.com%2Fwp-admin%2F&reauth=1 HTTP/1.1" 302 0 "https://www.google.com" "Mozilla/5.0 (X11; Linux x86_64) AppleWebKit/537.36 (KHTML, like Gecko) Chrome/119.0.0.0 Safari/537.36"
156.228.95.82 - - [19/May/2025:09:10:49 -0400] "GET /404 HTTP/1.1" 404 8432 "https://www.google.com" "Mozilla/5.0 (X11; Linux x86_64) AppleWebKit/537.36 (KHTML, like Gecko) Chrome/119.0.0.0 Safari/537.36"
156.228.95.82 - - [19/May/2025:09:10:51 -0400] "GET /404 HTTP/1.1" 404 8432 "https://www.google.com" "Mozilla/5.0 (X11; Linux x86_64) AppleWebKit/537.36 (KHTML, like Gecko) Chrome/119.0.0.0 Safari/537.36"
240e:379:74bf:5100:9973:afea:a140:d842 - - [19/May/2025:08:51:02 -0400] "POST /wp-login.php HTTP/1.1" 302 0 "-" "Mozilla/5.0 (Windows NT 6.1; Win64; x64) AppleWebKit/537.36 (KHTML, like Gecko) Chrome/92.0.4515.159 Safari/537.36"
198.54.114.35 - - [19/May/2025:09:10:13 -0400] "POST /wp-cron.php?doing_wp_cron=1747660213.2802009582519531250000 HTTP/1.1" 200 0 "-" "WordPress/6.8.1; https://client.socialdigiinnovator.com"
156.228.95.82 - - [19/May/2025:09:10:14 -0400] "GET /?author=1 HTTP/1.1" 403 1242 "https://www.google.com" "Mozilla/5.0 (X11; Linux x86_64) AppleWebKit/537.36 (KHTML, like Gecko) Chrome/119.0.0.0 Safari/537.36"
156.228.95.82 - - [19/May/2025:09:10:15 -0400] "GET /wp-json/wp/v2/users HTTP/1.1" 200 891 "https://www.google.com" "Mozilla/5.0 (X11; Linux x86_64) AppleWebKit/537.36 (KHTML, like Gecko) Chrome/119.0.0.0 Safari/537.36"
156.228.95.82 - - [19/May/2025:09:10:21 -0400] "GET /wp-login.php HTTP/1.1" 302 0 "https://www.google.com" "Mozilla/5.0 (X11; Linux x86_64) AppleWebKit/537.36 (KHTML, like Gecko) Chrome/119.0.0.0 Safari/537.36"
156.228.95.82 - - [19/May/2025:09:10:24 -0400] "GET /wp-login.php HTTP/1.1" 302 0 "https://www.google.com" "Mozilla/5.0 (X11; Linux x86_64) AppleWebKit/537.36 (KHTML, like Gecko) Chrome/119.0.0.0 Safari/537.36"
156.228.95.82 - - [19/May/2025:09:10:25 -0400] "GET /404 HTTP/1.1" 404 8432 "https://www.google.com" "Mozilla/5.0 (X11; Linux x86_64) AppleWebKit/537.36 (KHTML, like Gecko) Chrome/119.0.0.0 Safari/537.36"
156.228.95.82 - - [19/May/2025:09:10:29 -0400] "GET /404 HTTP/1.1" 404 8432 "https://www.google.com" "Mozilla/5.0 (X11; Linux x86_64) AppleWebKit/537.36 (KHTML, like Gecko) Chrome/119.0.0.0 Safari/537.36"
156.228.95.82 - - [19/May/2025:09:10:32 -0400] "GET /404 HTTP/1.1" 404 8432 "https://www.google.com" "Mozilla/5.0 (X11; Linux x86_64) AppleWebKit/537.36 (KHTML, like Gecko) Chrome/119.0.0.0 Safari/537.36"
198.54.114.35 - - [19/May/2025:09:10:35 -0400] "POST /wp-cron.php?doing_wp_cron=1747660235.5864601135253906250000 HTTP/1.1" 200 0 "-" "WordPress/6.8.1; https://client.socialdigiinnovator.com"
156.228.95.82 - - [19/May/2025:09:10:37 -0400] "GET /wp-login.php HTTP/1.1" 302 0 "https://www.google.com" "Mozilla/5.0 (X11; Linux x86_64) AppleWebKit/537.36 (KHTML, like Gecko) Chrome/119.0.0.0 Safari/537.36"
156.228.95.82 - - [19/May/2025:09:10:44 -0400] "GET /404 HTTP/1.1" 404 8432 "https://www.google.com" "Mozilla/5.0 (X11; Linux x86_64) AppleWebKit/537.36 (KHTML, like Gecko) Chrome/119.0.0.0 Safari/537.36"
156.228.95.82 - - [19/May/2025:09:10:46 -0400] "GET /admin HTTP/1.1" 302 0 "https://www.google.com" "Mozilla/5.0 (X11; Linux x86_64) AppleWebKit/537.36 (KHTML, like Gecko) Chrome/119.0.0.0 Safari/537.36"
156.228.95.82 - - [19/May/2025:09:10:47 -0400] "GET /wp-admin/ HTTP/1.1" 302 0 "https://www.google.com" "Mozilla/5.0 (X11; Linux x86_64) AppleWebKit/537.36 (KHTML, like Gecko) Chrome/119.0.0.0 Safari/537.36"
156.228.95.82 - - [19/May/2025:09:10:50 -0400] "GET /wp-login.php/ HTTP/1.1" 302 0 "https://www.google.com" "Mozilla/5.0 (X11; Linux x86_64) AppleWebKit/537.36 (KHTML, like Gecko) Chrome/119.0.0.0 Safari/537.36"
156.228.95.82 - - [19/May/2025:09:10:55 -0400] "GET /wp-login.php?redirect_to=https%3A%2F%2Fclient.socialdigiinnovator.com%2Fwp-admin%2F&reauth=1 HTTP/1.1" 302 0 "https://www.google.com" "Mozilla/5.0 (X11; Linux x86_64) AppleWebKit/537.36 (KHTML, like Gecko) Chrome/119.0.0.0 Safari/537.36"
156.228.95.82 - - [19/May/2025:09:10:56 -0400] "GET /404 HTTP/1.1" 404 8432 "https://www.google.com" "Mozilla/5.0 (X11; Linux x86_64) AppleWebKit/537.36 (KHTML, like Gecko) Chrome/119.0.0.0 Safari/537.36"
156.228.95.82 - - [19/May/2025:09:10:57 -0400] "GET /wp-login.php/ HTTP/1.1" 302 0 "https://www.google.com" "Mozilla/5.0 (X11; Linux x86_64) AppleWebKit/537.36 (KHTML, like Gecko) Chrome/119.0.0.0 Safari/537.36"
156.228.95.82 - - [19/May/2025:09:10:58 -0400] "GET /404 HTTP/1.1" 404 8432 "https://www.google.com" "Mozilla/5.0 (X11; Linux x86_64) AppleWebKit/537.36 (KHTML, like Gecko) Chrome/119.0.0.0 Safari/537.36"
156.228.95.82 - - [19/May/2025:09:10:52 -0400] "GET /admin/ HTTP/1.1" 302 0 "https://www.google.com" "Mozilla/5.0 (X11; Linux x86_64) AppleWebKit/537.36 (KHTML, like Gecko) Chrome/119.0.0.0 Safari/537.36"
156.228.95.82 - - [19/May/2025:09:10:53 -0400] "GET /wp-admin/ HTTP/1.1" 302 0 "https://www.google.com" "Mozilla/5.0 (X11; Linux x86_64) AppleWebKit/537.36 (KHTML, like Gecko) Chrome/119.0.0.0 Safari/537.36"
156.228.95.82 - - [19/May/2025:09:10:59 -0400] "GET /admin/ HTTP/1.1" 302 0 "https://www.google.com" "Mozilla/5.0 (X11; Linux x86_64) AppleWebKit/537.36 (KHTML, like Gecko) Chrome/119.0.0.0 Safari/537.36"
156.228.95.82 - - [19/May/2025:09:11:02 -0400] "GET /wp-login.php?redirect_to=https%3A%2F%2Fclient.socialdigiinnovator.com%2Fwp-admin%2F&reauth=1 HTTP/1.1" 302 0 "https://www.google.com" "Mozilla/5.0 (X11; Linux x86_64) AppleWebKit/537.36 (KHTML, like Gecko) Chrome/119.0.0.0 Safari/537.36"
156.228.95.82 - - [19/May/2025:09:11:03 -0400] "GET /404 HTTP/1.1" 404 8432 "https://www.google.com" "Mozilla/5.0 (X11; Linux x86_64) AppleWebKit/537.36 (KHTML, like Gecko) Chrome/119.0.0.0 Safari/537.36"
156.228.95.82 - - [19/May/2025:09:11:12 -0400] "GET /administrator HTTP/1.1" 404 8432 "https://www.google.com" "Mozilla/5.0 (X11; Linux x86_64) AppleWebKit/537.36 (KHTML, like Gecko) Chrome/119.0.0.0 Safari/537.36"
156.228.95.82 - - [19/May/2025:09:11:15 -0400] "GET /404 HTTP/1.1" 404 8432 "https://www.google.com" "Mozilla/5.0 (X11; Linux x86_64) AppleWebKit/537.36 (KHTML, like Gecko) Chrome/119.0.0.0 Safari/537.36"
156.228.95.82 - - [19/May/2025:09:11:17 -0400] "GET /admin HTTP/1.1" 302 0 "https://www.google.com" "Mozilla/5.0 (X11; Linux x86_64) AppleWebKit/537.36 (KHTML, like Gecko) Chrome/119.0.0.0 Safari/537.36"
156.228.95.82 - - [19/May/2025:09:11:23 -0400] "GET /wp-login.php HTTP/1.1" 302 0 "https://www.google.com" "Mozilla/5.0 (X11; Linux x86_64) AppleWebKit/537.36 (KHTML, like Gecko) Chrome/119.0.0.0 Safari/537.36"
156.228.95.82 - - [19/May/2025:09:11:24 -0400] "GET /404 HTTP/1.1" 404 8430 "https://www.google.com" "Mozilla/5.0 (X11; Linux x86_64) AppleWebKit/537.36 (KHTML, like Gecko) Chrome/119.0.0.0 Safari/537.36"
156.228.95.82 - - [19/May/2025:09:11:28 -0400] "GET /wp-login.php?redirect_to=https%3A%2F%2Fclient.socialdigiinnovator.com%2Fwp-admin%2F&reauth=1 HTTP/1.1" 302 0 "https://www.google.com" "Mozilla/5.0 (X11; Linux x86_64) AppleWebKit/537.36 (KHTML, like Gecko) Chrome/119.0.0.0 Safari/537.36"
156.228.95.82 - - [19/May/2025:09:11:01 -0400] "GET /wp-admin/ HTTP/1.1" 302 0 "https://www.google.com" "Mozilla/5.0 (X11; Linux x86_64) AppleWebKit/537.36 (KHTML, like Gecko) Chrome/119.0.0.0 Safari/537.36"
156.228.95.82 - - [19/May/2025:09:11:05 -0400] "GET /wp-login.php HTTP/1.1" 302 0 "https://www.google.com" "Mozilla/5.0 (X11; Linux x86_64) AppleWebKit/537.36 (KHTML, like Gecko) Chrome/119.0.0.0 Safari/537.36"
156.228.95.82 - - [19/May/2025:09:11:06 -0400] "GET /404 HTTP/1.1" 404 8432 "https://www.google.com" "Mozilla/5.0 (X11; Linux x86_64) AppleWebKit/537.36 (KHTML, like Gecko) Chrome/119.0.0.0 Safari/537.36"
156.228.95.82 - - [19/May/2025:09:11:08 -0400] "GET /administrator HTTP/1.1" 404 8430 "https://www.google.com" "Mozilla/5.0 (X11; Linux x86_64) AppleWebKit/537.36 (KHTML, like Gecko) Chrome/119.0.0.0 Safari/537.36"
156.228.95.82 - - [19/May/2025:09:11:09 -0400] "GET /wp-login.php HTTP/1.1" 302 0 "https://www.google.com" "Mozilla/5.0 (X11; Linux x86_64) AppleWebKit/537.36 (KHTML, like Gecko) Chrome/119.0.0.0 Safari/537.36"
156.228.95.82 - - [19/May/2025:09:11:10 -0400] "GET /404 HTTP/1.1" 404 8432 "https://www.google.com" "Mozilla/5.0 (X11; Linux x86_64) AppleWebKit/537.36 (KHTML, like Gecko) Chrome/119.0.0.0 Safari/537.36"
156.228.95.82 - - [19/May/2025:09:11:14 -0400] "GET /wp-login.php HTTP/1.1" 302 0 "https://www.google.com" "Mozilla/5.0 (X11; Linux x86_64) AppleWebKit/537.36 (KHTML, like Gecko) Chrome/119.0.0.0 Safari/537.36"
156.228.95.82 - - [19/May/2025:09:11:19 -0400] "GET /wp-admin/ HTTP/1.1" 302 0 "https://www.google.com" "Mozilla/5.0 (X11; Linux x86_64) AppleWebKit/537.36 (KHTML, like Gecko) Chrome/119.0.0.0 Safari/537.36"
156.228.95.82 - - [19/May/2025:09:11:20 -0400] "GET /wp-login.php?redirect_to=https%3A%2F%2Fclient.socialdigiinnovator.com%2Fwp-admin%2F&reauth=1 HTTP/1.1" 302 0 "https://www.google.com" "Mozilla/5.0 (X11; Linux x86_64) AppleWebKit/537.36 (KHTML, like Gecko) Chrome/119.0.0.0 Safari/537.36"
156.228.95.82 - - [19/May/2025:09:11:21 -0400] "GET /404 HTTP/1.1" 404 8432 "https://www.google.com" "Mozilla/5.0 (X11; Linux x86_64) AppleWebKit/537.36 (KHTML, like Gecko) Chrome/119.0.0.0 Safari/537.36"
156.228.95.82 - - [19/May/2025:09:11:25 -0400] "GET /admin HTTP/1.1" 302 0 "https://www.google.com" "Mozilla/5.0 (X11; Linux x86_64) AppleWebKit/537.36 (KHTML, like Gecko) Chrome/119.0.0.0 Safari/537.36"
156.228.95.82 - - [19/May/2025:09:11:26 -0400] "GET /wp-admin/ HTTP/1.1" 302 0 "https://www.google.com" "Mozilla/5.0 (X11; Linux x86_64) AppleWebKit/537.36 (KHTML, like Gecko) Chrome/119.0.0.0 Safari/537.36"
156.228.95.82 - - [19/May/2025:09:11:29 -0400] "GET /404 HTTP/1.1" 404 8430 "https://www.google.com" "Mozilla/5.0 (X11; Linux x86_64) AppleWebKit/537.36 (KHTML, like Gecko) Chrome/119.0.0.0 Safari/537.36"
95.173.222.13 - - [19/May/2025:09:58:01 -0400] "POST /wp-login.php HTTP/1.1" 302 0 "https://client.socialdigiinnovator.com/wp-admin/" "Mozilla/5.0 (Windows NT 10.0; Win64; x64) AppleWebKit/537.36 (KHTML, like Gecko) Chrome/90.0.4430.85 Safari/537.36"
198.54.114.35 - - [19/May/2025:09:58:06 -0400] "POST /wp-cron.php?doing_wp_cron=1747663086.4310181140899658203125 HTTP/1.1" 200 0 "-" "WordPress/6.8.1; https://client.socialdigiinnovator.com"
95.173.222.13 - - [19/May/2025:09:58:08 -0400] "GET /wp-admin/ HTTP/1.1" 302 0 "www.google.com" "Mozilla/5.0 (Windows NT 10.0; Win64; x64) AppleWebKit/537.36 (KHTML, like Gecko) Chrome/90.0.4430.85 Safari/537.36"
95.173.222.13 - - [19/May/2025:09:58:09 -0400] "GET /wp-login.php?redirect_to=https%3A%2F%2Fclient.socialdigiinnovator.com%2Fwp-admin%2F&reauth=1 HTTP/1.1" 302 0 "www.google.com" "Mozilla/5.0 (Windows NT 10.0; Win64; x64) AppleWebKit/537.36 (KHTML, like Gecko) Chrome/90.0.4430.85 Safari/537.36"
95.173.222.13 - - [19/May/2025:09:58:10 -0400] "GET /404 HTTP/1.1" 404 8432 "www.google.com" "Mozilla/5.0 (Windows NT 10.0; Win64; x64) AppleWebKit/537.36 (KHTML, like Gecko) Chrome/90.0.4430.85 Safari/537.36"
95.173.222.13 - - [19/May/2025:09:58:04 -0400] "GET /404 HTTP/1.1" 404 8430 "https://client.socialdigiinnovator.com/wp-admin/" "Mozilla/5.0 (Windows NT 10.0; Win64; x64) AppleWebKit/537.36 (KHTML, like Gecko) Chrome/90.0.4430.85 Safari/537.36"
198.54.114.35 - - [19/May/2025:10:20:19 -0400] "POST /wp-cron.php?doing_wp_cron=1747664419.0971269607543945312500 HTTP/1.1" 200 0 "-" "WordPress/6.8.1; https://client.socialdigiinnovator.com"
47.82.60.64 - - [19/May/2025:10:20:14 -0400] "GET / HTTP/1.1" 200 9145 "https://client.socialdigiinnovator.com/" "Mozilla/5.0 (Windows NT 10.0; Win64; x64) AppleWebKit/537.36 (KHTML, like Gecko) Chrome/114.0.0.0 Safari/537.36 Edg/114.0.1823.43"
2602:fb54:35c:: - - [19/May/2025:12:13:32 -0400] "GET /wp-content/themes/hello_dolly_v2.php HTTP/1.1" 404 8432 "www.google.com" "Mozlila/5.0 (Linux; Android 7.0; SM-G892A Bulid/NRD90M; wv) AppleWebKit/537.36 (KHTML, like Gecko) Version/4.0 Chrome/60.0.3112.107 Moblie Safari/537.36"
198.54.114.35 - - [19/May/2025:12:15:16 -0400] "POST /wp-cron.php?doing_wp_cron=1747671315.9085140228271484375000 HTTP/1.1" 200 0 "-" "WordPress/6.8.1; https://client.socialdigiinnovator.com"
2602:fb54:35c:: - - [19/May/2025:12:15:10 -0400] "GET /wp-content/themes/hello_dolly_v2.php HTTP/1.1" 404 8432 "www.google.com" "Mozlila/5.0 (Linux; Android 7.0; SM-G892A Bulid/NRD90M; wv) AppleWebKit/537.36 (KHTML, like Gecko) Version/4.0 Chrome/60.0.3112.107 Moblie Safari/537.36"
52.178.202.62 - - [19/May/2025:12:45:22 -0400] "GET /wp-content/plugins/hellopress/wp_filemanager.php HTTP/1.1" 404 8432 "-" "-"
52.178.202.62 - - [19/May/2025:12:45:27 -0400] "GET /modules/mod_simplefileuploadv1.3/elements/filemanager.php HTTP/1.1" 404 8432 "-" "-"
198.54.114.35 - - [19/May/2025:12:45:26 -0400] "POST /wp-cron.php?doing_wp_cron=1747673126.6630280017852783203125 HTTP/1.1" 200 0 "-" "WordPress/6.8.1; https://client.socialdigiinnovator.com"
198.54.114.35 - - [19/May/2025:14:18:37 -0400] "POST /wp-cron.php?doing_wp_cron=1747678717.7478799819946289062500 HTTP/1.1" 200 0 "-" "WordPress/6.8.1; https://client.socialdigiinnovator.com"
66.63.187.155 - - [19/May/2025:14:18:39 -0400] "GET /wp-login.php HTTP/1.1" 302 0 "https://www.google.com" "Mozilla/5.0 (X11; Linux x86_64) AppleWebKit/537.36 (KHTML, like Gecko) Chrome/119.0.0.0 Safari/537.36"
66.63.187.155 - - [19/May/2025:14:18:42 -0400] "GET /404 HTTP/1.1" 404 8432 "https://www.google.com" "Mozilla/5.0 (X11; Linux x86_64) AppleWebKit/537.36 (KHTML, like Gecko) Chrome/119.0.0.0 Safari/537.36"
66.63.187.155 - - [19/May/2025:14:19:49 -0400] "GET /wp-json/wp/v2/users HTTP/1.1" 200 891 "https://www.google.com" "Mozilla/5.0 (X11; Linux x86_64) AppleWebKit/537.36 (KHTML, like Gecko) Chrome/119.0.0.0 Safari/537.36"
66.63.187.155 - - [19/May/2025:14:19:52 -0400] "GET /?author=1 HTTP/1.1" 403 1242 "https://www.google.com" "Mozilla/5.0 (X11; Linux x86_64) AppleWebKit/537.36 (KHTML, like Gecko) Chrome/119.0.0.0 Safari/537.36"
66.63.187.155 - - [19/May/2025:14:19:53 -0400] "GET /wp-admin/admin.php HTTP/1.1" 302 0 "https://www.google.com" "Mozilla/5.0 (X11; Linux x86_64) AppleWebKit/537.36 (KHTML, like Gecko) Chrome/119.0.0.0 Safari/537.36"
66.63.187.155 - - [19/May/2025:14:19:55 -0400] "GET /wp-login.php?redirect_to=https%3A%2F%2Fclient.socialdigiinnovator.com%2Fwp-admin%2Fadmin.php&reauth=1 HTTP/1.1" 302 0 "https://www.google.com" "Mozilla/5.0 (X11; Linux x86_64) AppleWebKit/537.36 (KHTML, like Gecko) Chrome/119.0.0.0 Safari/537.36"
66.63.187.155 - - [19/May/2025:14:19:56 -0400] "GET /404 HTTP/1.1" 404 8430 "https://www.google.com" "Mozilla/5.0 (X11; Linux x86_64) AppleWebKit/537.36 (KHTML, like Gecko) Chrome/119.0.0.0 Safari/537.36"
66.63.187.155 - - [19/May/2025:14:19:57 -0400] "GET /wp-login.php HTTP/1.1" 302 0 "https://www.google.com" "Mozilla/5.0 (X11; Linux x86_64) AppleWebKit/537.36 (KHTML, like Gecko) Chrome/119.0.0.0 Safari/537.36"
66.63.187.155 - - [19/May/2025:14:20:01 -0400] "GET /404 HTTP/1.1" 404 8430 "https://www.google.com" "Mozilla/5.0 (X11; Linux x86_64) AppleWebKit/537.36 (KHTML, like Gecko) Chrome/119.0.0.0 Safari/537.36"
66.63.187.155 - - [19/May/2025:14:18:34 -0400] "GET /wp-json/wp/v2/users HTTP/1.1" 200 891 "https://www.google.com" "Mozilla/5.0 (X11; Linux x86_64) AppleWebKit/537.36 (KHTML, like Gecko) Chrome/119.0.0.0 Safari/537.36"
66.63.187.155 - - [19/May/2025:14:18:38 -0400] "GET /?author=1 HTTP/1.1" 403 1242 "https://www.google.com" "Mozilla/5.0 (X11; Linux x86_64) AppleWebKit/537.36 (KHTML, like Gecko) Chrome/119.0.0.0 Safari/537.36"
66.63.187.155 - - [19/May/2025:14:18:39 -0400] "GET /404 HTTP/1.1" 404 8430 "https://www.google.com" "Mozilla/5.0 (X11; Linux x86_64) AppleWebKit/537.36 (KHTML, like Gecko) Chrome/119.0.0.0 Safari/537.36"
66.63.187.155 - - [19/May/2025:14:18:41 -0400] "GET /wp-login.php HTTP/1.1" 302 0 "https://www.google.com" "Mozilla/5.0 (X11; Linux x86_64) AppleWebKit/537.36 (KHTML, like Gecko) Chrome/119.0.0.0 Safari/537.36"
66.63.187.155 - - [19/May/2025:14:18:43 -0400] "GET /wp-login.php HTTP/1.1" 302 0 "https://www.google.com" "Mozilla/5.0 (X11; Linux x86_64) AppleWebKit/537.36 (KHTML, like Gecko) Chrome/119.0.0.0 Safari/537.36"
66.63.187.155 - - [19/May/2025:14:18:43 -0400] "GET /404 HTTP/1.1" 404 8430 "https://www.google.com" "Mozilla/5.0 (X11; Linux x86_64) AppleWebKit/537.36 (KHTML, like Gecko) Chrome/119.0.0.0 Safari/537.36"
198.54.114.35 - - [19/May/2025:14:19:51 -0400] "POST /wp-cron.php?doing_wp_cron=1747678790.8482758998870849609375 HTTP/1.1" 200 0 "-" "WordPress/6.8.1; https://client.socialdigiinnovator.com"
66.63.187.155 - - [19/May/2025:14:19:58 -0400] "GET /404 HTTP/1.1" 404 8432 "https://www.google.com" "Mozilla/5.0 (X11; Linux x86_64) AppleWebKit/537.36 (KHTML, like Gecko) Chrome/119.0.0.0 Safari/537.36"
66.63.187.155 - - [19/May/2025:14:19:59 -0400] "GET /wp-login.php HTTP/1.1" 302 0 "https://www.google.com" "Mozilla/5.0 (X11; Linux x86_64) AppleWebKit/537.36 (KHTML, like Gecko) Chrome/119.0.0.0 Safari/537.36"
198.54.114.35 - - [19/May/2025:14:43:32 -0400] "POST /wp-cron.php?doing_wp_cron=1747680212.7926568984985351562500 HTTP/1.1" 200 0 "-" "WordPress/6.8.1; https://client.socialdigiinnovator.com"
52.169.229.78 - - [19/May/2025:14:43:29 -0400] "GET /wp-content/plugins/hellopress/wp_filemanager.php HTTP/1.1" 404 8432 "-" "-"
88.214.25.167 - - [19/May/2025:14:44:47 -0400] "GET /+CSCOE+/logon.html HTTP/1.1" 404 8432 "-" "Mozilla/5.0 (Windows NT 10.0; Win64; x64) AppleWebKit/537.36 (KHTML, like Gecko) Chrome/119.0.0.0 Safari/537.36"
198.54.114.35 - - [19/May/2025:14:47:37 -0400] "POST /wp-cron.php?doing_wp_cron=1747680456.8165619373321533203125 HTTP/1.1" 200 0 "-" "WordPress/6.8.1; https://client.socialdigiinnovator.com"
198.54.114.35 - - [19/May/2025:14:49:26 -0400] "POST /wp-cron.php?doing_wp_cron=1747680566.7305800914764404296875 HTTP/1.1" 200 0 "-" "WordPress/6.8.1; https://client.socialdigiinnovator.com"
88.214.25.167 - - [19/May/2025:14:49:23 -0400] "GET /RDWeb/webclient/index.html HTTP/1.1" 404 8432 "-" "Mozilla/5.0 (Windows NT 10.0; Win64; x64) AppleWebKit/537.36 (KHTML, like Gecko) Chrome/119.0.0.0 Safari/537.36"
52.169.229.78 - - [19/May/2025:14:43:33 -0400] "GET /chosen.php HTTP/1.1" 404 8432 "-" "-"
198.54.114.35 - - [19/May/2025:14:44:49 -0400] "POST /wp-cron.php?doing_wp_cron=1747680289.3169479370117187500000 HTTP/1.1" 200 0 "-" "WordPress/6.8.1; https://client.socialdigiinnovator.com"
88.214.25.167 - - [19/May/2025:14:47:30 -0400] "GET / HTTP/1.1" 200 9145 "-" "Mozilla/5.0 (Windows NT 10.0; Win64; x64) AppleWebKit/537.36 (KHTML, like Gecko) Chrome/131.0.0.0 Safari/537.36"
198.54.114.35 - - [19/May/2025:15:01:03 -0400] "POST /wp-cron.php?doing_wp_cron=1747681263.6909968852996826171875 HTTP/1.1" 200 0 "-" "WordPress/6.8.1; https://client.socialdigiinnovator.com"
88.214.25.167 - - [19/May/2025:15:00:58 -0400] "GET /+CSCOE+/logon.html HTTP/1.1" 404 8430 "-" "Mozilla/5.0 (Windows NT 10.0; Win64; x64) AppleWebKit/537.36 (KHTML, like Gecko) Chrome/131.0.0.0 Safari/537.36"
88.214.25.167 - - [19/May/2025:15:07:08 -0400] "GET /+CSCOE+/logon.html HTTP/1.1" 200 0 "-" "Mozilla/5.0 (Windows NT 10.0; Win64; x64) AppleWebKit/537.36 (KHTML, like Gecko) Chrome/119.0.0.0 Safari/537.36"
198.54.114.35 - - [19/May/2025:15:07:38 -0400] "POST /wp-cron.php?doing_wp_cron=1747681655.5881929397583007812500 HTTP/1.1" 200 0 "-" "WordPress/6.8.1; https://client.socialdigiinnovator.com"
198.54.114.35 - - [19/May/2025:14:51:15 -0400] "POST /wp-cron.php?doing_wp_cron=1747680675.8139219284057617187500 HTTP/1.1" 200 0 "-" "WordPress/6.8.1; https://client.socialdigiinnovator.com"
43.159.136.201 - - [19/May/2025:14:51:11 -0400] "GET / HTTP/1.1" 200 9147 "http://client.socialdigiinnovator.com" "Mozilla/5.0 (iPhone; CPU iPhone OS 13_2_3 like Mac OS X) AppleWebKit/605.1.15 (KHTML, like Gecko) Version/13.0.3 Mobile/15E148 Safari/604.1"
198.54.114.35 - - [19/May/2025:15:15:34 -0400] "POST /wp-cron.php?doing_wp_cron=1747682134.7545769214630126953125 HTTP/1.1" 200 0 "-" "WordPress/6.8.1; https://client.socialdigiinnovator.com"
88.214.25.167 - - [19/May/2025:15:15:31 -0400] "GET /RDWeb/webclient/index.html HTTP/1.1" 404 8432 "-" "Mozilla/5.0 (Windows NT 10.0; Win64; x64) AppleWebKit/537.36 (KHTML, like Gecko) Chrome/119.0.0.0 Safari/537.36"
88.214.25.167 - - [19/May/2025:15:31:05 -0400] "GET /RDWeb/ HTTP/1.1" 404 8430 "-" "Mozilla/5.0 (Windows NT 10.0; Win64; x64) AppleWebKit/537.36 (KHTML, like Gecko) Chrome/131.0.0.0 Safari/537.36"
198.54.114.35 - - [19/May/2025:15:22:22 -0400] "POST /wp-cron.php?doing_wp_cron=1747682542.2266139984130859375000 HTTP/1.1" 200 0 "-" "WordPress/6.8.1; https://client.socialdigiinnovator.com"
88.214.25.167 - - [19/May/2025:15:22:18 -0400] "GET /RDWeb/ HTTP/1.1" 404 8430 "-" "Mozilla/5.0 (Windows NT 10.0; Win64; x64) AppleWebKit/537.36 (KHTML, like Gecko) Chrome/119.0.0.0 Safari/537.36"
198.54.114.35 - - [19/May/2025:15:29:04 -0400] "POST /wp-cron.php?doing_wp_cron=1747682944.8311169147491455078125 HTTP/1.1" 200 0 "-" "WordPress/6.8.1; https://client.socialdigiinnovator.com"
88.214.25.167 - - [19/May/2025:15:29:01 -0400] "GET /+CSCOE+/logon.html HTTP/1.1" 404 8432 "-" "Mozilla/5.0 (Windows NT 10.0; Win64; x64) AppleWebKit/537.36 (KHTML, like Gecko) Chrome/133.0.0.0 Safari/537.36"
198.54.114.35 - - [19/May/2025:15:31:10 -0400] "POST /wp-cron.php?doing_wp_cron=1747683070.7920060157775878906250 HTTP/1.1" 200 0 "-" "WordPress/6.8.1; https://client.socialdigiinnovator.com"
88.214.25.167 - - [19/May/2025:15:38:45 -0400] "GET / HTTP/1.1" 200 9145 "-" "Mozilla/5.0 (Windows NT 10.0; Win64; x64) AppleWebKit/537.36 (KHTML, like Gecko) Chrome/133.0.0.0 Safari/537.36"
198.54.114.35 - - [19/May/2025:15:38:55 -0400] "POST /wp-cron.php?doing_wp_cron=1747683534.8739759922027587890625 HTTP/1.1" 200 0 "-" "WordPress/6.8.1; https://client.socialdigiinnovator.com"
198.54.114.35 - - [19/May/2025:17:08:55 -0400] "POST /wp-cron.php?doing_wp_cron=1747688935.7639939785003662109375 HTTP/1.1" 200 0 "-" "WordPress/6.8.1; https://client.socialdigiinnovator.com"
2602:fb54:67d:: - - [19/May/2025:17:08:52 -0400] "GET /404 HTTP/1.1" 404 8430 "https://client.socialdigiinnovator.com/wp-login.php" "Mozilla/5.0 (Windows NT 10.0; Win64; x64)"
2602:fb54:67d:: - - [19/May/2025:17:08:50 -0400] "GET /wp-login.php HTTP/1.1" 302 0 "https://client.socialdigiinnovator.com/wp-login.php" "Mozilla/5.0 (Windows NT 10.0; Win64; x64)"
5.188.87.35 - - [19/May/2025:19:27:00 -0400] "GET /xmlrpc.php HTTP/1.1" 403 1242 "http://client.socialdigiinnovator.com/xmlrpc.php" "Mozilla/5.0 (Windows NT 6.1; WOW64; rv:92.0) Gecko/20100101 Firefox/92.0"
5.188.87.37 - - [19/May/2025:19:27:03 -0400] "GET /xmlrpc.php HTTP/1.1" 403 1242 "http://client.socialdigiinnovator.com/xmlrpc.php" "Mozilla/5.0 (Macintosh; Intel Mac OS X 10_15_7) AppleWebKit/605.1.15 (KHTML, like Gecko) Version/15.1 Safari/605.1.15"
5.188.86.72 - - [19/May/2025:19:27:03 -0400] "GET /xmlrpc.php HTTP/1.1" 403 1242 "http://client.socialdigiinnovator.com/xmlrpc.php" "Mozilla/5.0 (Windows NT 10.0; Win64; x64) AppleWebKit/537.36 (KHTML, like Gecko) Chrome/97.0.4692.99 Safari/537.36"
5.188.86.72 - - [19/May/2025:19:27:03 -0400] "GET /xmlrpc.php HTTP/1.1" 403 1242 "http://client.socialdigiinnovator.com/xmlrpc.php" "Mozilla/5.0 (Windows NT 6.3; WOW64; rv:43.0) Gecko/20100101 Firefox/43.0"
5.188.87.35 - - [19/May/2025:19:27:01 -0400] "GET /xmlrpc.php HTTP/1.1" 403 1242 "http://client.socialdigiinnovator.com/xmlrpc.php" "Mozilla/5.0 (Windows NT 6.1; WOW64; rv:92.0) Gecko/20100101 Firefox/92.0"
5.188.87.37 - - [19/May/2025:19:27:04 -0400] "GET /xmlrpc.php HTTP/1.1" 403 1242 "http://client.socialdigiinnovator.com/xmlrpc.php" "Mozilla/5.0 (X11; Linux x86_64) AppleWebKit/537.36 (KHTML, like Gecko) Chrome/91.0.4472.114 Safari/537.36"
198.54.114.35 - - [19/May/2025:19:47:54 -0400] "POST /wp-cron.php?doing_wp_cron=1747698474.0962569713592529296875 HTTP/1.1" 200 0 "-" "WordPress/6.8.1; https://client.socialdigiinnovator.com"
198.54.114.35 - - [19/May/2025:19:45:50 -0400] "POST /wp-cron.php?doing_wp_cron=1747698349.9900081157684326171875 HTTP/1.1" 200 0 "-" "WordPress/6.8.1; https://client.socialdigiinnovator.com"
157.55.39.223 - - [19/May/2025:19:45:42 -0400] "GET /robots.txt HTTP/1.1" 302 0 "-" "Mozilla/5.0 AppleWebKit/537.36 (KHTML, like Gecko; compatible; bingbot/2.0; +http://www.bing.com/bingbot.htm) Chrome/116.0.1938.76 Safari/537.36"
157.55.39.223 - - [19/May/2025:19:45:50 -0400] "GET /?redirect_to=https%3A%2F%2Fclient.socialdigiinnovator.com%2Frobots.txt HTTP/1.1" 200 9153 "-" "Mozilla/5.0 AppleWebKit/537.36 (KHTML, like Gecko; compatible; bingbot/2.0; +http://www.bing.com/bingbot.htm) Chrome/116.0.1938.76 Safari/537.36"
40.77.167.159 - - [19/May/2025:19:47:42 -0400] "GET /96d7nanhaiwandcda575036.htm HTTP/1.1" 404 8430 "-" "Mozilla/5.0 AppleWebKit/537.36 (KHTML, like Gecko; compatible; bingbot/2.0; +http://www.bing.com/bingbot.htm) Chrome/116.0.1938.76 Safari/537.36"
198.54.114.35 - - [19/May/2025:21:14:46 -0400] "GET / HTTP/1.1" 200 9145 "-" "Mozilla/5.0 (Windows NT 10.0; Win64; x64; rv:122.0) Gecko/20100101 Firefox/122.0"
198.54.114.35 - - [19/May/2025:21:16:13 -0400] "POST /wp-cron.php?doing_wp_cron=1747703773.6806509494781494140625 HTTP/1.1" 200 0 "-" "WordPress/6.8.1; https://client.socialdigiinnovator.com"
198.54.114.35 - - [19/May/2025:21:16:09 -0400] "GET / HTTP/1.1" 200 9190 "-" "Softaculous"
198.54.114.35 - - [19/May/2025:21:16:18 -0400] "GET / HTTP/1.1" 200 9191 "-" "Softaculous"
198.54.114.35 - - [19/May/2025:21:14:56 -0400] "POST /wp-cron.php?doing_wp_cron=1747703696.1380589008331298828125 HTTP/1.1" 200 0 "-" "WordPress/6.8.1; https://client.socialdigiinnovator.com"
198.54.114.35 - - [19/May/2025:21:16:21 -0400] "GET / HTTP/1.1" 200 9191 "-" "Mozilla/5.0 (Windows NT 10.0; Win64; x64; rv:122.0) Gecko/20100101 Firefox/122.0"
43.130.47.33 - - [19/May/2025:22:30:21 -0400] "GET / HTTP/1.1" 200 9193 "http://client.socialdigiinnovator.com" "Mozilla/5.0 (iPhone; CPU iPhone OS 13_2_3 like Mac OS X) AppleWebKit/605.1.15 (KHTML, like Gecko) Version/13.0.3 Mobile/15E148 Safari/604.1"
198.54.114.35 - - [19/May/2025:22:30:25 -0400] "POST /wp-cron.php?doing_wp_cron=1747708225.4158089160919189453125 HTTP/1.1" 200 0 "-" "WordPress/6.8.1; https://client.socialdigiinnovator.com"
139.228.37.98 - - [19/May/2025:23:08:45 -0400] "GET /wp-login.php HTTP/1.1" 302 771 "-" "python-requests/2.31.0"
198.54.114.35 - - [19/May/2025:23:32:00 -0400] "POST /wp-cron.php?doing_wp_cron=1747711920.1606380939483642578125 HTTP/1.1" 200 0 "-" "WordPress/6.8.1; https://client.socialdigiinnovator.com"
66.63.187.155 - - [19/May/2025:23:31:54 -0400] "GET /wp-json/wp/v2/users HTTP/1.1" 200 891 "https://www.google.com" "Mozilla/5.0 (X11; Linux x86_64) AppleWebKit/537.36 (KHTML, like Gecko) Chrome/119.0.0.0 Safari/537.36"
66.63.187.155 - - [19/May/2025:23:32:07 -0400] "GET /404 HTTP/1.1" 404 8477 "https://www.google.com" "Mozilla/5.0 (X11; Linux x86_64) AppleWebKit/537.36 (KHTML, like Gecko) Chrome/119.0.0.0 Safari/537.36"
66.63.187.155 - - [19/May/2025:23:32:10 -0400] "GET /wp-login.php HTTP/1.1" 302 0 "https://www.google.com" "Mozilla/5.0 (X11; Linux x86_64) AppleWebKit/537.36 (KHTML, like Gecko) Chrome/119.0.0.0 Safari/537.36"
66.63.187.155 - - [19/May/2025:23:32:25 -0400] "GET /wp-login.php HTTP/1.1" 302 0 "https://www.google.com" "Mozilla/5.0 (X11; Linux x86_64) AppleWebKit/537.36 (KHTML, like Gecko) Chrome/119.0.0.0 Safari/537.36"
198.54.114.35 - - [19/May/2025:23:32:45 -0400] "POST /wp-cron.php?doing_wp_cron=1747711965.1467239856719970703125 HTTP/1.1" 200 0 "-" "WordPress/6.8.1; https://client.socialdigiinnovator.com"
66.63.187.155 - - [19/May/2025:23:32:43 -0400] "GET /wp-json/wp/v2/users HTTP/1.1" 200 891 "https://www.google.com" "Mozilla/5.0 (X11; Linux x86_64) AppleWebKit/537.36 (KHTML, like Gecko) Chrome/119.0.0.0 Safari/537.36"
66.63.187.155 - - [19/May/2025:23:32:50 -0400] "GET /wp-admin/admin.php HTTP/1.1" 302 0 "https://www.google.com" "Mozilla/5.0 (X11; Linux x86_64) AppleWebKit/537.36 (KHTML, like Gecko) Chrome/119.0.0.0 Safari/537.36"
66.63.187.155 - - [19/May/2025:23:33:05 -0400] "GET /404 HTTP/1.1" 404 8477 "https://www.google.com" "Mozilla/5.0 (X11; Linux x86_64) AppleWebKit/537.36 (KHTML, like Gecko) Chrome/119.0.0.0 Safari/537.36"
66.63.187.155 - - [19/May/2025:23:32:04 -0400] "GET /?author=1 HTTP/1.1" 403 1242 "https://www.google.com" "Mozilla/5.0 (X11; Linux x86_64) AppleWebKit/537.36 (KHTML, like Gecko) Chrome/119.0.0.0 Safari/537.36"
66.63.187.155 - - [19/May/2025:23:32:05 -0400] "GET /wp-login.php HTTP/1.1" 302 0 "https://www.google.com" "Mozilla/5.0 (X11; Linux x86_64) AppleWebKit/537.36 (KHTML, like Gecko) Chrome/119.0.0.0 Safari/537.36"
66.63.187.155 - - [19/May/2025:23:32:27 -0400] "GET /404 HTTP/1.1" 404 8477 "https://www.google.com" "Mozilla/5.0 (X11; Linux x86_64) AppleWebKit/537.36 (KHTML, like Gecko) Chrome/119.0.0.0 Safari/537.36"
66.63.187.155 - - [19/May/2025:23:32:47 -0400] "GET /?author=1 HTTP/1.1" 403 1242 "https://www.google.com" "Mozilla/5.0 (X11; Linux x86_64) AppleWebKit/537.36 (KHTML, like Gecko) Chrome/119.0.0.0 Safari/537.36"
66.63.187.155 - - [19/May/2025:23:32:53 -0400] "GET /wp-login.php?redirect_to=https%3A%2F%2Fclient.socialdigiinnovator.com%2Fwp-admin%2Fadmin.php&reauth=1 HTTP/1.1" 302 0 "https://www.google.com" "Mozilla/5.0 (X11; Linux x86_64) AppleWebKit/537.36 (KHTML, like Gecko) Chrome/119.0.0.0 Safari/537.36"
66.63.187.155 - - [19/May/2025:23:32:55 -0400] "GET /404 HTTP/1.1" 404 8477 "https://www.google.com" "Mozilla/5.0 (X11; Linux x86_64) AppleWebKit/537.36 (KHTML, like Gecko) Chrome/119.0.0.0 Safari/537.36"
66.63.187.155 - - [19/May/2025:23:32:58 -0400] "GET /wp-login.php HTTP/1.1" 302 0 "https://www.google.com" "Mozilla/5.0 (X11; Linux x86_64) AppleWebKit/537.36 (KHTML, like Gecko) Chrome/119.0.0.0 Safari/537.36"
66.63.187.155 - - [19/May/2025:23:32:59 -0400] "GET /404 HTTP/1.1" 404 8475 "https://www.google.com" "Mozilla/5.0 (X11; Linux x86_64) AppleWebKit/537.36 (KHTML, like Gecko) Chrome/119.0.0.0 Safari/537.36"
66.63.187.155 - - [19/May/2025:23:33:02 -0400] "GET /wp-login.php HTTP/1.1" 302 0 "https://www.google.com" "Mozilla/5.0 (X11; Linux x86_64) AppleWebKit/537.36 (KHTML, like Gecko) Chrome/119.0.0.0 Safari/537.36"
198.54.114.35 - - [20/May/2025:00:00:08 -0400] "POST /wp-cron.php?doing_wp_cron=1747713607.9702448844909667968750 HTTP/1.1" 200 0 "-" "WordPress/6.8.1; https://client.socialdigiinnovator.com"
47.79.1.223 - - [20/May/2025:00:00:00 -0400] "GET / HTTP/1.1" 200 9191 "https://client.socialdigiinnovator.com/" "Mozilla/5.0 (Windows NT 10.0; Win64; x64) AppleWebKit/537.36 (KHTML, like Gecko) Chrome/114.0.0.0 Safari/537.36 Edg/114.0.1823.43"
198.54.114.35 - - [20/May/2025:00:30:11 -0400] "POST /wp-cron.php?doing_wp_cron=1747715411.7498359680175781250000 HTTP/1.1" 200 0 "-" "WordPress/6.8.1; https://client.socialdigiinnovator.com"
198.54.114.35 - - [20/May/2025:00:30:11 -0400] "POST /wp-cron.php?doing_wp_cron=1747715411.7499299049377441406250 HTTP/1.1" 200 0 "-" "WordPress/6.8.1; https://client.socialdigiinnovator.com"
196.251.83.161 - - [20/May/2025:00:30:13 -0400] "POST /alfacgiapi/perl.alfa HTTP/1.1" 404 8477 "www.google.com" "Mozlila/5.0 (Linux; Android 7.0; SM-G892A Bulid/NRD90M; wv) AppleWebKit/537.36 (KHTML, like Gecko) Version/4.0 Chrome/60.0.3112.107 Moblie Safari/537.36"
196.251.83.161 - - [20/May/2025:00:30:14 -0400] "GET /plugins/content/apismtp/apismtp.php?test=hello HTTP/1.1" 404 8475 "-" "Mozlila/5.0 (Linux; Android 7.0; SM-G892A Bulid/NRD90M; wv) AppleWebKit/537.36 (KHTML, like Gecko) Version/4.0 Chrome/60.0.3112.107 Moblie Safari/537.36"
196.251.83.161 - - [20/May/2025:00:30:13 -0400] "GET /wp-content/themes/seotheme/db.php?u HTTP/1.1" 404 8477 "www.google.com" "Mozlila/5.0 (Linux; Android 7.0; SM-G892A Bulid/NRD90M; wv) AppleWebKit/537.36 (KHTML, like Gecko) Version/4.0 Chrome/60.0.3112.107 Moblie Safari/537.36"
196.251.83.161 - - [20/May/2025:00:30:06 -0400] "GET /wp-content/themes/seotheme/db.php?u HTTP/1.1" 200 0 "www.google.com" "Mozlila/5.0 (Linux; Android 7.0; SM-G892A Bulid/NRD90M; wv) AppleWebKit/537.36 (KHTML, like Gecko) Version/4.0 Chrome/60.0.3112.107 Moblie Safari/537.36"
196.251.83.161 - - [20/May/2025:00:30:06 -0400] "GET / HTTP/1.1" 200 0 "-" "Mozlila/5.0 (Linux; Android 7.0; SM-G892A Bulid/NRD90M; wv) AppleWebKit/537.36 (KHTML, like Gecko) Version/4.0 Chrome/60.0.3112.107 Moblie Safari/537.36"
196.251.83.161 - - [20/May/2025:00:30:06 -0400] "POST /wp-plain.php HTTP/1.1" 200 0 "www.google.com" "Mozilla/5.0 (Linux; Android 7.0; SM-G892A Bulid/NRD90M; wv) AppleWebKit/537.36 (KHTML, like Gecko) Version/4.0 Chrome/60.0.3112.107 Moblie Safari/537.36"
196.251.83.161 - - [20/May/2025:00:30:11 -0400] "GET /wp-content/themes/seotheme/db.php?u HTTP/1.1" 404 8477 "www.google.com" "Mozlila/5.0 (Linux; Android 7.0; SM-G892A Bulid/NRD90M; wv) AppleWebKit/537.36 (KHTML, like Gecko) Version/4.0 Chrome/60.0.3112.107 Moblie Safari/537.36"
196.251.83.161 - - [20/May/2025:00:30:11 -0400] "GET / HTTP/1.1" 200 9193 "-" "Mozlila/5.0 (Linux; Android 7.0; SM-G892A Bulid/NRD90M; wv) AppleWebKit/537.36 (KHTML, like Gecko) Version/4.0 Chrome/60.0.3112.107 Moblie Safari/537.36"
196.251.83.161 - - [20/May/2025:00:30:06 -0400] "POST /ALFA_DATA/alfacgiapi/perl.alfa HTTP/1.1" 404 8477 "www.google.com" "Mozlila/5.0 (Linux; Android 7.0; SM-G892A Bulid/NRD90M; wv) AppleWebKit/537.36 (KHTML, like Gecko) Version/4.0 Chrome/60.0.3112.107 Moblie Safari/537.36"
196.251.83.161 - - [20/May/2025:00:30:13 -0400] "GET /wp-content/plugins/apikey/apikey.php?test=hello HTTP/1.1" 404 8475 "-" "Mozlila/5.0 (Linux; Android 7.0; SM-G892A Bulid/NRD90M; wv) AppleWebKit/537.36 (KHTML, like Gecko) Version/4.0 Chrome/60.0.3112.107 Moblie Safari/537.36"
196.251.83.161 - - [20/May/2025:00:30:14 -0400] "GET /wp-content/plugins/apikey/apikey.php.suspected?test=hello HTTP/1.1" 404 8477 "-" "Mozlila/5.0 (Linux; Android 7.0; SM-G892A Bulid/NRD90M; wv) AppleWebKit/537.36 (KHTML, like Gecko) Version/4.0 Chrome/60.0.3112.107 Moblie Safari/537.36"
196.251.83.161 - - [20/May/2025:00:30:15 -0400] "GET /plugins/content/apismtp/apismtp.php.suspected?test=hello HTTP/1.1" 404 8477 "-" "Mozlila/5.0 (Linux; Android 7.0; SM-G892A Bulid/NRD90M; wv) AppleWebKit/537.36 (KHTML, like Gecko) Version/4.0 Chrome/60.0.3112.107 Moblie Safari/537.36"
47.79.4.196 - - [20/May/2025:00:39:32 -0400] "GET / HTTP/1.1" 200 9193 "https://client.socialdigiinnovator.com/" "Mozilla/5.0 (Windows NT 10.0; Win64; x64) AppleWebKit/537.36 (KHTML, like Gecko) Chrome/114.0.0.0 Safari/537.36 Edg/114.0.1823.43"
198.54.114.35 - - [20/May/2025:00:39:36 -0400] "POST /wp-cron.php?doing_wp_cron=1747715976.4209198951721191406250 HTTP/1.1" 200 0 "-" "WordPress/6.8.1; https://client.socialdigiinnovator.com"
66.249.73.196 - - [20/May/2025:01:14:17 -0400] "GET /readme.html HTTP/1.1" 404 8477 "-" "Mozilla/5.0 (Linux; Android 6.0.1; Nexus 5X Build/MMB29P) AppleWebKit/537.36 (KHTML, like Gecko) Chrome/136.0.7103.113 Mobile Safari/537.36 (compatible; Googlebot/2.1; +http://www.google.com/bot.html)"
198.54.114.35 - - [20/May/2025:01:14:23 -0400] "POST /wp-cron.php?doing_wp_cron=1747718063.5610749721527099609375 HTTP/1.1" 200 0 "-" "WordPress/6.8.1; https://client.socialdigiinnovator.com"
47.82.61.226 - - [20/May/2025:02:20:28 -0400] "GET / HTTP/1.1" 200 9191 "https://client.socialdigiinnovator.com/" "Mozilla/5.0 (Windows NT 10.0; Win64; x64) AppleWebKit/537.36 (KHTML, like Gecko) Chrome/114.0.0.0 Safari/537.36 Edg/114.0.1823.43"
198.54.114.35 - - [20/May/2025:02:20:36 -0400] "POST /wp-cron.php?doing_wp_cron=1747722036.7698369026184082031250 HTTP/1.1" 200 0 "-" "WordPress/6.8.1; https://client.socialdigiinnovator.com"
4.227.36.22 - - [20/May/2025:03:24:23 -0400] "GET /robots.txt HTTP/1.1" 302 0 "-" "Mozilla/5.0 AppleWebKit/537.36 (KHTML, like Gecko; compatible; GPTBot/1.2; +https://openai.com/gptbot)"
20.171.207.188 - - [20/May/2025:03:24:33 -0400] "GET /-.php/ HTTP/1.1" 404 8477 "-" "Mozilla/5.0 AppleWebKit/537.36 (KHTML, like Gecko; compatible; GPTBot/1.2; +https://openai.com/gptbot)"
198.54.114.35 - - [20/May/2025:03:25:48 -0400] "POST /wp-cron.php?doing_wp_cron=1747725948.3414700031280517578125 HTTP/1.1" 200 0 "-" "WordPress/6.8.1; https://client.socialdigiinnovator.com"
20.171.207.188 - - [20/May/2025:03:25:58 -0400] "GET /-.php/ HTTP/1.1" 404 8475 "-" "Mozilla/5.0 AppleWebKit/537.36 (KHTML, like Gecko; compatible; GPTBot/1.2; +https://openai.com/gptbot)"
20.171.207.188 - - [20/May/2025:03:26:24 -0400] "GET /-.php/ HTTP/1.1" 404 8475 "-" "Mozilla/5.0 AppleWebKit/537.36 (KHTML, like Gecko; compatible; GPTBot/1.2; +https://openai.com/gptbot)"
198.54.114.35 - - [20/May/2025:03:26:48 -0400] "POST /wp-cron.php?doing_wp_cron=1747726007.9641499519348144531250 HTTP/1.1" 200 0 "-" "WordPress/6.8.1; https://client.socialdigiinnovator.com"
20.171.207.188 - - [20/May/2025:03:26:47 -0400] "GET /-.php/ HTTP/1.1" 404 8475 "-" "Mozilla/5.0 AppleWebKit/537.36 (KHTML, like Gecko; compatible; GPTBot/1.2; +https://openai.com/gptbot)"
198.54.114.35 - - [20/May/2025:03:28:38 -0400] "POST /wp-cron.php?doing_wp_cron=1747726118.1957120895385742187500 HTTP/1.1" 200 0 "-" "WordPress/6.8.1; https://client.socialdigiinnovator.com"
198.54.114.35 - - [20/May/2025:03:24:26 -0400] "POST /wp-cron.php?doing_wp_cron=1747725866.8298380374908447265625 HTTP/1.1" 200 0 "-" "WordPress/6.8.1; https://client.socialdigiinnovator.com"
4.227.36.22 - - [20/May/2025:03:24:27 -0400] "GET /?redirect_to=https%3A%2F%2Fclient.socialdigiinnovator.com%2Frobots.txt HTTP/1.1" 200 9197 "https://client.socialdigiinnovator.com/robots.txt" "Mozilla/5.0 AppleWebKit/537.36 (KHTML, like Gecko; compatible; GPTBot/1.2; +https://openai.com/gptbot)"
198.54.114.35 - - [20/May/2025:03:24:34 -0400] "POST /wp-cron.php?doing_wp_cron=1747725874.2577099800109863281250 HTTP/1.1" 200 0 "-" "WordPress/6.8.1; https://client.socialdigiinnovator.com"
20.171.207.188 - - [20/May/2025:03:25:48 -0400] "GET /-.php/ HTTP/1.1" 404 8477 "-" "Mozilla/5.0 AppleWebKit/537.36 (KHTML, like Gecko; compatible; GPTBot/1.2; +https://openai.com/gptbot)"
20.171.207.188 - - [20/May/2025:03:28:33 -0400] "GET /-.php/ HTTP/1.1" 404 8475 "-" "Mozilla/5.0 AppleWebKit/537.36 (KHTML, like Gecko; compatible; GPTBot/1.2; +https://openai.com/gptbot)"