34.211.36.114 - - [27/May/2025:18:42:18 -0400] "GET /wp-content/plugins/ultimate-member/assets/js/common-frontend.min.js?ver=2.10.4 HTTP/1.1" 304 0 "https://jobs.socialdigiinnovator.com/" "Mozilla/5.0 (Windows NT 10.0; Win64; x64) AppleWebKit/537.36 (KHTML, like Gecko) Chrome/70.0.3538.102 Safari/537.36 Edge/18.19582"
34.211.36.114 - - [27/May/2025:18:42:18 -0400] "GET /wp-content/plugins/ultimate-member/assets/js/um-modal.min.js?ver=2.10.4 HTTP/1.1" 304 0 "https://jobs.socialdigiinnovator.com/" "Mozilla/5.0 (Windows NT 10.0; Win64; x64) AppleWebKit/537.36 (KHTML, like Gecko) Chrome/70.0.3538.102 Safari/537.36 Edge/18.19582"
34.211.36.114 - - [27/May/2025:18:42:12 -0400] "GET / HTTP/1.1" 200 12946 "-" "Mozilla/5.0 (Windows NT 10.0; Win64; x64) AppleWebKit/537.36 (KHTML, like Gecko) Chrome/70.0.3538.102 Safari/537.36 Edge/18.19582"
34.211.36.114 - - [27/May/2025:18:42:17 -0400] "GET /wp-content/plugins/ultimate-member/assets/js/um-gdpr.min.js?ver=2.10.4 HTTP/1.1" 304 0 "https://jobs.socialdigiinnovator.com/" "Mozilla/5.0 (Windows NT 10.0; Win64; x64) AppleWebKit/537.36 (KHTML, like Gecko) Chrome/70.0.3538.102 Safari/537.36 Edge/18.19582"
34.211.36.114 - - [27/May/2025:18:42:18 -0400] "GET /wp-content/themes/jobify/js/vendor/salvattore/salvattore.min.js?ver=6.8.1 HTTP/1.1" 304 0 "https://jobs.socialdigiinnovator.com/" "Mozilla/5.0 (Windows NT 10.0; Win64; x64) AppleWebKit/537.36 (KHTML, like Gecko) Chrome/70.0.3538.102 Safari/537.36 Edge/18.19582"
34.211.36.114 - - [27/May/2025:18:42:18 -0400] "GET /wp-includes/js/dist/i18n.min.js?ver=5e580eb46a90c2b997e6 HTTP/1.1" 304 0 "https://jobs.socialdigiinnovator.com/" "Mozilla/5.0 (Windows NT 10.0; Win64; x64) AppleWebKit/537.36 (KHTML, like Gecko) Chrome/70.0.3538.102 Safari/537.36 Edge/18.19582"
34.211.36.114 - - [27/May/2025:18:42:18 -0400] "GET /wp-includes/js/dist/hooks.min.js?ver=4d63a3d491d11ffd8ac6 HTTP/1.1" 304 0 "https://jobs.socialdigiinnovator.com/" "Mozilla/5.0 (Windows NT 10.0; Win64; x64) AppleWebKit/537.36 (KHTML, like Gecko) Chrome/70.0.3538.102 Safari/537.36 Edge/18.19582"
34.211.36.114 - - [27/May/2025:18:42:18 -0400] "GET /wp-content/plugins/elementor-pro/assets/js/frontend.min.js?ver=3.23.3 HTTP/1.1" 304 0 "https://jobs.socialdigiinnovator.com/" "Mozilla/5.0 (Windows NT 10.0; Win64; x64) AppleWebKit/537.36 (KHTML, like Gecko) Chrome/70.0.3538.102 Safari/537.36 Edge/18.19582"
34.211.36.114 - - [27/May/2025:18:42:18 -0400] "GET /wp-includes/js/jquery/ui/core.min.js?ver=1.13.3 HTTP/1.1" 304 0 "https://jobs.socialdigiinnovator.com/" "Mozilla/5.0 (Windows NT 10.0; Win64; x64) AppleWebKit/537.36 (KHTML, like Gecko) Chrome/70.0.3538.102 Safari/537.36 Edge/18.19582"
34.211.36.114 - - [27/May/2025:18:42:18 -0400] "GET /wp-content/plugins/ultimate-member/assets/libs/pickadate/picker.time.min.js?ver=3.6.2 HTTP/1.1" 304 0 "https://jobs.socialdigiinnovator.com/" "Mozilla/5.0 (Windows NT 10.0; Win64; x64) AppleWebKit/537.36 (KHTML, like Gecko) Chrome/70.0.3538.102 Safari/537.36 Edge/18.19582"
34.211.36.114 - - [27/May/2025:18:42:18 -0400] "GET /wp-content/plugins/ultimate-member/assets/js/um-responsive.min.js?ver=2.10.4 HTTP/1.1" 304 0 "https://jobs.socialdigiinnovator.com/" "Mozilla/5.0 (Windows NT 10.0; Win64; x64) AppleWebKit/537.36 (KHTML, like Gecko) Chrome/70.0.3538.102 Safari/537.36 Edge/18.19582"
34.211.36.114 - - [27/May/2025:18:42:18 -0400] "GET /wp-content/plugins/elementor-pro/assets/js/elements-handlers.min.js?ver=3.23.3 HTTP/1.1" 304 0 "https://jobs.socialdigiinnovator.com/" "Mozilla/5.0 (Windows NT 10.0; Win64; x64) AppleWebKit/537.36 (KHTML, like Gecko) Chrome/70.0.3538.102 Safari/537.36 Edge/18.19582"
34.211.36.114 - - [27/May/2025:18:42:18 -0400] "GET /wp-content/plugins/elementor/assets/js/webpack.runtime.min.js?ver=3.29.0 HTTP/1.1" 304 0 "https://jobs.socialdigiinnovator.com/" "Mozilla/5.0 (Windows NT 10.0; Win64; x64) AppleWebKit/537.36 (KHTML, like Gecko) Chrome/70.0.3538.102 Safari/537.36 Edge/18.19582"
34.211.36.114 - - [27/May/2025:18:42:18 -0400] "GET /wp-content/plugins/elementor/assets/js/frontend.min.js?ver=3.29.0 HTTP/1.1" 304 0 "https://jobs.socialdigiinnovator.com/" "Mozilla/5.0 (Windows NT 10.0; Win64; x64) AppleWebKit/537.36 (KHTML, like Gecko) Chrome/70.0.3538.102 Safari/537.36 Edge/18.19582"
34.211.36.114 - - [27/May/2025:18:42:18 -0400] "GET /wp-content/plugins/elementor/assets/js/frontend-modules.min.js?ver=3.29.0 HTTP/1.1" 304 0 "https://jobs.socialdigiinnovator.com/" "Mozilla/5.0 (Windows NT 10.0; Win64; x64) AppleWebKit/537.36 (KHTML, like Gecko) Chrome/70.0.3538.102 Safari/537.36 Edge/18.19582"
34.211.36.114 - - [27/May/2025:18:42:18 -0400] "GET /wp-content/plugins/ultimate-member/assets/libs/cropper/cropper.min.js?ver=1.6.1 HTTP/1.1" 304 0 "https://jobs.socialdigiinnovator.com/" "Mozilla/5.0 (Windows NT 10.0; Win64; x64) AppleWebKit/537.36 (KHTML, like Gecko) Chrome/70.0.3538.102 Safari/537.36 Edge/18.19582"
34.211.36.114 - - [27/May/2025:18:42:18 -0400] "GET /wp-content/plugins/ultimate-member/assets/libs/select2/select2.full.min.js?ver=4.0.13 HTTP/1.1" 304 0 "https://jobs.socialdigiinnovator.com/" "Mozilla/5.0 (Windows NT 10.0; Win64; x64) AppleWebKit/537.36 (KHTML, like Gecko) Chrome/70.0.3538.102 Safari/537.36 Edge/18.19582"
34.211.36.114 - - [27/May/2025:18:42:18 -0400] "GET /wp-content/plugins/ultimate-member/assets/js/um-functions.min.js?ver=2.10.4 HTTP/1.1" 304 0 "https://jobs.socialdigiinnovator.com/" "Mozilla/5.0 (Windows NT 10.0; Win64; x64) AppleWebKit/537.36 (KHTML, like Gecko) Chrome/70.0.3538.102 Safari/537.36 Edge/18.19582"
34.211.36.114 - - [27/May/2025:18:42:18 -0400] "GET /wp-content/plugins/ultimate-member/assets/libs/fileupload/fileupload.js?ver=2.10.4 HTTP/1.1" 304 0 "https://jobs.socialdigiinnovator.com/" "Mozilla/5.0 (Windows NT 10.0; Win64; x64) AppleWebKit/537.36 (KHTML, like Gecko) Chrome/70.0.3538.102 Safari/537.36 Edge/18.19582"
34.211.36.114 - - [27/May/2025:18:42:18 -0400] "GET /wp-content/plugins/ultimate-member/assets/js/um-account.min.js?ver=2.10.4 HTTP/1.1" 304 0 "https://jobs.socialdigiinnovator.com/" "Mozilla/5.0 (Windows NT 10.0; Win64; x64) AppleWebKit/537.36 (KHTML, like Gecko) Chrome/70.0.3538.102 Safari/537.36 Edge/18.19582"
34.211.36.114 - - [27/May/2025:18:42:18 -0400] "GET /wp-content/plugins/elementor-pro/assets/js/webpack-pro.runtime.min.js?ver=3.23.3 HTTP/1.1" 304 0 "https://jobs.socialdigiinnovator.com/" "Mozilla/5.0 (Windows NT 10.0; Win64; x64) AppleWebKit/537.36 (KHTML, like Gecko) Chrome/70.0.3538.102 Safari/537.36 Edge/18.19582"
34.211.36.114 - - [27/May/2025:18:42:19 -0400] "GET /wp-includes/js/wp-emoji-release.min.js?ver=6.8.1 HTTP/1.1" 304 0 "https://jobs.socialdigiinnovator.com/" "Mozilla/5.0 (Windows NT 10.0; Win64; x64) AppleWebKit/537.36 (KHTML, like Gecko) Chrome/70.0.3538.102 Safari/537.36 Edge/18.19582"
2602:fb54:98d:: - - [27/May/2025:19:21:20 -0400] "GET /wp-admin/ HTTP/1.1" 302 0 "https://jobs.socialdigiinnovator.com/wp-admin/" "Mozilla/5.0 (Windows NT 10.0; Win64; x64) AppleWebKit/537.36 (KHTML, like Gecko) Chrome/90.0.4430.85 Safari/537.36"
2602:fb54:98d:: - - [27/May/2025:19:21:25 -0400] "GET /wp-login.php?redirect_to=https%3A%2F%2Fjobs.socialdigiinnovator.com%2Fwp-admin%2F&reauth=1 HTTP/1.1" 302 0 "https://jobs.socialdigiinnovator.com/wp-admin/" "Mozilla/5.0 (Windows NT 10.0; Win64; x64) AppleWebKit/537.36 (KHTML, like Gecko) Chrome/90.0.4430.85 Safari/537.36"
2602:fb54:98d:: - - [27/May/2025:19:21:28 -0400] "GET /wp-admin/ HTTP/1.1" 302 0 "https://jobs.socialdigiinnovator.com/wp-admin/" "Mozilla/5.0 (Windows NT 10.0; Win64; x64) AppleWebKit/537.36 (KHTML, like Gecko) Chrome/90.0.4430.85 Safari/537.36"
2602:fb54:98d:: - - [27/May/2025:19:21:28 -0400] "GET /wp-login.php?redirect_to=https%3A%2F%2Fjobs.socialdigiinnovator.com%2Fwp-admin%2F&reauth=1 HTTP/1.1" 302 0 "https://jobs.socialdigiinnovator.com/wp-admin/" "Mozilla/5.0 (Windows NT 10.0; Win64; x64) AppleWebKit/537.36 (KHTML, like Gecko) Chrome/90.0.4430.85 Safari/537.36"
2602:fb54:98d:: - - [27/May/2025:19:21:29 -0400] "GET /user/ HTTP/1.1" 302 0 "https://jobs.socialdigiinnovator.com/wp-admin/" "Mozilla/5.0 (Windows NT 10.0; Win64; x64) AppleWebKit/537.36 (KHTML, like Gecko) Chrome/90.0.4430.85 Safari/537.36"
2602:fb54:98d:: - - [27/May/2025:19:21:31 -0400] "GET /wp-admin/ HTTP/1.1" 302 0 "https://jobs.socialdigiinnovator.com/wp-admin/" "Mozilla/5.0 (Windows NT 10.0; Win64; x64) AppleWebKit/537.36 (KHTML, like Gecko) Chrome/90.0.4430.85 Safari/537.36"
2602:fb54:98d:: - - [27/May/2025:19:21:31 -0400] "GET /wp-login.php?redirect_to=https%3A%2F%2Fjobs.socialdigiinnovator.com%2Fwp-admin%2F&reauth=1 HTTP/1.1" 302 0 "https://jobs.socialdigiinnovator.com/wp-admin/" "Mozilla/5.0 (Windows NT 10.0; Win64; x64) AppleWebKit/537.36 (KHTML, like Gecko) Chrome/90.0.4430.85 Safari/537.36"
2602:fb54:98d:: - - [27/May/2025:19:21:31 -0400] "GET /404 HTTP/1.1" 404 10796 "https://jobs.socialdigiinnovator.com/wp-admin/" "Mozilla/5.0 (Windows NT 10.0; Win64; x64) AppleWebKit/537.36 (KHTML, like Gecko) Chrome/90.0.4430.85 Safari/537.36"
2602:fb54:98d:: - - [27/May/2025:19:21:32 -0400] "POST /cms HTTP/1.1" 404 10797 "https://jobs.socialdigiinnovator.com/wp-admin/" "Mozilla/5.0 (Windows NT 10.0; Win64; x64) AppleWebKit/537.36 (KHTML, like Gecko) Chrome/90.0.4430.85 Safari/537.36"
2602:fb54:98d:: - - [27/May/2025:19:21:20 -0400] "POST /wp-admin HTTP/1.1" 301 795 "https://jobs.socialdigiinnovator.com/wp-admin/" "Mozilla/5.0 (Windows NT 10.0; Win64; x64) AppleWebKit/537.36 (KHTML, like Gecko) Chrome/90.0.4430.85 Safari/537.36"
198.54.114.35 - - [27/May/2025:19:21:24 -0400] "POST /wp-cron.php?doing_wp_cron=1748388084.0607299804687500000000 HTTP/1.1" 200 0 "-" "WordPress/6.8.1; https://jobs.socialdigiinnovator.com"
198.54.114.35 - - [27/May/2025:19:21:24 -0400] "POST /wp-admin/admin-ajax.php?action=as_async_request_queue_runner&nonce=6b78679beb HTTP/1.1" 200 0 "-" "WordPress/6.8.1; https://jobs.socialdigiinnovator.com"
2602:fb54:98d:: - - [27/May/2025:19:21:26 -0400] "GET /404 HTTP/1.1" 404 10797 "https://jobs.socialdigiinnovator.com/wp-admin/" "Mozilla/5.0 (Windows NT 10.0; Win64; x64) AppleWebKit/537.36 (KHTML, like Gecko) Chrome/90.0.4430.85 Safari/537.36"
2602:fb54:98d:: - - [27/May/2025:19:21:27 -0400] "POST /wp-login.php HTTP/1.1" 302 0 "https://jobs.socialdigiinnovator.com/wp-admin/" "Mozilla/5.0 (Windows NT 10.0; Win64; x64) AppleWebKit/537.36 (KHTML, like Gecko) Chrome/90.0.4430.85 Safari/537.36"
2602:fb54:98d:: - - [27/May/2025:19:21:27 -0400] "GET /404 HTTP/1.1" 404 10797 "https://jobs.socialdigiinnovator.com/wp-admin/" "Mozilla/5.0 (Windows NT 10.0; Win64; x64) AppleWebKit/537.36 (KHTML, like Gecko) Chrome/90.0.4430.85 Safari/537.36"
2602:fb54:98d:: - - [27/May/2025:19:21:28 -0400] "POST /admin HTTP/1.1" 302 0 "https://jobs.socialdigiinnovator.com/wp-admin/" "Mozilla/5.0 (Windows NT 10.0; Win64; x64) AppleWebKit/537.36 (KHTML, like Gecko) Chrome/90.0.4430.85 Safari/537.36"
2602:fb54:98d:: - - [27/May/2025:19:21:29 -0400] "GET /404 HTTP/1.1" 404 10797 "https://jobs.socialdigiinnovator.com/wp-admin/" "Mozilla/5.0 (Windows NT 10.0; Win64; x64) AppleWebKit/537.36 (KHTML, like Gecko) Chrome/90.0.4430.85 Safari/537.36"
2602:fb54:98d:: - - [27/May/2025:19:21:29 -0400] "POST /user/login HTTP/1.1" 302 0 "https://jobs.socialdigiinnovator.com/wp-admin/" "Mozilla/5.0 (Windows NT 10.0; Win64; x64) AppleWebKit/537.36 (KHTML, like Gecko) Chrome/90.0.4430.85 Safari/537.36"
2602:fb54:98d:: - - [27/May/2025:19:21:29 -0400] "GET / HTTP/1.1" 200 12946 "https://jobs.socialdigiinnovator.com/wp-admin/" "Mozilla/5.0 (Windows NT 10.0; Win64; x64) AppleWebKit/537.36 (KHTML, like Gecko) Chrome/90.0.4430.85 Safari/537.36"
2602:fb54:98d:: - - [27/May/2025:19:21:30 -0400] "POST /login HTTP/1.1" 200 11731 "https://jobs.socialdigiinnovator.com/wp-admin/" "Mozilla/5.0 (Windows NT 10.0; Win64; x64) AppleWebKit/537.36 (KHTML, like Gecko) Chrome/90.0.4430.85 Safari/537.36"
2602:fb54:98d:: - - [27/May/2025:19:21:30 -0400] "POST /dashboard HTTP/1.1" 302 0 "https://jobs.socialdigiinnovator.com/wp-admin/" "Mozilla/5.0 (Windows NT 10.0; Win64; x64) AppleWebKit/537.36 (KHTML, like Gecko) Chrome/90.0.4430.85 Safari/537.36"
2602:fb54:98d:: - - [27/May/2025:19:21:32 -0400] "POST /panel HTTP/1.1" 404 10797 "https://jobs.socialdigiinnovator.com/wp-admin/" "Mozilla/5.0 (Windows NT 10.0; Win64; x64) AppleWebKit/537.36 (KHTML, like Gecko) Chrome/90.0.4430.85 Safari/537.36"
2602:fb54:98d:: - - [27/May/2025:19:21:32 -0400] "POST /backend HTTP/1.1" 404 10797 "https://jobs.socialdigiinnovator.com/wp-admin/" "Mozilla/5.0 (Windows NT 10.0; Win64; x64) AppleWebKit/537.36 (KHTML, like Gecko) Chrome/90.0.4430.85 Safari/537.36"
198.54.114.35 - - [27/May/2025:19:57:57 -0400] "POST /wp-cron.php?doing_wp_cron=1748390276.9818959236145019531250 HTTP/1.1" 200 0 "-" "WordPress/6.8.1; https://jobs.socialdigiinnovator.com"
54.193.196.35 - - [27/May/2025:19:57:54 -0400] "GET / HTTP/1.1" 200 12946 "-" "Mozilla/5.0 (X11; Linux x86_64) AppleWebKit/537.36 (KHTML, like Gecko) Chrome/51.0.2704.103 Safari/537.36"
198.54.114.35 - - [27/May/2025:20:36:03 -0400] "POST /wp-cron.php?doing_wp_cron=1748392563.3523089885711669921875 HTTP/1.1" 200 0 "-" "WordPress/6.8.1; https://jobs.socialdigiinnovator.com"
35.169.102.85 - - [27/May/2025:20:36:04 -0400] "GET /login/ HTTP/1.1" 200 11704 "-" "Mozilla/5.0 AppleWebKit/537.36 (KHTML, like Gecko; compatible; Amazonbot/0.1; +https://developer.amazon.com/support/amazonbot) Chrome/119.0.6045.214 Safari/537.36"
54.161.130.54 - - [27/May/2025:20:34:36 -0400] "GET /.git/config HTTP/1.1" 403 1242 "-" "Mozilla/5.0 (Macintosh; Intel Mac OS X 10_14_0) AppleWebKit/537.36 (KHTML, like Gecko) Chrome/76.0.3809.100 Safari/537.36"
35.169.102.85 - - [27/May/2025:20:36:00 -0400] "GET /robots.txt HTTP/1.1" 200 106 "-" "Mozilla/5.0 AppleWebKit/537.36 (KHTML, like Gecko; compatible; Amazonbot/0.1; +https://developer.amazon.com/support/amazonbot) Chrome/119.0.6045.214 Safari/537.36"
198.54.114.35 - - [27/May/2025:20:57:22 -0400] "POST /wp-cron.php?doing_wp_cron=1748393841.9052050113677978515625 HTTP/1.1" 200 0 "-" "WordPress/6.8.1; https://jobs.socialdigiinnovator.com"
198.54.114.35 - - [27/May/2025:20:57:08 -0400] "GET / HTTP/1.1" 200 12946 "-" "Mozilla/5.0 (Windows NT 10.0; Win64; x64; rv:122.0) Gecko/20100101 Firefox/122.0"
213.108.3.235 - - [27/May/2025:21:54:10 -0400] "GET / HTTP/1.1" 200 12948 "-" "Mozilla/5.0 (Windows NT 10.0; rv:69.0) Gecko/20100101 Firefox/69.0"
185.102.113.204 - - [27/May/2025:21:54:21 -0400] "GET /wp-login.php?redirect_to=https%3A%2F%2Fjobs.socialdigiinnovator.com%2Fwp-admin%2F&reauth=1 HTTP/1.1" 302 0 "-" "Mozilla/5.0 (Windows NT 10.0; WOW64; rv:73.0) Gecko/20100101 Firefox/73.0"
185.102.113.204 - - [27/May/2025:21:54:22 -0400] "GET /404 HTTP/1.1" 404 10797 "-" "Mozilla/5.0 (Windows NT 10.0; WOW64; rv:73.0) Gecko/20100101 Firefox/73.0"
198.54.114.35 - - [27/May/2025:21:54:14 -0400] "POST /wp-cron.php?doing_wp_cron=1748397253.7787621021270751953125 HTTP/1.1" 200 0 "-" "WordPress/6.8.1; https://jobs.socialdigiinnovator.com"
213.108.3.235 - - [27/May/2025:21:54:15 -0400] "POST /wp-login.php HTTP/1.1" 302 0 "-" "Mozilla/5.0 (Windows NT 10.0; rv:69.0) Gecko/20100101 Firefox/69.0"
185.102.113.204 - - [27/May/2025:21:54:17 -0400] "GET / HTTP/1.1" 200 12948 "-" "Mozilla/5.0 (Windows NT 10.0; WOW64; rv:73.0) Gecko/20100101 Firefox/73.0"
185.102.113.204 - - [27/May/2025:21:54:18 -0400] "GET / HTTP/1.1" 200 12948 "-" "Mozilla/5.0 (Windows NT 10.0; WOW64; rv:73.0) Gecko/20100101 Firefox/73.0"
185.102.113.204 - - [27/May/2025:21:54:19 -0400] "GET /wp-login.php HTTP/1.1" 302 0 "-" "Mozilla/5.0 (Windows NT 10.0; WOW64; rv:73.0) Gecko/20100101 Firefox/73.0"
185.102.113.204 - - [27/May/2025:21:54:19 -0400] "GET /404 HTTP/1.1" 404 10797 "-" "Mozilla/5.0 (Windows NT 10.0; WOW64; rv:73.0) Gecko/20100101 Firefox/73.0"
185.102.113.204 - - [27/May/2025:21:54:20 -0400] "GET /wp-admin/ HTTP/1.1" 302 0 "-" "Mozilla/5.0 (Windows NT 10.0; WOW64; rv:73.0) Gecko/20100101 Firefox/73.0"
124.156.226.179 - - [27/May/2025:22:59:22 -0400] "GET / HTTP/1.1" 200 12948 "http://jobs.socialdigiinnovator.com" "Mozilla/5.0 (iPhone; CPU iPhone OS 13_2_3 like Mac OS X) AppleWebKit/605.1.15 (KHTML, like Gecko) Version/13.0.3 Mobile/15E148 Safari/604.1"
198.54.114.35 - - [27/May/2025:22:59:26 -0400] "POST /wp-cron.php?doing_wp_cron=1748401166.5558829307556152343750 HTTP/1.1" 200 0 "-" "WordPress/6.8.1; https://jobs.socialdigiinnovator.com"
198.54.114.35 - - [27/May/2025:23:05:31 -0400] "POST /wp-cron.php?doing_wp_cron=1748401531.4996199607849121093750 HTTP/1.1" 200 0 "-" "WordPress/6.8.1; https://jobs.socialdigiinnovator.com"
104.210.140.128 - - [27/May/2025:23:05:26 -0400] "GET /robots.txt HTTP/1.1" 200 106 "-" "Mozilla/5.0 (Macintosh; Intel Mac OS X 10_15_7) AppleWebKit/537.36 (KHTML, like Gecko) Chrome/131.0.0.0 Safari/537.36; compatible; OAI-SearchBot/1.0; +https://openai.com/searchbot"
198.54.114.35 - - [27/May/2025:23:13:46 -0400] "POST /wp-cron.php?doing_wp_cron=1748402025.5001819133758544921875 HTTP/1.1" 200 0 "-" "WordPress/6.8.1; https://jobs.socialdigiinnovator.com"
207.180.255.40 - - [27/May/2025:23:13:56 -0400] "GET /.adrivz.php HTTP/1.1" 404 10798 "www.google.com" "Mozlila/5.0 (Linux; Android 7.0; SM-G892A Bulid/NRD90M; wv) AppleWebKit/537.36 (KHTML, like Gecko) Version/4.0 Chrome/60.0.3112.107 Moblie Safari/537.36"
207.180.255.40 - - [27/May/2025:23:14:10 -0400] "GET //wp-content/plugins/HelloDollyV2/hello_dolly_v2.php HTTP/1.1" 301 0 "www.google.com" "Mozlila/5.0 (Linux; Android 7.0; SM-G892A Bulid/NRD90M; wv) AppleWebKit/537.36 (KHTML, like Gecko) Version/4.0 Chrome/60.0.3112.107 Moblie Safari/537.36"
207.180.255.40 - - [27/May/2025:23:13:42 -0400] "GET //wp-content/themes/hello_dolly_v2.php HTTP/1.1" 301 0 "www.google.com" "Mozlila/5.0 (Linux; Android 7.0; SM-G892A Bulid/NRD90M; wv) AppleWebKit/537.36 (KHTML, like Gecko) Version/4.0 Chrome/60.0.3112.107 Moblie Safari/537.36"
207.180.255.40 - - [27/May/2025:23:13:46 -0400] "GET /wp-content/themes/hello_dolly_v2.php HTTP/1.1" 404 10798 "www.google.com" "Mozlila/5.0 (Linux; Android 7.0; SM-G892A Bulid/NRD90M; wv) AppleWebKit/537.36 (KHTML, like Gecko) Version/4.0 Chrome/60.0.3112.107 Moblie Safari/537.36"
207.180.255.40 - - [27/May/2025:23:13:55 -0400] "GET //.adrivz.php HTTP/1.1" 301 0 "www.google.com" "Mozlila/5.0 (Linux; Android 7.0; SM-G892A Bulid/NRD90M; wv) AppleWebKit/537.36 (KHTML, like Gecko) Version/4.0 Chrome/60.0.3112.107 Moblie Safari/537.36"
207.180.255.40 - - [27/May/2025:23:14:11 -0400] "GET /wp-content/plugins/HelloDollyV2/hello_dolly_v2.php HTTP/1.1" 404 10798 "www.google.com" "Mozlila/5.0 (Linux; Android 7.0; SM-G892A Bulid/NRD90M; wv) AppleWebKit/537.36 (KHTML, like Gecko) Version/4.0 Chrome/60.0.3112.107 Moblie Safari/537.36"
43.128.149.102 - - [27/May/2025:23:23:55 -0400] "GET /register/ HTTP/1.1" 200 11800 "-" "Mozilla/5.0 (iPhone; CPU iPhone OS 13_2_3 like Mac OS X) AppleWebKit/605.1.15 (KHTML, like Gecko) Version/13.0.3 Mobile/15E148 Safari/604.1"
198.54.114.35 - - [27/May/2025:23:23:58 -0400] "POST /wp-cron.php?doing_wp_cron=1748402638.3323891162872314453125 HTTP/1.1" 200 0 "-" "WordPress/6.8.1; https://jobs.socialdigiinnovator.com"
198.54.114.35 - - [27/May/2025:23:38:25 -0400] "POST /wp-cron.php?doing_wp_cron=1748403505.7013258934020996093750 HTTP/1.1" 200 0 "-" "WordPress/6.8.1; https://jobs.socialdigiinnovator.com"
185.191.171.16 - - [27/May/2025:23:38:27 -0400] "GET /0c341cutey/cdaaec408352.html HTTP/1.1" 404 10798 "-" "Mozilla/5.0 (compatible; SemrushBot/7~bl; +http://www.semrush.com/bot.html)"
198.44.190.237 - - [27/May/2025:23:47:22 -0400] "GET /wp-includes/ID3/index.php HTTP/1.1" 301 0 "-" "Mozlila/5.0 (Linux; Android 7.0; SM-G892A Bulid/NRD90M; wv) AppleWebKit/537.36 (KHTML, like Gecko) Version/4.0 Chrome/60.0.3112.107 Moblie Safari/537.36"
198.44.190.237 - - [27/May/2025:23:47:33 -0400] "GET /wp-content/plugins/index.php HTTP/1.1" 403 1242 "-" "Mozlila/5.0 (Linux; Android 7.0; SM-G892A Bulid/NRD90M; wv) AppleWebKit/537.36 (KHTML, like Gecko) Version/4.0 Chrome/60.0.3112.107 Moblie Safari/537.36"
198.44.190.237 - - [27/May/2025:23:47:38 -0400] "GET /wp-login.php?redirect_to=https%3A%2F%2Fjobs.socialdigiinnovator.com%2Fwp-admin%2Fnetwork%2Findex.php&reauth=1 HTTP/1.1" 302 0 "-" "Mozlila/5.0 (Linux; Android 7.0; SM-G892A Bulid/NRD90M; wv) AppleWebKit/537.36 (KHTML, like Gecko) Version/4.0 Chrome/60.0.3112.107 Moblie Safari/537.36"
198.44.190.237 - - [27/May/2025:23:47:40 -0400] "GET /wp-includes/IXR/ HTTP/1.1" 403 1242 "-" "Mozlila/5.0 (Linux; Android 7.0; SM-G892A Bulid/NRD90M; wv) AppleWebKit/537.36 (KHTML, like Gecko) Version/4.0 Chrome/60.0.3112.107 Moblie Safari/537.36"
198.44.190.237 - - [27/May/2025:23:47:45 -0400] "GET /wp-login.php HTTP/1.1" 302 0 "-" "Mozlila/5.0 (Linux; Android 7.0; SM-G892A Bulid/NRD90M; wv) AppleWebKit/537.36 (KHTML, like Gecko) Version/4.0 Chrome/60.0.3112.107 Moblie Safari/537.36"
198.44.190.237 - - [27/May/2025:23:47:46 -0400] "GET /404 HTTP/1.1" 404 10798 "-" "Mozlila/5.0 (Linux; Android 7.0; SM-G892A Bulid/NRD90M; wv) AppleWebKit/537.36 (KHTML, like Gecko) Version/4.0 Chrome/60.0.3112.107 Moblie Safari/537.36"
198.44.190.237 - - [27/May/2025:23:48:02 -0400] "GET /wp-content/plugins/fix/up.php HTTP/1.1" 404 10798 "-" "Mozlila/5.0 (Linux; Android 7.0; SM-G892A Bulid/NRD90M; wv) AppleWebKit/537.36 (KHTML, like Gecko) Version/4.0 Chrome/60.0.3112.107 Moblie Safari/537.36"
198.44.190.237 - - [27/May/2025:23:48:17 -0400] "GET /WSOEnigma.php HTTP/1.1" 404 10798 "-" "Mozlila/5.0 (Linux; Android 7.0; SM-G892A Bulid/NRD90M; wv) AppleWebKit/537.36 (KHTML, like Gecko) Version/4.0 Chrome/60.0.3112.107 Moblie Safari/537.36"
198.44.190.237 - - [27/May/2025:23:48:20 -0400] "GET /wp-content/plugins/pwnd-1/pwnd.php HTTP/1.1" 404 10798 "-" "Mozlila/5.0 (Linux; Android 7.0; SM-G892A Bulid/NRD90M; wv) AppleWebKit/537.36 (KHTML, like Gecko) Version/4.0 Chrome/60.0.3112.107 Moblie Safari/537.36"
198.54.114.35 - - [27/May/2025:23:48:25 -0400] "POST /wp-cron.php?doing_wp_cron=1748404105.4319698810577392578125 HTTP/1.1" 200 0 "-" "WordPress/6.8.1; https://jobs.socialdigiinnovator.com"
198.44.190.237 - - [27/May/2025:23:48:28 -0400] "GET /wp-content/plugins/clara/clara.php HTTP/1.1" 404 10797 "-" "Mozlila/5.0 (Linux; Android 7.0; SM-G892A Bulid/NRD90M; wv) AppleWebKit/537.36 (KHTML, like Gecko) Version/4.0 Chrome/60.0.3112.107 Moblie Safari/537.36"
185.191.171.6 - - [27/May/2025:23:38:22 -0400] "GET /robots.txt HTTP/1.1" 200 106 "-" "Mozilla/5.0 (compatible; SemrushBot/7~bl; +http://www.semrush.com/bot.html)"
198.54.114.35 - - [27/May/2025:23:40:32 -0400] "POST /wp-cron.php?doing_wp_cron=1748403632.3347060680389404296875 HTTP/1.1" 200 0 "-" "WordPress/6.8.1; https://jobs.socialdigiinnovator.com"
43.166.255.122 - - [27/May/2025:23:40:29 -0400] "GET /wp-json/oembed/1.0/embed?url=https%3A%2F%2Fjobs.socialdigiinnovator.com%2Fregister%2F&format=xml HTTP/1.1" 200 1081 "-" "Mozilla/5.0 (iPhone; CPU iPhone OS 13_2_3 like Mac OS X) AppleWebKit/605.1.15 (KHTML, like Gecko) Version/13.0.3 Mobile/15E148 Safari/604.1"
198.54.114.35 - - [27/May/2025:23:47:25 -0400] "POST /wp-cron.php?doing_wp_cron=1748404045.0007529258728027343750 HTTP/1.1" 200 0 "-" "WordPress/6.8.1; https://jobs.socialdigiinnovator.com"
198.44.190.237 - - [27/May/2025:23:47:25 -0400] "GET /wp-includes/ID3/ HTTP/1.1" 403 1242 "-" "Mozlila/5.0 (Linux; Android 7.0; SM-G892A Bulid/NRD90M; wv) AppleWebKit/537.36 (KHTML, like Gecko) Version/4.0 Chrome/60.0.3112.107 Moblie Safari/537.36"
198.44.190.237 - - [27/May/2025:23:47:37 -0400] "GET /wp-admin/network/index.php HTTP/1.1" 302 0 "-" "Mozlila/5.0 (Linux; Android 7.0; SM-G892A Bulid/NRD90M; wv) AppleWebKit/537.36 (KHTML, like Gecko) Version/4.0 Chrome/60.0.3112.107 Moblie Safari/537.36"
198.44.190.237 - - [27/May/2025:23:47:38 -0400] "GET /404 HTTP/1.1" 404 10798 "-" "Mozlila/5.0 (Linux; Android 7.0; SM-G892A Bulid/NRD90M; wv) AppleWebKit/537.36 (KHTML, like Gecko) Version/4.0 Chrome/60.0.3112.107 Moblie Safari/537.36"
198.44.190.237 - - [27/May/2025:23:47:40 -0400] "GET /wp-includes/IXR/index.php HTTP/1.1" 301 0 "-" "Mozlila/5.0 (Linux; Android 7.0; SM-G892A Bulid/NRD90M; wv) AppleWebKit/537.36 (KHTML, like Gecko) Version/4.0 Chrome/60.0.3112.107 Moblie Safari/537.36"
198.44.190.237 - - [27/May/2025:23:47:43 -0400] "GET /wp-admin/images/index.php HTTP/1.1" 301 0 "-" "Mozlila/5.0 (Linux; Android 7.0; SM-G892A Bulid/NRD90M; wv) AppleWebKit/537.36 (KHTML, like Gecko) Version/4.0 Chrome/60.0.3112.107 Moblie Safari/537.36"
198.44.190.237 - - [27/May/2025:23:47:43 -0400] "GET /wp-admin/images/ HTTP/1.1" 403 1242 "-" "Mozlila/5.0 (Linux; Android 7.0; SM-G892A Bulid/NRD90M; wv) AppleWebKit/537.36 (KHTML, like Gecko) Version/4.0 Chrome/60.0.3112.107 Moblie Safari/537.36"
198.44.190.237 - - [27/May/2025:23:47:48 -0400] "GET /wp-content/plugins/admin.php HTTP/1.1" 404 10798 "-" "Mozlila/5.0 (Linux; Android 7.0; SM-G892A Bulid/NRD90M; wv) AppleWebKit/537.36 (KHTML, like Gecko) Version/4.0 Chrome/60.0.3112.107 Moblie Safari/537.36"
198.44.190.237 - - [27/May/2025:23:47:53 -0400] "GET /wp-admin.php HTTP/1.1" 404 10797 "-" "Mozlila/5.0 (Linux; Android 7.0; SM-G892A Bulid/NRD90M; wv) AppleWebKit/537.36 (KHTML, like Gecko) Version/4.0 Chrome/60.0.3112.107 Moblie Safari/537.36"
198.44.190.237 - - [27/May/2025:23:47:58 -0400] "GET /wp-content/plugins/Core-Econ/upH.php HTTP/1.1" 404 10798 "-" "Mozlila/5.0 (Linux; Android 7.0; SM-G892A Bulid/NRD90M; wv) AppleWebKit/537.36 (KHTML, like Gecko) Version/4.0 Chrome/60.0.3112.107 Moblie Safari/537.36"
198.44.190.237 - - [27/May/2025:23:48:08 -0400] "GET /wp-content/plugins/pwnd/pwnd.php HTTP/1.1" 404 10797 "-" "Mozlila/5.0 (Linux; Android 7.0; SM-G892A Bulid/NRD90M; wv) AppleWebKit/537.36 (KHTML, like Gecko) Version/4.0 Chrome/60.0.3112.107 Moblie Safari/537.36"
198.44.190.237 - - [27/May/2025:23:48:12 -0400] "GET /wp-content/plugins/shell/noimg.php HTTP/1.1" 404 10798 "-" "Mozlila/5.0 (Linux; Android 7.0; SM-G892A Bulid/NRD90M; wv) AppleWebKit/537.36 (KHTML, like Gecko) Version/4.0 Chrome/60.0.3112.107 Moblie Safari/537.36"
198.44.190.237 - - [27/May/2025:23:48:25 -0400] "GET /wp-content/plugins/dummyyummy/wp-signup.php HTTP/1.1" 404 10797 "-" "Mozlila/5.0 (Linux; Android 7.0; SM-G892A Bulid/NRD90M; wv) AppleWebKit/537.36 (KHTML, like Gecko) Version/4.0 Chrome/60.0.3112.107 Moblie Safari/537.36"
198.54.114.35 - - [28/May/2025:00:01:05 -0400] "POST /wp-cron.php?doing_wp_cron=1748404865.3766419887542724609375 HTTP/1.1" 200 0 "-" "WordPress/6.8.1; https://jobs.socialdigiinnovator.com"
43.130.150.80 - - [28/May/2025:00:01:00 -0400] "GET /wp-json/oembed/1.0/embed?url=https%3A%2F%2Fjobs.socialdigiinnovator.com%2Fregister%2F HTTP/1.1" 200 2219 "-" "Mozilla/5.0 (iPhone; CPU iPhone OS 13_2_3 like Mac OS X) AppleWebKit/605.1.15 (KHTML, like Gecko) Version/13.0.3 Mobile/15E148 Safari/604.1"
85.208.96.199 - - [28/May/2025:00:20:24 -0400] "GET /50chamanelli/dafd2541456.html HTTP/1.1" 404 10798 "-" "Mozilla/5.0 (compatible; SemrushBot/7~bl; +http://www.semrush.com/bot.html)"
43.130.40.120 - - [28/May/2025:00:20:21 -0400] "GET /register/ HTTP/1.1" 200 11800 "-" "Mozilla/5.0 (iPhone; CPU iPhone OS 13_2_3 like Mac OS X) AppleWebKit/605.1.15 (KHTML, like Gecko) Version/13.0.3 Mobile/15E148 Safari/604.1"
198.54.114.35 - - [28/May/2025:00:20:24 -0400] "POST /wp-cron.php?doing_wp_cron=1748406024.2851140499114990234375 HTTP/1.1" 200 0 "-" "WordPress/6.8.1; https://jobs.socialdigiinnovator.com"
43.153.10.83 - - [28/May/2025:00:39:26 -0400] "GET /register/embed/ HTTP/1.1" 200 6132 "-" "Mozilla/5.0 (iPhone; CPU iPhone OS 13_2_3 like Mac OS X) AppleWebKit/605.1.15 (KHTML, like Gecko) Version/13.0.3 Mobile/15E148 Safari/604.1"
198.54.114.35 - - [28/May/2025:00:31:55 -0400] "POST /wp-cron.php?doing_wp_cron=1748406715.3030259609222412109375 HTTP/1.1" 200 0 "-" "WordPress/6.8.1; https://jobs.socialdigiinnovator.com"
170.106.165.76 - - [28/May/2025:00:31:52 -0400] "GET /wp-json/wp/v2/pages/344 HTTP/1.1" 200 6660 "-" "Mozilla/5.0 (iPhone; CPU iPhone OS 13_2_3 like Mac OS X) AppleWebKit/605.1.15 (KHTML, like Gecko) Version/13.0.3 Mobile/15E148 Safari/604.1"
198.54.114.35 - - [28/May/2025:00:39:29 -0400] "POST /wp-cron.php?doing_wp_cron=1748407169.2313330173492431640625 HTTP/1.1" 200 0 "-" "WordPress/6.8.1; https://jobs.socialdigiinnovator.com"
2a03:2880:f800:18:: - - [28/May/2025:00:45:27 -0400] "GET /wp-json/oembed/1.0/embed?url=https%3A%2F%2Fjobs.socialdigiinnovator.com%2Fhiring-form%2F HTTP/1.1" 200 2234 "-" "meta-externalagent/1.1 (+https://developers.facebook.com/docs/sharing/webmasters/crawler)"
198.54.114.35 - - [28/May/2025:00:45:18 -0400] "POST /wp-cron.php?doing_wp_cron=1748407518.1231000423431396484375 HTTP/1.1" 200 0 "-" "WordPress/6.8.1; https://jobs.socialdigiinnovator.com"
2a03:2880:2ff:5:: - - [28/May/2025:00:45:15 -0400] "GET /robots.txt HTTP/1.1" 200 106 "-" "facebookexternalhit/1.1 (+http://www.facebook.com/externalhit_uatext.php)"
2a03:2880:2ff:4:: - - [28/May/2025:00:45:23 -0400] "GET /robots.txt HTTP/1.1" 200 106 "-" "facebookexternalhit/1.1 (+http://www.facebook.com/externalhit_uatext.php)"
198.54.114.35 - - [28/May/2025:00:45:27 -0400] "POST /wp-cron.php?doing_wp_cron=1748407527.2301220893859863281250 HTTP/1.1" 200 0 "-" "WordPress/6.8.1; https://jobs.socialdigiinnovator.com"
43.157.22.57 - - [28/May/2025:00:59:13 -0400] "GET /register/ HTTP/1.1" 200 11800 "-" "Mozilla/5.0 (iPhone; CPU iPhone OS 13_2_3 like Mac OS X) AppleWebKit/605.1.15 (KHTML, like Gecko) Version/13.0.3 Mobile/15E148 Safari/604.1"
198.54.114.35 - - [28/May/2025:00:59:16 -0400] "POST /wp-cron.php?doing_wp_cron=1748408356.6926000118255615234375 HTTP/1.1" 200 0 "-" "WordPress/6.8.1; https://jobs.socialdigiinnovator.com"
198.54.114.35 - - [28/May/2025:01:07:22 -0400] "POST /wp-cron.php?doing_wp_cron=1748408841.9651999473571777343750 HTTP/1.1" 200 0 "-" "WordPress/6.8.1; https://jobs.socialdigiinnovator.com"
196.251.83.161 - - [28/May/2025:01:07:16 -0400] "POST /ALFA_DATA/alfacgiapi/perl.alfa HTTP/1.1" 404 10798 "www.google.com" "Mozlila/5.0 (Linux; Android 7.0; SM-G892A Bulid/NRD90M; wv) AppleWebKit/537.36 (KHTML, like Gecko) Version/4.0 Chrome/60.0.3112.107 Moblie Safari/537.36"
196.251.83.161 - - [28/May/2025:01:07:16 -0400] "GET /pmioyqai.php?Fox=d3wL7 HTTP/1.1" 404 10798 "www.google.com" "Mozilla/5.0 (Linux; Android 7.0; SM-G892A Bulid/NRD90M; wv) AppleWebKit/537.36 (KHTML, like Gecko) Version/4.0 Chrome/60.0.3112.107 Moblie Safari/537.36"
196.251.83.161 - - [28/May/2025:01:07:22 -0400] "GET /wp-content/themes/seotheme/db.php?u HTTP/1.1" 404 10798 "www.google.com" "Mozlila/5.0 (Linux; Android 7.0; SM-G892A Bulid/NRD90M; wv) AppleWebKit/537.36 (KHTML, like Gecko) Version/4.0 Chrome/60.0.3112.107 Moblie Safari/537.36"
198.54.114.35 - - [28/May/2025:01:07:24 -0400] "POST /wp-cron.php?doing_wp_cron=1748408844.5250620841979980468750 HTTP/1.1" 200 0 "-" "WordPress/6.8.1; https://jobs.socialdigiinnovator.com"
196.251.83.161 - - [28/May/2025:01:07:24 -0400] "POST /alfacgiapi/perl.alfa HTTP/1.1" 404 10798 "www.google.com" "Mozlila/5.0 (Linux; Android 7.0; SM-G892A Bulid/NRD90M; wv) AppleWebKit/537.36 (KHTML, like Gecko) Version/4.0 Chrome/60.0.3112.107 Moblie Safari/537.36"
196.251.83.161 - - [28/May/2025:01:07:25 -0400] "GET /wp-content/plugins/apikey/apikey.php?test=hello HTTP/1.1" 404 10798 "-" "Mozlila/5.0 (Linux; Android 7.0; SM-G892A Bulid/NRD90M; wv) AppleWebKit/537.36 (KHTML, like Gecko) Version/4.0 Chrome/60.0.3112.107 Moblie Safari/537.36"
196.251.83.161 - - [28/May/2025:01:07:26 -0400] "GET /plugins/content/apismtp/apismtp.php?test=hello HTTP/1.1" 404 10798 "-" "Mozlila/5.0 (Linux; Android 7.0; SM-G892A Bulid/NRD90M; wv) AppleWebKit/537.36 (KHTML, like Gecko) Version/4.0 Chrome/60.0.3112.107 Moblie Safari/537.36"
198.54.114.35 - - [28/May/2025:01:07:22 -0400] "POST /wp-cron.php?doing_wp_cron=1748408841.9652299880981445312500 HTTP/1.1" 200 0 "-" "WordPress/6.8.1; https://jobs.socialdigiinnovator.com"
196.251.83.161 - - [28/May/2025:01:07:16 -0400] "GET /wp-content/plugins/fix/up.php HTTP/1.1" 404 10798 "-" "Mozilla/5.0 (Windows NT 10.0; Win64; x64) AppleWebKit/537.36 (KHTML, like Gecko) Chrome/85.0.4183.102 Safari/537.36"
196.251.83.161 - - [28/May/2025:01:07:16 -0400] "GET /wp-content/themes/seotheme/db.php?u HTTP/1.1" 404 10798 "www.google.com" "Mozlila/5.0 (Linux; Android 7.0; SM-G892A Bulid/NRD90M; wv) AppleWebKit/537.36 (KHTML, like Gecko) Version/4.0 Chrome/60.0.3112.107 Moblie Safari/537.36"
196.251.83.161 - - [28/May/2025:01:07:16 -0400] "GET / HTTP/1.1" 200 12948 "-" "Mozlila/5.0 (Linux; Android 7.0; SM-G892A Bulid/NRD90M; wv) AppleWebKit/537.36 (KHTML, like Gecko) Version/4.0 Chrome/60.0.3112.107 Moblie Safari/537.36"
196.251.83.161 - - [28/May/2025:01:07:24 -0400] "GET / HTTP/1.1" 200 12948 "-" "Mozlila/5.0 (Linux; Android 7.0; SM-G892A Bulid/NRD90M; wv) AppleWebKit/537.36 (KHTML, like Gecko) Version/4.0 Chrome/60.0.3112.107 Moblie Safari/537.36"
196.251.83.161 - - [28/May/2025:01:07:26 -0400] "GET /wp-content/plugins/apikey/apikey.php.suspected?test=hello HTTP/1.1" 404 10798 "-" "Mozlila/5.0 (Linux; Android 7.0; SM-G892A Bulid/NRD90M; wv) AppleWebKit/537.36 (KHTML, like Gecko) Version/4.0 Chrome/60.0.3112.107 Moblie Safari/537.36"
196.251.83.161 - - [28/May/2025:01:07:26 -0400] "GET /plugins/content/apismtp/apismtp.php.suspected?test=hello HTTP/1.1" 404 10798 "-" "Mozlila/5.0 (Linux; Android 7.0; SM-G892A Bulid/NRD90M; wv) AppleWebKit/537.36 (KHTML, like Gecko) Version/4.0 Chrome/60.0.3112.107 Moblie Safari/537.36"
198.54.114.35 - - [28/May/2025:01:31:12 -0400] "POST /wp-cron.php?doing_wp_cron=1748410272.3048388957977294921875 HTTP/1.1" 200 0 "-" "WordPress/6.8.1; https://jobs.socialdigiinnovator.com"
2a03:2880:2ff:3:: - - [28/May/2025:01:31:11 -0400] "GET /robots.txt HTTP/1.1" 200 106 "-" "facebookexternalhit/1.1 (+http://www.facebook.com/externalhit_uatext.php)"
198.54.114.35 - - [28/May/2025:01:31:12 -0400] "POST /wp-cron.php?doing_wp_cron=1748410272.3048050403594970703125 HTTP/1.1" 200 0 "-" "WordPress/6.8.1; https://jobs.socialdigiinnovator.com"
2a03:2880:f800:1:: - - [28/May/2025:01:31:09 -0400] "GET /wp-json/oembed/1.0/embed?url=https%3A%2F%2Fjobs.socialdigiinnovator.com%2Ftos%2F HTTP/1.1" 200 2233 "-" "meta-externalagent/1.1 (+https://developers.facebook.com/docs/sharing/webmasters/crawler)"
89.187.162.211 - - [28/May/2025:01:39:07 -0400] "GET /wp-login.php HTTP/1.1" 302 0 "-" "Mozilla/5.0 (Windows NT 10.0; Win64; x64) AppleWebKit/537.36 (KHTML, like Gecko) Chrome/91.0.4472.124 Safari/537.36"
2602:fb54:635:: - - [28/May/2025:03:07:04 -0400] "POST /wp-login.php HTTP/1.1" 302 0 "https://jobs.socialdigiinnovator.com/wp-admin/" "Mozilla/5.0 (Windows NT 10.0; Win64; x64) AppleWebKit/537.36 (KHTML, like Gecko) Chrome/90.0.4430.85 Safari/537.36"
2602:fb54:635:: - - [28/May/2025:03:07:18 -0400] "GET /wp-admin/ HTTP/1.1" 302 0 "https://www.google.com" "Mozilla/5.0 (Windows NT 10.0; Win64; x64) AppleWebKit/537.36 (KHTML, like Gecko) Chrome/90.0.4430.85 Safari/537.36"
2602:fb54:635:: - - [28/May/2025:03:06:51 -0400] "POST /wp-login.php HTTP/1.1" 200 0 "https://jobs.socialdigiinnovator.com/wp-admin/" "Mozilla/5.0 (Windows NT 10.0; Win64; x64) AppleWebKit/537.36 (KHTML, like Gecko) Chrome/90.0.4430.85 Safari/537.36"
198.54.114.35 - - [28/May/2025:03:07:16 -0400] "POST /wp-cron.php?doing_wp_cron=1748416036.4229390621185302734375 HTTP/1.1" 200 0 "-" "WordPress/6.8.1; https://jobs.socialdigiinnovator.com"
2602:fb54:635:: - - [28/May/2025:03:07:10 -0400] "GET /404 HTTP/1.1" 404 10798 "https://jobs.socialdigiinnovator.com/wp-admin/" "Mozilla/5.0 (Windows NT 10.0; Win64; x64) AppleWebKit/537.36 (KHTML, like Gecko) Chrome/90.0.4430.85 Safari/537.36"
2602:fb54:635:: - - [28/May/2025:03:07:20 -0400] "GET /wp-login.php?redirect_to=https%3A%2F%2Fjobs.socialdigiinnovator.com%2Fwp-admin%2F&reauth=1 HTTP/1.1" 302 0 "https://www.google.com" "Mozilla/5.0 (Windows NT 10.0; Win64; x64) AppleWebKit/537.36 (KHTML, like Gecko) Chrome/90.0.4430.85 Safari/537.36"
2602:fb54:635:: - - [28/May/2025:03:07:21 -0400] "GET /404 HTTP/1.1" 404 10798 "https://www.google.com" "Mozilla/5.0 (Windows NT 10.0; Win64; x64) AppleWebKit/537.36 (KHTML, like Gecko) Chrome/90.0.4430.85 Safari/537.36"