芝麻web文件管理V1.00
编辑当前文件:/home/sditechnicalteam/access-logs/socialdigiinnovator.com.sdipmtools.com-ssl_log
66.249.73.102 - - [27/May/2025:08:13:28 -0400] "HEAD / HTTP/1.1" 200 0 "-" "Mozilla/5.0 (compatible; Googlebot/2.1; +http://www.google.com/bot.html)"
2a10:b5c0:35::1 - - [27/May/2025:08:15:57 -0400] "POST /wp-login.php HTTP/1.1" 302 0 "https://socialdigiinnovator.com" "Mozilla/5.0 (Macintosh; Intel Mac OS X 10_15_7) AppleWebKit/537.36 (KHTML, like Gecko) Chrome/115.0.5790.102 Safari/537.36"
198.54.114.35 - - [27/May/2025:08:16:03 -0400] "POST /wp-cron.php?doing_wp_cron=1748348163.7539470195770263671875 HTTP/1.1" 200 0 "-" "WordPress/6.8.1; https://socialdigiinnovator.com"
146.190.123.164 - - [27/May/2025:08:26:45 -0400] "GET /wp-login.php HTTP/1.1" 302 0 "-" "Mozila/5.0"
198.54.114.35 - - [27/May/2025:08:26:49 -0400] "POST /wp-cron.php?doing_wp_cron=1748348808.9017539024353027343750 HTTP/1.1" 200 0 "-" "WordPress/6.8.1; https://socialdigiinnovator.com"
198.54.114.35 - - [27/May/2025:08:28:53 -0400] "POST /wp-cron.php?doing_wp_cron=1748348933.8198099136352539062500 HTTP/1.1" 200 0 "-" "WordPress/6.8.1; https://socialdigiinnovator.com"
162.0.232.73 - - [27/May/2025:08:28:52 -0400] "GET /404 HTTP/1.1" 404 15043 "https://socialdigiinnovator.com" "Mozilla/5.0 (Windows NT 10.0; Win64; x64) AppleWebKit/537.36 (KHTML, like Gecko) Chrome/116.0.5845.96 Safari/537.36 Edg/116.0.1938.62"
2a10:b5c0:35::1 - - [27/May/2025:08:16:00 -0400] "GET /404 HTTP/1.1" 200 0 "https://socialdigiinnovator.com" "Mozilla/5.0 (Macintosh; Intel Mac OS X 10_15_7) AppleWebKit/537.36 (KHTML, like Gecko) Chrome/115.0.5790.102 Safari/537.36"
52.167.144.162 - - [27/May/2025:08:20:13 -0400] "GET /wp-content/plugins/sg-security/assets/fonts/KFOlCnqEu92Fr1MmWUlfBBc4AMP6lQ.woff2 HTTP/1.1" 200 11020 "-" "Mozilla/5.0 AppleWebKit/537.36 (KHTML, like Gecko; compatible; bingbot/2.0; +http://www.bing.com/bingbot.htm) Chrome/116.0.1938.76 Safari/537.36"
146.190.123.164 - - [27/May/2025:08:26:47 -0400] "GET /404 HTTP/1.1" 404 15046 "-" "Mozila/5.0"
162.0.232.73 - - [27/May/2025:08:28:51 -0400] "POST /wp-login.php HTTP/1.1" 302 0 "https://socialdigiinnovator.com" "Mozilla/5.0 (Windows NT 10.0; Win64; x64) AppleWebKit/537.36 (KHTML, like Gecko) Chrome/116.0.5845.96 Safari/537.36 Edg/116.0.1938.62"
103.90.232.143 - - [27/May/2025:08:41:47 -0400] "POST /wp-login.php HTTP/1.1" 302 0 "https://socialdigiinnovator.com" "Mozilla/5.0 (Windows NT 10.0; Win64; x64) AppleWebKit/537.36 (KHTML, like Gecko) Chrome/113.0.5672.93 Safari/537.36"
198.54.114.35 - - [27/May/2025:08:41:53 -0400] "POST /wp-cron.php?doing_wp_cron=1748349713.5940539836883544921875 HTTP/1.1" 200 0 "-" "WordPress/6.8.1; https://socialdigiinnovator.com"
103.90.232.143 - - [27/May/2025:08:41:51 -0400] "GET /404 HTTP/1.1" 404 15044 "https://socialdigiinnovator.com" "Mozilla/5.0 (Windows NT 10.0; Win64; x64) AppleWebKit/537.36 (KHTML, like Gecko) Chrome/113.0.5672.93 Safari/537.36"
198.54.114.35 - - [27/May/2025:08:46:13 -0400] "POST /wp-cron.php?doing_wp_cron=1748349973.1953339576721191406250 HTTP/1.1" 200 0 "-" "WordPress/6.8.1; https://socialdigiinnovator.com"
156.228.111.131 - - [27/May/2025:08:46:09 -0400] "GET /vendor/phpunit/phpunit/LICENSE HTTP/1.1" 200 0 "-" "Mozilla/5.0 (Windows NT 10.0; Win64; x64) AppleWebKit/537.36 (KHTML, like Gecko) Chrome/106.0.0.0 Safari/537.36"
198.54.114.35 - - [27/May/2025:09:01:11 -0400] "POST /wp-cron.php?doing_wp_cron=1748350870.8774750232696533203125 HTTP/1.1" 200 0 "-" "WordPress/6.8.1; https://socialdigiinnovator.com"
154.213.194.142 - - [27/May/2025:09:01:09 -0400] "GET /404 HTTP/1.1" 404 15043 "-" "Mozilla/5.0 (Windows NT 10.0; Win64; x64) AppleWebKit/537.36 (KHTML, like Gecko) Chrome/115.0.0.0 Safari/537.36 Edg/115.0.1901.203"
43.157.38.228 - - [27/May/2025:09:03:54 -0400] "GET / HTTP/1.1" 200 26178 "https://www.socialdigiinnovator.com/" "Mozilla/5.0 (iPhone; CPU iPhone OS 13_2_3 like Mac OS X) AppleWebKit/605.1.15 (KHTML, like Gecko) Version/13.0.3 Mobile/15E148 Safari/604.1"
198.54.114.35 - - [27/May/2025:09:07:46 -0400] "POST /wp-cron.php?doing_wp_cron=1748351266.0789790153503417968750 HTTP/1.1" 200 0 "-" "WordPress/6.8.1; https://socialdigiinnovator.com"
154.213.194.142 - - [27/May/2025:09:01:03 -0400] "GET /wp-login.php HTTP/1.1" 302 0 "-" "Mozilla/5.0 (Windows NT 10.0; Win64; x64) AppleWebKit/537.36 (KHTML, like Gecko) Chrome/115.0.0.0 Safari/537.36 Edg/115.0.1901.203"
198.54.114.35 - - [27/May/2025:09:03:53 -0400] "POST /wp-cron.php?doing_wp_cron=1748351033.5301980972290039062500 HTTP/1.1" 200 0 "-" "WordPress/6.8.1; https://socialdigiinnovator.com"
43.157.38.228 - - [27/May/2025:09:03:49 -0400] "GET / HTTP/1.1" 301 0 "http://www.socialdigiinnovator.com" "Mozilla/5.0 (iPhone; CPU iPhone OS 13_2_3 like Mac OS X) AppleWebKit/605.1.15 (KHTML, like Gecko) Version/13.0.3 Mobile/15E148 Safari/604.1"
207.180.255.40 - - [27/May/2025:09:04:02 -0400] "GET /wp-content/plugins/cleantalk-spam-protect/readme.txt HTTP/1.1" 404 33543 "www.google.com" "Mozilla/6.4 (Windows NT 11.1) Gecko/2010102 Firefox/99.0"
78.128.76.202 - - [27/May/2025:09:07:41 -0400] "POST /wp-login.php HTTP/1.1" 302 0 "https://socialdigiinnovator.com" "Mozilla/5.0 (Windows NT 10.0; Win64; x64; rv:128.0) Gecko/20100101 Firefox/128.0"
78.128.76.202 - - [27/May/2025:09:07:44 -0400] "GET /404 HTTP/1.1" 404 15047 "https://socialdigiinnovator.com" "Mozilla/5.0 (Windows NT 10.0; Win64; x64; rv:128.0) Gecko/20100101 Firefox/128.0"
198.54.114.35 - - [27/May/2025:09:20:48 -0400] "POST /wp-cron.php?doing_wp_cron=1748352048.0801188945770263671875 HTTP/1.1" 200 0 "-" "WordPress/6.8.1; https://socialdigiinnovator.com"
144.76.139.216 - - [27/May/2025:09:25:50 -0400] "GET /wp-content/plugins/suretriggers/readme.txt HTTP/1.1" 404 33544 "www.google.com" "Mozilla/6.4 (Windows NT 11.1) Gecko/2010102 Firefox/99.0"
103.186.185.28 - - [27/May/2025:09:20:42 -0400] "POST /wp-login.php HTTP/1.1" 302 0 "https://socialdigiinnovator.com" "Mozilla/5.0 (Windows NT 11.0; Win64; x64) AppleWebKit/537.36 (KHTML, like Gecko) Chrome/126.0.0.0 Safari/537.36"
103.186.185.28 - - [27/May/2025:09:20:46 -0400] "GET /404 HTTP/1.1" 404 15045 "https://socialdigiinnovator.com" "Mozilla/5.0 (Windows NT 11.0; Win64; x64) AppleWebKit/537.36 (KHTML, like Gecko) Chrome/126.0.0.0 Safari/537.36"
198.54.114.35 - - [27/May/2025:09:25:55 -0400] "POST /wp-cron.php?doing_wp_cron=1748352354.8273730278015136718750 HTTP/1.1" 200 0 "-" "WordPress/6.8.1; https://socialdigiinnovator.com"
198.54.114.35 - - [27/May/2025:09:29:00 -0400] "POST /wp-cron.php?doing_wp_cron=1748352540.7657859325408935546875 HTTP/1.1" 200 0 "-" "WordPress/6.8.1; https://socialdigiinnovator.com"
216.244.66.226 - - [27/May/2025:09:28:57 -0400] "GET /robots.txt HTTP/1.1" 200 102 "-" "Mozilla/5.0 (compatible; DotBot/1.2; +https://opensiteexplorer.org/dotbot; help@moz.com)"
198.54.114.35 - - [27/May/2025:09:40:08 -0400] "POST /wp-cron.php?doing_wp_cron=1748353208.1217260360717773437500 HTTP/1.1" 200 0 "-" "WordPress/6.8.1; https://socialdigiinnovator.com"
2603:3003:1d09:8300:8946:72ac:20a:bc62 - - [27/May/2025:09:40:02 -0400] "GET / HTTP/1.1" 200 26175 "-" "Mozilla/5.0 (Macintosh; Intel Mac OS X 10_11_1) AppleWebKit/601.2.4 (KHTML, like Gecko) Version/9.0.1 Safari/601.2.4 facebookexternalhit/1.1 Facebot Twitterbot/1.0"
114.119.128.10 - - [27/May/2025:10:06:39 -0400] "GET /wp-content/webp-express/webp-images/uploads/2022/06/Image-6-1400x788.jpg.webp HTTP/1.1" 404 33536 "https://socialdigiinnovator.com/instagram-influencers-and-why-does-a-business-need-them/" "Mozilla/5.0 (Linux; Android 7.0;) AppleWebKit/537.36 (KHTML, like Gecko) Mobile Safari/537.36 (compatible; PetalBot;+https://webmaster.petalsearch.com/site/petalbot)"
198.54.114.35 - - [27/May/2025:10:17:23 -0400] "POST /wp-cron.php?doing_wp_cron=1748355443.0359950065612792968750 HTTP/1.1" 200 0 "-" "WordPress/6.8.1; https://socialdigiinnovator.com"
196.251.117.154 - - [27/May/2025:10:17:18 -0400] "GET /auicvpgx.php?Fox=d3wL7 HTTP/1.1" 404 15042 "www.google.com" "Mozilla/5.0 (Linux; Android 7.0; SM-G892A Bulid/NRD90M; wv) AppleWebKit/537.36 (KHTML, like Gecko) Version/4.0 Chrome/60.0.3112.107 Moblie Safari/537.36"
196.251.117.154 - - [27/May/2025:10:17:17 -0400] "POST /ALFA_DATA/alfacgiapi/perl.alfa HTTP/1.1" 404 33484 "www.google.com" "Mozlila/5.0 (Linux; Android 7.0; SM-G892A Bulid/NRD90M; wv) AppleWebKit/537.36 (KHTML, like Gecko) Version/4.0 Chrome/60.0.3112.107 Moblie Safari/537.36"
196.251.117.154 - - [27/May/2025:10:17:17 -0400] "GET /wp-content/plugins/fix/up.php HTTP/1.1" 404 33510 "-" "Mozilla/5.0 (Windows NT 10.0; Win64; x64) AppleWebKit/537.36 (KHTML, like Gecko) Chrome/85.0.4183.102 Safari/537.36"
196.251.117.154 - - [27/May/2025:10:17:25 -0400] "GET / HTTP/1.1" 200 26176 "-" "Mozlila/5.0 (Linux; Android 7.0; SM-G892A Bulid/NRD90M; wv) AppleWebKit/537.36 (KHTML, like Gecko) Version/4.0 Chrome/60.0.3112.107 Moblie Safari/537.36"
196.251.117.154 - - [27/May/2025:10:17:29 -0400] "GET /plugins/content/apismtp/apismtp.php?test=hello HTTP/1.1" 404 33545 "-" "Mozlila/5.0 (Linux; Android 7.0; SM-G892A Bulid/NRD90M; wv) AppleWebKit/537.36 (KHTML, like Gecko) Version/4.0 Chrome/60.0.3112.107 Moblie Safari/537.36"
196.251.117.154 - - [27/May/2025:10:17:30 -0400] "GET /wp-content/plugins/apikey/apikey.php.suspected?test=hello HTTP/1.1" 404 33570 "-" "Mozlila/5.0 (Linux; Android 7.0; SM-G892A Bulid/NRD90M; wv) AppleWebKit/537.36 (KHTML, like Gecko) Version/4.0 Chrome/60.0.3112.107 Moblie Safari/537.36"
196.251.117.154 - - [27/May/2025:10:17:31 -0400] "GET /plugins/content/apismtp/apismtp.php.suspected?test=hello HTTP/1.1" 404 33542 "-" "Mozlila/5.0 (Linux; Android 7.0; SM-G892A Bulid/NRD90M; wv) AppleWebKit/537.36 (KHTML, like Gecko) Version/4.0 Chrome/60.0.3112.107 Moblie Safari/537.36"
198.54.114.35 - - [27/May/2025:10:06:44 -0400] "POST /wp-cron.php?doing_wp_cron=1748354803.8561398983001708984375 HTTP/1.1" 200 0 "-" "WordPress/6.8.1; https://socialdigiinnovator.com"
198.54.114.35 - - [27/May/2025:10:17:23 -0400] "POST /wp-cron.php?doing_wp_cron=1748355443.0434930324554443359375 HTTP/1.1" 200 0 "-" "WordPress/6.8.1; https://socialdigiinnovator.com"
198.54.114.35 - - [27/May/2025:10:17:23 -0400] "POST /wp-cron.php?doing_wp_cron=1748355443.0385169982910156250000 HTTP/1.1" 200 0 "-" "WordPress/6.8.1; https://socialdigiinnovator.com"
196.251.117.154 - - [27/May/2025:10:17:17 -0400] "GET /wp-content/themes/seotheme/db.php?u HTTP/1.1" 404 33522 "www.google.com" "Mozlila/5.0 (Linux; Android 7.0; SM-G892A Bulid/NRD90M; wv) AppleWebKit/537.36 (KHTML, like Gecko) Version/4.0 Chrome/60.0.3112.107 Moblie Safari/537.36"
196.251.117.154 - - [27/May/2025:10:17:17 -0400] "GET / HTTP/1.1" 200 9978 "-" "Mozlila/5.0 (Linux; Android 7.0; SM-G892A Bulid/NRD90M; wv) AppleWebKit/537.36 (KHTML, like Gecko) Version/4.0 Chrome/60.0.3112.107 Moblie Safari/537.36"
196.251.117.154 - - [27/May/2025:10:17:25 -0400] "GET /wp-content/themes/seotheme/db.php?u HTTP/1.1" 404 33523 "www.google.com" "Mozlila/5.0 (Linux; Android 7.0; SM-G892A Bulid/NRD90M; wv) AppleWebKit/537.36 (KHTML, like Gecko) Version/4.0 Chrome/60.0.3112.107 Moblie Safari/537.36"
196.251.117.154 - - [27/May/2025:10:17:25 -0400] "POST /alfacgiapi/perl.alfa HTTP/1.1" 404 15045 "www.google.com" "Mozlila/5.0 (Linux; Android 7.0; SM-G892A Bulid/NRD90M; wv) AppleWebKit/537.36 (KHTML, like Gecko) Version/4.0 Chrome/60.0.3112.107 Moblie Safari/537.36"
196.251.117.154 - - [27/May/2025:10:17:28 -0400] "GET /wp-content/plugins/apikey/apikey.php?test=hello HTTP/1.1" 404 33542 "-" "Mozlila/5.0 (Linux; Android 7.0; SM-G892A Bulid/NRD90M; wv) AppleWebKit/537.36 (KHTML, like Gecko) Version/4.0 Chrome/60.0.3112.107 Moblie Safari/537.36"
156.228.181.62 - - [27/May/2025:10:22:51 -0400] "GET /wp-login.php HTTP/1.1" 302 0 "-" "Mozilla/5.0 (Windows NT 10.0; Win64; x64) AppleWebKit/537.36 (KHTML, like Gecko) Chrome/115.0.0.0 Safari/537.36 Edg/115.0.1901.203"
198.54.114.35 - - [27/May/2025:10:22:58 -0400] "POST /wp-cron.php?doing_wp_cron=1748355778.2091100215911865234375 HTTP/1.1" 200 0 "-" "WordPress/6.8.1; https://socialdigiinnovator.com"
156.228.181.62 - - [27/May/2025:10:22:56 -0400] "GET /404 HTTP/1.1" 404 15043 "-" "Mozilla/5.0 (Windows NT 10.0; Win64; x64) AppleWebKit/537.36 (KHTML, like Gecko) Chrome/115.0.0.0 Safari/537.36 Edg/115.0.1901.203"
159.89.178.217 - - [27/May/2025:10:31:10 -0400] "GET /wp-login.php HTTP/1.1" 302 0 "-" "Mozilla/5.0 (X11; Linux x86_64; rv:121.0) Gecko/20100101 Firefox/121.0"
159.89.178.217 - - [27/May/2025:10:31:14 -0400] "GET /404 HTTP/1.1" 404 15043 "-" "Mozilla/5.0 (X11; Linux x86_64; rv:121.0) Gecko/20100101 Firefox/121.0"
159.89.178.217 - - [27/May/2025:10:31:18 -0400] "POST /wp-login.php HTTP/1.1" 302 0 "-" "Mozilla/5.0 (X11; Linux x86_64; rv:121.0) Gecko/20100101 Firefox/121.0"
159.89.178.217 - - [27/May/2025:10:31:18 -0400] "GET /404 HTTP/1.1" 404 15042 "-" "Mozilla/5.0 (X11; Linux x86_64; rv:121.0) Gecko/20100101 Firefox/121.0"
159.89.178.217 - - [27/May/2025:10:31:19 -0400] "POST /wp-login.php HTTP/1.1" 302 0 "-" "Mozilla/5.0 (X11; Linux x86_64; rv:121.0) Gecko/20100101 Firefox/121.0"
159.89.178.217 - - [27/May/2025:10:31:20 -0400] "POST /wp-login.php HTTP/1.1" 302 0 "-" "Mozilla/5.0 (X11; Linux x86_64; rv:121.0) Gecko/20100101 Firefox/121.0"
159.89.178.217 - - [27/May/2025:10:31:20 -0400] "GET /404 HTTP/1.1" 404 15042 "-" "Mozilla/5.0 (X11; Linux x86_64; rv:121.0) Gecko/20100101 Firefox/121.0"
159.89.178.217 - - [27/May/2025:10:31:20 -0400] "GET /404 HTTP/1.1" 404 15045 "-" "Mozilla/5.0 (X11; Linux x86_64; rv:121.0) Gecko/20100101 Firefox/121.0"
185.191.171.5 - - [27/May/2025:10:37:03 -0400] "GET /robots.txt HTTP/1.1" 200 102 "-" "Mozilla/5.0 (compatible; SemrushBot/7~bl; +http://www.semrush.com/bot.html)"
2a03:2880:31ff:42:: - - [27/May/2025:10:25:16 -0400] "GET /wp-content/uploads/2022/09/2-1.png HTTP/1.1" 200 63508 "-" "facebookexternalhit/1.1 (+http://www.facebook.com/externalhit_uatext.php)"
198.54.114.35 - - [27/May/2025:10:25:20 -0400] "POST /wp-cron.php?doing_wp_cron=1748355920.5671470165252685546875 HTTP/1.1" 200 0 "-" "WordPress/6.8.1; https://socialdigiinnovator.com"
2a03:2880:32ff:2:: - - [27/May/2025:10:25:17 -0400] "GET /robots.txt HTTP/1.1" 200 102 "-" "facebookexternalhit/1.1 (+http://www.facebook.com/externalhit_uatext.php)"
159.89.178.217 - - [27/May/2025:10:31:10 -0400] "GET /wp-login.php HTTP/1.1" 302 0 "-" "Mozilla/5.0 (X11; Linux x86_64; rv:121.0) Gecko/20100101 Firefox/121.0"
198.54.114.35 - - [27/May/2025:10:31:17 -0400] "POST /wp-cron.php?doing_wp_cron=1748356277.1482388973236083984375 HTTP/1.1" 200 0 "-" "WordPress/6.8.1; https://socialdigiinnovator.com"
159.89.178.217 - - [27/May/2025:10:31:14 -0400] "GET /404 HTTP/1.1" 404 15043 "-" "Mozilla/5.0 (X11; Linux x86_64; rv:121.0) Gecko/20100101 Firefox/121.0"
159.89.178.217 - - [27/May/2025:10:31:18 -0400] "POST /wp-login.php HTTP/1.1" 302 0 "-" "Mozilla/5.0 (X11; Linux x86_64; rv:121.0) Gecko/20100101 Firefox/121.0"
159.89.178.217 - - [27/May/2025:10:31:18 -0400] "GET /404 HTTP/1.1" 404 15042 "-" "Mozilla/5.0 (X11; Linux x86_64; rv:121.0) Gecko/20100101 Firefox/121.0"
198.54.114.35 - - [27/May/2025:10:37:07 -0400] "POST /wp-cron.php?doing_wp_cron=1748356627.1360468864440917968750 HTTP/1.1" 200 0 "-" "WordPress/6.8.1; https://socialdigiinnovator.com"
85.208.96.200 - - [27/May/2025:10:37:07 -0400] "GET /product/0013401320.html HTTP/1.1" 404 15042 "-" "Mozilla/5.0 (compatible; SemrushBot/7~bl; +http://www.semrush.com/bot.html)"
2a03:2880:11ff:50:: - - [27/May/2025:10:42:29 -0400] "GET /wp-content/uploads/elementor/thumbs/WhatsApp-Image-2022-08-02-at-9.21.44-PM-2-psxe5up3ie0l66impy1j95i1kj8u3tmfrc4bzh589g.jpeg HTTP/1.1" 200 35202 "-" "facebookexternalhit/1.1 (+http://www.facebook.com/externalhit_uatext.php)"
198.54.114.35 - - [27/May/2025:10:50:35 -0400] "POST /wp-cron.php?doing_wp_cron=1748357435.6124188899993896484375 HTTP/1.1" 200 0 "-" "WordPress/6.8.1; https://socialdigiinnovator.com"
198.54.114.35 - - [27/May/2025:10:51:42 -0400] "POST /wp-cron.php?doing_wp_cron=1748357502.6513690948486328125000 HTTP/1.1" 200 0 "-" "WordPress/6.8.1; https://socialdigiinnovator.com"
159.89.178.217 - - [27/May/2025:10:51:43 -0400] "GET /404 HTTP/1.1" 404 15044 "-" "Mozilla/5.0 (Linux; Android 12; Redmi Note 9 Pro Build/SKQ1.211019.001; wv) AppleWebKit/537.36 (KHTML, like Gecko) Version/4.0 Chrome/126.0.6478.71 Mobile Safari/537.36"
180.110.203.108 - - [27/May/2025:10:50:31 -0400] "GET / HTTP/1.1" 200 26172 "http://socialdigiinnovator.com" "Mozilla/5.0 (iPhone; CPU iPhone OS 13_2_3 like Mac OS X) AppleWebKit/605.1.15 (KHTML, like Gecko) Version/13.0.3 Mobile/15E148 Safari/604.1"
159.89.178.217 - - [27/May/2025:10:51:41 -0400] "GET /wp-login.php HTTP/1.1" 302 0 "-" "Mozilla/5.0 (Linux; Android 12; Redmi Note 9 Pro Build/SKQ1.211019.001; wv) AppleWebKit/537.36 (KHTML, like Gecko) Version/4.0 Chrome/126.0.6478.71 Mobile Safari/537.36"
159.89.178.217 - - [27/May/2025:10:51:42 -0400] "GET /404 HTTP/1.1" 404 15044 "-" "Mozilla/5.0 (Linux; Android 12; Redmi Note 9 Pro Build/SKQ1.211019.001; wv) AppleWebKit/537.36 (KHTML, like Gecko) Version/4.0 Chrome/126.0.6478.71 Mobile Safari/537.36"
159.89.178.217 - - [27/May/2025:10:51:43 -0400] "GET /wp-login.php HTTP/1.1" 302 0 "-" "Mozilla/5.0 (Linux; Android 12; Redmi Note 9 Pro Build/SKQ1.211019.001; wv) AppleWebKit/537.36 (KHTML, like Gecko) Version/4.0 Chrome/126.0.6478.71 Mobile Safari/537.36"
198.54.114.35 - - [27/May/2025:10:57:54 -0400] "POST /wp-cron.php?doing_wp_cron=1748357874.0662000179290771484375 HTTP/1.1" 200 0 "-" "WordPress/6.8.1; https://socialdigiinnovator.com"
159.65.189.65 - - [27/May/2025:10:58:02 -0400] "GET /wp-login.php HTTP/1.1" 302 0 "-" "Mozilla/5.0 (Linux; Android 12; Redmi Note 9 Pro Build/SKQ1.211019.001; wv) AppleWebKit/537.36 (KHTML, like Gecko) Version/4.0 Chrome/126.0.6478.71 Mobile Safari/537.36"
198.54.114.35 - - [27/May/2025:10:59:03 -0400] "POST /wp-cron.php?doing_wp_cron=1748357943.3980569839477539062500 HTTP/1.1" 200 0 "-" "WordPress/6.8.1; https://socialdigiinnovator.com"
198.54.114.35 - - [27/May/2025:11:00:36 -0400] "POST /wp-cron.php?doing_wp_cron=1748358036.6565580368041992187500 HTTP/1.1" 200 0 "-" "WordPress/6.8.1; https://socialdigiinnovator.com"
159.65.189.65 - - [27/May/2025:10:57:48 -0400] "GET /wp-login.php HTTP/1.1" 302 0 "-" "Mozilla/5.0 (X11; Linux x86_64; rv:121.0) Gecko/20100101 Firefox/121.0"
159.65.189.65 - - [27/May/2025:10:57:52 -0400] "GET /404 HTTP/1.1" 404 15043 "-" "Mozilla/5.0 (X11; Linux x86_64; rv:121.0) Gecko/20100101 Firefox/121.0"
159.65.189.65 - - [27/May/2025:10:57:55 -0400] "POST /wp-login.php HTTP/1.1" 302 0 "-" "Mozilla/5.0 (X11; Linux x86_64; rv:121.0) Gecko/20100101 Firefox/121.0"
159.65.189.65 - - [27/May/2025:10:57:56 -0400] "GET /404 HTTP/1.1" 404 15043 "-" "Mozilla/5.0 (X11; Linux x86_64; rv:121.0) Gecko/20100101 Firefox/121.0"
159.65.189.65 - - [27/May/2025:10:57:57 -0400] "POST /wp-login.php HTTP/1.1" 302 0 "-" "Mozilla/5.0 (X11; Linux x86_64; rv:121.0) Gecko/20100101 Firefox/121.0"
159.65.189.65 - - [27/May/2025:10:57:59 -0400] "GET /404 HTTP/1.1" 404 15042 "-" "Mozilla/5.0 (X11; Linux x86_64; rv:121.0) Gecko/20100101 Firefox/121.0"
159.65.189.65 - - [27/May/2025:10:58:02 -0400] "GET /404 HTTP/1.1" 404 15043 "-" "Mozilla/5.0 (Linux; Android 12; Redmi Note 9 Pro Build/SKQ1.211019.001; wv) AppleWebKit/537.36 (KHTML, like Gecko) Version/4.0 Chrome/126.0.6478.71 Mobile Safari/537.36"
216.244.66.226 - - [27/May/2025:10:59:02 -0400] "GET /robots.txt HTTP/1.1" 200 102 "-" "Mozilla/5.0 (compatible; DotBot/1.2; +https://opensiteexplorer.org/dotbot; help@moz.com)"
40.77.167.18 - - [27/May/2025:11:00:32 -0400] "GET /wp-sitemap-posts-page-1.xml HTTP/1.1" 200 687 "-" "Mozilla/5.0 AppleWebKit/537.36 (KHTML, like Gecko; compatible; bingbot/2.0; +http://www.bing.com/bingbot.htm) Chrome/116.0.1938.76 Safari/537.36"
5.181.169.168 - - [27/May/2025:11:16:41 -0400] "GET / HTTP/1.1" 200 26173 "-" "Mozilla/5.0 (Windows NT 10.0) AppleWebKit/537.36 (KHTML, like Gecko) Chrome/75.0.3951.38 Safari/537.36"
5.181.169.168 - - [27/May/2025:11:16:49 -0400] "POST /wp-login.php HTTP/1.1" 302 0 "-" "Mozilla/5.0 (Windows NT 10.0) AppleWebKit/537.36 (KHTML, like Gecko) Chrome/75.0.3951.38 Safari/537.36"
77.220.192.157 - - [27/May/2025:11:16:50 -0400] "GET / HTTP/1.1" 200 26172 "-" "Mozilla/5.0 (Windows NT 6.1) AppleWebKit/537.36 (KHTML, like Gecko) Chrome/78.0.3700.43 Safari/537.36"
198.54.114.35 - - [27/May/2025:11:16:53 -0400] "POST /wp-cron.php?doing_wp_cron=1748359013.1218008995056152343750 HTTP/1.1" 200 0 "-" "WordPress/6.8.1; https://socialdigiinnovator.com"
77.220.192.157 - - [27/May/2025:11:16:52 -0400] "GET / HTTP/1.1" 200 26172 "-" "Mozilla/5.0 (Windows NT 6.1) AppleWebKit/537.36 (KHTML, like Gecko) Chrome/78.0.3700.43 Safari/537.36"
77.220.192.157 - - [27/May/2025:11:16:57 -0400] "GET /wp-login.php?redirect_to=https%3A%2F%2Fsocialdigiinnovator.com%2Fwp-admin%2F&reauth=1 HTTP/1.1" 302 0 "-" "Mozilla/5.0 (Windows NT 6.1) AppleWebKit/537.36 (KHTML, like Gecko) Chrome/78.0.3700.43 Safari/537.36"
206.189.130.37 - - [27/May/2025:11:04:51 -0400] "GET /wp-admin/css/ HTTP/1.1" 403 1242 "binance.com" "Mozilla/5.0 (Windows NT 10.0; Win64; x64) AppleWebKit/537.36 (KHTML, like Gecko) Chrome/90.0.4430.85 Safari/537.36"
198.54.114.35 - - [27/May/2025:11:16:46 -0400] "POST /wp-cron.php?doing_wp_cron=1748359005.9883430004119873046875 HTTP/1.1" 200 0 "-" "WordPress/6.8.1; https://socialdigiinnovator.com"
5.181.169.168 - - [27/May/2025:11:16:49 -0400] "POST /xmlrpc.php HTTP/1.1" 403 1242 "-" "Mozilla/5.0 (Windows NT 10.0) AppleWebKit/537.36 (KHTML, like Gecko) Chrome/75.0.3951.38 Safari/537.36"
77.220.192.157 - - [27/May/2025:11:16:54 -0400] "GET /wp-login.php HTTP/1.1" 302 0 "-" "Mozilla/5.0 (Windows NT 6.1) AppleWebKit/537.36 (KHTML, like Gecko) Chrome/78.0.3700.43 Safari/537.36"
77.220.192.157 - - [27/May/2025:11:16:55 -0400] "GET /404 HTTP/1.1" 404 15045 "-" "Mozilla/5.0 (Windows NT 6.1) AppleWebKit/537.36 (KHTML, like Gecko) Chrome/78.0.3700.43 Safari/537.36"
77.220.192.157 - - [27/May/2025:11:16:56 -0400] "GET /wp-admin/ HTTP/1.1" 302 0 "-" "Mozilla/5.0 (Windows NT 6.1) AppleWebKit/537.36 (KHTML, like Gecko) Chrome/78.0.3700.43 Safari/537.36"
77.220.192.157 - - [27/May/2025:11:16:58 -0400] "GET /404 HTTP/1.1" 404 15044 "-" "Mozilla/5.0 (Windows NT 6.1) AppleWebKit/537.36 (KHTML, like Gecko) Chrome/78.0.3700.43 Safari/537.36"
198.54.114.35 - - [27/May/2025:11:26:31 -0400] "POST /wp-cron.php?doing_wp_cron=1748359591.3080101013183593750000 HTTP/1.1" 200 0 "-" "WordPress/6.8.1; https://socialdigiinnovator.com"
198.54.114.35 - - [27/May/2025:11:27:23 -0400] "POST /wp-cron.php?doing_wp_cron=1748359643.0978219509124755859375 HTTP/1.1" 200 0 "-" "WordPress/6.8.1; https://socialdigiinnovator.com"
185.157.214.24 - - [27/May/2025:11:27:21 -0400] "GET / HTTP/1.1" 200 26179 "-" "Mozilla/5.0 (Macintosh; Intel Mac OS X 10_15_7) AppleWebKit/537.36 (KHTML, like Gecko) Chrome/133.0.0.0 Safari/537.36"
185.157.214.24 - - [27/May/2025:11:27:26 -0400] "GET /blog/ HTTP/1.1" 200 19394 "-" "Mozilla/5.0 (Macintosh; Intel Mac OS X 10_15_7) AppleWebKit/537.36 (KHTML, like Gecko) Chrome/133.0.0.0 Safari/537.36"
185.157.214.24 - - [27/May/2025:11:27:28 -0400] "GET /technical-services/website-design-and-development/ HTTP/1.1" 200 16525 "-" "Mozilla/5.0 (Macintosh; Intel Mac OS X 10_15_7) AppleWebKit/537.36 (KHTML, like Gecko) Chrome/133.0.0.0 Safari/537.36"
113.161.6.94 - - [27/May/2025:11:27:31 -0400] "POST /sdi-services-catalog-ebook/ HTTP/1.1" 200 16609 "-" "Mozilla/5.0 (Macintosh; Intel Mac OS X 10_15_7) AppleWebKit/537.36 (KHTML, like Gecko) Chrome/133.0.0.0 Safari/537.36"
185.157.214.24 - - [27/May/2025:11:27:36 -0400] "GET /importance-of-a-brand-logo/ HTTP/1.1" 200 18535 "-" "Mozilla/5.0 (Macintosh; Intel Mac OS X 10_15_7) AppleWebKit/537.36 (KHTML, like Gecko) Chrome/133.0.0.0 Safari/537.36"
198.54.114.35 - - [27/May/2025:11:27:40 -0400] "POST /wp-cron.php?doing_wp_cron=1748359659.8876590728759765625000 HTTP/1.1" 200 0 "-" "WordPress/6.8.1; https://socialdigiinnovator.com"
113.161.6.94 - - [27/May/2025:11:27:39 -0400] "POST /wp-comments-post.php HTTP/1.1" 200 991 "-" "Mozilla/5.0 (Macintosh; Intel Mac OS X 10_15_7) AppleWebKit/537.36 (KHTML, like Gecko) Chrome/133.0.0.0 Safari/537.36"
113.161.6.94 - - [27/May/2025:11:27:41 -0400] "POST /wp-comments-post.php HTTP/1.1" 200 0 "-" "Mozilla/5.0 (Windows NT 10.0; Win64; x64) AppleWebKit/537.36 (KHTML, like Gecko) Chrome/120.0.0.0 Safari/537.36"
92.180.9.187 - - [27/May/2025:11:27:41 -0400] "GET /?fbclid=IwY2xjawKiuTxleHRuA2FlbQIxMABicmlkETA2ZlBGVTVkU2JQdGNXTWE2AR63z6uVYVvw21Lx2OLPsvZJzwJnnaNNjgDztKhD5Xi8H3IOQybr8YpDr8zwOA_aem_6RFxqiiY41dUsQfv0VfFrQ HTTP/1.1" 200 26173 "https://l.facebook.com/" "Mozilla/5.0 (Windows NT 10.0; Win64; x64) AppleWebKit/537.36 (KHTML, like Gecko) Chrome/136.0.0.0 Safari/537.36"
92.180.9.187 - - [27/May/2025:11:27:43 -0400] "GET /wp-content/uploads/depicter/css/135.css?ver=1747768304 HTTP/1.1" 200 714 "https://socialdigiinnovator.com/?fbclid=IwY2xjawKiuTxleHRuA2FlbQIxMABicmlkETA2ZlBGVTVkU2JQdGNXTWE2AR63z6uVYVvw21Lx2OLPsvZJzwJnnaNNjgDztKhD5Xi8H3IOQybr8YpDr8zwOA_aem_6RFxqiiY41dUsQfv0VfFrQ" "Mozilla/5.0 (Windows NT 10.0; Win64; x64) AppleWebKit/537.36 (KHTML, like Gecko) Chrome/136.0.0.0 Safari/537.36"
92.180.9.187 - - [27/May/2025:11:27:43 -0400] "GET /wp-content/plugins/depicter/resources/styles/player/depicter-pre.css?ver=1746475589 HTTP/1.1" 200 884 "https://socialdigiinnovator.com/?fbclid=IwY2xjawKiuTxleHRuA2FlbQIxMABicmlkETA2ZlBGVTVkU2JQdGNXTWE2AR63z6uVYVvw21Lx2OLPsvZJzwJnnaNNjgDztKhD5Xi8H3IOQybr8YpDr8zwOA_aem_6RFxqiiY41dUsQfv0VfFrQ" "Mozilla/5.0 (Windows NT 10.0; Win64; x64) AppleWebKit/537.36 (KHTML, like Gecko) Chrome/136.0.0.0 Safari/537.36"
92.180.9.187 - - [27/May/2025:11:27:43 -0400] "GET /wp-content/themes/phlox-pro/css/main.css?ver=5.17.6 HTTP/1.1" 200 83775 "https://socialdigiinnovator.com/?fbclid=IwY2xjawKiuTxleHRuA2FlbQIxMABicmlkETA2ZlBGVTVkU2JQdGNXTWE2AR63z6uVYVvw21Lx2OLPsvZJzwJnnaNNjgDztKhD5Xi8H3IOQybr8YpDr8zwOA_aem_6RFxqiiY41dUsQfv0VfFrQ" "Mozilla/5.0 (Windows NT 10.0; Win64; x64) AppleWebKit/537.36 (KHTML, like Gecko) Chrome/136.0.0.0 Safari/537.36"
92.180.9.187 - - [27/May/2025:11:27:43 -0400] "GET /wp-content/themes/phlox-pro/css/auxin-icon.css?ver=5.17.6 HTTP/1.1" 200 7959 "https://socialdigiinnovator.com/?fbclid=IwY2xjawKiuTxleHRuA2FlbQIxMABicmlkETA2ZlBGVTVkU2JQdGNXTWE2AR63z6uVYVvw21Lx2OLPsvZJzwJnnaNNjgDztKhD5Xi8H3IOQybr8YpDr8zwOA_aem_6RFxqiiY41dUsQfv0VfFrQ" "Mozilla/5.0 (Windows NT 10.0; Win64; x64) AppleWebKit/537.36 (KHTML, like Gecko) Chrome/136.0.0.0 Safari/537.36"
92.180.9.187 - - [27/May/2025:11:27:43 -0400] "GET /wp-content/plugins/depicter/resources/styles/player/depicter.css?ver=1746475589 HTTP/1.1" 200 3448 "https://socialdigiinnovator.com/?fbclid=IwY2xjawKiuTxleHRuA2FlbQIxMABicmlkETA2ZlBGVTVkU2JQdGNXTWE2AR63z6uVYVvw21Lx2OLPsvZJzwJnnaNNjgDztKhD5Xi8H3IOQybr8YpDr8zwOA_aem_6RFxqiiY41dUsQfv0VfFrQ" "Mozilla/5.0 (Windows NT 10.0; Win64; x64) AppleWebKit/537.36 (KHTML, like Gecko) Chrome/136.0.0.0 Safari/537.36"
92.180.9.187 - - [27/May/2025:11:27:43 -0400] "GET /wp-content/themes/phlox-pro-child/style.css?ver=5.17.6 HTTP/1.1" 200 217 "https://socialdigiinnovator.com/?fbclid=IwY2xjawKiuTxleHRuA2FlbQIxMABicmlkETA2ZlBGVTVkU2JQdGNXTWE2AR63z6uVYVvw21Lx2OLPsvZJzwJnnaNNjgDztKhD5Xi8H3IOQybr8YpDr8zwOA_aem_6RFxqiiY41dUsQfv0VfFrQ" "Mozilla/5.0 (Windows NT 10.0; Win64; x64) AppleWebKit/537.36 (KHTML, like Gecko) Chrome/136.0.0.0 Safari/537.36"
92.180.9.187 - - [27/May/2025:11:27:43 -0400] "GET /wp-content/uploads/elementor/css/post-84.css?ver=1747767259 HTTP/1.1" 200 1153 "https://socialdigiinnovator.com/?fbclid=IwY2xjawKiuTxleHRuA2FlbQIxMABicmlkETA2ZlBGVTVkU2JQdGNXTWE2AR63z6uVYVvw21Lx2OLPsvZJzwJnnaNNjgDztKhD5Xi8H3IOQybr8YpDr8zwOA_aem_6RFxqiiY41dUsQfv0VfFrQ" "Mozilla/5.0 (Windows NT 10.0; Win64; x64) AppleWebKit/537.36 (KHTML, like Gecko) Chrome/136.0.0.0 Safari/537.36"
92.180.9.187 - - [27/May/2025:11:27:43 -0400] "GET /wp-content/uploads/elementor/google-fonts/css/roboto.css?ver=1742243672 HTTP/1.1" 200 1871 "https://socialdigiinnovator.com/?fbclid=IwY2xjawKiuTxleHRuA2FlbQIxMABicmlkETA2ZlBGVTVkU2JQdGNXTWE2AR63z6uVYVvw21Lx2OLPsvZJzwJnnaNNjgDztKhD5Xi8H3IOQybr8YpDr8zwOA_aem_6RFxqiiY41dUsQfv0VfFrQ" "Mozilla/5.0 (Windows NT 10.0; Win64; x64) AppleWebKit/537.36 (KHTML, like Gecko) Chrome/136.0.0.0 Safari/537.36"
92.180.9.187 - - [27/May/2025:11:27:43 -0400] "GET /wp-content/uploads/elementor/google-fonts/css/ubuntu.css?ver=1742243701 HTTP/1.1" 200 805 "https://socialdigiinnovator.com/?fbclid=IwY2xjawKiuTxleHRuA2FlbQIxMABicmlkETA2ZlBGVTVkU2JQdGNXTWE2AR63z6uVYVvw21Lx2OLPsvZJzwJnnaNNjgDztKhD5Xi8H3IOQybr8YpDr8zwOA_aem_6RFxqiiY41dUsQfv0VfFrQ" "Mozilla/5.0 (Windows NT 10.0; Win64; x64) AppleWebKit/537.36 (KHTML, like Gecko) Chrome/136.0.0.0 Safari/537.36"
92.180.9.187 - - [27/May/2025:11:27:43 -0400] "GET /wp-content/plugins/elementor-pro/assets/css/conditionals/transitions.min.css?ver=3.29.0 HTTP/1.1" 200 599 "https://socialdigiinnovator.com/?fbclid=IwY2xjawKiuTxleHRuA2FlbQIxMABicmlkETA2ZlBGVTVkU2JQdGNXTWE2AR63z6uVYVvw21Lx2OLPsvZJzwJnnaNNjgDztKhD5Xi8H3IOQybr8YpDr8zwOA_aem_6RFxqiiY41dUsQfv0VfFrQ" "Mozilla/5.0 (Windows NT 10.0; Win64; x64) AppleWebKit/537.36 (KHTML, like Gecko) Chrome/136.0.0.0 Safari/537.36"
92.180.9.187 - - [27/May/2025:11:27:43 -0400] "GET /wp-content/plugins/elementor/assets/css/conditionals/e-swiper.min.css?ver=3.29.0 HTTP/1.1" 200 699 "https://socialdigiinnovator.com/?fbclid=IwY2xjawKiuTxleHRuA2FlbQIxMABicmlkETA2ZlBGVTVkU2JQdGNXTWE2AR63z6uVYVvw21Lx2OLPsvZJzwJnnaNNjgDztKhD5Xi8H3IOQybr8YpDr8zwOA_aem_6RFxqiiY41dUsQfv0VfFrQ" "Mozilla/5.0 (Windows NT 10.0; Win64; x64) AppleWebKit/537.36 (KHTML, like Gecko) Chrome/136.0.0.0 Safari/537.36"
92.180.9.187 - - [27/May/2025:11:27:43 -0400] "GET /wp-content/plugins/elementor/assets/css/widget-image.min.css?ver=3.29.0 HTTP/1.1" 200 254 "https://socialdigiinnovator.com/?fbclid=IwY2xjawKiuTxleHRuA2FlbQIxMABicmlkETA2ZlBGVTVkU2JQdGNXTWE2AR63z6uVYVvw21Lx2OLPsvZJzwJnnaNNjgDztKhD5Xi8H3IOQybr8YpDr8zwOA_aem_6RFxqiiY41dUsQfv0VfFrQ" "Mozilla/5.0 (Windows NT 10.0; Win64; x64) AppleWebKit/537.36 (KHTML, like Gecko) Chrome/136.0.0.0 Safari/537.36"
157.55.39.6 - - [27/May/2025:11:26:22 -0400] "GET /product/0014630674.html HTTP/1.1" 301 0 "-" "Mozilla/5.0 AppleWebKit/537.36 (KHTML, like Gecko; compatible; bingbot/2.0; +http://www.bing.com/bingbot.htm) Chrome/116.0.1938.76 Safari/537.36"
185.157.214.24 - - [27/May/2025:11:27:29 -0400] "GET /sdi-services-catalog-ebook/ HTTP/1.1" 200 16609 "-" "Mozilla/5.0 (Macintosh; Intel Mac OS X 10_15_7) AppleWebKit/537.36 (KHTML, like Gecko) Chrome/133.0.0.0 Safari/537.36"
113.161.6.94 - - [27/May/2025:11:27:34 -0400] "POST /sdi-services-catalog-ebook/ HTTP/1.1" 200 16569 "-" "Mozilla/5.0 (Windows NT 10.0; Win64; x64) AppleWebKit/537.36 (KHTML, like Gecko) Chrome/120.0.0.0 Safari/537.36"
92.180.9.187 - - [27/May/2025:11:27:42 -0400] "GET /wp-content/plugins/contact-form-7/includes/css/styles.css?ver=6.0.6 HTTP/1.1" 200 890 "https://socialdigiinnovator.com/?fbclid=IwY2xjawKiuTxleHRuA2FlbQIxMABicmlkETA2ZlBGVTVkU2JQdGNXTWE2AR63z6uVYVvw21Lx2OLPsvZJzwJnnaNNjgDztKhD5Xi8H3IOQybr8YpDr8zwOA_aem_6RFxqiiY41dUsQfv0VfFrQ" "Mozilla/5.0 (Windows NT 10.0; Win64; x64) AppleWebKit/537.36 (KHTML, like Gecko) Chrome/136.0.0.0 Safari/537.36"
92.180.9.187 - - [27/May/2025:11:27:43 -0400] "GET /wp-content/themes/phlox-pro/css/base.css?ver=5.17.6 HTTP/1.1" 200 18187 "https://socialdigiinnovator.com/?fbclid=IwY2xjawKiuTxleHRuA2FlbQIxMABicmlkETA2ZlBGVTVkU2JQdGNXTWE2AR63z6uVYVvw21Lx2OLPsvZJzwJnnaNNjgDztKhD5Xi8H3IOQybr8YpDr8zwOA_aem_6RFxqiiY41dUsQfv0VfFrQ" "Mozilla/5.0 (Windows NT 10.0; Win64; x64) AppleWebKit/537.36 (KHTML, like Gecko) Chrome/136.0.0.0 Safari/537.36"
92.180.9.187 - - [27/May/2025:11:27:43 -0400] "GET /wp-content/plugins/elementor/assets/css/widget-counter.min.css?ver=3.29.0 HTTP/1.1" 200 234 "https://socialdigiinnovator.com/?fbclid=IwY2xjawKiuTxleHRuA2FlbQIxMABicmlkETA2ZlBGVTVkU2JQdGNXTWE2AR63z6uVYVvw21Lx2OLPsvZJzwJnnaNNjgDztKhD5Xi8H3IOQybr8YpDr8zwOA_aem_6RFxqiiY41dUsQfv0VfFrQ" "Mozilla/5.0 (Windows NT 10.0; Win64; x64) AppleWebKit/537.36 (KHTML, like Gecko) Chrome/136.0.0.0 Safari/537.36"
92.180.9.187 - - [27/May/2025:11:27:43 -0400] "GET /wp-includes/js/mediaelement/wp-mediaelement.min.css?ver=6.8.1 HTTP/1.1" 200 982 "https://socialdigiinnovator.com/?fbclid=IwY2xjawKiuTxleHRuA2FlbQIxMABicmlkETA2ZlBGVTVkU2JQdGNXTWE2AR63z6uVYVvw21Lx2OLPsvZJzwJnnaNNjgDztKhD5Xi8H3IOQybr8YpDr8zwOA_aem_6RFxqiiY41dUsQfv0VfFrQ" "Mozilla/5.0 (Windows NT 10.0; Win64; x64) AppleWebKit/537.36 (KHTML, like Gecko) Chrome/136.0.0.0 Safari/537.36"
92.180.9.187 - - [27/May/2025:11:27:43 -0400] "GET /wp-content/plugins/auxin-elements/admin/assets/css/elementor-widgets.css?ver=2.17.6 HTTP/1.1" 200 109 "https://socialdigiinnovator.com/?fbclid=IwY2xjawKiuTxleHRuA2FlbQIxMABicmlkETA2ZlBGVTVkU2JQdGNXTWE2AR63z6uVYVvw21Lx2OLPsvZJzwJnnaNNjgDztKhD5Xi8H3IOQybr8YpDr8zwOA_aem_6RFxqiiY41dUsQfv0VfFrQ" "Mozilla/5.0 (Windows NT 10.0; Win64; x64) AppleWebKit/537.36 (KHTML, like Gecko) Chrome/136.0.0.0 Safari/537.36"
92.180.9.187 - - [27/May/2025:11:27:43 -0400] "GET /wp-content/uploads/elementor/css/post-83.css?ver=1747767259 HTTP/1.1" 200 1512 "https://socialdigiinnovator.com/?fbclid=IwY2xjawKiuTxleHRuA2FlbQIxMABicmlkETA2ZlBGVTVkU2JQdGNXTWE2AR63z6uVYVvw21Lx2OLPsvZJzwJnnaNNjgDztKhD5Xi8H3IOQybr8YpDr8zwOA_aem_6RFxqiiY41dUsQfv0VfFrQ" "Mozilla/5.0 (Windows NT 10.0; Win64; x64) AppleWebKit/537.36 (KHTML, like Gecko) Chrome/136.0.0.0 Safari/537.36"
92.180.9.187 - - [27/May/2025:11:27:43 -0400] "GET /wp-content/uploads/elementor/google-fonts/css/quicksand.css?ver=1742243705 HTTP/1.1" 200 450 "https://socialdigiinnovator.com/?fbclid=IwY2xjawKiuTxleHRuA2FlbQIxMABicmlkETA2ZlBGVTVkU2JQdGNXTWE2AR63z6uVYVvw21Lx2OLPsvZJzwJnnaNNjgDztKhD5Xi8H3IOQybr8YpDr8zwOA_aem_6RFxqiiY41dUsQfv0VfFrQ" "Mozilla/5.0 (Windows NT 10.0; Win64; x64) AppleWebKit/537.36 (KHTML, like Gecko) Chrome/136.0.0.0 Safari/537.36"
92.180.9.187 - - [27/May/2025:11:27:43 -0400] "GET /wp-content/plugins/elementor/assets/lib/font-awesome/css/v4-shims.min.css?ver=3.29.0 HTTP/1.1" 200 3987 "https://socialdigiinnovator.com/?fbclid=IwY2xjawKiuTxleHRuA2FlbQIxMABicmlkETA2ZlBGVTVkU2JQdGNXTWE2AR63z6uVYVvw21Lx2OLPsvZJzwJnnaNNjgDztKhD5Xi8H3IOQybr8YpDr8zwOA_aem_6RFxqiiY41dUsQfv0VfFrQ" "Mozilla/5.0 (Windows NT 10.0; Win64; x64) AppleWebKit/537.36 (KHTML, like Gecko) Chrome/136.0.0.0 Safari/537.36"
92.180.9.187 - - [27/May/2025:11:27:43 -0400] "GET /wp-content/plugins/elementor/assets/lib/eicons/css/elementor-icons.min.css?ver=5.40.0 HTTP/1.1" 200 3983 "https://socialdigiinnovator.com/?fbclid=IwY2xjawKiuTxleHRuA2FlbQIxMABicmlkETA2ZlBGVTVkU2JQdGNXTWE2AR63z6uVYVvw21Lx2OLPsvZJzwJnnaNNjgDztKhD5Xi8H3IOQybr8YpDr8zwOA_aem_6RFxqiiY41dUsQfv0VfFrQ" "Mozilla/5.0 (Windows NT 10.0; Win64; x64) AppleWebKit/537.36 (KHTML, like Gecko) Chrome/136.0.0.0 Safari/537.36"
92.180.9.187 - - [27/May/2025:11:27:43 -0400] "GET /wp-includes/js/mediaelement/mediaelementplayer-legacy.min.css?ver=4.2.17 HTTP/1.1" 200 2394 "https://socialdigiinnovator.com/?fbclid=IwY2xjawKiuTxleHRuA2FlbQIxMABicmlkETA2ZlBGVTVkU2JQdGNXTWE2AR63z6uVYVvw21Lx2OLPsvZJzwJnnaNNjgDztKhD5Xi8H3IOQybr8YpDr8zwOA_aem_6RFxqiiY41dUsQfv0VfFrQ" "Mozilla/5.0 (Windows NT 10.0; Win64; x64) AppleWebKit/537.36 (KHTML, like Gecko) Chrome/136.0.0.0 Safari/537.36"
92.180.9.187 - - [27/May/2025:11:27:43 -0400] "GET /wp-content/plugins/elementor-pro/assets/css/widget-call-to-action.min.css?ver=3.29.0 HTTP/1.1" 200 1376 "https://socialdigiinnovator.com/?fbclid=IwY2xjawKiuTxleHRuA2FlbQIxMABicmlkETA2ZlBGVTVkU2JQdGNXTWE2AR63z6uVYVvw21Lx2OLPsvZJzwJnnaNNjgDztKhD5Xi8H3IOQybr8YpDr8zwOA_aem_6RFxqiiY41dUsQfv0VfFrQ" "Mozilla/5.0 (Windows NT 10.0; Win64; x64) AppleWebKit/537.36 (KHTML, like Gecko) Chrome/136.0.0.0 Safari/537.36"
92.180.9.187 - - [27/May/2025:11:27:43 -0400] "GET /wp-content/plugins/elementor/assets/css/widget-image-carousel.min.css?ver=3.29.0 HTTP/1.1" 200 163 "https://socialdigiinnovator.com/?fbclid=IwY2xjawKiuTxleHRuA2FlbQIxMABicmlkETA2ZlBGVTVkU2JQdGNXTWE2AR63z6uVYVvw21Lx2OLPsvZJzwJnnaNNjgDztKhD5Xi8H3IOQybr8YpDr8zwOA_aem_6RFxqiiY41dUsQfv0VfFrQ" "Mozilla/5.0 (Windows NT 10.0; Win64; x64) AppleWebKit/537.36 (KHTML, like Gecko) Chrome/136.0.0.0 Safari/537.36"
92.180.9.187 - - [27/May/2025:11:27:43 -0400] "GET /wp-content/plugins/elementor/assets/lib/font-awesome/js/v4-shims.min.js?ver=3.29.0 HTTP/1.1" 200 4042 "https://socialdigiinnovator.com/?fbclid=IwY2xjawKiuTxleHRuA2FlbQIxMABicmlkETA2ZlBGVTVkU2JQdGNXTWE2AR63z6uVYVvw21Lx2OLPsvZJzwJnnaNNjgDztKhD5Xi8H3IOQybr8YpDr8zwOA_aem_6RFxqiiY41dUsQfv0VfFrQ" "Mozilla/5.0 (Windows NT 10.0; Win64; x64) AppleWebKit/537.36 (KHTML, like Gecko) Chrome/136.0.0.0 Safari/537.36"
92.180.9.187 - - [27/May/2025:11:27:43 -0400] "GET /wp-content/uploads/elementor/css/post-86.css?ver=1747767258 HTTP/1.1" 200 421 "https://socialdigiinnovator.com/?fbclid=IwY2xjawKiuTxleHRuA2FlbQIxMABicmlkETA2ZlBGVTVkU2JQdGNXTWE2AR63z6uVYVvw21Lx2OLPsvZJzwJnnaNNjgDztKhD5Xi8H3IOQybr8YpDr8zwOA_aem_6RFxqiiY41dUsQfv0VfFrQ" "Mozilla/5.0 (Windows NT 10.0; Win64; x64) AppleWebKit/537.36 (KHTML, like Gecko) Chrome/136.0.0.0 Safari/537.36"
92.180.9.187 - - [27/May/2025:11:27:43 -0400] "GET /wp-content/uploads/elementor/google-fonts/css/robotoslab.css?ver=1742243687 HTTP/1.1" 200 703 "https://socialdigiinnovator.com/?fbclid=IwY2xjawKiuTxleHRuA2FlbQIxMABicmlkETA2ZlBGVTVkU2JQdGNXTWE2AR63z6uVYVvw21Lx2OLPsvZJzwJnnaNNjgDztKhD5Xi8H3IOQybr8YpDr8zwOA_aem_6RFxqiiY41dUsQfv0VfFrQ" "Mozilla/5.0 (Windows NT 10.0; Win64; x64) AppleWebKit/537.36 (KHTML, like Gecko) Chrome/136.0.0.0 Safari/537.36"
92.180.9.187 - - [27/May/2025:11:27:43 -0400] "GET /wp-content/uploads/elementor/google-fonts/css/nunito.css?ver=1742245159 HTTP/1.1" 200 724 "https://socialdigiinnovator.com/?fbclid=IwY2xjawKiuTxleHRuA2FlbQIxMABicmlkETA2ZlBGVTVkU2JQdGNXTWE2AR63z6uVYVvw21Lx2OLPsvZJzwJnnaNNjgDztKhD5Xi8H3IOQybr8YpDr8zwOA_aem_6RFxqiiY41dUsQfv0VfFrQ" "Mozilla/5.0 (Windows NT 10.0; Win64; x64) AppleWebKit/537.36 (KHTML, like Gecko) Chrome/136.0.0.0 Safari/537.36"
92.180.9.187 - - [27/May/2025:11:27:43 -0400] "GET /wp-content/uploads/phlox-pro/custom.css?ver=7.3 HTTP/1.1" 200 1618 "https://socialdigiinnovator.com/?fbclid=IwY2xjawKiuTxleHRuA2FlbQIxMABicmlkETA2ZlBGVTVkU2JQdGNXTWE2AR63z6uVYVvw21Lx2OLPsvZJzwJnnaNNjgDztKhD5Xi8H3IOQybr8YpDr8zwOA_aem_6RFxqiiY41dUsQfv0VfFrQ" "Mozilla/5.0 (Windows NT 10.0; Win64; x64) AppleWebKit/537.36 (KHTML, like Gecko) Chrome/136.0.0.0 Safari/537.36"
92.180.9.187 - - [27/May/2025:11:27:43 -0400] "GET /wp-content/plugins/elementor/assets/lib/font-awesome/css/brands.min.css?ver=5.15.3 HTTP/1.1" 200 284 "https://socialdigiinnovator.com/?fbclid=IwY2xjawKiuTxleHRuA2FlbQIxMABicmlkETA2ZlBGVTVkU2JQdGNXTWE2AR63z6uVYVvw21Lx2OLPsvZJzwJnnaNNjgDztKhD5Xi8H3IOQybr8YpDr8zwOA_aem_6RFxqiiY41dUsQfv0VfFrQ" "Mozilla/5.0 (Windows NT 10.0; Win64; x64) AppleWebKit/537.36 (KHTML, like Gecko) Chrome/136.0.0.0 Safari/537.36"
92.180.9.187 - - [27/May/2025:11:27:43 -0400] "GET /wp-content/plugins/elementor/assets/lib/font-awesome/css/solid.min.css?ver=5.15.3 HTTP/1.1" 200 286 "https://socialdigiinnovator.com/?fbclid=IwY2xjawKiuTxleHRuA2FlbQIxMABicmlkETA2ZlBGVTVkU2JQdGNXTWE2AR63z6uVYVvw21Lx2OLPsvZJzwJnnaNNjgDztKhD5Xi8H3IOQybr8YpDr8zwOA_aem_6RFxqiiY41dUsQfv0VfFrQ" "Mozilla/5.0 (Windows NT 10.0; Win64; x64) AppleWebKit/537.36 (KHTML, like Gecko) Chrome/136.0.0.0 Safari/537.36"
92.180.9.187 - - [27/May/2025:11:27:43 -0400] "GET /wp-content/plugins/auxin-pro-tools/admin/assets/js/elementor/widgets.js?ver=1.9.5 HTTP/1.1" 200 394 "https://socialdigiinnovator.com/?fbclid=IwY2xjawKiuTxleHRuA2FlbQIxMABicmlkETA2ZlBGVTVkU2JQdGNXTWE2AR63z6uVYVvw21Lx2OLPsvZJzwJnnaNNjgDztKhD5Xi8H3IOQybr8YpDr8zwOA_aem_6RFxqiiY41dUsQfv0VfFrQ" "Mozilla/5.0 (Windows NT 10.0; Win64; x64) AppleWebKit/537.36 (KHTML, like Gecko) Chrome/136.0.0.0 Safari/537.36"
92.180.9.187 - - [27/May/2025:11:27:43 -0400] "GET /wp-content/themes/phlox-pro/css/other/elementor.css?ver=5.17.6 HTTP/1.1" 200 229 "https://socialdigiinnovator.com/?fbclid=IwY2xjawKiuTxleHRuA2FlbQIxMABicmlkETA2ZlBGVTVkU2JQdGNXTWE2AR63z6uVYVvw21Lx2OLPsvZJzwJnnaNNjgDztKhD5Xi8H3IOQybr8YpDr8zwOA_aem_6RFxqiiY41dUsQfv0VfFrQ" "Mozilla/5.0 (Windows NT 10.0; Win64; x64) AppleWebKit/537.36 (KHTML, like Gecko) Chrome/136.0.0.0 Safari/537.36"
92.180.9.187 - - [27/May/2025:11:27:43 -0400] "GET /wp-content/plugins/elementor/assets/lib/font-awesome/css/all.min.css?ver=3.29.0 HTTP/1.1" 200 12380 "https://socialdigiinnovator.com/?fbclid=IwY2xjawKiuTxleHRuA2FlbQIxMABicmlkETA2ZlBGVTVkU2JQdGNXTWE2AR63z6uVYVvw21Lx2OLPsvZJzwJnnaNNjgDztKhD5Xi8H3IOQybr8YpDr8zwOA_aem_6RFxqiiY41dUsQfv0VfFrQ" "Mozilla/5.0 (Windows NT 10.0; Win64; x64) AppleWebKit/537.36 (KHTML, like Gecko) Chrome/136.0.0.0 Safari/537.36"
92.180.9.187 - - [27/May/2025:11:27:43 -0400] "GET /wp-content/plugins/elementor/assets/lib/font-awesome/css/fontawesome.min.css?ver=5.15.3 HTTP/1.1" 200 12164 "https://socialdigiinnovator.com/?fbclid=IwY2xjawKiuTxleHRuA2FlbQIxMABicmlkETA2ZlBGVTVkU2JQdGNXTWE2AR63z6uVYVvw21Lx2OLPsvZJzwJnnaNNjgDztKhD5Xi8H3IOQybr8YpDr8zwOA_aem_6RFxqiiY41dUsQfv0VfFrQ" "Mozilla/5.0 (Windows NT 10.0; Win64; x64) AppleWebKit/537.36 (KHTML, like Gecko) Chrome/136.0.0.0 Safari/537.36"
92.180.9.187 - - [27/May/2025:11:27:43 -0400] "GET /wp-content/themes/phlox-pro/js/solo/modernizr-custom.min.js?ver=5.17.6 HTTP/1.1" 200 5864 "https://socialdigiinnovator.com/?fbclid=IwY2xjawKiuTxleHRuA2FlbQIxMABicmlkETA2ZlBGVTVkU2JQdGNXTWE2AR63z6uVYVvw21Lx2OLPsvZJzwJnnaNNjgDztKhD5Xi8H3IOQybr8YpDr8zwOA_aem_6RFxqiiY41dUsQfv0VfFrQ" "Mozilla/5.0 (Windows NT 10.0; Win64; x64) AppleWebKit/537.36 (KHTML, like Gecko) Chrome/136.0.0.0 Safari/537.36"
92.180.9.187 - - [27/May/2025:11:27:43 -0400] "GET /wp-includes/js/jquery/jquery.min.js?ver=3.7.1 HTTP/1.1" 200 29744 "https://socialdigiinnovator.com/?fbclid=IwY2xjawKiuTxleHRuA2FlbQIxMABicmlkETA2ZlBGVTVkU2JQdGNXTWE2AR63z6uVYVvw21Lx2OLPsvZJzwJnnaNNjgDztKhD5Xi8H3IOQybr8YpDr8zwOA_aem_6RFxqiiY41dUsQfv0VfFrQ" "Mozilla/5.0 (Windows NT 10.0; Win64; x64) AppleWebKit/537.36 (KHTML, like Gecko) Chrome/136.0.0.0 Safari/537.36"
92.180.9.187 - - [27/May/2025:11:27:43 -0400] "GET /wp-content/plugins/elementor/assets/lib/swiper/v8/css/swiper.min.css?ver=8.4.5 HTTP/1.1" 200 4248 "https://socialdigiinnovator.com/?fbclid=IwY2xjawKiuTxleHRuA2FlbQIxMABicmlkETA2ZlBGVTVkU2JQdGNXTWE2AR63z6uVYVvw21Lx2OLPsvZJzwJnnaNNjgDztKhD5Xi8H3IOQybr8YpDr8zwOA_aem_6RFxqiiY41dUsQfv0VfFrQ" "Mozilla/5.0 (Windows NT 10.0; Win64; x64) AppleWebKit/537.36 (KHTML, like Gecko) Chrome/136.0.0.0 Safari/537.36"
92.180.9.187 - - [27/May/2025:11:27:43 -0400] "GET /wp-content/plugins/elementor/assets/css/frontend.min.css?ver=3.29.0 HTTP/1.1" 200 6472 "https://socialdigiinnovator.com/?fbclid=IwY2xjawKiuTxleHRuA2FlbQIxMABicmlkETA2ZlBGVTVkU2JQdGNXTWE2AR63z6uVYVvw21Lx2OLPsvZJzwJnnaNNjgDztKhD5Xi8H3IOQybr8YpDr8zwOA_aem_6RFxqiiY41dUsQfv0VfFrQ" "Mozilla/5.0 (Windows NT 10.0; Win64; x64) AppleWebKit/537.36 (KHTML, like Gecko) Chrome/136.0.0.0 Safari/537.36"
92.180.9.187 - - [27/May/2025:11:27:43 -0400] "GET /wp-content/uploads/elementor/css/post-85.css?ver=1747768301 HTTP/1.1" 200 6048 "https://socialdigiinnovator.com/?fbclid=IwY2xjawKiuTxleHRuA2FlbQIxMABicmlkETA2ZlBGVTVkU2JQdGNXTWE2AR63z6uVYVvw21Lx2OLPsvZJzwJnnaNNjgDztKhD5Xi8H3IOQybr8YpDr8zwOA_aem_6RFxqiiY41dUsQfv0VfFrQ" "Mozilla/5.0 (Windows NT 10.0; Win64; x64) AppleWebKit/537.36 (KHTML, like Gecko) Chrome/136.0.0.0 Safari/537.36"
92.180.9.187 - - [27/May/2025:11:27:43 -0400] "GET /wp-content/themes/phlox-pro/css/go-pricing.css?ver=5.17.6 HTTP/1.1" 200 1355 "https://socialdigiinnovator.com/?fbclid=IwY2xjawKiuTxleHRuA2FlbQIxMABicmlkETA2ZlBGVTVkU2JQdGNXTWE2AR63z6uVYVvw21Lx2OLPsvZJzwJnnaNNjgDztKhD5Xi8H3IOQybr8YpDr8zwOA_aem_6RFxqiiY41dUsQfv0VfFrQ" "Mozilla/5.0 (Windows NT 10.0; Win64; x64) AppleWebKit/537.36 (KHTML, like Gecko) Chrome/136.0.0.0 Safari/537.36"
92.180.9.187 - - [27/May/2025:11:27:43 -0400] "GET /wp-includes/js/jquery/jquery-migrate.min.js?ver=3.4.1 HTTP/1.1" 200 4678 "https://socialdigiinnovator.com/?fbclid=IwY2xjawKiuTxleHRuA2FlbQIxMABicmlkETA2ZlBGVTVkU2JQdGNXTWE2AR63z6uVYVvw21Lx2OLPsvZJzwJnnaNNjgDztKhD5Xi8H3IOQybr8YpDr8zwOA_aem_6RFxqiiY41dUsQfv0VfFrQ" "Mozilla/5.0 (Windows NT 10.0; Win64; x64) AppleWebKit/537.36 (KHTML, like Gecko) Chrome/136.0.0.0 Safari/537.36"
92.180.9.187 - - [27/May/2025:11:27:43 -0400] "GET /wp-content/uploads/2022/09/1-300x300.png HTTP/1.1" 200 18635 "https://socialdigiinnovator.com/?fbclid=IwY2xjawKiuTxleHRuA2FlbQIxMABicmlkETA2ZlBGVTVkU2JQdGNXTWE2AR63z6uVYVvw21Lx2OLPsvZJzwJnnaNNjgDztKhD5Xi8H3IOQybr8YpDr8zwOA_aem_6RFxqiiY41dUsQfv0VfFrQ" "Mozilla/5.0 (Windows NT 10.0; Win64; x64) AppleWebKit/537.36 (KHTML, like Gecko) Chrome/136.0.0.0 Safari/537.36"
92.180.9.187 - - [27/May/2025:11:27:43 -0400] "GET /wp-content/uploads/2022/09/8-300x300.jpg HTTP/1.1" 200 6391 "https://socialdigiinnovator.com/?fbclid=IwY2xjawKiuTxleHRuA2FlbQIxMABicmlkETA2ZlBGVTVkU2JQdGNXTWE2AR63z6uVYVvw21Lx2OLPsvZJzwJnnaNNjgDztKhD5Xi8H3IOQybr8YpDr8zwOA_aem_6RFxqiiY41dUsQfv0VfFrQ" "Mozilla/5.0 (Windows NT 10.0; Win64; x64) AppleWebKit/537.36 (KHTML, like Gecko) Chrome/136.0.0.0 Safari/537.36"
185.157.214.24 - - [27/May/2025:11:27:42 -0400] "GET /importance-of-a-brand-logo/ HTTP/1.1" 200 18534 "-" "Mozilla/5.0 (Macintosh; Intel Mac OS X 10_15_7) AppleWebKit/537.36 (KHTML, like Gecko) Chrome/133.0.0.0 Safari/537.36"
92.180.9.187 - - [27/May/2025:11:27:43 -0400] "GET /wp-content/plugins/elementor/assets/js/webpack.runtime.min.js?ver=3.29.0 HTTP/1.1" 200 2323 "https://socialdigiinnovator.com/?fbclid=IwY2xjawKiuTxleHRuA2FlbQIxMABicmlkETA2ZlBGVTVkU2JQdGNXTWE2AR63z6uVYVvw21Lx2OLPsvZJzwJnnaNNjgDztKhD5Xi8H3IOQybr8YpDr8zwOA_aem_6RFxqiiY41dUsQfv0VfFrQ" "Mozilla/5.0 (Windows NT 10.0; Win64; x64) AppleWebKit/537.36 (KHTML, like Gecko) Chrome/136.0.0.0 Safari/537.36"
92.180.9.187 - - [27/May/2025:11:27:43 -0400] "GET /wp-content/uploads/2022/09/7-300x300.jpg HTTP/1.1" 200 12386 "https://socialdigiinnovator.com/?fbclid=IwY2xjawKiuTxleHRuA2FlbQIxMABicmlkETA2ZlBGVTVkU2JQdGNXTWE2AR63z6uVYVvw21Lx2OLPsvZJzwJnnaNNjgDztKhD5Xi8H3IOQybr8YpDr8zwOA_aem_6RFxqiiY41dUsQfv0VfFrQ" "Mozilla/5.0 (Windows NT 10.0; Win64; x64) AppleWebKit/537.36 (KHTML, like Gecko) Chrome/136.0.0.0 Safari/537.36"
92.180.9.187 - - [27/May/2025:11:27:43 -0400] "GET /wp-content/plugins/contact-form-7/includes/swv/js/index.js?ver=6.0.6 HTTP/1.1" 200 3369 "https://socialdigiinnovator.com/?fbclid=IwY2xjawKiuTxleHRuA2FlbQIxMABicmlkETA2ZlBGVTVkU2JQdGNXTWE2AR63z6uVYVvw21Lx2OLPsvZJzwJnnaNNjgDztKhD5Xi8H3IOQybr8YpDr8zwOA_aem_6RFxqiiY41dUsQfv0VfFrQ" "Mozilla/5.0 (Windows NT 10.0; Win64; x64) AppleWebKit/537.36 (KHTML, like Gecko) Chrome/136.0.0.0 Safari/537.36"
92.180.9.187 - - [27/May/2025:11:27:43 -0400] "GET /wp-includes/js/dist/hooks.min.js?ver=4d63a3d491d11ffd8ac6 HTTP/1.1" 200 1571 "https://socialdigiinnovator.com/?fbclid=IwY2xjawKiuTxleHRuA2FlbQIxMABicmlkETA2ZlBGVTVkU2JQdGNXTWE2AR63z6uVYVvw21Lx2OLPsvZJzwJnnaNNjgDztKhD5Xi8H3IOQybr8YpDr8zwOA_aem_6RFxqiiY41dUsQfv0VfFrQ" "Mozilla/5.0 (Windows NT 10.0; Win64; x64) AppleWebKit/537.36 (KHTML, like Gecko) Chrome/136.0.0.0 Safari/537.36"
92.180.9.187 - - [27/May/2025:11:27:43 -0400] "GET /wp-content/plugins/auxin-elements/public/assets/js/plugins.min.js?ver=2.17.6 HTTP/1.1" 200 8942 "https://socialdigiinnovator.com/?fbclid=IwY2xjawKiuTxleHRuA2FlbQIxMABicmlkETA2ZlBGVTVkU2JQdGNXTWE2AR63z6uVYVvw21Lx2OLPsvZJzwJnnaNNjgDztKhD5Xi8H3IOQybr8YpDr8zwOA_aem_6RFxqiiY41dUsQfv0VfFrQ" "Mozilla/5.0 (Windows NT 10.0; Win64; x64) AppleWebKit/537.36 (KHTML, like Gecko) Chrome/136.0.0.0 Safari/537.36"
92.180.9.187 - - [27/May/2025:11:27:43 -0400] "GET /wp-content/uploads/2022/09/7402118-scaled-822x822.jpg HTTP/1.1" 200 53831 "https://socialdigiinnovator.com/?fbclid=IwY2xjawKiuTxleHRuA2FlbQIxMABicmlkETA2ZlBGVTVkU2JQdGNXTWE2AR63z6uVYVvw21Lx2OLPsvZJzwJnnaNNjgDztKhD5Xi8H3IOQybr8YpDr8zwOA_aem_6RFxqiiY41dUsQfv0VfFrQ" "Mozilla/5.0 (Windows NT 10.0; Win64; x64) AppleWebKit/537.36 (KHTML, like Gecko) Chrome/136.0.0.0 Safari/537.36"
92.180.9.187 - - [27/May/2025:11:27:43 -0400] "GET /wp-content/plugins/elementor/assets/css/widget-heading.min.css?ver=3.29.0 HTTP/1.1" 200 154 "https://socialdigiinnovator.com/?fbclid=IwY2xjawKiuTxleHRuA2FlbQIxMABicmlkETA2ZlBGVTVkU2JQdGNXTWE2AR63z6uVYVvw21Lx2OLPsvZJzwJnnaNNjgDztKhD5Xi8H3IOQybr8YpDr8zwOA_aem_6RFxqiiY41dUsQfv0VfFrQ" "Mozilla/5.0 (Windows NT 10.0; Win64; x64) AppleWebKit/537.36 (KHTML, like Gecko) Chrome/136.0.0.0 Safari/537.36"
92.180.9.187 - - [27/May/2025:11:27:44 -0400] "GET /wp-includes/js/imagesloaded.min.js?ver=5.0.0 HTTP/1.1" 200 1687 "https://socialdigiinnovator.com/?fbclid=IwY2xjawKiuTxleHRuA2FlbQIxMABicmlkETA2ZlBGVTVkU2JQdGNXTWE2AR63z6uVYVvw21Lx2OLPsvZJzwJnnaNNjgDztKhD5Xi8H3IOQybr8YpDr8zwOA_aem_6RFxqiiY41dUsQfv0VfFrQ" "Mozilla/5.0 (Windows NT 10.0; Win64; x64) AppleWebKit/537.36 (KHTML, like Gecko) Chrome/136.0.0.0 Safari/537.36"
92.180.9.187 - - [27/May/2025:11:27:44 -0400] "GET /wp-content/uploads/2022/09/2-300x300.png HTTP/1.1" 200 13208 "https://socialdigiinnovator.com/?fbclid=IwY2xjawKiuTxleHRuA2FlbQIxMABicmlkETA2ZlBGVTVkU2JQdGNXTWE2AR63z6uVYVvw21Lx2OLPsvZJzwJnnaNNjgDztKhD5Xi8H3IOQybr8YpDr8zwOA_aem_6RFxqiiY41dUsQfv0VfFrQ" "Mozilla/5.0 (Windows NT 10.0; Win64; x64) AppleWebKit/537.36 (KHTML, like Gecko) Chrome/136.0.0.0 Safari/537.36"
92.180.9.187 - - [27/May/2025:11:27:44 -0400] "GET /wp-content/themes/phlox-pro/js/scripts.min.js?ver=5.17.6 HTTP/1.1" 200 13587 "https://socialdigiinnovator.com/?fbclid=IwY2xjawKiuTxleHRuA2FlbQIxMABicmlkETA2ZlBGVTVkU2JQdGNXTWE2AR63z6uVYVvw21Lx2OLPsvZJzwJnnaNNjgDztKhD5Xi8H3IOQybr8YpDr8zwOA_aem_6RFxqiiY41dUsQfv0VfFrQ" "Mozilla/5.0 (Windows NT 10.0; Win64; x64) AppleWebKit/537.36 (KHTML, like Gecko) Chrome/136.0.0.0 Safari/537.36"
92.180.9.187 - - [27/May/2025:11:27:44 -0400] "GET /wp-content/themes/phlox-pro/js/plugins.min.js?ver=5.17.6 HTTP/1.1" 200 141965 "https://socialdigiinnovator.com/?fbclid=IwY2xjawKiuTxleHRuA2FlbQIxMABicmlkETA2ZlBGVTVkU2JQdGNXTWE2AR63z6uVYVvw21Lx2OLPsvZJzwJnnaNNjgDztKhD5Xi8H3IOQybr8YpDr8zwOA_aem_6RFxqiiY41dUsQfv0VfFrQ" "Mozilla/5.0 (Windows NT 10.0; Win64; x64) AppleWebKit/537.36 (KHTML, like Gecko) Chrome/136.0.0.0 Safari/537.36"
