92.180.9.187 - - [27/May/2025:11:27:44 -0400] "GET /wp-includes/js/dist/i18n.min.js?ver=5e580eb46a90c2b997e6 HTTP/1.1" 200 3542 "https://socialdigiinnovator.com/?fbclid=IwY2xjawKiuTxleHRuA2FlbQIxMABicmlkETA2ZlBGVTVkU2JQdGNXTWE2AR63z6uVYVvw21Lx2OLPsvZJzwJnnaNNjgDztKhD5Xi8H3IOQybr8YpDr8zwOA_aem_6RFxqiiY41dUsQfv0VfFrQ" "Mozilla/5.0 (Windows NT 10.0; Win64; x64) AppleWebKit/537.36 (KHTML, like Gecko) Chrome/136.0.0.0 Safari/537.36"
92.180.9.187 - - [27/May/2025:11:27:44 -0400] "GET /wp-includes/js/mediaelement/wp-mediaelement.min.js?ver=6.8.1 HTTP/1.1" 200 453 "https://socialdigiinnovator.com/?fbclid=IwY2xjawKiuTxleHRuA2FlbQIxMABicmlkETA2ZlBGVTVkU2JQdGNXTWE2AR63z6uVYVvw21Lx2OLPsvZJzwJnnaNNjgDztKhD5Xi8H3IOQybr8YpDr8zwOA_aem_6RFxqiiY41dUsQfv0VfFrQ" "Mozilla/5.0 (Windows NT 10.0; Win64; x64) AppleWebKit/537.36 (KHTML, like Gecko) Chrome/136.0.0.0 Safari/537.36"
92.180.9.187 - - [27/May/2025:11:27:44 -0400] "GET /wp-content/uploads/2022/09/5-300x300.png HTTP/1.1" 200 22959 "https://socialdigiinnovator.com/?fbclid=IwY2xjawKiuTxleHRuA2FlbQIxMABicmlkETA2ZlBGVTVkU2JQdGNXTWE2AR63z6uVYVvw21Lx2OLPsvZJzwJnnaNNjgDztKhD5Xi8H3IOQybr8YpDr8zwOA_aem_6RFxqiiY41dUsQfv0VfFrQ" "Mozilla/5.0 (Windows NT 10.0; Win64; x64) AppleWebKit/537.36 (KHTML, like Gecko) Chrome/136.0.0.0 Safari/537.36"
92.180.9.187 - - [27/May/2025:11:27:44 -0400] "GET /wp-content/plugins/contact-form-7/includes/js/index.js?ver=6.0.6 HTTP/1.1" 200 4008 "https://socialdigiinnovator.com/?fbclid=IwY2xjawKiuTxleHRuA2FlbQIxMABicmlkETA2ZlBGVTVkU2JQdGNXTWE2AR63z6uVYVvw21Lx2OLPsvZJzwJnnaNNjgDztKhD5Xi8H3IOQybr8YpDr8zwOA_aem_6RFxqiiY41dUsQfv0VfFrQ" "Mozilla/5.0 (Windows NT 10.0; Win64; x64) AppleWebKit/537.36 (KHTML, like Gecko) Chrome/136.0.0.0 Safari/537.36"
92.180.9.187 - - [27/May/2025:11:27:44 -0400] "GET /wp-content/plugins/elementor-pro/assets/js/webpack-pro.runtime.min.js?ver=3.29.0 HTTP/1.1" 200 2621 "https://socialdigiinnovator.com/?fbclid=IwY2xjawKiuTxleHRuA2FlbQIxMABicmlkETA2ZlBGVTVkU2JQdGNXTWE2AR63z6uVYVvw21Lx2OLPsvZJzwJnnaNNjgDztKhD5Xi8H3IOQybr8YpDr8zwOA_aem_6RFxqiiY41dUsQfv0VfFrQ" "Mozilla/5.0 (Windows NT 10.0; Win64; x64) AppleWebKit/537.36 (KHTML, like Gecko) Chrome/136.0.0.0 Safari/537.36"
92.180.9.187 - - [27/May/2025:11:27:44 -0400] "GET /wp-content/uploads/2022/09/9-300x300.jpeg HTTP/1.1" 200 12115 "https://socialdigiinnovator.com/?fbclid=IwY2xjawKiuTxleHRuA2FlbQIxMABicmlkETA2ZlBGVTVkU2JQdGNXTWE2AR63z6uVYVvw21Lx2OLPsvZJzwJnnaNNjgDztKhD5Xi8H3IOQybr8YpDr8zwOA_aem_6RFxqiiY41dUsQfv0VfFrQ" "Mozilla/5.0 (Windows NT 10.0; Win64; x64) AppleWebKit/537.36 (KHTML, like Gecko) Chrome/136.0.0.0 Safari/537.36"
92.180.9.187 - - [27/May/2025:11:27:44 -0400] "GET /wp-content/plugins/elementor/assets/lib/jquery-numerator/jquery-numerator.min.js?ver=0.2.1 HTTP/1.1" 200 677 "https://socialdigiinnovator.com/?fbclid=IwY2xjawKiuTxleHRuA2FlbQIxMABicmlkETA2ZlBGVTVkU2JQdGNXTWE2AR63z6uVYVvw21Lx2OLPsvZJzwJnnaNNjgDztKhD5Xi8H3IOQybr8YpDr8zwOA_aem_6RFxqiiY41dUsQfv0VfFrQ" "Mozilla/5.0 (Windows NT 10.0; Win64; x64) AppleWebKit/537.36 (KHTML, like Gecko) Chrome/136.0.0.0 Safari/537.36"
92.180.9.187 - - [27/May/2025:11:27:44 -0400] "GET /wp-content/plugins/elementor/assets/lib/swiper/v8/swiper.min.js?ver=8.4.5 HTTP/1.1" 200 38152 "https://socialdigiinnovator.com/?fbclid=IwY2xjawKiuTxleHRuA2FlbQIxMABicmlkETA2ZlBGVTVkU2JQdGNXTWE2AR63z6uVYVvw21Lx2OLPsvZJzwJnnaNNjgDztKhD5Xi8H3IOQybr8YpDr8zwOA_aem_6RFxqiiY41dUsQfv0VfFrQ" "Mozilla/5.0 (Windows NT 10.0; Win64; x64) AppleWebKit/537.36 (KHTML, like Gecko) Chrome/136.0.0.0 Safari/537.36"
92.180.9.187 - - [27/May/2025:11:27:43 -0400] "GET /wp-content/plugins/auxin-pro-tools/public/assets/js/pro-tools.js?ver=1.9.5 HTTP/1.1" 200 1030 "https://socialdigiinnovator.com/?fbclid=IwY2xjawKiuTxleHRuA2FlbQIxMABicmlkETA2ZlBGVTVkU2JQdGNXTWE2AR63z6uVYVvw21Lx2OLPsvZJzwJnnaNNjgDztKhD5Xi8H3IOQybr8YpDr8zwOA_aem_6RFxqiiY41dUsQfv0VfFrQ" "Mozilla/5.0 (Windows NT 10.0; Win64; x64) AppleWebKit/537.36 (KHTML, like Gecko) Chrome/136.0.0.0 Safari/537.36"
92.180.9.187 - - [27/May/2025:11:27:43 -0400] "GET /wp-content/plugins/depicter/resources/scripts/player/depicter.js?ver=1746475589 HTTP/1.1" 200 66896 "https://socialdigiinnovator.com/?fbclid=IwY2xjawKiuTxleHRuA2FlbQIxMABicmlkETA2ZlBGVTVkU2JQdGNXTWE2AR63z6uVYVvw21Lx2OLPsvZJzwJnnaNNjgDztKhD5Xi8H3IOQybr8YpDr8zwOA_aem_6RFxqiiY41dUsQfv0VfFrQ" "Mozilla/5.0 (Windows NT 10.0; Win64; x64) AppleWebKit/537.36 (KHTML, like Gecko) Chrome/136.0.0.0 Safari/537.36"
92.180.9.187 - - [27/May/2025:11:27:43 -0400] "GET /wp-content/uploads/elementor/google-fonts/fonts/ubuntu-4ics6kvjbnbylgokfw72.woff2 HTTP/1.1" 200 34852 "https://socialdigiinnovator.com/wp-content/uploads/elementor/google-fonts/css/ubuntu.css?ver=1742243701" "Mozilla/5.0 (Windows NT 10.0; Win64; x64) AppleWebKit/537.36 (KHTML, like Gecko) Chrome/136.0.0.0 Safari/537.36"
92.180.9.187 - - [27/May/2025:11:27:43 -0400] "GET /wp-content/plugins/elementor-pro/assets/js/elements-handlers.min.js?ver=3.29.0 HTTP/1.1" 200 10221 "https://socialdigiinnovator.com/?fbclid=IwY2xjawKiuTxleHRuA2FlbQIxMABicmlkETA2ZlBGVTVkU2JQdGNXTWE2AR63z6uVYVvw21Lx2OLPsvZJzwJnnaNNjgDztKhD5Xi8H3IOQybr8YpDr8zwOA_aem_6RFxqiiY41dUsQfv0VfFrQ" "Mozilla/5.0 (Windows NT 10.0; Win64; x64) AppleWebKit/537.36 (KHTML, like Gecko) Chrome/136.0.0.0 Safari/537.36"
92.180.9.187 - - [27/May/2025:11:27:43 -0400] "GET /wp-content/uploads/2022/09/6-300x300.jpg HTTP/1.1" 200 8202 "https://socialdigiinnovator.com/?fbclid=IwY2xjawKiuTxleHRuA2FlbQIxMABicmlkETA2ZlBGVTVkU2JQdGNXTWE2AR63z6uVYVvw21Lx2OLPsvZJzwJnnaNNjgDztKhD5Xi8H3IOQybr8YpDr8zwOA_aem_6RFxqiiY41dUsQfv0VfFrQ" "Mozilla/5.0 (Windows NT 10.0; Win64; x64) AppleWebKit/537.36 (KHTML, like Gecko) Chrome/136.0.0.0 Safari/537.36"
92.180.9.187 - - [27/May/2025:11:27:44 -0400] "GET /wp-content/plugins/elementor/assets/css/widget-google_maps.min.css?ver=3.29.0 HTTP/1.1" 200 117 "https://socialdigiinnovator.com/?fbclid=IwY2xjawKiuTxleHRuA2FlbQIxMABicmlkETA2ZlBGVTVkU2JQdGNXTWE2AR63z6uVYVvw21Lx2OLPsvZJzwJnnaNNjgDztKhD5Xi8H3IOQybr8YpDr8zwOA_aem_6RFxqiiY41dUsQfv0VfFrQ" "Mozilla/5.0 (Windows NT 10.0; Win64; x64) AppleWebKit/537.36 (KHTML, like Gecko) Chrome/136.0.0.0 Safari/537.36"
92.180.9.187 - - [27/May/2025:11:27:44 -0400] "GET /wp-content/plugins/auxin-elements/public/assets/js/scripts.js?ver=2.17.6 HTTP/1.1" 200 2171 "https://socialdigiinnovator.com/?fbclid=IwY2xjawKiuTxleHRuA2FlbQIxMABicmlkETA2ZlBGVTVkU2JQdGNXTWE2AR63z6uVYVvw21Lx2OLPsvZJzwJnnaNNjgDztKhD5Xi8H3IOQybr8YpDr8zwOA_aem_6RFxqiiY41dUsQfv0VfFrQ" "Mozilla/5.0 (Windows NT 10.0; Win64; x64) AppleWebKit/537.36 (KHTML, like Gecko) Chrome/136.0.0.0 Safari/537.36"
92.180.9.187 - - [27/May/2025:11:27:44 -0400] "GET /wp-includes/js/mediaelement/mediaelement-migrate.min.js?ver=6.8.1 HTTP/1.1" 200 479 "https://socialdigiinnovator.com/?fbclid=IwY2xjawKiuTxleHRuA2FlbQIxMABicmlkETA2ZlBGVTVkU2JQdGNXTWE2AR63z6uVYVvw21Lx2OLPsvZJzwJnnaNNjgDztKhD5Xi8H3IOQybr8YpDr8zwOA_aem_6RFxqiiY41dUsQfv0VfFrQ" "Mozilla/5.0 (Windows NT 10.0; Win64; x64) AppleWebKit/537.36 (KHTML, like Gecko) Chrome/136.0.0.0 Safari/537.36"
92.180.9.187 - - [27/May/2025:11:27:44 -0400] "GET /wp-content/plugins/auxin-elements/admin/assets/js/elementor/widgets.js?ver=2.17.6 HTTP/1.1" 200 697 "https://socialdigiinnovator.com/?fbclid=IwY2xjawKiuTxleHRuA2FlbQIxMABicmlkETA2ZlBGVTVkU2JQdGNXTWE2AR63z6uVYVvw21Lx2OLPsvZJzwJnnaNNjgDztKhD5Xi8H3IOQybr8YpDr8zwOA_aem_6RFxqiiY41dUsQfv0VfFrQ" "Mozilla/5.0 (Windows NT 10.0; Win64; x64) AppleWebKit/537.36 (KHTML, like Gecko) Chrome/136.0.0.0 Safari/537.36"
92.180.9.187 - - [27/May/2025:11:27:44 -0400] "GET /wp-content/uploads/2022/09/4-300x300.jpg HTTP/1.1" 200 8631 "https://socialdigiinnovator.com/?fbclid=IwY2xjawKiuTxleHRuA2FlbQIxMABicmlkETA2ZlBGVTVkU2JQdGNXTWE2AR63z6uVYVvw21Lx2OLPsvZJzwJnnaNNjgDztKhD5Xi8H3IOQybr8YpDr8zwOA_aem_6RFxqiiY41dUsQfv0VfFrQ" "Mozilla/5.0 (Windows NT 10.0; Win64; x64) AppleWebKit/537.36 (KHTML, like Gecko) Chrome/136.0.0.0 Safari/537.36"
92.180.9.187 - - [27/May/2025:11:27:44 -0400] "GET /wp-content/uploads/2022/09/1-300x300.jpg HTTP/1.1" 200 10811 "https://socialdigiinnovator.com/?fbclid=IwY2xjawKiuTxleHRuA2FlbQIxMABicmlkETA2ZlBGVTVkU2JQdGNXTWE2AR63z6uVYVvw21Lx2OLPsvZJzwJnnaNNjgDztKhD5Xi8H3IOQybr8YpDr8zwOA_aem_6RFxqiiY41dUsQfv0VfFrQ" "Mozilla/5.0 (Windows NT 10.0; Win64; x64) AppleWebKit/537.36 (KHTML, like Gecko) Chrome/136.0.0.0 Safari/537.36"
92.180.9.187 - - [27/May/2025:11:27:44 -0400] "GET /wp-includes/js/masonry.min.js?ver=4.2.2 HTTP/1.1" 200 7117 "https://socialdigiinnovator.com/?fbclid=IwY2xjawKiuTxleHRuA2FlbQIxMABicmlkETA2ZlBGVTVkU2JQdGNXTWE2AR63z6uVYVvw21Lx2OLPsvZJzwJnnaNNjgDztKhD5Xi8H3IOQybr8YpDr8zwOA_aem_6RFxqiiY41dUsQfv0VfFrQ" "Mozilla/5.0 (Windows NT 10.0; Win64; x64) AppleWebKit/537.36 (KHTML, like Gecko) Chrome/136.0.0.0 Safari/537.36"
92.180.9.187 - - [27/May/2025:11:27:44 -0400] "GET /wp-includes/js/mediaelement/mediaelement-and-player.min.js?ver=4.2.17 HTTP/1.1" 200 36433 "https://socialdigiinnovator.com/?fbclid=IwY2xjawKiuTxleHRuA2FlbQIxMABicmlkETA2ZlBGVTVkU2JQdGNXTWE2AR63z6uVYVvw21Lx2OLPsvZJzwJnnaNNjgDztKhD5Xi8H3IOQybr8YpDr8zwOA_aem_6RFxqiiY41dUsQfv0VfFrQ" "Mozilla/5.0 (Windows NT 10.0; Win64; x64) AppleWebKit/537.36 (KHTML, like Gecko) Chrome/136.0.0.0 Safari/537.36"
92.180.9.187 - - [27/May/2025:11:27:44 -0400] "GET /wp-includes/js/jquery/ui/core.min.js?ver=1.13.3 HTTP/1.1" 200 6812 "https://socialdigiinnovator.com/?fbclid=IwY2xjawKiuTxleHRuA2FlbQIxMABicmlkETA2ZlBGVTVkU2JQdGNXTWE2AR63z6uVYVvw21Lx2OLPsvZJzwJnnaNNjgDztKhD5Xi8H3IOQybr8YpDr8zwOA_aem_6RFxqiiY41dUsQfv0VfFrQ" "Mozilla/5.0 (Windows NT 10.0; Win64; x64) AppleWebKit/537.36 (KHTML, like Gecko) Chrome/136.0.0.0 Safari/537.36"
92.180.9.187 - - [27/May/2025:11:27:44 -0400] "GET /wp-content/uploads/phlox-pro/custom.js?ver=3.3 HTTP/1.1" 200 279 "https://socialdigiinnovator.com/?fbclid=IwY2xjawKiuTxleHRuA2FlbQIxMABicmlkETA2ZlBGVTVkU2JQdGNXTWE2AR63z6uVYVvw21Lx2OLPsvZJzwJnnaNNjgDztKhD5Xi8H3IOQybr8YpDr8zwOA_aem_6RFxqiiY41dUsQfv0VfFrQ" "Mozilla/5.0 (Windows NT 10.0; Win64; x64) AppleWebKit/537.36 (KHTML, like Gecko) Chrome/136.0.0.0 Safari/537.36"
92.180.9.187 - - [27/May/2025:11:27:44 -0400] "GET /wp-content/uploads/2022/09/10-300x300.jpeg HTTP/1.1" 200 9889 "https://socialdigiinnovator.com/?fbclid=IwY2xjawKiuTxleHRuA2FlbQIxMABicmlkETA2ZlBGVTVkU2JQdGNXTWE2AR63z6uVYVvw21Lx2OLPsvZJzwJnnaNNjgDztKhD5Xi8H3IOQybr8YpDr8zwOA_aem_6RFxqiiY41dUsQfv0VfFrQ" "Mozilla/5.0 (Windows NT 10.0; Win64; x64) AppleWebKit/537.36 (KHTML, like Gecko) Chrome/136.0.0.0 Safari/537.36"
92.180.9.187 - - [27/May/2025:11:27:44 -0400] "GET /wp-content/uploads/2022/08/cropped-cropped-Logo-Presentation-Final-06-2-300x241-2-150x150.png HTTP/1.1" 200 3280 "https://socialdigiinnovator.com/?fbclid=IwY2xjawKiuTxleHRuA2FlbQIxMABicmlkETA2ZlBGVTVkU2JQdGNXTWE2AR63z6uVYVvw21Lx2OLPsvZJzwJnnaNNjgDztKhD5Xi8H3IOQybr8YpDr8zwOA_aem_6RFxqiiY41dUsQfv0VfFrQ" "Mozilla/5.0 (Windows NT 10.0; Win64; x64) AppleWebKit/537.36 (KHTML, like Gecko) Chrome/136.0.0.0 Safari/537.36"
92.180.9.187 - - [27/May/2025:11:27:44 -0400] "GET /wp-content/uploads/2022/09/3-300x300.jpg HTTP/1.1" 200 10181 "https://socialdigiinnovator.com/?fbclid=IwY2xjawKiuTxleHRuA2FlbQIxMABicmlkETA2ZlBGVTVkU2JQdGNXTWE2AR63z6uVYVvw21Lx2OLPsvZJzwJnnaNNjgDztKhD5Xi8H3IOQybr8YpDr8zwOA_aem_6RFxqiiY41dUsQfv0VfFrQ" "Mozilla/5.0 (Windows NT 10.0; Win64; x64) AppleWebKit/537.36 (KHTML, like Gecko) Chrome/136.0.0.0 Safari/537.36"
92.180.9.187 - - [27/May/2025:11:27:44 -0400] "GET /wp-content/uploads/2022/08/cropped-cropped-Logo-Presentation-Final-06-2-300x241-2.png HTTP/1.1" 200 2382 "https://socialdigiinnovator.com/?fbclid=IwY2xjawKiuTxleHRuA2FlbQIxMABicmlkETA2ZlBGVTVkU2JQdGNXTWE2AR63z6uVYVvw21Lx2OLPsvZJzwJnnaNNjgDztKhD5Xi8H3IOQybr8YpDr8zwOA_aem_6RFxqiiY41dUsQfv0VfFrQ" "Mozilla/5.0 (Windows NT 10.0; Win64; x64) AppleWebKit/537.36 (KHTML, like Gecko) Chrome/136.0.0.0 Safari/537.36"
92.180.9.187 - - [27/May/2025:11:27:44 -0400] "GET /wp-content/plugins/elementor-pro/assets/js/frontend.min.js?ver=3.29.0 HTTP/1.1" 200 6279 "https://socialdigiinnovator.com/?fbclid=IwY2xjawKiuTxleHRuA2FlbQIxMABicmlkETA2ZlBGVTVkU2JQdGNXTWE2AR63z6uVYVvw21Lx2OLPsvZJzwJnnaNNjgDztKhD5Xi8H3IOQybr8YpDr8zwOA_aem_6RFxqiiY41dUsQfv0VfFrQ" "Mozilla/5.0 (Windows NT 10.0; Win64; x64) AppleWebKit/537.36 (KHTML, like Gecko) Chrome/136.0.0.0 Safari/537.36"
92.180.9.187 - - [27/May/2025:11:27:44 -0400] "GET /wp-content/plugins/elementor/assets/lib/font-awesome/webfonts/fa-brands-400.woff2 HTTP/1.1" 200 81612 "https://socialdigiinnovator.com/wp-content/plugins/elementor/assets/lib/font-awesome/css/all.min.css?ver=3.29.0" "Mozilla/5.0 (Windows NT 10.0; Win64; x64) AppleWebKit/537.36 (KHTML, like Gecko) Chrome/136.0.0.0 Safari/537.36"
92.180.9.187 - - [27/May/2025:11:27:44 -0400] "GET /wp-content/uploads/elementor/google-fonts/fonts/quicksand-6xktdszam9ie8kbpra_hk1qn.woff2 HTTP/1.1" 200 28360 "https://socialdigiinnovator.com/wp-content/uploads/elementor/google-fonts/css/quicksand.css?ver=1742243705" "Mozilla/5.0 (Windows NT 10.0; Win64; x64) AppleWebKit/537.36 (KHTML, like Gecko) Chrome/136.0.0.0 Safari/537.36"
92.180.9.187 - - [27/May/2025:11:27:44 -0400] "GET /wp-content/themes/phlox-pro/css/fonts/fontastic/auxicon/auxin-front.woff HTTP/1.1" 200 131252 "https://socialdigiinnovator.com/wp-content/themes/phlox-pro/css/auxin-icon.css?ver=5.17.6" "Mozilla/5.0 (Windows NT 10.0; Win64; x64) AppleWebKit/537.36 (KHTML, like Gecko) Chrome/136.0.0.0 Safari/537.36"
92.180.9.187 - - [27/May/2025:11:27:44 -0400] "GET /wp-content/uploads/elementor/google-fonts/fonts/ubuntu-4icu6kvjbnbylgokej70l0k.woff2 HTTP/1.1" 200 36564 "https://socialdigiinnovator.com/wp-content/uploads/elementor/google-fonts/css/ubuntu.css?ver=1742243701" "Mozilla/5.0 (Windows NT 10.0; Win64; x64) AppleWebKit/537.36 (KHTML, like Gecko) Chrome/136.0.0.0 Safari/537.36"
92.180.9.187 - - [27/May/2025:11:27:44 -0400] "GET /wp-content/plugins/elementor/assets/lib/eicons/fonts/eicons.woff2?5.41.0 HTTP/1.1" 200 103012 "https://socialdigiinnovator.com/wp-content/plugins/elementor/assets/lib/eicons/css/elementor-icons.min.css?ver=5.40.0" "Mozilla/5.0 (Windows NT 10.0; Win64; x64) AppleWebKit/537.36 (KHTML, like Gecko) Chrome/136.0.0.0 Safari/537.36"
92.180.9.187 - - [27/May/2025:11:27:45 -0400] "GET /wp-includes/js/wp-emoji-release.min.js?ver=6.8.1 HTTP/1.1" 200 4771 "https://socialdigiinnovator.com/?fbclid=IwY2xjawKiuTxleHRuA2FlbQIxMABicmlkETA2ZlBGVTVkU2JQdGNXTWE2AR63z6uVYVvw21Lx2OLPsvZJzwJnnaNNjgDztKhD5Xi8H3IOQybr8YpDr8zwOA_aem_6RFxqiiY41dUsQfv0VfFrQ" "Mozilla/5.0 (Windows NT 10.0; Win64; x64) AppleWebKit/537.36 (KHTML, like Gecko) Chrome/136.0.0.0 Safari/537.36"
92.180.9.187 - - [27/May/2025:11:27:46 -0400] "GET /wp-content/themes/phlox-pro/css/images/svg/symbols.svg HTTP/1.1" 200 4196 "https://socialdigiinnovator.com/wp-content/themes/phlox-pro/css/main.css?ver=5.17.6" "Mozilla/5.0 (Windows NT 10.0; Win64; x64) AppleWebKit/537.36 (KHTML, like Gecko) Chrome/136.0.0.0 Safari/537.36"
92.180.9.187 - - [27/May/2025:11:27:46 -0400] "GET /wp-content/plugins/elementor/assets/js/shared-frontend-handlers.30dc2f9c080845a413a6.bundle.min.js HTTP/1.1" 200 2546 "https://socialdigiinnovator.com/?fbclid=IwY2xjawKiuTxleHRuA2FlbQIxMABicmlkETA2ZlBGVTVkU2JQdGNXTWE2AR63z6uVYVvw21Lx2OLPsvZJzwJnnaNNjgDztKhD5Xi8H3IOQybr8YpDr8zwOA_aem_6RFxqiiY41dUsQfv0VfFrQ" "Mozilla/5.0 (Windows NT 10.0; Win64; x64) AppleWebKit/537.36 (KHTML, like Gecko) Chrome/136.0.0.0 Safari/537.36"
92.180.9.187 - - [27/May/2025:11:27:44 -0400] "GET /wp-content/plugins/elementor/assets/js/frontend-modules.min.js?ver=3.29.0 HTTP/1.1" 200 14423 "https://socialdigiinnovator.com/?fbclid=IwY2xjawKiuTxleHRuA2FlbQIxMABicmlkETA2ZlBGVTVkU2JQdGNXTWE2AR63z6uVYVvw21Lx2OLPsvZJzwJnnaNNjgDztKhD5Xi8H3IOQybr8YpDr8zwOA_aem_6RFxqiiY41dUsQfv0VfFrQ" "Mozilla/5.0 (Windows NT 10.0; Win64; x64) AppleWebKit/537.36 (KHTML, like Gecko) Chrome/136.0.0.0 Safari/537.36"
92.180.9.187 - - [27/May/2025:11:27:44 -0400] "GET /wp-content/plugins/elementor/assets/js/frontend.min.js?ver=3.29.0 HTTP/1.1" 200 10288 "https://socialdigiinnovator.com/?fbclid=IwY2xjawKiuTxleHRuA2FlbQIxMABicmlkETA2ZlBGVTVkU2JQdGNXTWE2AR63z6uVYVvw21Lx2OLPsvZJzwJnnaNNjgDztKhD5Xi8H3IOQybr8YpDr8zwOA_aem_6RFxqiiY41dUsQfv0VfFrQ" "Mozilla/5.0 (Windows NT 10.0; Win64; x64) AppleWebKit/537.36 (KHTML, like Gecko) Chrome/136.0.0.0 Safari/537.36"
92.180.9.187 - - [27/May/2025:11:27:43 -0400] "GET /wp-content/uploads/2022/09/elementor/thumbs/2-1-pvdwa72vq5yedtmnnfiiqsvglvj4vj7srmzj5y316g.png HTTP/1.1" 404 33557 "https://socialdigiinnovator.com/?fbclid=IwY2xjawKiuTxleHRuA2FlbQIxMABicmlkETA2ZlBGVTVkU2JQdGNXTWE2AR63z6uVYVvw21Lx2OLPsvZJzwJnnaNNjgDztKhD5Xi8H3IOQybr8YpDr8zwOA_aem_6RFxqiiY41dUsQfv0VfFrQ" "Mozilla/5.0 (Windows NT 10.0; Win64; x64) AppleWebKit/537.36 (KHTML, like Gecko) Chrome/136.0.0.0 Safari/537.36"
92.180.9.187 - - [27/May/2025:11:27:44 -0400] "GET /wp-content/uploads/elementor/google-fonts/fonts/ubuntu-4icv6kvjbnbylgoc1czjsgyn.woff2 HTTP/1.1" 200 38752 "https://socialdigiinnovator.com/wp-content/uploads/elementor/google-fonts/css/ubuntu.css?ver=1742243701" "Mozilla/5.0 (Windows NT 10.0; Win64; x64) AppleWebKit/537.36 (KHTML, like Gecko) Chrome/136.0.0.0 Safari/537.36"
92.180.9.187 - - [27/May/2025:11:27:44 -0400] "GET /wp-content/uploads/elementor/google-fonts/fonts/ubuntu-4icv6kvjbnbylgocxcvjsgyn.woff2 HTTP/1.1" 200 29752 "https://socialdigiinnovator.com/wp-content/uploads/elementor/google-fonts/css/ubuntu.css?ver=1742243701" "Mozilla/5.0 (Windows NT 10.0; Win64; x64) AppleWebKit/537.36 (KHTML, like Gecko) Chrome/136.0.0.0 Safari/537.36"
92.180.9.187 - - [27/May/2025:11:27:44 -0400] "GET /wp-content/uploads/elementor/google-fonts/fonts/nunito-xrxv3i6li01bkofineab.woff2 HTTP/1.1" 200 39124 "https://socialdigiinnovator.com/wp-content/uploads/elementor/google-fonts/css/nunito.css?ver=1742245159" "Mozilla/5.0 (Windows NT 10.0; Win64; x64) AppleWebKit/537.36 (KHTML, like Gecko) Chrome/136.0.0.0 Safari/537.36"
92.180.9.187 - - [27/May/2025:11:27:44 -0400] "GET /wp-content/plugins/elementor/assets/lib/font-awesome/webfonts/fa-solid-900.woff2 HTTP/1.1" 200 78196 "https://socialdigiinnovator.com/wp-content/plugins/elementor/assets/lib/font-awesome/css/all.min.css?ver=3.29.0" "Mozilla/5.0 (Windows NT 10.0; Win64; x64) AppleWebKit/537.36 (KHTML, like Gecko) Chrome/136.0.0.0 Safari/537.36"
113.161.6.94 - - [27/May/2025:11:27:44 -0400] "POST /wp-comments-post.php HTTP/1.1" 200 991 "-" "Mozilla/5.0 (Macintosh; Intel Mac OS X 10_15_7) AppleWebKit/537.36 (KHTML, like Gecko) Chrome/133.0.0.0 Safari/537.36"
92.180.9.187 - - [27/May/2025:11:27:46 -0400] "GET /wp-content/plugins/elementor/assets/js/text-editor.c084ef86600b6f11690d.bundle.min.js HTTP/1.1" 200 621 "https://socialdigiinnovator.com/?fbclid=IwY2xjawKiuTxleHRuA2FlbQIxMABicmlkETA2ZlBGVTVkU2JQdGNXTWE2AR63z6uVYVvw21Lx2OLPsvZJzwJnnaNNjgDztKhD5Xi8H3IOQybr8YpDr8zwOA_aem_6RFxqiiY41dUsQfv0VfFrQ" "Mozilla/5.0 (Windows NT 10.0; Win64; x64) AppleWebKit/537.36 (KHTML, like Gecko) Chrome/136.0.0.0 Safari/537.36"
92.180.9.187 - - [27/May/2025:11:27:46 -0400] "GET /wp-content/plugins/elementor/assets/js/counter.12335f45aaa79d244f24.bundle.min.js HTTP/1.1" 200 442 "https://socialdigiinnovator.com/?fbclid=IwY2xjawKiuTxleHRuA2FlbQIxMABicmlkETA2ZlBGVTVkU2JQdGNXTWE2AR63z6uVYVvw21Lx2OLPsvZJzwJnnaNNjgDztKhD5Xi8H3IOQybr8YpDr8zwOA_aem_6RFxqiiY41dUsQfv0VfFrQ" "Mozilla/5.0 (Windows NT 10.0; Win64; x64) AppleWebKit/537.36 (KHTML, like Gecko) Chrome/136.0.0.0 Safari/537.36"
92.180.9.187 - - [27/May/2025:11:27:46 -0400] "GET /wp-content/plugins/elementor/assets/js/image-carousel.6167d20b95b33386757b.bundle.min.js HTTP/1.1" 200 256 "https://socialdigiinnovator.com/?fbclid=IwY2xjawKiuTxleHRuA2FlbQIxMABicmlkETA2ZlBGVTVkU2JQdGNXTWE2AR63z6uVYVvw21Lx2OLPsvZJzwJnnaNNjgDztKhD5Xi8H3IOQybr8YpDr8zwOA_aem_6RFxqiiY41dUsQfv0VfFrQ" "Mozilla/5.0 (Windows NT 10.0; Win64; x64) AppleWebKit/537.36 (KHTML, like Gecko) Chrome/136.0.0.0 Safari/537.36"
185.157.214.24 - - [27/May/2025:11:27:47 -0400] "GET /blog HTTP/1.1" 301 0 "-" "Mozilla/5.0 (Macintosh; Intel Mac OS X 10_15_7) AppleWebKit/537.36 (KHTML, like Gecko) Chrome/133.0.0.0 Safari/537.36"
92.180.9.187 - - [27/May/2025:11:27:48 -0400] "GET /wp-content/uploads/2022/08/cropped-cropped-Logo-Presentation-Final-06-2-300x241-1-100x100.png HTTP/1.1" 200 1706 "https://socialdigiinnovator.com/?fbclid=IwY2xjawKiuTxleHRuA2FlbQIxMABicmlkETA2ZlBGVTVkU2JQdGNXTWE2AR63z6uVYVvw21Lx2OLPsvZJzwJnnaNNjgDztKhD5Xi8H3IOQybr8YpDr8zwOA_aem_6RFxqiiY41dUsQfv0VfFrQ" "Mozilla/5.0 (Windows NT 10.0; Win64; x64) AppleWebKit/537.36 (KHTML, like Gecko) Chrome/136.0.0.0 Safari/537.36"
198.54.114.35 - - [27/May/2025:11:28:39 -0400] "POST /wp-cron.php?doing_wp_cron=1748359719.8182880878448486328125 HTTP/1.1" 200 0 "-" "WordPress/6.8.1; https://socialdigiinnovator.com"
92.180.9.187 - - [27/May/2025:11:28:38 -0400] "GET /talk/ HTTP/1.1" 200 17894 "https://socialdigiinnovator.com/?fbclid=IwY2xjawKiuTxleHRuA2FlbQIxMABicmlkETA2ZlBGVTVkU2JQdGNXTWE2AR63z6uVYVvw21Lx2OLPsvZJzwJnnaNNjgDztKhD5Xi8H3IOQybr8YpDr8zwOA_aem_6RFxqiiY41dUsQfv0VfFrQ" "Mozilla/5.0 (Windows NT 10.0; Win64; x64) AppleWebKit/537.36 (KHTML, like Gecko) Chrome/136.0.0.0 Safari/537.36"
92.180.9.187 - - [27/May/2025:11:28:41 -0400] "GET /wp-content/plugins/elementor/assets/lib/animations/styles/rollIn.min.css?ver=3.29.0 HTTP/1.1" 200 149 "https://socialdigiinnovator.com/talk/" "Mozilla/5.0 (Windows NT 10.0; Win64; x64) AppleWebKit/537.36 (KHTML, like Gecko) Chrome/136.0.0.0 Safari/537.36"
92.180.9.187 - - [27/May/2025:11:28:41 -0400] "GET /wp-content/plugins/elementor/assets/css/widget-spacer.min.css?ver=3.29.0 HTTP/1.1" 200 315 "https://socialdigiinnovator.com/talk/" "Mozilla/5.0 (Windows NT 10.0; Win64; x64) AppleWebKit/537.36 (KHTML, like Gecko) Chrome/136.0.0.0 Safari/537.36"
92.180.9.187 - - [27/May/2025:11:28:41 -0400] "GET /wp-content/plugins/elementor/assets/lib/animations/styles/fadeInRight.min.css?ver=3.29.0 HTTP/1.1" 200 139 "https://socialdigiinnovator.com/talk/" "Mozilla/5.0 (Windows NT 10.0; Win64; x64) AppleWebKit/537.36 (KHTML, like Gecko) Chrome/136.0.0.0 Safari/537.36"
92.180.9.187 - - [27/May/2025:11:28:41 -0400] "GET /wp-content/uploads/2022/08/arrow.png HTTP/1.1" 200 15819 "https://socialdigiinnovator.com/talk/" "Mozilla/5.0 (Windows NT 10.0; Win64; x64) AppleWebKit/537.36 (KHTML, like Gecko) Chrome/136.0.0.0 Safari/537.36"
92.180.9.187 - - [27/May/2025:11:28:41 -0400] "GET /wp-content/uploads/elementor/google-fonts/fonts/roboto-kfo7cnqeu92fr1me7ksn66agldtyluama3yuba.woff2 HTTP/1.1" 200 40128 "https://socialdigiinnovator.com/wp-content/uploads/elementor/google-fonts/css/roboto.css?ver=1742243672" "Mozilla/5.0 (Windows NT 10.0; Win64; x64) AppleWebKit/537.36 (KHTML, like Gecko) Chrome/136.0.0.0 Safari/537.36"
92.180.9.187 - - [27/May/2025:11:28:41 -0400] "GET /wp-content/uploads/elementor/google-fonts/fonts/opensans-memvyags126mizpba-uvwbx2vvnxbbobj2ovts-muw.woff2 HTTP/1.1" 200 48236 "https://socialdigiinnovator.com/wp-content/uploads/elementor/google-fonts/css/opensans.css?ver=1742268949" "Mozilla/5.0 (Windows NT 10.0; Win64; x64) AppleWebKit/537.36 (KHTML, like Gecko) Chrome/136.0.0.0 Safari/537.36"
92.180.9.187 - - [27/May/2025:11:28:41 -0400] "GET /wp-content/uploads/2022/08/talk-%E2%80%93-Social-Digi-Innovators.mkv HTTP/1.1" 200 7587375 "https://socialdigiinnovator.com/talk/" "Mozilla/5.0 (Windows NT 10.0; Win64; x64) AppleWebKit/537.36 (KHTML, like Gecko) Chrome/136.0.0.0 Safari/537.36"
92.180.9.187 - - [27/May/2025:11:27:46 -0400] "GET /wp-content/plugins/elementor/assets/js/section-frontend-handlers.d85ab872da118940910d.bundle.min.js HTTP/1.1" 200 254 "https://socialdigiinnovator.com/?fbclid=IwY2xjawKiuTxleHRuA2FlbQIxMABicmlkETA2ZlBGVTVkU2JQdGNXTWE2AR63z6uVYVvw21Lx2OLPsvZJzwJnnaNNjgDztKhD5Xi8H3IOQybr8YpDr8zwOA_aem_6RFxqiiY41dUsQfv0VfFrQ" "Mozilla/5.0 (Windows NT 10.0; Win64; x64) AppleWebKit/537.36 (KHTML, like Gecko) Chrome/136.0.0.0 Safari/537.36"
113.161.6.94 - - [27/May/2025:11:27:46 -0400] "POST /wp-comments-post.php HTTP/1.1" 200 0 "-" "Mozilla/5.0 (Windows NT 10.0; Win64; x64) AppleWebKit/537.36 (KHTML, like Gecko) Chrome/120.0.0.0 Safari/537.36"
185.157.214.24 - - [27/May/2025:11:27:48 -0400] "GET /blog/ HTTP/1.1" 200 19345 "https://socialdigiinnovator.com/blog" "Mozilla/5.0 (Macintosh; Intel Mac OS X 10_15_7) AppleWebKit/537.36 (KHTML, like Gecko) Chrome/133.0.0.0 Safari/537.36"
92.180.9.187 - - [27/May/2025:11:28:41 -0400] "GET /wp-content/uploads/elementor/google-fonts/css/opensans.css?ver=1742268949 HTTP/1.1" 200 1826 "https://socialdigiinnovator.com/talk/" "Mozilla/5.0 (Windows NT 10.0; Win64; x64) AppleWebKit/537.36 (KHTML, like Gecko) Chrome/136.0.0.0 Safari/537.36"
92.180.9.187 - - [27/May/2025:11:28:41 -0400] "GET /wp-content/uploads/elementor/google-fonts/css/oswald.css?ver=1742268938 HTTP/1.1" 200 568 "https://socialdigiinnovator.com/talk/" "Mozilla/5.0 (Windows NT 10.0; Win64; x64) AppleWebKit/537.36 (KHTML, like Gecko) Chrome/136.0.0.0 Safari/537.36"
92.180.9.187 - - [27/May/2025:11:28:41 -0400] "GET /wp-content/uploads/elementor/css/post-2904.css?ver=1747767265 HTTP/1.1" 200 1305 "https://socialdigiinnovator.com/talk/" "Mozilla/5.0 (Windows NT 10.0; Win64; x64) AppleWebKit/537.36 (KHTML, like Gecko) Chrome/136.0.0.0 Safari/537.36"
92.180.9.187 - - [27/May/2025:11:28:41 -0400] "GET /wp-content/plugins/elementor/assets/lib/animations/styles/fadeInLeft.min.css?ver=3.29.0 HTTP/1.1" 200 137 "https://socialdigiinnovator.com/talk/" "Mozilla/5.0 (Windows NT 10.0; Win64; x64) AppleWebKit/537.36 (KHTML, like Gecko) Chrome/136.0.0.0 Safari/537.36"
92.180.9.187 - - [27/May/2025:11:28:41 -0400] "GET /wp-content/plugins/elementor/assets/css/widget-video.min.css?ver=3.29.0 HTTP/1.1" 200 354 "https://socialdigiinnovator.com/talk/" "Mozilla/5.0 (Windows NT 10.0; Win64; x64) AppleWebKit/537.36 (KHTML, like Gecko) Chrome/136.0.0.0 Safari/537.36"
92.180.9.187 - - [27/May/2025:11:28:41 -0400] "GET /wp-content/uploads/elementor/google-fonts/fonts/oswald-tk3iwkuhhaijg752gt8g.woff2 HTTP/1.1" 200 28512 "https://socialdigiinnovator.com/wp-content/uploads/elementor/google-fonts/css/oswald.css?ver=1742268938" "Mozilla/5.0 (Windows NT 10.0; Win64; x64) AppleWebKit/537.36 (KHTML, like Gecko) Chrome/136.0.0.0 Safari/537.36"
92.180.9.187 - - [27/May/2025:11:28:41 -0400] "GET /wp-content/uploads/2022/08/WhatsApp-Image-2022-08-02-at-9.21.44-PM-2.jpeg HTTP/1.1" 200 83810 "https://socialdigiinnovator.com/talk/" "Mozilla/5.0 (Windows NT 10.0; Win64; x64) AppleWebKit/537.36 (KHTML, like Gecko) Chrome/136.0.0.0 Safari/537.36"
92.180.9.187 - - [27/May/2025:11:28:42 -0400] "GET /wp-content/plugins/elementor/assets/js/video.6ebfa2c3f5493cb2eaaf.bundle.min.js HTTP/1.1" 200 1228 "https://socialdigiinnovator.com/talk/" "Mozilla/5.0 (Windows NT 10.0; Win64; x64) AppleWebKit/537.36 (KHTML, like Gecko) Chrome/136.0.0.0 Safari/537.36"
92.180.9.187 - - [27/May/2025:11:28:41 -0400] "GET /wp-content/uploads/2022/08/Peter-1.mp4 HTTP/1.1" 200 10504925 "https://socialdigiinnovator.com/talk/" "Mozilla/5.0 (Windows NT 10.0; Win64; x64) AppleWebKit/537.36 (KHTML, like Gecko) Chrome/136.0.0.0 Safari/537.36"
92.180.9.187 - - [27/May/2025:11:28:41 -0400] "GET /wp-content/uploads/2022/08/Cullum-BreakthroughLife.mp4 HTTP/1.1" 200 13891265 "https://socialdigiinnovator.com/talk/" "Mozilla/5.0 (Windows NT 10.0; Win64; x64) AppleWebKit/537.36 (KHTML, like Gecko) Chrome/136.0.0.0 Safari/537.36"
92.180.9.187 - - [27/May/2025:11:28:41 -0400] "GET /wp-content/uploads/2022/08/aa.mkv HTTP/1.1" 200 21490065 "https://socialdigiinnovator.com/talk/" "Mozilla/5.0 (Windows NT 10.0; Win64; x64) AppleWebKit/537.36 (KHTML, like Gecko) Chrome/136.0.0.0 Safari/537.36"
198.54.114.35 - - [27/May/2025:11:44:41 -0400] "POST /wp-cron.php?doing_wp_cron=1748360681.7239890098571777343750 HTTP/1.1" 200 0 "-" "WordPress/6.8.1; https://socialdigiinnovator.com"
208.85.17.196 - - [27/May/2025:11:44:37 -0400] "GET /wp-content/plugins/file-away/readme.txt HTTP/1.1" 404 33560 "-" "Mozilla/5.0 (iPhone; CPU iPhone OS 18_0 like Mac OS X) AppleWebKit/605.1.15 (KHTML, like Gecko) Version/18.0 Mobile/15E148 Safari/604.1"
198.54.114.35 - - [27/May/2025:11:53:28 -0400] "POST /wp-cron.php?doing_wp_cron=1748361208.4034650325775146484375 HTTP/1.1" 200 0 "-" "WordPress/6.8.1; https://socialdigiinnovator.com"
43.157.22.57 - - [27/May/2025:11:53:24 -0400] "GET / HTTP/1.1" 200 26170 "http://socialdigiinnovator.com" "Mozilla/5.0 (iPhone; CPU iPhone OS 13_2_3 like Mac OS X) AppleWebKit/605.1.15 (KHTML, like Gecko) Version/13.0.3 Mobile/15E148 Safari/604.1"
198.54.114.35 - - [27/May/2025:11:55:51 -0400] "POST /wp-cron.php?doing_wp_cron=1748361351.3387789726257324218750 HTTP/1.1" 200 0 "-" "WordPress/6.8.1; https://socialdigiinnovator.com"
146.70.194.252 - - [27/May/2025:11:55:47 -0400] "GET / HTTP/1.1" 200 26174 "-" "Mozilla/5.0 (Windows NT 10.0; Win64; x64) AppleWebKit/537.36 (KHTML, like Gecko) Chrome/78.0.3904.108 Safari/537.36"
198.54.114.35 - - [27/May/2025:11:55:53 -0400] "POST /wp-cron.php?doing_wp_cron=1748361353.6139490604400634765625 HTTP/1.1" 200 0 "-" "WordPress/6.8.1; https://socialdigiinnovator.com"
146.70.194.252 - - [27/May/2025:11:55:53 -0400] "GET //wp-includes/wlwmanifest.xml HTTP/1.1" 301 0 "-" "Mozilla/5.0 (Windows NT 10.0; Win64; x64) AppleWebKit/537.36 (KHTML, like Gecko) Chrome/78.0.3904.108 Safari/537.36"
146.70.194.252 - - [27/May/2025:11:55:54 -0400] "GET / HTTP/1.1" 200 26173 "-" "Mozilla/5.0 (Windows NT 10.0; Win64; x64) AppleWebKit/537.36 (KHTML, like Gecko) Chrome/78.0.3904.108 Safari/537.36"
146.70.194.252 - - [27/May/2025:11:55:55 -0400] "GET //?author=1 HTTP/1.1" 403 1242 "-" "Mozilla/5.0 (Windows NT 10.0; Win64; x64) AppleWebKit/537.36 (KHTML, like Gecko) Chrome/78.0.3904.108 Safari/537.36"
146.70.194.252 - - [27/May/2025:11:55:55 -0400] "GET //?author=2 HTTP/1.1" 403 1242 "-" "Mozilla/5.0 (Windows NT 10.0; Win64; x64) AppleWebKit/537.36 (KHTML, like Gecko) Chrome/78.0.3904.108 Safari/537.36"
85.208.96.209 - - [27/May/2025:11:56:48 -0400] "GET /humulenol6ee/faddbc2466015.htm HTTP/1.1" 404 15043 "-" "Mozilla/5.0 (compatible; SemrushBot/7~bl; +http://www.semrush.com/bot.html)"
52.167.144.199 - - [27/May/2025:12:06:28 -0400] "GET /?s= HTTP/1.1" 200 18506 "-" "Mozilla/5.0 AppleWebKit/537.36 (KHTML, like Gecko; compatible; bingbot/2.0; +http://www.bing.com/bingbot.htm) Chrome/116.0.1938.76 Safari/537.36"
146.70.194.252 - - [27/May/2025:11:55:54 -0400] "GET //xmlrpc.php?rsd HTTP/1.1" 403 1242 "-" "Mozilla/5.0 (Windows NT 10.0; Win64; x64) AppleWebKit/537.36 (KHTML, like Gecko) Chrome/78.0.3904.108 Safari/537.36"
146.70.194.252 - - [27/May/2025:11:55:55 -0400] "GET //wp-json/wp/v2/users/ HTTP/1.1" 200 938 "-" "Mozilla/5.0 (Windows NT 10.0; Win64; x64) AppleWebKit/537.36 (KHTML, like Gecko) Chrome/78.0.3904.108 Safari/537.36"
146.70.194.252 - - [27/May/2025:11:55:56 -0400] "POST //xmlrpc.php HTTP/1.1" 403 1242 "-" "Mozilla/5.0 (Windows NT 10.0; Win64; x64) AppleWebKit/537.36 (KHTML, like Gecko) Chrome/78.0.3904.108 Safari/537.36"
198.54.114.35 - - [27/May/2025:11:56:48 -0400] "POST /wp-cron.php?doing_wp_cron=1748361408.7065110206604003906250 HTTP/1.1" 200 0 "-" "WordPress/6.8.1; https://socialdigiinnovator.com"
198.54.114.35 - - [27/May/2025:12:06:33 -0400] "POST /wp-cron.php?doing_wp_cron=1748361992.6762559413909912109375 HTTP/1.1" 200 0 "-" "WordPress/6.8.1; https://socialdigiinnovator.com"
198.54.114.35 - - [27/May/2025:12:13:17 -0400] "POST /wp-cron.php?doing_wp_cron=1748362397.3253479003906250000000 HTTP/1.1" 200 0 "-" "WordPress/6.8.1; https://socialdigiinnovator.com"
52.169.235.248 - - [27/May/2025:12:13:10 -0400] "GET /wp-content/plugins/hellopress/wp_filemanager.php HTTP/1.1" 404 33577 "-" "-"
52.169.235.248 - - [27/May/2025:12:13:24 -0400] "GET /x.php HTTP/1.1" 404 15042 "-" "-"
52.169.235.248 - - [27/May/2025:12:13:25 -0400] "GET /widgets.php HTTP/1.1" 404 15042 "-" "-"
52.169.235.248 - - [27/May/2025:12:13:26 -0400] "GET /classwithtostring.php HTTP/1.1" 404 15044 "-" "-"
52.169.235.248 - - [27/May/2025:12:13:27 -0400] "GET /aks.php HTTP/1.1" 404 15044 "-" "-"
52.169.235.248 - - [27/May/2025:12:13:28 -0400] "GET /buy.php HTTP/1.1" 404 15044 "-" "-"
52.169.235.248 - - [27/May/2025:12:13:29 -0400] "GET /install.php HTTP/1.1" 404 15044 "-" "-"
52.169.235.248 - - [27/May/2025:12:13:34 -0400] "GET /content.php HTTP/1.1" 404 15043 "-" "-"
52.169.235.248 - - [27/May/2025:12:13:35 -0400] "GET /upfile.php HTTP/1.1" 404 15044 "-" "-"
52.169.235.248 - - [27/May/2025:12:13:19 -0400] "GET /info.php HTTP/1.1" 404 15044 "-" "-"
52.169.235.248 - - [27/May/2025:12:13:20 -0400] "GET /chosen HTTP/1.1" 404 15045 "-" "-"
52.169.235.248 - - [27/May/2025:12:13:21 -0400] "GET /link.php HTTP/1.1" 404 15044 "-" "-"
52.169.235.248 - - [27/May/2025:12:13:22 -0400] "GET /moon.php HTTP/1.1" 404 15045 "-" "-"
52.169.235.248 - - [27/May/2025:12:13:23 -0400] "GET /404.php HTTP/1.1" 404 15045 "-" "-"
52.169.235.248 - - [27/May/2025:12:13:30 -0400] "GET /log.php HTTP/1.1" 404 15042 "-" "-"
52.169.235.248 - - [27/May/2025:12:13:31 -0400] "GET /index.php HTTP/1.1" 301 0 "-" "-"
52.169.235.248 - - [27/May/2025:12:13:31 -0400] "GET / HTTP/1.1" 200 26173 "-" "-"
52.169.235.248 - - [27/May/2025:12:13:33 -0400] "GET /mail.php HTTP/1.1" 404 15044 "-" "-"
52.169.235.248 - - [27/May/2025:12:13:36 -0400] "GET /wp.php HTTP/1.1" 404 15043 "-" "-"
52.169.235.248 - - [27/May/2025:12:13:37 -0400] "GET /wp-conflg.php HTTP/1.1" 404 15052 "-" "-"
198.54.114.35 - - [27/May/2025:12:13:39 -0400] "POST /wp-cron.php?doing_wp_cron=1748362418.9271080493927001953125 HTTP/1.1" 200 0 "-" "WordPress/6.8.1; https://socialdigiinnovator.com"
52.169.235.248 - - [27/May/2025:12:13:38 -0400] "GET /bypass.php HTTP/1.1" 404 15044 "-" "-"
52.169.235.248 - - [27/May/2025:12:13:39 -0400] "GET /updates.php HTTP/1.1" 404 15045 "-" "-"
198.54.114.35 - - [27/May/2025:12:25:50 -0400] "POST /wp-cron.php?doing_wp_cron=1748363150.2436089515686035156250 HTTP/1.1" 200 0 "-" "WordPress/6.8.1; https://socialdigiinnovator.com"
85.208.96.209 - - [27/May/2025:12:25:46 -0400] "GET /paleolithical4954/afe9510509.html HTTP/1.1" 404 15044 "-" "Mozilla/5.0 (compatible; SemrushBot/7~bl; +http://www.semrush.com/bot.html)"
181.214.218.159 - - [27/May/2025:12:42:47 -0400] "GET //wp-includes/ID3/license.txt HTTP/1.1" 403 1242 "-" "Mozilla/5.0 (Windows NT 10.0; Win64; x64) AppleWebKit/537.36 (KHTML, like Gecko) Chrome/95.0.4638.69 Safari/537.36"
198.54.114.35 - - [27/May/2025:12:42:51 -0400] "POST /wp-cron.php?doing_wp_cron=1748364171.4127330780029296875000 HTTP/1.1" 200 0 "-" "WordPress/6.8.1; https://socialdigiinnovator.com"
181.214.218.159 - - [27/May/2025:12:42:47 -0400] "GET //feed/ HTTP/1.1" 301 0 "-" "Mozilla/5.0 (Windows NT 10.0; Win64; x64) AppleWebKit/537.36 (KHTML, like Gecko) Chrome/95.0.4638.69 Safari/537.36"
181.214.218.159 - - [27/May/2025:12:42:52 -0400] "GET //xmlrpc.php?rsd HTTP/1.1" 403 1242 "-" "Mozilla/5.0 (Windows NT 10.0; Win64; x64) AppleWebKit/537.36 (KHTML, like Gecko) Chrome/95.0.4638.69 Safari/537.36"
181.214.218.159 - - [27/May/2025:12:42:53 -0400] "GET //web/wp-includes/wlwmanifest.xml HTTP/1.1" 301 0 "-" "Mozilla/5.0 (Windows NT 10.0; Win64; x64) AppleWebKit/537.36 (KHTML, like Gecko) Chrome/95.0.4638.69 Safari/537.36"
181.214.218.159 - - [27/May/2025:12:42:55 -0400] "GET //wp/wp-includes/wlwmanifest.xml HTTP/1.1" 301 0 "-" "Mozilla/5.0 (Windows NT 10.0; Win64; x64) AppleWebKit/537.36 (KHTML, like Gecko) Chrome/95.0.4638.69 Safari/537.36"
181.214.218.159 - - [27/May/2025:12:42:55 -0400] "GET //2020/wp-includes/wlwmanifest.xml HTTP/1.1" 301 0 "-" "Mozilla/5.0 (Windows NT 10.0; Win64; x64) AppleWebKit/537.36 (KHTML, like Gecko) Chrome/95.0.4638.69 Safari/537.36"
181.214.218.159 - - [27/May/2025:12:42:57 -0400] "GET //2021/wp-includes/wlwmanifest.xml HTTP/1.1" 301 0 "-" "Mozilla/5.0 (Windows NT 10.0; Win64; x64) AppleWebKit/537.36 (KHTML, like Gecko) Chrome/95.0.4638.69 Safari/537.36"
181.214.218.159 - - [27/May/2025:12:42:57 -0400] "GET //shop/wp-includes/wlwmanifest.xml HTTP/1.1" 301 0 "-" "Mozilla/5.0 (Windows NT 10.0; Win64; x64) AppleWebKit/537.36 (KHTML, like Gecko) Chrome/95.0.4638.69 Safari/537.36"
181.214.218.159 - - [27/May/2025:12:42:58 -0400] "GET //wp1/wp-includes/wlwmanifest.xml HTTP/1.1" 301 0 "-" "Mozilla/5.0 (Windows NT 10.0; Win64; x64) AppleWebKit/537.36 (KHTML, like Gecko) Chrome/95.0.4638.69 Safari/537.36"
181.214.218.159 - - [27/May/2025:12:42:59 -0400] "GET //test/wp-includes/wlwmanifest.xml HTTP/1.1" 301 0 "-" "Mozilla/5.0 (Windows NT 10.0; Win64; x64) AppleWebKit/537.36 (KHTML, like Gecko) Chrome/95.0.4638.69 Safari/537.36"
181.214.218.159 - - [27/May/2025:12:43:00 -0400] "GET //site/wp-includes/wlwmanifest.xml HTTP/1.1" 301 0 "-" "Mozilla/5.0 (Windows NT 10.0; Win64; x64) AppleWebKit/537.36 (KHTML, like Gecko) Chrome/95.0.4638.69 Safari/537.36"
181.214.218.159 - - [27/May/2025:12:43:00 -0400] "GET //cms/wp-includes/wlwmanifest.xml HTTP/1.1" 301 0 "-" "Mozilla/5.0 (Windows NT 10.0; Win64; x64) AppleWebKit/537.36 (KHTML, like Gecko) Chrome/95.0.4638.69 Safari/537.36"
181.214.218.159 - - [27/May/2025:12:42:52 -0400] "GET //blog/wp-includes/wlwmanifest.xml HTTP/1.1" 301 0 "-" "Mozilla/5.0 (Windows NT 10.0; Win64; x64) AppleWebKit/537.36 (KHTML, like Gecko) Chrome/95.0.4638.69 Safari/537.36"
181.214.218.159 - - [27/May/2025:12:42:54 -0400] "GET //wordpress/wp-includes/wlwmanifest.xml HTTP/1.1" 301 0 "-" "Mozilla/5.0 (Windows NT 10.0; Win64; x64) AppleWebKit/537.36 (KHTML, like Gecko) Chrome/95.0.4638.69 Safari/537.36"
181.214.218.159 - - [27/May/2025:12:42:56 -0400] "GET //2019/wp-includes/wlwmanifest.xml HTTP/1.1" 301 0 "-" "Mozilla/5.0 (Windows NT 10.0; Win64; x64) AppleWebKit/537.36 (KHTML, like Gecko) Chrome/95.0.4638.69 Safari/537.36"
47.79.6.193 - - [27/May/2025:12:49:24 -0400] "GET / HTTP/1.1" 200 26171 "https://socialdigiinnovator.com/" "Mozilla/5.0 (Windows NT 10.0; Win64; x64) AppleWebKit/537.36 (KHTML, like Gecko) Chrome/114.0.0.0 Safari/537.36 Edg/114.0.1823.43"
74.225.209.11 - - [27/May/2025:12:50:29 -0400] "GET /wp-admin/css/ HTTP/1.1" 403 1242 "binance.com" "Mozilla/5.0 (Windows NT 10.0; Win64; x64) AppleWebKit/537.36 (KHTML, like Gecko) Chrome/90.0.4430.85 Safari/537.36"
8.208.12.196 - - [27/May/2025:12:56:06 -0400] "GET /wp-login.php HTTP/1.1" 302 0 "http://socialdigiinnovator.com/wp-admin/" "Mozilla/5.0 (Windows NT 10.0; Win64; x64) AppleWebKit/537.36 (KHTML, like Gecko) Chrome/90.0.4430.85 Safari/537.36"
8.208.12.196 - - [27/May/2025:12:56:09 -0400] "GET /404 HTTP/1.1" 404 15041 "http://socialdigiinnovator.com/wp-admin/" "Mozilla/5.0 (Windows NT 10.0; Win64; x64) AppleWebKit/537.36 (KHTML, like Gecko) Chrome/90.0.4430.85 Safari/537.36"
8.208.12.196 - - [27/May/2025:12:56:22 -0400] "POST /404/wp-login.php HTTP/1.1" 302 0 "http://socialdigiinnovator.com/wp-admin/" "Mozilla/5.0 (Windows NT 10.0; Win64; x64) AppleWebKit/537.36 (KHTML, like Gecko) Chrome/90.0.4430.85 Safari/537.36"
198.54.114.35 - - [27/May/2025:12:49:28 -0400] "POST /wp-cron.php?doing_wp_cron=1748364568.1917729377746582031250 HTTP/1.1" 200 0 "-" "WordPress/6.8.1; https://socialdigiinnovator.com"
198.54.114.35 - - [27/May/2025:12:56:11 -0400] "POST /wp-cron.php?doing_wp_cron=1748364971.7012109756469726562500 HTTP/1.1" 200 0 "-" "WordPress/6.8.1; https://socialdigiinnovator.com"
8.208.12.196 - - [27/May/2025:12:56:23 -0400] "GET /404 HTTP/1.1" 404 15043 "http://socialdigiinnovator.com/wp-admin/" "Mozilla/5.0 (Windows NT 10.0; Win64; x64) AppleWebKit/537.36 (KHTML, like Gecko) Chrome/90.0.4430.85 Safari/537.36"
8.208.12.196 - - [27/May/2025:12:56:24 -0400] "GET /404/wp-admin/ HTTP/1.1" 404 15044 "www.google.com" "Mozilla/5.0 (Windows NT 10.0; Win64; x64) AppleWebKit/537.36 (KHTML, like Gecko) Chrome/90.0.4430.85 Safari/537.36"
94.247.172.129 - - [27/May/2025:13:09:44 -0400] "GET / HTTP/1.1" 200 26180 "-" "Mozilla/5.0 (Macintosh; Intel Mac OS X 10_9_2)"
54.36.149.16 - - [27/May/2025:13:21:54 -0400] "GET /wp-sitemap-posts-post-1.xml HTTP/1.1" 200 524 "-" "Mozilla/5.0 (compatible; AhrefsBot/7.0; +http://ahrefs.com/robot/)"
54.36.148.164 - - [27/May/2025:13:21:58 -0400] "GET /wp-sitemap-taxonomies-category-1.xml HTTP/1.1" 200 168 "-" "Mozilla/5.0 (compatible; AhrefsBot/7.0; +http://ahrefs.com/robot/)"
54.36.148.157 - - [27/May/2025:13:22:00 -0400] "GET /wp-sitemap-users-1.xml HTTP/1.1" 200 164 "-" "Mozilla/5.0 (compatible; AhrefsBot/7.0; +http://ahrefs.com/robot/)"
198.54.114.35 - - [27/May/2025:13:09:44 -0400] "POST /wp-cron.php?doing_wp_cron=1748365783.9140288829803466796875 HTTP/1.1" 200 0 "-" "WordPress/6.8.1; https://socialdigiinnovator.com"
94.247.172.129 - - [27/May/2025:13:09:40 -0400] "GET / HTTP/1.1" 301 0 "-" "Mozilla/5.0 (Macintosh; Intel Mac OS X 10_9_2)"
93.123.109.107 - - [27/May/2025:13:20:03 -0400] "GET /.git/config HTTP/1.1" 403 1242 "-" "python-requests/2.25.1"
198.54.114.35 - - [27/May/2025:13:21:52 -0400] "POST /wp-cron.php?doing_wp_cron=1748366512.5661730766296386718750 HTTP/1.1" 200 0 "-" "WordPress/6.8.1; https://socialdigiinnovator.com"
54.36.149.9 - - [27/May/2025:13:21:48 -0400] "GET /wp-sitemap.xml HTTP/1.1" 200 197 "-" "Mozilla/5.0 (compatible; AhrefsBot/7.0; +http://ahrefs.com/robot/)"
54.36.149.36 - - [27/May/2025:13:21:56 -0400] "GET /wp-sitemap-posts-page-1.xml HTTP/1.1" 200 687 "-" "Mozilla/5.0 (compatible; AhrefsBot/7.0; +http://ahrefs.com/robot/)"
2a03:2880:30ff:6:: - - [27/May/2025:13:23:11 -0400] "GET /wp-content/uploads/2022/08/cropped-cropped-Logo-Presentation-Final-06-2-300x241-2-50x50.png HTTP/1.1" 200 4278 "-" "facebookexternalhit/1.1 (+http://www.facebook.com/externalhit_uatext.php)"
178.23.189.67 - - [27/May/2025:13:49:49 -0400] "GET /importance-of-a-brand-logo/ HTTP/1.1" 200 18535 "https://socialdigiinnovator.com/importance-of-a-brand-logo/" "Mozilla/5.0 (Windows NT 10.0; Win64; x64) AppleWebKit/537.36 (KHTML, like Gecko) Chrome/131.0.0.0 Safari/537.36"
198.54.114.35 - - [27/May/2025:13:49:53 -0400] "POST /wp-cron.php?doing_wp_cron=1748368192.9214010238647460937500 HTTP/1.1" 200 0 "-" "WordPress/6.8.1; https://socialdigiinnovator.com"
198.54.114.35 - - [27/May/2025:14:06:28 -0400] "POST /wp-cron.php?doing_wp_cron=1748369188.4139690399169921875000 HTTP/1.1" 200 0 "-" "WordPress/6.8.1; https://socialdigiinnovator.com"
121.229.185.160 - - [27/May/2025:14:06:30 -0400] "GET / HTTP/1.1" 200 26172 "https://www.socialdigiinnovator.com/" "Mozilla/5.0 (iPhone; CPU iPhone OS 13_2_3 like Mac OS X) AppleWebKit/605.1.15 (KHTML, like Gecko) Version/13.0.3 Mobile/15E148 Safari/604.1"
2a03:2880:f800:7:: - - [27/May/2025:14:10:03 -0400] "GET /wp-sitemap.xml HTTP/1.1" 200 197 "-" "meta-externalagent/1.1 (+https://developers.facebook.com/docs/sharing/webmasters/crawler)"
121.229.185.160 - - [27/May/2025:14:06:20 -0400] "GET / HTTP/1.1" 301 0 "http://www.socialdigiinnovator.com" "Mozilla/5.0 (iPhone; CPU iPhone OS 13_2_3 like Mac OS X) AppleWebKit/605.1.15 (KHTML, like Gecko) Version/13.0.3 Mobile/15E148 Safari/604.1"
198.54.114.35 - - [27/May/2025:14:10:12 -0400] "POST /wp-cron.php?doing_wp_cron=1748369411.9431169033050537109375 HTTP/1.1" 200 0 "-" "WordPress/6.8.1; https://socialdigiinnovator.com"
196.251.118.209 - - [27/May/2025:14:24:24 -0400] "GET /wp-content/themes/seotheme/db.php?u HTTP/1.1" 200 0 "www.google.com" "Mozlila/5.0 (Linux; Android 7.0; SM-G892A Bulid/NRD90M; wv) AppleWebKit/537.36 (KHTML, like Gecko) Version/4.0 Chrome/60.0.3112.107 Moblie Safari/537.36"
196.251.118.209 - - [27/May/2025:14:24:24 -0400] "GET /wp-content/plugins/fix/up.php HTTP/1.1" 200 0 "-" "Mozilla/5.0 (Windows NT 10.0; Win64; x64) AppleWebKit/537.36 (KHTML, like Gecko) Chrome/85.0.4183.102 Safari/537.36"
196.251.118.209 - - [27/May/2025:14:24:24 -0400] "GET /dwsndlhf.php?Fox=d3wL7 HTTP/1.1" 200 0 "www.google.com" "Mozilla/5.0 (Linux; Android 7.0; SM-G892A Bulid/NRD90M; wv) AppleWebKit/537.36 (KHTML, like Gecko) Version/4.0 Chrome/60.0.3112.107 Moblie Safari/537.36"
198.54.114.35 - - [27/May/2025:14:24:36 -0400] "POST /wp-cron.php?doing_wp_cron=1748370276.0247180461883544921875 HTTP/1.1" 200 0 "-" "WordPress/6.8.1; https://socialdigiinnovator.com"
198.54.114.35 - - [27/May/2025:14:24:36 -0400] "POST /wp-cron.php?doing_wp_cron=1748370276.0251851081848144531250 HTTP/1.1" 200 0 "-" "WordPress/6.8.1; https://socialdigiinnovator.com"
196.251.118.209 - - [27/May/2025:14:24:32 -0400] "GET /wp-content/themes/seotheme/db.php?u HTTP/1.1" 404 33274 "www.google.com" "Mozlila/5.0 (Linux; Android 7.0; SM-G892A Bulid/NRD90M; wv) AppleWebKit/537.36 (KHTML, like Gecko) Version/4.0 Chrome/60.0.3112.107 Moblie Safari/537.36"
196.251.118.209 - - [27/May/2025:14:24:38 -0400] "GET /wp-content/themes/seotheme/db.php?u HTTP/1.1" 404 33525 "www.google.com" "Mozlila/5.0 (Linux; Android 7.0; SM-G892A Bulid/NRD90M; wv) AppleWebKit/537.36 (KHTML, like Gecko) Version/4.0 Chrome/60.0.3112.107 Moblie Safari/537.36"
196.251.118.209 - - [27/May/2025:14:24:39 -0400] "POST /alfacgiapi/perl.alfa HTTP/1.1" 404 15050 "www.google.com" "Mozlila/5.0 (Linux; Android 7.0; SM-G892A Bulid/NRD90M; wv) AppleWebKit/537.36 (KHTML, like Gecko) Version/4.0 Chrome/60.0.3112.107 Moblie Safari/537.36"
196.251.118.209 - - [27/May/2025:14:24:42 -0400] "GET /plugins/content/apismtp/apismtp.php?test=hello HTTP/1.1" 404 33545 "-" "Mozlila/5.0 (Linux; Android 7.0; SM-G892A Bulid/NRD90M; wv) AppleWebKit/537.36 (KHTML, like Gecko) Version/4.0 Chrome/60.0.3112.107 Moblie Safari/537.36"
196.251.118.209 - - [27/May/2025:14:24:44 -0400] "GET /plugins/content/apismtp/apismtp.php.suspected?test=hello HTTP/1.1" 404 33539 "-" "Mozlila/5.0 (Linux; Android 7.0; SM-G892A Bulid/NRD90M; wv) AppleWebKit/537.36 (KHTML, like Gecko) Version/4.0 Chrome/60.0.3112.107 Moblie Safari/537.36"
198.54.114.35 - - [27/May/2025:14:21:57 -0400] "POST /wp-cron.php?doing_wp_cron=1748370117.5976829528808593750000 HTTP/1.1" 200 0 "-" "WordPress/6.8.1; https://socialdigiinnovator.com"
47.82.60.42 - - [27/May/2025:14:21:54 -0400] "GET / HTTP/1.1" 200 26173 "https://socialdigiinnovator.com/" "Mozilla/5.0 (Windows NT 10.0; Win64; x64) AppleWebKit/537.36 (KHTML, like Gecko) Chrome/114.0.0.0 Safari/537.36 Edg/114.0.1823.43"
196.251.118.209 - - [27/May/2025:14:24:24 -0400] "GET / HTTP/1.1" 200 0 "-" "Mozlila/5.0 (Linux; Android 7.0; SM-G892A Bulid/NRD90M; wv) AppleWebKit/537.36 (KHTML, like Gecko) Version/4.0 Chrome/60.0.3112.107 Moblie Safari/537.36"
198.54.114.35 - - [27/May/2025:14:24:36 -0400] "POST /wp-cron.php?doing_wp_cron=1748370276.0252590179443359375000 HTTP/1.1" 200 0 "-" "WordPress/6.8.1; https://socialdigiinnovator.com"
198.54.114.35 - - [27/May/2025:14:24:36 -0400] "POST /wp-cron.php?doing_wp_cron=1748370276.0251851081848144531250 HTTP/1.1" 200 0 "-" "WordPress/6.8.1; https://socialdigiinnovator.com"
196.251.118.209 - - [27/May/2025:14:24:32 -0400] "GET /dwsndlhf.php?Fox=d3wL7 HTTP/1.1" 404 15043 "www.google.com" "Mozilla/5.0 (Linux; Android 7.0; SM-G892A Bulid/NRD90M; wv) AppleWebKit/537.36 (KHTML, like Gecko) Version/4.0 Chrome/60.0.3112.107 Moblie Safari/537.36"
196.251.118.209 - - [27/May/2025:14:24:32 -0400] "GET /wp-content/plugins/fix/up.php HTTP/1.1" 404 33260 "-" "Mozilla/5.0 (Windows NT 10.0; Win64; x64) AppleWebKit/537.36 (KHTML, like Gecko) Chrome/85.0.4183.102 Safari/537.36"
196.251.118.209 - - [27/May/2025:14:24:24 -0400] "POST /ALFA_DATA/alfacgiapi/perl.alfa HTTP/1.1" 404 33270 "www.google.com" "Mozlila/5.0 (Linux; Android 7.0; SM-G892A Bulid/NRD90M; wv) AppleWebKit/537.36 (KHTML, like Gecko) Version/4.0 Chrome/60.0.3112.107 Moblie Safari/537.36"
196.251.118.209 - - [27/May/2025:14:24:32 -0400] "GET / HTTP/1.1" 200 26171 "-" "Mozlila/5.0 (Linux; Android 7.0; SM-G892A Bulid/NRD90M; wv) AppleWebKit/537.36 (KHTML, like Gecko) Version/4.0 Chrome/60.0.3112.107 Moblie Safari/537.36"
196.251.118.209 - - [27/May/2025:14:24:40 -0400] "GET /wp-content/plugins/apikey/apikey.php?test=hello HTTP/1.1" 404 33541 "-" "Mozlila/5.0 (Linux; Android 7.0; SM-G892A Bulid/NRD90M; wv) AppleWebKit/537.36 (KHTML, like Gecko) Version/4.0 Chrome/60.0.3112.107 Moblie Safari/537.36"
196.251.118.209 - - [27/May/2025:14:24:43 -0400] "GET /wp-content/plugins/apikey/apikey.php.suspected?test=hello HTTP/1.1" 404 33570 "-" "Mozlila/5.0 (Linux; Android 7.0; SM-G892A Bulid/NRD90M; wv) AppleWebKit/537.36 (KHTML, like Gecko) Version/4.0 Chrome/60.0.3112.107 Moblie Safari/537.36"
45.118.77.121 - - [27/May/2025:14:45:02 -0400] "GET /wp-admin/user-new.phpwp-login.php HTTP/1.1" 302 0 "-" "Mozila/5.0"
198.54.114.35 - - [27/May/2025:14:45:17 -0400] "POST /wp-cron.php?doing_wp_cron=1748371517.4224369525909423828125 HTTP/1.1" 200 0 "-" "WordPress/6.8.1; https://socialdigiinnovator.com"
2602:fb54:38d:: - - [27/May/2025:14:46:19 -0400] "GET /administrator/index.php HTTP/1.1" 301 0 "http://www.socialdigiinnovator.com" "Mozilla/5.0 (Windows NT 10.0; Win64; x64) AppleWebKit/537.36 (KHTML, like Gecko) Chrome/124.0.0.0 Safari/537.36"
2602:fb54:38d:: - - [27/May/2025:14:46:23 -0400] "GET /404 HTTP/1.1" 404 15044 "https://www.socialdigiinnovator.com/wp-admin/" "Mozilla/5.0 (Windows NT 10.0; Win64; x64) AppleWebKit/537.36 (KHTML, like Gecko) Chrome/90.0.4430.85 Safari/537.36"
2602:fb54:38d:: - - [27/May/2025:14:46:25 -0400] "GET /404/wp-admin/ HTTP/1.1" 404 15044 "www.google.com" "Mozilla/5.0 (Windows NT 10.0; Win64; x64) AppleWebKit/537.36 (KHTML, like Gecko) Chrome/90.0.4430.85 Safari/537.36"
2602:fb54:38d:: - - [27/May/2025:14:46:28 -0400] "GET /user/login HTTP/1.1" 301 0 "https://www.socialdigiinnovator.com/user/login" "Mozilla/5.0 (Windows NT 10.0; Win64; x64) AppleWebKit/537.36 (KHTML, like Gecko) Chrome/129.0.0.0 Safari/537.36"
45.118.77.121 - - [27/May/2025:14:45:11 -0400] "GET /404 HTTP/1.1" 404 15042 "-" "Mozila/5.0"
198.54.114.35 - - [27/May/2025:14:46:20 -0400] "POST /wp-cron.php?doing_wp_cron=1748371580.0516049861907958984375 HTTP/1.1" 200 0 "-" "WordPress/6.8.1; https://socialdigiinnovator.com"
2602:fb54:38d:: - - [27/May/2025:14:46:20 -0400] "GET /administrator/ HTTP/1.1" 404 15044 "http://www.socialdigiinnovator.com" "Mozilla/5.0 (Windows NT 10.0; Win64; x64) AppleWebKit/537.36 (KHTML, like Gecko) Chrome/124.0.0.0 Safari/537.36"
