2602:fb54:38d:: - - [27/May/2025:14:46:22 -0400] "POST /wp-login.php HTTP/1.1" 302 0 "https://www.socialdigiinnovator.com/wp-admin/" "Mozilla/5.0 (Windows NT 10.0; Win64; x64) AppleWebKit/537.36 (KHTML, like Gecko) Chrome/90.0.4430.85 Safari/537.36"
2602:fb54:38d:: - - [27/May/2025:14:46:22 -0400] "GET /404 HTTP/1.1" 404 15043 "https://www.socialdigiinnovator.com/wp-admin/" "Mozilla/5.0 (Windows NT 10.0; Win64; x64) AppleWebKit/537.36 (KHTML, like Gecko) Chrome/90.0.4430.85 Safari/537.36"
2602:fb54:38d:: - - [27/May/2025:14:46:23 -0400] "POST /404/wp-login.php HTTP/1.1" 302 0 "https://www.socialdigiinnovator.com/wp-admin/" "Mozilla/5.0 (Windows NT 10.0; Win64; x64) AppleWebKit/537.36 (KHTML, like Gecko) Chrome/90.0.4430.85 Safari/537.36"
2602:fb54:38d:: - - [27/May/2025:14:46:26 -0400] "POST /admin/index.php?route=common/login HTTP/1.1" 404 15078 "https://www.socialdigiinnovator.com/admin/index.php?route=common/login" "Mozilla/5.0 (Windows NT 10.0; Win64; x64) AppleWebKit/537.36 (KHTML, like Gecko) Chrome/129.0.0.0 Safari/537.36"
2602:fb54:38d:: - - [27/May/2025:14:46:28 -0400] "GET /user/login HTTP/1.1" 404 15042 "https://www.socialdigiinnovator.com/user/login" "Mozilla/5.0 (Windows NT 10.0; Win64; x64) AppleWebKit/537.36 (KHTML, like Gecko) Chrome/129.0.0.0 Safari/537.36"
207.180.215.210 - - [27/May/2025:14:58:05 -0400] "GET /wp-content/plugins/file-away/readme.txt HTTP/1.1" 404 33558 "-" "Mozilla/5.0 (Macintosh; Intel Mac OS X 10_15_7) AppleWebKit/537.36 (KHTML, like Gecko) Chrome/133.0.0.0 Safari/537.36"
207.180.215.210 - - [27/May/2025:14:58:14 -0400] "GET /wp-content/plugins/baiduseo/readme.txt HTTP/1.1" 404 33531 "-" "Mozilla/5.0 (iPhone; CPU iPhone OS 17_2 like Mac OS X) AppleWebKit/605.1.15 (KHTML, like Gecko) Version/17.2 Mobile/15E148 Safari/604.1"
207.180.215.210 - - [27/May/2025:14:58:18 -0400] "GET /wp-content/themes/adforest/style.css HTTP/1.1" 404 33530 "-" "Mozilla/5.0 (Macintosh; Intel Mac OS X 10_15_7) AppleWebKit/605.1.15 (KHTML, like Gecko) Version/18.0 Safari/605.1.15"
207.180.215.210 - - [27/May/2025:14:58:20 -0400] "GET /wp-content/themes/superio/style.css HTTP/1.1" 404 33556 "-" "Mozilla/5.0 (Linux; Android 10; K) AppleWebKit/537.36 (KHTML, like Gecko) Chrome/131.0.0.0 Mobile Safari/537.36"
198.54.114.35 - - [27/May/2025:14:58:10 -0400] "POST /wp-cron.php?doing_wp_cron=1748372290.1012148857116699218750 HTTP/1.1" 200 0 "-" "WordPress/6.8.1; https://socialdigiinnovator.com"
54.36.148.254 - - [27/May/2025:15:07:07 -0400] "GET / HTTP/1.1" 302 771 "-" "Mozilla/5.0 (compatible; AhrefsBot/7.0; +http://ahrefs.com/robot/)"
198.54.114.35 - - [27/May/2025:15:18:03 -0400] "POST /wp-cron.php?doing_wp_cron=1748373482.8357779979705810546875 HTTP/1.1" 200 0 "-" "WordPress/6.8.1; https://socialdigiinnovator.com"
196.251.117.104 - - [27/May/2025:15:18:19 -0400] "GET /images/images/cache.php?pass=3a0e007c895888c9c4bf234e2772a0dd HTTP/1.1" 404 33581 "-" "Mozilla/5.0 (Windows NT 10.0; Win64; x64) AppleWebKit/537.36 (KHTML, like Gecko) Chrome/91.0.4472.124 Safari/537.36"
196.251.83.161 - - [27/May/2025:15:18:47 -0400] "POST /ALFA_DATA/alfacgiapi/perl.alfa HTTP/1.1" 404 33533 "www.google.com" "Mozlila/5.0 (Linux; Android 7.0; SM-G892A Bulid/NRD90M; wv) AppleWebKit/537.36 (KHTML, like Gecko) Version/4.0 Chrome/60.0.3112.107 Moblie Safari/537.36"
196.251.83.161 - - [27/May/2025:15:18:49 -0400] "GET /wp-content/plugins/apikey/apikey.php?test=hello HTTP/1.1" 404 33544 "-" "Mozlila/5.0 (Linux; Android 7.0; SM-G892A Bulid/NRD90M; wv) AppleWebKit/537.36 (KHTML, like Gecko) Version/4.0 Chrome/60.0.3112.107 Moblie Safari/537.36"
110.238.111.175 - - [27/May/2025:15:17:58 -0400] "GET / HTTP/1.1" 200 26171 "https://socialdigiinnovator.com/" "Mozilla/5.0 (Windows NT 10.0; Win64; x64) AppleWebKit/537.36 (KHTML, like Gecko) Chrome/101.0.4951.64 Safari/537.36 Edg/101.0.1210.47"
198.54.114.35 - - [27/May/2025:15:18:48 -0400] "POST /wp-cron.php?doing_wp_cron=1748373528.2133131027221679687500 HTTP/1.1" 200 0 "-" "WordPress/6.8.1; https://socialdigiinnovator.com"
196.251.83.161 - - [27/May/2025:15:18:47 -0400] "GET /wp-content/plugins/fix/up.php HTTP/1.1" 404 33516 "-" "Mozilla/5.0 (Windows NT 10.0; Win64; x64) AppleWebKit/537.36 (KHTML, like Gecko) Chrome/85.0.4183.102 Safari/537.36"
196.251.83.161 - - [27/May/2025:15:18:47 -0400] "GET /wp-content/themes/seotheme/db.php?u HTTP/1.1" 404 33430 "www.google.com" "Mozlila/5.0 (Linux; Android 7.0; SM-G892A Bulid/NRD90M; wv) AppleWebKit/537.36 (KHTML, like Gecko) Version/4.0 Chrome/60.0.3112.107 Moblie Safari/537.36"
196.251.83.161 - - [27/May/2025:15:18:47 -0400] "GET /esntjccs.php?Fox=d3wL7 HTTP/1.1" 404 15044 "www.google.com" "Mozilla/5.0 (Linux; Android 7.0; SM-G892A Bulid/NRD90M; wv) AppleWebKit/537.36 (KHTML, like Gecko) Version/4.0 Chrome/60.0.3112.107 Moblie Safari/537.36"
196.251.83.161 - - [27/May/2025:15:18:47 -0400] "GET / HTTP/1.1" 200 26173 "-" "Mozlila/5.0 (Linux; Android 7.0; SM-G892A Bulid/NRD90M; wv) AppleWebKit/537.36 (KHTML, like Gecko) Version/4.0 Chrome/60.0.3112.107 Moblie Safari/537.36"
196.251.83.161 - - [27/May/2025:15:18:49 -0400] "POST /alfacgiapi/perl.alfa HTTP/1.1" 404 15043 "www.google.com" "Mozlila/5.0 (Linux; Android 7.0; SM-G892A Bulid/NRD90M; wv) AppleWebKit/537.36 (KHTML, like Gecko) Version/4.0 Chrome/60.0.3112.107 Moblie Safari/537.36"
196.251.83.161 - - [27/May/2025:15:18:49 -0400] "GET /wp-content/themes/seotheme/db.php?u HTTP/1.1" 404 33523 "www.google.com" "Mozlila/5.0 (Linux; Android 7.0; SM-G892A Bulid/NRD90M; wv) AppleWebKit/537.36 (KHTML, like Gecko) Version/4.0 Chrome/60.0.3112.107 Moblie Safari/537.36"
196.251.83.161 - - [27/May/2025:15:18:51 -0400] "GET /plugins/content/apismtp/apismtp.php?test=hello HTTP/1.1" 404 33547 "-" "Mozlila/5.0 (Linux; Android 7.0; SM-G892A Bulid/NRD90M; wv) AppleWebKit/537.36 (KHTML, like Gecko) Version/4.0 Chrome/60.0.3112.107 Moblie Safari/537.36"
198.54.114.35 - - [27/May/2025:15:18:52 -0400] "POST /wp-cron.php?doing_wp_cron=1748373532.8159689903259277343750 HTTP/1.1" 200 0 "-" "WordPress/6.8.1; https://socialdigiinnovator.com"
196.251.83.161 - - [27/May/2025:15:18:52 -0400] "GET /wp-content/plugins/apikey/apikey.php.suspected?test=hello HTTP/1.1" 404 33453 "-" "Mozlila/5.0 (Linux; Android 7.0; SM-G892A Bulid/NRD90M; wv) AppleWebKit/537.36 (KHTML, like Gecko) Version/4.0 Chrome/60.0.3112.107 Moblie Safari/537.36"
196.251.83.161 - - [27/May/2025:15:18:53 -0400] "GET /plugins/content/apismtp/apismtp.php.suspected?test=hello HTTP/1.1" 404 33538 "-" "Mozlila/5.0 (Linux; Android 7.0; SM-G892A Bulid/NRD90M; wv) AppleWebKit/537.36 (KHTML, like Gecko) Version/4.0 Chrome/60.0.3112.107 Moblie Safari/537.36"
198.54.114.35 - - [27/May/2025:15:32:20 -0400] "POST /wp-cron.php?doing_wp_cron=1748374340.0928549766540527343750 HTTP/1.1" 200 0 "-" "WordPress/6.8.1; https://socialdigiinnovator.com"
45.118.77.121 - - [27/May/2025:15:32:17 -0400] "GET /404 HTTP/1.1" 404 15043 "-" "Mozila/5.0"
119.155.244.15 - - [27/May/2025:15:38:19 -0400] "GET /talk/ HTTP/1.1" 200 17894 "-" "Mozilla/5.0 (Windows NT 10.0; Win64; x64) AppleWebKit/537.36 (KHTML, like Gecko) Chrome/136.0.0.0 Safari/537.36"
119.155.244.15 - - [27/May/2025:15:38:21 -0400] "GET /wp-content/plugins/elementor/assets/lib/animations/styles/fadeInRight.min.css?ver=3.29.0 HTTP/1.1" 200 139 "https://socialdigiinnovator.com/talk/" "Mozilla/5.0 (Windows NT 10.0; Win64; x64) AppleWebKit/537.36 (KHTML, like Gecko) Chrome/136.0.0.0 Safari/537.36"
119.155.244.15 - - [27/May/2025:15:38:22 -0400] "GET /wp-content/plugins/elementor/assets/css/widget-video.min.css?ver=3.29.0 HTTP/1.1" 200 354 "https://socialdigiinnovator.com/talk/" "Mozilla/5.0 (Windows NT 10.0; Win64; x64) AppleWebKit/537.36 (KHTML, like Gecko) Chrome/136.0.0.0 Safari/537.36"
119.155.244.15 - - [27/May/2025:15:38:22 -0400] "GET /wp-content/uploads/elementor/google-fonts/css/opensans.css?ver=1742268949 HTTP/1.1" 200 1826 "https://socialdigiinnovator.com/talk/" "Mozilla/5.0 (Windows NT 10.0; Win64; x64) AppleWebKit/537.36 (KHTML, like Gecko) Chrome/136.0.0.0 Safari/537.36"
119.155.244.15 - - [27/May/2025:15:38:22 -0400] "GET /wp-content/uploads/elementor/google-fonts/css/oswald.css?ver=1742268938 HTTP/1.1" 200 568 "https://socialdigiinnovator.com/talk/" "Mozilla/5.0 (Windows NT 10.0; Win64; x64) AppleWebKit/537.36 (KHTML, like Gecko) Chrome/136.0.0.0 Safari/537.36"
119.155.244.15 - - [27/May/2025:15:38:23 -0400] "GET /wp-includes/js/jquery/jquery.min.js?ver=3.7.1 HTTP/1.1" 304 0 "https://socialdigiinnovator.com/talk/" "Mozilla/5.0 (Windows NT 10.0; Win64; x64) AppleWebKit/537.36 (KHTML, like Gecko) Chrome/136.0.0.0 Safari/537.36"
119.155.244.15 - - [27/May/2025:15:38:23 -0400] "GET /wp-content/uploads/2022/08/WhatsApp-Image-2022-08-02-at-9.21.44-PM-2.jpeg HTTP/1.1" 200 83810 "https://socialdigiinnovator.com/talk/" "Mozilla/5.0 (Windows NT 10.0; Win64; x64) AppleWebKit/537.36 (KHTML, like Gecko) Chrome/136.0.0.0 Safari/537.36"
119.155.244.15 - - [27/May/2025:15:38:23 -0400] "GET /wp-content/plugins/elementor/assets/lib/font-awesome/js/v4-shims.min.js?ver=3.29.0 HTTP/1.1" 304 0 "https://socialdigiinnovator.com/talk/" "Mozilla/5.0 (Windows NT 10.0; Win64; x64) AppleWebKit/537.36 (KHTML, like Gecko) Chrome/136.0.0.0 Safari/537.36"
119.155.244.15 - - [27/May/2025:15:38:23 -0400] "GET /wp-content/uploads/2022/08/arrow.png HTTP/1.1" 200 15819 "https://socialdigiinnovator.com/talk/" "Mozilla/5.0 (Windows NT 10.0; Win64; x64) AppleWebKit/537.36 (KHTML, like Gecko) Chrome/136.0.0.0 Safari/537.36"
119.155.244.15 - - [27/May/2025:15:38:24 -0400] "GET /wp-includes/js/imagesloaded.min.js?ver=5.0.0 HTTP/1.1" 304 0 "https://socialdigiinnovator.com/talk/" "Mozilla/5.0 (Windows NT 10.0; Win64; x64) AppleWebKit/537.36 (KHTML, like Gecko) Chrome/136.0.0.0 Safari/537.36"
119.155.244.15 - - [27/May/2025:15:38:24 -0400] "GET /wp-includes/js/masonry.min.js?ver=4.2.2 HTTP/1.1" 304 0 "https://socialdigiinnovator.com/talk/" "Mozilla/5.0 (Windows NT 10.0; Win64; x64) AppleWebKit/537.36 (KHTML, like Gecko) Chrome/136.0.0.0 Safari/537.36"
119.155.244.15 - - [27/May/2025:15:38:24 -0400] "GET /wp-content/themes/phlox-pro/js/plugins.min.js?ver=5.17.6 HTTP/1.1" 304 0 "https://socialdigiinnovator.com/talk/" "Mozilla/5.0 (Windows NT 10.0; Win64; x64) AppleWebKit/537.36 (KHTML, like Gecko) Chrome/136.0.0.0 Safari/537.36"
119.155.244.15 - - [27/May/2025:15:38:25 -0400] "GET /wp-includes/js/mediaelement/mediaelement-and-player.min.js?ver=4.2.17 HTTP/1.1" 304 0 "https://socialdigiinnovator.com/talk/" "Mozilla/5.0 (Windows NT 10.0; Win64; x64) AppleWebKit/537.36 (KHTML, like Gecko) Chrome/136.0.0.0 Safari/537.36"
45.118.77.121 - - [27/May/2025:15:32:15 -0400] "GET /wp-login.php HTTP/1.1" 302 0 "-" "Mozila/5.0"
198.54.114.35 - - [27/May/2025:15:38:18 -0400] "POST /wp-cron.php?doing_wp_cron=1748374698.7553389072418212890625 HTTP/1.1" 200 0 "-" "WordPress/6.8.1; https://socialdigiinnovator.com"
198.54.114.35 - - [27/May/2025:15:38:18 -0400] "POST /wp-cron.php?doing_wp_cron=1748374698.7558178901672363281250 HTTP/1.1" 200 0 "-" "WordPress/6.8.1; https://socialdigiinnovator.com"
119.155.244.15 - - [27/May/2025:15:38:17 -0400] "GET /talk HTTP/1.1" 301 0 "-" "Mozilla/5.0 (Windows NT 10.0; Win64; x64) AppleWebKit/537.36 (KHTML, like Gecko) Chrome/136.0.0.0 Safari/537.36"
119.155.244.15 - - [27/May/2025:15:38:14 -0400] "GET /talk HTTP/1.1" 301 0 "-" "Mozilla/5.0 (Windows NT 10.0; Win64; x64) AppleWebKit/537.36 (KHTML, like Gecko) Chrome/136.0.0.0 Safari/537.36"
119.155.244.15 - - [27/May/2025:15:38:21 -0400] "GET /wp-content/plugins/elementor/assets/lib/animations/styles/fadeInLeft.min.css?ver=3.29.0 HTTP/1.1" 200 137 "https://socialdigiinnovator.com/talk/" "Mozilla/5.0 (Windows NT 10.0; Win64; x64) AppleWebKit/537.36 (KHTML, like Gecko) Chrome/136.0.0.0 Safari/537.36"
119.155.244.15 - - [27/May/2025:15:38:21 -0400] "GET /wp-content/plugins/elementor/assets/lib/animations/styles/rollIn.min.css?ver=3.29.0 HTTP/1.1" 200 149 "https://socialdigiinnovator.com/talk/" "Mozilla/5.0 (Windows NT 10.0; Win64; x64) AppleWebKit/537.36 (KHTML, like Gecko) Chrome/136.0.0.0 Safari/537.36"
119.155.244.15 - - [27/May/2025:15:38:22 -0400] "GET /wp-content/plugins/elementor/assets/css/widget-spacer.min.css?ver=3.29.0 HTTP/1.1" 200 315 "https://socialdigiinnovator.com/talk/" "Mozilla/5.0 (Windows NT 10.0; Win64; x64) AppleWebKit/537.36 (KHTML, like Gecko) Chrome/136.0.0.0 Safari/537.36"
119.155.244.15 - - [27/May/2025:15:38:22 -0400] "GET /wp-content/uploads/elementor/css/post-2904.css?ver=1747767265 HTTP/1.1" 200 1305 "https://socialdigiinnovator.com/talk/" "Mozilla/5.0 (Windows NT 10.0; Win64; x64) AppleWebKit/537.36 (KHTML, like Gecko) Chrome/136.0.0.0 Safari/537.36"
119.155.244.15 - - [27/May/2025:15:38:23 -0400] "GET /wp-includes/js/jquery/jquery-migrate.min.js?ver=3.4.1 HTTP/1.1" 304 0 "https://socialdigiinnovator.com/talk/" "Mozilla/5.0 (Windows NT 10.0; Win64; x64) AppleWebKit/537.36 (KHTML, like Gecko) Chrome/136.0.0.0 Safari/537.36"
119.155.244.15 - - [27/May/2025:15:38:23 -0400] "GET /wp-content/plugins/auxin-pro-tools/admin/assets/js/elementor/widgets.js?ver=1.9.5 HTTP/1.1" 304 0 "https://socialdigiinnovator.com/talk/" "Mozilla/5.0 (Windows NT 10.0; Win64; x64) AppleWebKit/537.36 (KHTML, like Gecko) Chrome/136.0.0.0 Safari/537.36"
119.155.244.15 - - [27/May/2025:15:38:23 -0400] "GET /wp-content/themes/phlox-pro/js/solo/modernizr-custom.min.js?ver=5.17.6 HTTP/1.1" 304 0 "https://socialdigiinnovator.com/talk/" "Mozilla/5.0 (Windows NT 10.0; Win64; x64) AppleWebKit/537.36 (KHTML, like Gecko) Chrome/136.0.0.0 Safari/537.36"
119.155.244.15 - - [27/May/2025:15:38:25 -0400] "GET /wp-content/themes/phlox-pro/js/scripts.min.js?ver=5.17.6 HTTP/1.1" 304 0 "https://socialdigiinnovator.com/talk/" "Mozilla/5.0 (Windows NT 10.0; Win64; x64) AppleWebKit/537.36 (KHTML, like Gecko) Chrome/136.0.0.0 Safari/537.36"
119.155.244.15 - - [27/May/2025:15:38:25 -0400] "GET /wp-content/plugins/auxin-elements/admin/assets/js/elementor/widgets.js?ver=2.17.6 HTTP/1.1" 304 0 "https://socialdigiinnovator.com/talk/" "Mozilla/5.0 (Windows NT 10.0; Win64; x64) AppleWebKit/537.36 (KHTML, like Gecko) Chrome/136.0.0.0 Safari/537.36"
119.155.244.15 - - [27/May/2025:15:38:27 -0400] "GET /wp-content/plugins/elementor/assets/lib/jquery-numerator/jquery-numerator.min.js?ver=0.2.1 HTTP/1.1" 304 0 "https://socialdigiinnovator.com/talk/" "Mozilla/5.0 (Windows NT 10.0; Win64; x64) AppleWebKit/537.36 (KHTML, like Gecko) Chrome/136.0.0.0 Safari/537.36"
119.155.244.15 - - [27/May/2025:15:38:25 -0400] "GET /wp-content/uploads/elementor/google-fonts/fonts/opensans-memvyags126mizpba-uvwbx2vvnxbbobj2ovts-muw.woff2 HTTP/1.1" 200 48236 "https://socialdigiinnovator.com/wp-content/uploads/elementor/google-fonts/css/opensans.css?ver=1742268949" "Mozilla/5.0 (Windows NT 10.0; Win64; x64) AppleWebKit/537.36 (KHTML, like Gecko) Chrome/136.0.0.0 Safari/537.36"
119.155.244.15 - - [27/May/2025:15:38:25 -0400] "GET /wp-includes/js/mediaelement/mediaelement-migrate.min.js?ver=6.8.1 HTTP/1.1" 304 0 "https://socialdigiinnovator.com/talk/" "Mozilla/5.0 (Windows NT 10.0; Win64; x64) AppleWebKit/537.36 (KHTML, like Gecko) Chrome/136.0.0.0 Safari/537.36"
119.155.244.15 - - [27/May/2025:15:38:25 -0400] "GET /wp-content/uploads/elementor/google-fonts/fonts/oswald-tk3iwkuhhaijg752gt8g.woff2 HTTP/1.1" 200 28512 "https://socialdigiinnovator.com/wp-content/uploads/elementor/google-fonts/css/oswald.css?ver=1742268938" "Mozilla/5.0 (Windows NT 10.0; Win64; x64) AppleWebKit/537.36 (KHTML, like Gecko) Chrome/136.0.0.0 Safari/537.36"
119.155.244.15 - - [27/May/2025:15:38:26 -0400] "GET /wp-content/uploads/elementor/google-fonts/fonts/roboto-kfo7cnqeu92fr1me7ksn66agldtyluama3yuba.woff2 HTTP/1.1" 200 40128 "https://socialdigiinnovator.com/wp-content/uploads/elementor/google-fonts/css/roboto.css?ver=1742243672" "Mozilla/5.0 (Windows NT 10.0; Win64; x64) AppleWebKit/537.36 (KHTML, like Gecko) Chrome/136.0.0.0 Safari/537.36"
119.155.244.15 - - [27/May/2025:15:38:26 -0400] "GET /wp-content/plugins/auxin-elements/public/assets/js/scripts.js?ver=2.17.6 HTTP/1.1" 304 0 "https://socialdigiinnovator.com/talk/" "Mozilla/5.0 (Windows NT 10.0; Win64; x64) AppleWebKit/537.36 (KHTML, like Gecko) Chrome/136.0.0.0 Safari/537.36"
119.155.244.15 - - [27/May/2025:15:38:26 -0400] "GET /wp-content/plugins/auxin-elements/public/assets/js/plugins.min.js?ver=2.17.6 HTTP/1.1" 304 0 "https://socialdigiinnovator.com/talk/" "Mozilla/5.0 (Windows NT 10.0; Win64; x64) AppleWebKit/537.36 (KHTML, like Gecko) Chrome/136.0.0.0 Safari/537.36"
119.155.244.15 - - [27/May/2025:15:38:26 -0400] "GET /wp-includes/js/mediaelement/wp-mediaelement.min.js?ver=6.8.1 HTTP/1.1" 304 0 "https://socialdigiinnovator.com/talk/" "Mozilla/5.0 (Windows NT 10.0; Win64; x64) AppleWebKit/537.36 (KHTML, like Gecko) Chrome/136.0.0.0 Safari/537.36"
119.155.244.15 - - [27/May/2025:15:38:27 -0400] "GET /wp-includes/js/dist/hooks.min.js?ver=4d63a3d491d11ffd8ac6 HTTP/1.1" 304 0 "https://socialdigiinnovator.com/talk/" "Mozilla/5.0 (Windows NT 10.0; Win64; x64) AppleWebKit/537.36 (KHTML, like Gecko) Chrome/136.0.0.0 Safari/537.36"
119.155.244.15 - - [27/May/2025:15:38:27 -0400] "GET /wp-includes/js/dist/i18n.min.js?ver=5e580eb46a90c2b997e6 HTTP/1.1" 304 0 "https://socialdigiinnovator.com/talk/" "Mozilla/5.0 (Windows NT 10.0; Win64; x64) AppleWebKit/537.36 (KHTML, like Gecko) Chrome/136.0.0.0 Safari/537.36"
119.155.244.15 - - [27/May/2025:15:38:27 -0400] "GET /wp-content/plugins/elementor/assets/js/frontend-modules.min.js?ver=3.29.0 HTTP/1.1" 304 0 "https://socialdigiinnovator.com/talk/" "Mozilla/5.0 (Windows NT 10.0; Win64; x64) AppleWebKit/537.36 (KHTML, like Gecko) Chrome/136.0.0.0 Safari/537.36"
119.155.244.15 - - [27/May/2025:15:38:28 -0400] "GET /wp-content/plugins/elementor/assets/js/frontend.min.js?ver=3.29.0 HTTP/1.1" 304 0 "https://socialdigiinnovator.com/talk/" "Mozilla/5.0 (Windows NT 10.0; Win64; x64) AppleWebKit/537.36 (KHTML, like Gecko) Chrome/136.0.0.0 Safari/537.36"
119.155.244.15 - - [27/May/2025:15:38:28 -0400] "GET /wp-content/plugins/elementor-pro/assets/js/webpack-pro.runtime.min.js?ver=3.29.0 HTTP/1.1" 304 0 "https://socialdigiinnovator.com/talk/" "Mozilla/5.0 (Windows NT 10.0; Win64; x64) AppleWebKit/537.36 (KHTML, like Gecko) Chrome/136.0.0.0 Safari/537.36"
119.155.244.15 - - [27/May/2025:15:38:28 -0400] "GET /wp-content/plugins/elementor-pro/assets/js/frontend.min.js?ver=3.29.0 HTTP/1.1" 304 0 "https://socialdigiinnovator.com/talk/" "Mozilla/5.0 (Windows NT 10.0; Win64; x64) AppleWebKit/537.36 (KHTML, like Gecko) Chrome/136.0.0.0 Safari/537.36"
119.155.244.15 - - [27/May/2025:15:38:28 -0400] "GET /wp-content/plugins/elementor-pro/assets/js/elements-handlers.min.js?ver=3.29.0 HTTP/1.1" 304 0 "https://socialdigiinnovator.com/talk/" "Mozilla/5.0 (Windows NT 10.0; Win64; x64) AppleWebKit/537.36 (KHTML, like Gecko) Chrome/136.0.0.0 Safari/537.36"
119.155.244.15 - - [27/May/2025:15:38:29 -0400] "GET /wp-content/plugins/elementor/assets/js/shared-frontend-handlers.30dc2f9c080845a413a6.bundle.min.js HTTP/1.1" 304 0 "https://socialdigiinnovator.com/talk/" "Mozilla/5.0 (Windows NT 10.0; Win64; x64) AppleWebKit/537.36 (KHTML, like Gecko) Chrome/136.0.0.0 Safari/537.36"
119.155.244.15 - - [27/May/2025:15:38:29 -0400] "GET /wp-content/plugins/elementor/assets/js/text-editor.c084ef86600b6f11690d.bundle.min.js HTTP/1.1" 304 0 "https://socialdigiinnovator.com/talk/" "Mozilla/5.0 (Windows NT 10.0; Win64; x64) AppleWebKit/537.36 (KHTML, like Gecko) Chrome/136.0.0.0 Safari/537.36"
198.54.114.35 - - [27/May/2025:15:40:29 -0400] "POST /wp-cron.php?doing_wp_cron=1748374829.3196280002593994140625 HTTP/1.1" 200 0 "-" "WordPress/6.8.1; https://socialdigiinnovator.com"
186.65.117.17 - - [27/May/2025:15:40:36 -0400] "GET /blog/ HTTP/1.1" 200 19393 "https://socialdigiinnovator.com/blog/" "Mozilla/5.0 (Windows NT 6.1; Win64; x64) AppleWebKit/537.36 (KHTML, like Gecko) Chrome/103.0.5060.114 Safari/537.36"
198.54.114.35 - - [27/May/2025:15:40:40 -0400] "POST /wp-cron.php?doing_wp_cron=1748374840.3594501018524169921875 HTTP/1.1" 200 0 "-" "WordPress/6.8.1; https://socialdigiinnovator.com"
119.155.244.15 - - [27/May/2025:15:38:27 -0400] "GET /wp-content/plugins/auxin-pro-tools/public/assets/js/pro-tools.js?ver=1.9.5 HTTP/1.1" 304 0 "https://socialdigiinnovator.com/talk/" "Mozilla/5.0 (Windows NT 10.0; Win64; x64) AppleWebKit/537.36 (KHTML, like Gecko) Chrome/136.0.0.0 Safari/537.36"
119.155.244.15 - - [27/May/2025:15:38:27 -0400] "GET /wp-content/plugins/contact-form-7/includes/swv/js/index.js?ver=6.0.6 HTTP/1.1" 304 0 "https://socialdigiinnovator.com/talk/" "Mozilla/5.0 (Windows NT 10.0; Win64; x64) AppleWebKit/537.36 (KHTML, like Gecko) Chrome/136.0.0.0 Safari/537.36"
119.155.244.15 - - [27/May/2025:15:38:27 -0400] "GET /wp-content/plugins/contact-form-7/includes/js/index.js?ver=6.0.6 HTTP/1.1" 304 0 "https://socialdigiinnovator.com/talk/" "Mozilla/5.0 (Windows NT 10.0; Win64; x64) AppleWebKit/537.36 (KHTML, like Gecko) Chrome/136.0.0.0 Safari/537.36"
119.155.244.15 - - [27/May/2025:15:38:27 -0400] "GET /wp-content/plugins/elementor/assets/js/webpack.runtime.min.js?ver=3.29.0 HTTP/1.1" 304 0 "https://socialdigiinnovator.com/talk/" "Mozilla/5.0 (Windows NT 10.0; Win64; x64) AppleWebKit/537.36 (KHTML, like Gecko) Chrome/136.0.0.0 Safari/537.36"
119.155.244.15 - - [27/May/2025:15:38:27 -0400] "GET /wp-includes/js/jquery/ui/core.min.js?ver=1.13.3 HTTP/1.1" 304 0 "https://socialdigiinnovator.com/talk/" "Mozilla/5.0 (Windows NT 10.0; Win64; x64) AppleWebKit/537.36 (KHTML, like Gecko) Chrome/136.0.0.0 Safari/537.36"
119.155.244.15 - - [27/May/2025:15:38:28 -0400] "GET /wp-content/uploads/phlox-pro/custom.js?ver=3.3 HTTP/1.1" 304 0 "https://socialdigiinnovator.com/talk/" "Mozilla/5.0 (Windows NT 10.0; Win64; x64) AppleWebKit/537.36 (KHTML, like Gecko) Chrome/136.0.0.0 Safari/537.36"
119.155.244.15 - - [27/May/2025:15:38:28 -0400] "GET /wp-includes/js/wp-emoji-release.min.js?ver=6.8.1 HTTP/1.1" 304 0 "https://socialdigiinnovator.com/talk/" "Mozilla/5.0 (Windows NT 10.0; Win64; x64) AppleWebKit/537.36 (KHTML, like Gecko) Chrome/136.0.0.0 Safari/537.36"
119.155.244.15 - - [27/May/2025:15:38:29 -0400] "GET /wp-content/plugins/elementor/assets/js/section-frontend-handlers.d85ab872da118940910d.bundle.min.js HTTP/1.1" 304 0 "https://socialdigiinnovator.com/talk/" "Mozilla/5.0 (Windows NT 10.0; Win64; x64) AppleWebKit/537.36 (KHTML, like Gecko) Chrome/136.0.0.0 Safari/537.36"
119.155.244.15 - - [27/May/2025:15:38:29 -0400] "GET /wp-content/plugins/elementor/assets/js/video.6ebfa2c3f5493cb2eaaf.bundle.min.js HTTP/1.1" 200 1228 "https://socialdigiinnovator.com/talk/" "Mozilla/5.0 (Windows NT 10.0; Win64; x64) AppleWebKit/537.36 (KHTML, like Gecko) Chrome/136.0.0.0 Safari/537.36"
186.65.117.17 - - [27/May/2025:15:40:24 -0400] "GET /importance-of-a-brand2000-logo/ HTTP/1.1" 404 15042 "https://socialdigiinnovator.com/importance-of-a-brand2000-logo/" "Mozilla/5.0 (Windows NT 6.1; Win64; x64) AppleWebKit/537.36 (KHTML, like Gecko) Chrome/103.0.5060.114 Safari/537.36"
186.65.117.17 - - [27/May/2025:15:40:32 -0400] "GET / HTTP/1.1" 200 26116 "https://socialdigiinnovator.com/" "Mozilla/5.0 (Windows NT 6.1; Win64; x64) AppleWebKit/537.36 (KHTML, like Gecko) Chrome/103.0.5060.114 Safari/537.36"
186.65.117.17 - - [27/May/2025:15:40:39 -0400] "GET /virtual-assistant-services/community-management/ HTTP/1.1" 200 16676 "https://socialdigiinnovator.com/virtual-assistant-services/community-management/" "Mozilla/5.0 (Windows NT 6.1; Win64; x64) AppleWebKit/537.36 (KHTML, like Gecko) Chrome/103.0.5060.114 Safari/537.36"
198.54.114.35 - - [27/May/2025:15:51:41 -0400] "POST /wp-cron.php?doing_wp_cron=1748375501.3672270774841308593750 HTTP/1.1" 200 0 "-" "WordPress/6.8.1; https://socialdigiinnovator.com"
35.247.100.106 - - [27/May/2025:15:51:41 -0400] "HEAD / HTTP/1.1" 200 0 "http://socialdigiinnovator.com/" "Mozilla/5.0 (Windows NT 10.0; Win64; x64) AppleWebKit/537.36 (KHTML, like Gecko) Chrome/74.0.3729.169 Safari/537.36"
35.247.100.106 - - [27/May/2025:15:51:42 -0400] "HEAD /wp HTTP/1.1" 404 0 "http://socialdigiinnovator.com/wp" "Mozilla/5.0 (Windows NT 10.0; Win64; x64) AppleWebKit/537.36 (KHTML, like Gecko) Chrome/74.0.3729.169 Safari/537.36"
35.247.100.106 - - [27/May/2025:15:51:46 -0400] "HEAD /main HTTP/1.1" 404 0 "http://socialdigiinnovator.com/main" "Mozilla/5.0 (Windows NT 10.0; Win64; x64) AppleWebKit/537.36 (KHTML, like Gecko) Chrome/74.0.3729.169 Safari/537.36"
35.247.100.106 - - [27/May/2025:15:51:47 -0400] "HEAD /home HTTP/1.1" 301 0 "http://socialdigiinnovator.com/home" "Mozilla/5.0 (Windows NT 10.0; Win64; x64) AppleWebKit/537.36 (KHTML, like Gecko) Chrome/74.0.3729.169 Safari/537.36"
35.247.100.106 - - [27/May/2025:15:51:36 -0400] "HEAD /wordpress HTTP/1.1" 404 0 "http://socialdigiinnovator.com/wordpress" "Mozilla/5.0 (Windows NT 10.0; Win64; x64) AppleWebKit/537.36 (KHTML, like Gecko) Chrome/74.0.3729.169 Safari/537.36"
35.247.100.106 - - [27/May/2025:15:51:42 -0400] "HEAD /bc HTTP/1.1" 404 0 "http://socialdigiinnovator.com/bc" "Mozilla/5.0 (Windows NT 10.0; Win64; x64) AppleWebKit/537.36 (KHTML, like Gecko) Chrome/74.0.3729.169 Safari/537.36"
35.247.100.106 - - [27/May/2025:15:51:43 -0400] "HEAD /bk HTTP/1.1" 404 0 "http://socialdigiinnovator.com/bk" "Mozilla/5.0 (Windows NT 10.0; Win64; x64) AppleWebKit/537.36 (KHTML, like Gecko) Chrome/74.0.3729.169 Safari/537.36"
35.247.100.106 - - [27/May/2025:15:51:44 -0400] "HEAD /backup HTTP/1.1" 404 0 "http://socialdigiinnovator.com/backup" "Mozilla/5.0 (Windows NT 10.0; Win64; x64) AppleWebKit/537.36 (KHTML, like Gecko) Chrome/74.0.3729.169 Safari/537.36"
35.247.100.106 - - [27/May/2025:15:51:45 -0400] "HEAD /old HTTP/1.1" 404 0 "http://socialdigiinnovator.com/old" "Mozilla/5.0 (Windows NT 10.0; Win64; x64) AppleWebKit/537.36 (KHTML, like Gecko) Chrome/74.0.3729.169 Safari/537.36"
35.247.100.106 - - [27/May/2025:15:51:45 -0400] "HEAD /new HTTP/1.1" 404 0 "http://socialdigiinnovator.com/new" "Mozilla/5.0 (Windows NT 10.0; Win64; x64) AppleWebKit/537.36 (KHTML, like Gecko) Chrome/74.0.3729.169 Safari/537.36"
35.247.100.106 - - [27/May/2025:15:51:47 -0400] "HEAD / HTTP/1.1" 200 0 "https://socialdigiinnovator.com/home" "Mozilla/5.0 (Windows NT 10.0; Win64; x64) AppleWebKit/537.36 (KHTML, like Gecko) Chrome/74.0.3729.169 Safari/537.36"
198.54.114.35 - - [27/May/2025:16:06:57 -0400] "POST /wp-cron.php HTTP/1.1" 200 0 "-" "WordPress/6.8.1; https://socialdigiinnovator.com"
107.151.248.165 - - [27/May/2025:16:06:46 -0400] "GET / HTTP/1.1" 200 26175 "-" "Mozilla/5.0 (Windows NT 10.0; Win64; x64) AppleWebKit/537.36 (KHTML, like Gecko) Chrome/80.0.3987.149 Safari/537.36"
107.151.248.165 - - [27/May/2025:16:06:59 -0400] "GET / HTTP/1.1" 200 26171 "-" "Mozilla/5.0 (Windows NT 10.0; Win64; x64) AppleWebKit/537.36 (KHTML, like Gecko) Chrome/80.0.3987.149 Safari/537.36"
107.151.248.165 - - [27/May/2025:16:07:01 -0400] "GET //?author=1 HTTP/1.1" 403 1242 "-" "Mozilla/5.0 (Windows NT 10.0; Win64; x64) AppleWebKit/537.36 (KHTML, like Gecko) Chrome/80.0.3987.149 Safari/537.36"
107.151.248.165 - - [27/May/2025:16:07:01 -0400] "GET //?author=2 HTTP/1.1" 403 1242 "-" "Mozilla/5.0 (Windows NT 10.0; Win64; x64) AppleWebKit/537.36 (KHTML, like Gecko) Chrome/80.0.3987.149 Safari/537.36"
107.151.248.165 - - [27/May/2025:16:07:01 -0400] "GET //wp-json/wp/v2/users/ HTTP/1.1" 200 938 "-" "Mozilla/5.0 (Windows NT 10.0; Win64; x64) AppleWebKit/537.36 (KHTML, like Gecko) Chrome/80.0.3987.149 Safari/537.36"
198.54.114.35 - - [27/May/2025:16:07:04 -0400] "GET / HTTP/1.1" 200 26171 "-" "WordPress/6.8.1; https://socialdigiinnovator.com"
47.79.5.207 - - [27/May/2025:16:16:45 -0400] "GET / HTTP/1.1" 200 26171 "https://socialdigiinnovator.com/" "Mozilla/5.0 (Windows NT 10.0; Win64; x64) AppleWebKit/537.36 (KHTML, like Gecko) Chrome/114.0.0.0 Safari/537.36 Edg/114.0.1823.43"
198.54.114.35 - - [27/May/2025:16:18:06 -0400] "POST /wp-cron.php?doing_wp_cron=1748377086.2480289936065673828125 HTTP/1.1" 200 0 "-" "WordPress/6.8.1; https://socialdigiinnovator.com"
85.208.96.198 - - [27/May/2025:16:18:06 -0400] "GET /bouaixia39eb/eb10717687.html HTTP/1.1" 404 15043 "-" "Mozilla/5.0 (compatible; SemrushBot/7~bl; +http://www.semrush.com/bot.html)"
198.54.114.35 - - [27/May/2025:16:06:54 -0400] "POST /wp-cron.php?doing_wp_cron=1748376413.9059309959411621093750 HTTP/1.1" 200 0 "-" "WordPress/6.8.1; https://socialdigiinnovator.com"
107.151.248.165 - - [27/May/2025:16:06:58 -0400] "GET //wp-includes/wlwmanifest.xml HTTP/1.1" 301 0 "-" "Mozilla/5.0 (Windows NT 10.0; Win64; x64) AppleWebKit/537.36 (KHTML, like Gecko) Chrome/80.0.3987.149 Safari/537.36"
198.54.114.35 - - [27/May/2025:16:06:58 -0400] "GET / HTTP/1.1" 200 26098 "-" "WordPress/6.8.1; https://socialdigiinnovator.com"
198.54.114.35 - - [27/May/2025:16:07:00 -0400] "GET / HTTP/1.1" 200 26121 "-" "WordPress/6.8.1; https://socialdigiinnovator.com"
198.54.114.35 - - [27/May/2025:16:07:02 -0400] "GET / HTTP/1.1" 200 26121 "-" "WordPress/6.8.1; https://socialdigiinnovator.com"
198.54.114.35 - - [27/May/2025:16:16:49 -0400] "POST /wp-cron.php?doing_wp_cron=1748377008.9072749614715576171875 HTTP/1.1" 200 0 "-" "WordPress/6.8.1; https://socialdigiinnovator.com"
185.191.171.17 - - [27/May/2025:16:18:05 -0400] "GET /robots.txt HTTP/1.1" 200 102 "-" "Mozilla/5.0 (compatible; SemrushBot/7~bl; +http://www.semrush.com/bot.html)"
198.54.114.35 - - [27/May/2025:16:21:33 -0400] "POST /wp-cron.php?doing_wp_cron=1748377293.6689460277557373046875 HTTP/1.1" 200 0 "-" "WordPress/6.8.1; https://socialdigiinnovator.com"
198.54.114.35 - - [27/May/2025:16:23:26 -0400] "POST /wp-cron.php?doing_wp_cron=1748377406.4490110874176025390625 HTTP/1.1" 200 0 "-" "WordPress/6.8.1; https://socialdigiinnovator.com"
54.36.149.0 - - [27/May/2025:16:23:22 -0400] "GET /blog/ HTTP/1.1" 200 19395 "-" "Mozilla/5.0 (compatible; AhrefsBot/7.0; +http://ahrefs.com/robot/)"
2a02:598:128:8a00::b00:1f - - [27/May/2025:16:30:10 -0400] "GET /robots.txt HTTP/1.1" 200 102 "-" "Mozilla/5.0 (compatible; SeznamBot/4.0; +https://o-seznam.cz/napoveda/vyhledavani/en/seznambot-crawler/)"
198.54.114.35 - - [27/May/2025:16:35:22 -0400] "POST /wp-cron.php?doing_wp_cron=1748378122.7267489433288574218750 HTTP/1.1" 200 0 "-" "WordPress/6.8.1; https://socialdigiinnovator.com"
2a02:598:128:8a00::b00:1f - - [27/May/2025:16:35:19 -0400] "GET /bad-seo-practices-which-can-harm-your-business/ HTTP/1.1" 200 18920 "-" "Mozilla/5.0 (compatible; SeznamBot/4.0; +https://o-seznam.cz/napoveda/vyhledavani/en/seznambot-crawler/)"
45.157.54.23 - - [27/May/2025:16:21:25 -0400] "GET /wp-content/plugins/ypatacapagy/ypatacapagy.php HTTP/1.1" 404 33543 "-" "Mozilla/5.0 (Windows NT 10.0; Win64; x64) AppleWebKit/537.36 (KHTML, like Gecko) Chrome/127.0.0.0 Safari/537.36"
198.54.114.35 - - [27/May/2025:16:30:18 -0400] "POST /wp-cron.php?doing_wp_cron=1748377817.8826880455017089843750 HTTP/1.1" 200 0 "-" "WordPress/6.8.1; https://socialdigiinnovator.com"
104.28.201.73 - - [27/May/2025:16:37:22 -0400] "POST /404/wp-login.php HTTP/1.1" 302 0 "http://socialdigiinnovator.com/wp-admin/" "Mozilla/5.0 (Windows NT 10.0; Win64; x64) AppleWebKit/537.36 (KHTML, like Gecko) Chrome/90.0.4430.85 Safari/537.36"
104.28.201.73 - - [27/May/2025:16:37:16 -0400] "GET /wp-login.php HTTP/1.1" 302 0 "http://socialdigiinnovator.com/wp-admin/" "Mozilla/5.0 (Windows NT 10.0; Win64; x64) AppleWebKit/537.36 (KHTML, like Gecko) Chrome/90.0.4430.85 Safari/537.36"
198.54.114.35 - - [27/May/2025:16:37:20 -0400] "POST /wp-cron.php?doing_wp_cron=1748378240.7592630386352539062500 HTTP/1.1" 200 0 "-" "WordPress/6.8.1; https://socialdigiinnovator.com"
104.28.201.73 - - [27/May/2025:16:37:18 -0400] "GET /404 HTTP/1.1" 404 15044 "http://socialdigiinnovator.com/wp-admin/" "Mozilla/5.0 (Windows NT 10.0; Win64; x64) AppleWebKit/537.36 (KHTML, like Gecko) Chrome/90.0.4430.85 Safari/537.36"
104.28.201.73 - - [27/May/2025:16:37:22 -0400] "GET /404 HTTP/1.1" 404 15041 "http://socialdigiinnovator.com/wp-admin/" "Mozilla/5.0 (Windows NT 10.0; Win64; x64) AppleWebKit/537.36 (KHTML, like Gecko) Chrome/90.0.4430.85 Safari/537.36"
104.28.201.73 - - [27/May/2025:16:37:23 -0400] "GET /404/wp-admin/ HTTP/1.1" 404 15044 "www.google.com" "Mozilla/5.0 (Windows NT 10.0; Win64; x64) AppleWebKit/537.36 (KHTML, like Gecko) Chrome/90.0.4430.85 Safari/537.36"
54.36.148.132 - - [27/May/2025:16:45:25 -0400] "GET /wp-content/themes/phlox-pro/auxin/css/images/welcome/twitter.svg HTTP/1.1" 302 771 "-" "Mozilla/5.0 (compatible; AhrefsBot/7.0; +http://ahrefs.com/robot/)"
198.54.114.35 - - [27/May/2025:16:55:47 -0400] "POST /wp-cron.php?doing_wp_cron=1748379347.1557309627532958984375 HTTP/1.1" 200 0 "-" "WordPress/6.8.1; https://socialdigiinnovator.com"
2a00:f29:1108:6655:9ca:e563:7055:5f44 - - [27/May/2025:16:55:43 -0400] "GET / HTTP/1.1" 200 26175 "-" "Mozilla/5.0 (Macintosh; Intel Mac OS X 10_11_1) AppleWebKit/601.2.4 (KHTML, like Gecko) Version/9.0.1 Safari/601.2.4 facebookexternalhit/1.1 Facebot Twitterbot/1.0"
198.54.114.35 - - [27/May/2025:16:57:33 -0400] "POST /wp-cron.php?doing_wp_cron=1748379453.0823450088500976562500 HTTP/1.1" 200 0 "-" "WordPress/6.8.1; https://socialdigiinnovator.com"
157.55.39.11 - - [27/May/2025:16:57:29 -0400] "GET /copper-stampedbc/bcdbf679818.html HTTP/1.1" 301 0 "-" "Mozilla/5.0 AppleWebKit/537.36 (KHTML, like Gecko; compatible; bingbot/2.0; +http://www.bing.com/bingbot.htm) Chrome/116.0.1938.76 Safari/537.36"
54.36.148.242 - - [27/May/2025:17:03:59 -0400] "GET /wp-content/themes/phlox-pro/css/images/svg/spinner-light.svg HTTP/1.1" 302 771 "-" "Mozilla/5.0 (compatible; AhrefsBot/7.0; +http://ahrefs.com/robot/)"
110.166.71.39 - - [27/May/2025:17:19:06 -0400] "GET / HTTP/1.1" 200 26166 "http://socialdigiinnovator.com" "Mozilla/5.0 (iPhone; CPU iPhone OS 13_2_3 like Mac OS X) AppleWebKit/605.1.15 (KHTML, like Gecko) Version/13.0.3 Mobile/15E148 Safari/604.1"
54.36.148.75 - - [27/May/2025:17:24:59 -0400] "GET /wp-content/uploads/2023/09/klaviyo-master-plus-champion.svg HTTP/1.1" 302 771 "-" "Mozilla/5.0 (compatible; AhrefsBot/7.0; +http://ahrefs.com/robot/)"
198.54.114.35 - - [27/May/2025:17:19:10 -0400] "POST /wp-cron.php?doing_wp_cron=1748380750.3564939498901367187500 HTTP/1.1" 200 0 "-" "WordPress/6.8.1; https://socialdigiinnovator.com"
198.54.114.35 - - [27/May/2025:17:34:06 -0400] "POST /wp-cron.php?doing_wp_cron=1748381645.8881840705871582031250 HTTP/1.1" 200 0 "-" "WordPress/6.8.1; https://socialdigiinnovator.com"
198.54.114.35 - - [27/May/2025:17:38:55 -0400] "POST /wp-cron.php?doing_wp_cron=1748381934.9348199367523193359375 HTTP/1.1" 200 0 "-" "WordPress/6.8.1; https://socialdigiinnovator.com"
43.135.142.37 - - [27/May/2025:17:38:51 -0400] "GET / HTTP/1.1" 301 0 "http://www.socialdigiinnovator.com" "Mozilla/5.0 (iPhone; CPU iPhone OS 13_2_3 like Mac OS X) AppleWebKit/605.1.15 (KHTML, like Gecko) Version/13.0.3 Mobile/15E148 Safari/604.1"
43.135.142.37 - - [27/May/2025:17:38:55 -0400] "GET / HTTP/1.1" 200 26169 "https://www.socialdigiinnovator.com/" "Mozilla/5.0 (iPhone; CPU iPhone OS 13_2_3 like Mac OS X) AppleWebKit/605.1.15 (KHTML, like Gecko) Version/13.0.3 Mobile/15E148 Safari/604.1"
47.76.189.14 - - [27/May/2025:17:39:17 -0400] "POST /404/wp-login.php HTTP/1.1" 302 0 "http://socialdigiinnovator.com/wp-admin/" "Mozilla/5.0 (Windows NT 10.0; Win64; x64) AppleWebKit/537.36 (KHTML, like Gecko) Chrome/90.0.4430.85 Safari/537.36"
47.76.189.14 - - [27/May/2025:17:39:18 -0400] "GET /404/wp-admin/ HTTP/1.1" 404 15045 "www.google.com" "Mozilla/5.0 (Windows NT 10.0; Win64; x64) AppleWebKit/537.36 (KHTML, like Gecko) Chrome/90.0.4430.85 Safari/537.36"
198.54.114.35 - - [27/May/2025:17:40:02 -0400] "POST /wp-cron.php?doing_wp_cron=1748382002.7013790607452392578125 HTTP/1.1" 200 0 "-" "WordPress/6.8.1; https://socialdigiinnovator.com"
94.232.247.195 - - [27/May/2025:17:40:01 -0400] "GET / HTTP/1.1" 200 9977 "-" "Mozilla/5.0 (Windows NT 10.0; Win64; x64) AppleWebKit/537.36 (KHTML, like Gecko) Chrome/91.0.4472.124 Safari/537.36"
178.128.16.190 - - [27/May/2025:17:43:38 -0400] "GET /wp-login.php?redirect_to=https%3A%2F%2Fsocialdigiinnovator.com%2Fwp-admin%2Fuser-new.php&reauth=1 HTTP/1.1" 302 0 "-" "Mozilla/5.0 (Windows NT 6.1; Win64; x64) AppleWebKit/537.36 (KHTML, like Gecko) Chrome/107.0.5304.91 Safari/537.36"
178.128.16.190 - - [27/May/2025:17:43:39 -0400] "GET /404 HTTP/1.1" 404 15046 "-" "Mozilla/5.0 (Windows NT 6.1; Win64; x64) AppleWebKit/537.36 (KHTML, like Gecko) Chrome/107.0.5304.91 Safari/537.36"
178.128.16.190 - - [27/May/2025:17:43:41 -0400] "GET /wp-admin/user-new.php HTTP/1.1" 302 0 "-" "Mozilla/5.0 (Windows NT 10.0; WOW64) AppleWebKit/537.36 (KHTML, like Gecko) Chrome/106.0.5249.119 Safari/537.36"
178.128.16.190 - - [27/May/2025:17:43:41 -0400] "GET /wp-login.php?redirect_to=https%3A%2F%2Fsocialdigiinnovator.com%2Fwp-admin%2Fuser-new.php&reauth=1 HTTP/1.1" 302 0 "-" "Mozilla/5.0 (Windows NT 10.0; WOW64) AppleWebKit/537.36 (KHTML, like Gecko) Chrome/106.0.5249.119 Safari/537.36"
178.128.16.190 - - [27/May/2025:17:43:42 -0400] "GET /404 HTTP/1.1" 404 15043 "-" "Mozilla/5.0 (Windows NT 10.0; WOW64) AppleWebKit/537.36 (KHTML, like Gecko) Chrome/106.0.5249.119 Safari/537.36"
178.128.16.190 - - [27/May/2025:17:43:44 -0400] "GET /404 HTTP/1.1" 404 15043 "-" "Mozilla/5.0 (Windows NT 10.0; WOW64) AppleWebKit/537.36 (KHTML, like Gecko) Chrome/106.0.5249.165 Safari/537.36"
178.128.16.190 - - [27/May/2025:17:43:46 -0400] "GET /wp-admin/user-new.php HTTP/1.1" 302 0 "-" "Mozilla/5.0 (Windows NT 6.3; Win64; x64) AppleWebKit/537.36 (KHTML, like Gecko) Chrome/101.0.4951.41 Safari/537.36"
178.128.16.190 - - [27/May/2025:17:43:46 -0400] "GET /wp-login.php?redirect_to=https%3A%2F%2Fsocialdigiinnovator.com%2Fwp-admin%2Fuser-new.php&reauth=1 HTTP/1.1" 302 0 "-" "Mozilla/5.0 (Windows NT 6.3; Win64; x64) AppleWebKit/537.36 (KHTML, like Gecko) Chrome/101.0.4951.41 Safari/537.36"
178.128.16.190 - - [27/May/2025:17:43:47 -0400] "GET /404 HTTP/1.1" 404 15044 "-" "Mozilla/5.0 (Windows NT 6.3; Win64; x64) AppleWebKit/537.36 (KHTML, like Gecko) Chrome/101.0.4951.41 Safari/537.36"
178.128.16.190 - - [27/May/2025:17:43:48 -0400] "GET /wp-login.php?redirect_to=https%3A%2F%2Fsocialdigiinnovator.com%2Fwp-admin%2Fuser-new.php&reauth=1 HTTP/1.1" 302 0 "-" "Mozilla/5.0 (Windows NT 6.1; Win64; x64) AppleWebKit/537.36 (KHTML, like Gecko) Chrome/103.0.5060.114 Safari/537.36"
172.245.148.131 - - [27/May/2025:17:34:02 -0400] "GET / HTTP/1.1" 200 26116 "-" "Mozilla/5.0 (Windows; U; Windows NT 5.1; zh-CN; rv:1.9) Gecko/2008052906 Firefox/3.0"
47.76.189.14 - - [27/May/2025:17:39:08 -0400] "GET /wp-login.php HTTP/1.1" 302 0 "http://socialdigiinnovator.com/wp-admin/" "Mozilla/5.0 (Windows NT 10.0; Win64; x64) AppleWebKit/537.36 (KHTML, like Gecko) Chrome/90.0.4430.85 Safari/537.36"
47.76.189.14 - - [27/May/2025:17:39:09 -0400] "GET /404 HTTP/1.1" 404 15044 "http://socialdigiinnovator.com/wp-admin/" "Mozilla/5.0 (Windows NT 10.0; Win64; x64) AppleWebKit/537.36 (KHTML, like Gecko) Chrome/90.0.4430.85 Safari/537.36"
47.76.189.14 - - [27/May/2025:17:39:17 -0400] "GET /404 HTTP/1.1" 404 15044 "http://socialdigiinnovator.com/wp-admin/" "Mozilla/5.0 (Windows NT 10.0; Win64; x64) AppleWebKit/537.36 (KHTML, like Gecko) Chrome/90.0.4430.85 Safari/537.36"
198.54.114.35 - - [27/May/2025:17:43:38 -0400] "POST /wp-cron.php?doing_wp_cron=1748382218.4469859600067138671875 HTTP/1.1" 200 0 "-" "WordPress/6.8.1; https://socialdigiinnovator.com"
178.128.16.190 - - [27/May/2025:17:43:33 -0400] "GET /wp-admin/user-new.php HTTP/1.1" 302 0 "-" "Mozilla/5.0 (Windows NT 6.1; Win64; x64) AppleWebKit/537.36 (KHTML, like Gecko) Chrome/107.0.5304.91 Safari/537.36"
178.128.16.190 - - [27/May/2025:17:43:43 -0400] "GET /wp-admin/user-new.php HTTP/1.1" 302 0 "-" "Mozilla/5.0 (Windows NT 10.0; WOW64) AppleWebKit/537.36 (KHTML, like Gecko) Chrome/106.0.5249.165 Safari/537.36"
178.128.16.190 - - [27/May/2025:17:43:44 -0400] "GET /wp-login.php?redirect_to=https%3A%2F%2Fsocialdigiinnovator.com%2Fwp-admin%2Fuser-new.php&reauth=1 HTTP/1.1" 302 0 "-" "Mozilla/5.0 (Windows NT 10.0; WOW64) AppleWebKit/537.36 (KHTML, like Gecko) Chrome/106.0.5249.165 Safari/537.36"
178.128.16.190 - - [27/May/2025:17:43:48 -0400] "GET /wp-admin/user-new.php HTTP/1.1" 302 0 "-" "Mozilla/5.0 (Windows NT 6.1; Win64; x64) AppleWebKit/537.36 (KHTML, like Gecko) Chrome/103.0.5060.114 Safari/537.36"
178.128.16.190 - - [27/May/2025:17:43:49 -0400] "GET /404 HTTP/1.1" 404 15044 "-" "Mozilla/5.0 (Windows NT 6.1; Win64; x64) AppleWebKit/537.36 (KHTML, like Gecko) Chrome/103.0.5060.114 Safari/537.36"
52.167.144.161 - - [27/May/2025:17:53:29 -0400] "GET /shin-chand67a9/ffbda6516372.htm HTTP/1.1" 301 0 "-" "Mozilla/5.0 AppleWebKit/537.36 (KHTML, like Gecko; compatible; bingbot/2.0; +http://www.bing.com/bingbot.htm) Chrome/116.0.1938.76 Safari/537.36"
144.76.19.11 - - [27/May/2025:18:03:37 -0400] "GET /robots.txt HTTP/1.1" 200 0 "-" "Mozilla/5.0 (compatible; BLEXBot/1.0; +https://help.seranking.com/en/blex-crawler)"
198.54.114.35 - - [27/May/2025:18:04:15 -0400] "POST /wp-cron.php?doing_wp_cron=1748383455.0222840309143066406250 HTTP/1.1" 200 0 "-" "WordPress/6.8.1; https://socialdigiinnovator.com"
198.54.114.35 - - [27/May/2025:18:04:15 -0400] "POST /wp-cron.php?doing_wp_cron=1748383455.0187621116638183593750 HTTP/1.1" 200 0 "-" "WordPress/6.8.1; https://socialdigiinnovator.com"
144.76.19.11 - - [27/May/2025:18:04:11 -0400] "GET /robots.txt HTTP/1.1" 200 102 "-" "Mozilla/5.0 (compatible; BLEXBot/1.0; +https://help.seranking.com/en/blex-crawler)"
144.76.19.11 - - [27/May/2025:18:04:31 -0400] "GET /faq/ HTTP/1.1" 200 18361 "-" "Mozilla/5.0 (compatible; BLEXBot/1.0; +https://help.seranking.com/en/blex-crawler)"
198.54.114.35 - - [27/May/2025:18:04:39 -0400] "POST /wp-cron.php?doing_wp_cron=1748383478.9677760601043701171875 HTTP/1.1" 200 0 "-" "WordPress/6.8.1; https://socialdigiinnovator.com"
144.76.19.11 - - [27/May/2025:18:04:38 -0400] "GET /business-dfy/ HTTP/1.1" 200 16306 "-" "Mozilla/5.0 (compatible; BLEXBot/1.0; +https://help.seranking.com/en/blex-crawler)"
144.76.19.11 - - [27/May/2025:18:04:46 -0400] "GET /confirmation/ HTTP/1.1" 200 20876 "-" "Mozilla/5.0 (compatible; BLEXBot/1.0; +https://help.seranking.com/en/blex-crawler)"
198.54.114.35 - - [27/May/2025:18:04:52 -0400] "POST /wp-cron.php?doing_wp_cron=1748383492.6744370460510253906250 HTTP/1.1" 200 0 "-" "WordPress/6.8.1; https://socialdigiinnovator.com"
144.76.19.11 - - [27/May/2025:18:04:52 -0400] "GET /sdi-cuonllne/ HTTP/1.1" 200 15510 "-" "Mozilla/5.0 (compatible; BLEXBot/1.0; +https://help.seranking.com/en/blex-crawler)"
144.76.19.11 - - [27/May/2025:18:05:17 -0400] "GET /technical-services/ HTTP/1.1" 200 15613 "-" "Mozilla/5.0 (compatible; BLEXBot/1.0; +https://help.seranking.com/en/blex-crawler)"
144.76.19.11 - - [27/May/2025:18:05:24 -0400] "GET /non-technical-services/ HTTP/1.1" 200 16221 "-" "Mozilla/5.0 (compatible; BLEXBot/1.0; +https://help.seranking.com/en/blex-crawler)"
144.76.19.11 - - [27/May/2025:18:05:33 -0400] "GET /virtual-assistant-services/ HTTP/1.1" 200 18965 "-" "Mozilla/5.0 (compatible; BLEXBot/1.0; +https://help.seranking.com/en/blex-crawler)"
198.54.114.35 - - [27/May/2025:18:05:39 -0400] "POST /wp-cron.php?doing_wp_cron=1748383539.5715858936309814453125 HTTP/1.1" 200 0 "-" "WordPress/6.8.1; https://socialdigiinnovator.com"
144.76.19.11 - - [27/May/2025:18:05:44 -0400] "GET /facebook-as-a-lead-generation-magnet/ HTTP/1.1" 200 18248 "-" "Mozilla/5.0 (compatible; BLEXBot/1.0; +https://help.seranking.com/en/blex-crawler)"
198.54.114.35 - - [27/May/2025:18:05:56 -0400] "POST /wp-cron.php?doing_wp_cron=1748383555.9883239269256591796875 HTTP/1.1" 200 0 "-" "WordPress/6.8.1; https://socialdigiinnovator.com"
144.76.19.11 - - [27/May/2025:18:06:05 -0400] "GET /technical-services/website-design-and-development/ HTTP/1.1" 200 16525 "-" "Mozilla/5.0 (compatible; BLEXBot/1.0; +https://help.seranking.com/en/blex-crawler)"
144.76.19.11 - - [27/May/2025:18:04:17 -0400] "GET / HTTP/1.1" 302 771 "-" "Mozilla/5.0 (compatible; BLEXBot/1.0; +https://help.seranking.com/en/blex-crawler)"
144.76.19.11 - - [27/May/2025:18:04:24 -0400] "GET / HTTP/1.1" 302 771 "-" "Mozilla/5.0 (compatible; BLEXBot/1.0; +https://help.seranking.com/en/blex-crawler)"
198.54.114.35 - - [27/May/2025:18:04:47 -0400] "POST /wp-cron.php?doing_wp_cron=1748383487.5868620872497558593750 HTTP/1.1" 200 0 "-" "WordPress/6.8.1; https://socialdigiinnovator.com"
144.76.19.11 - - [27/May/2025:18:04:57 -0400] "GET /lg-sales-playbook/ HTTP/1.1" 200 16560 "-" "Mozilla/5.0 (compatible; BLEXBot/1.0; +https://help.seranking.com/en/blex-crawler)"
144.76.19.11 - - [27/May/2025:18:05:06 -0400] "GET /paid-advertisement/ HTTP/1.1" 200 16312 "-" "Mozilla/5.0 (compatible; BLEXBot/1.0; +https://help.seranking.com/en/blex-crawler)"
144.76.19.11 - - [27/May/2025:18:05:29 -0400] "GET /ultimate-list-of-facebook/ HTTP/1.1" 200 16591 "-" "Mozilla/5.0 (compatible; BLEXBot/1.0; +https://help.seranking.com/en/blex-crawler)"
144.76.19.11 - - [27/May/2025:18:05:38 -0400] "GET /technical-services/web-ada-comply/ HTTP/1.1" 200 16474 "-" "Mozilla/5.0 (compatible; BLEXBot/1.0; +https://help.seranking.com/en/blex-crawler)"
144.76.19.11 - - [27/May/2025:18:05:49 -0400] "GET /virtual-assistant-complete-guide-ebook/ HTTP/1.1" 200 16601 "-" "Mozilla/5.0 (compatible; BLEXBot/1.0; +https://help.seranking.com/en/blex-crawler)"
144.76.19.11 - - [27/May/2025:18:05:55 -0400] "GET /5-red-flags-to-watch-for-while-hiring-a-va/ HTTP/1.1" 200 18645 "-" "Mozilla/5.0 (compatible; BLEXBot/1.0; +https://help.seranking.com/en/blex-crawler)"
144.76.19.11 - - [27/May/2025:18:06:00 -0400] "GET /virtual-assistant-services/community-management/ HTTP/1.1" 200 16678 "-" "Mozilla/5.0 (compatible; BLEXBot/1.0; +https://help.seranking.com/en/blex-crawler)"
198.54.114.35 - - [27/May/2025:18:06:41 -0400] "POST /wp-cron.php?doing_wp_cron=1748383601.2399940490722656250000 HTTP/1.1" 200 0 "-" "WordPress/6.8.1; https://socialdigiinnovator.com"
144.76.19.11 - - [27/May/2025:18:06:40 -0400] "GET /virtual-assistant-services/social-media-management/ HTTP/1.1" 200 17153 "-" "Mozilla/5.0 (compatible; BLEXBot/1.0; +https://help.seranking.com/en/blex-crawler)"
144.76.19.11 - - [27/May/2025:18:06:47 -0400] "GET /tips-to-optimize-landing-page-for-better-conversion/ HTTP/1.1" 200 19484 "-" "Mozilla/5.0 (compatible; BLEXBot/1.0; +https://help.seranking.com/en/blex-crawler)"
144.76.19.11 - - [27/May/2025:18:07:18 -0400] "GET /instagram-influencers-and-why-does-a-business-need-them/ HTTP/1.1" 200 19148 "-" "Mozilla/5.0 (compatible; BLEXBot/1.0; +https://help.seranking.com/en/blex-crawler)"
144.76.19.11 - - [27/May/2025:18:07:23 -0400] "GET /virtual-assistant-services/social-media-management/branding/ HTTP/1.1" 200 17348 "-" "Mozilla/5.0 (compatible; BLEXBot/1.0; +https://help.seranking.com/en/blex-crawler)"
144.76.19.11 - - [27/May/2025:18:07:28 -0400] "GET /virtual-assistant-services/lead-generation-appointment-setter/ HTTP/1.1" 200 16893 "-" "Mozilla/5.0 (compatible; BLEXBot/1.0; +https://help.seranking.com/en/blex-crawler)"
54.36.148.109 - - [27/May/2025:18:08:12 -0400] "GET /wp-content/plugins/elementor/assets/lib/font-awesome/webfonts/fa-regular-400.woff2 HTTP/1.1" 302 771 "-" "Mozilla/5.0 (compatible; AhrefsBot/7.0; +http://ahrefs.com/robot/)"
2605:59c8:264f:9210:2c1a:1348:49b1:211c - - [27/May/2025:18:10:39 -0400] "GET /talk HTTP/1.1" 301 0 "-" "Mozilla/5.0 (Windows NT 10.0; Win64; x64) AppleWebKit/537.36 (KHTML, like Gecko) Chrome/136.0.0.0 Safari/537.36"
2605:59c8:264f:9210:2c1a:1348:49b1:211c - - [27/May/2025:18:10:43 -0400] "GET /talk/ HTTP/1.1" 200 17896 "-" "Mozilla/5.0 (Windows NT 10.0; Win64; x64) AppleWebKit/537.36 (KHTML, like Gecko) Chrome/136.0.0.0 Safari/537.36"
2605:59c8:264f:9210:2c1a:1348:49b1:211c - - [27/May/2025:18:10:45 -0400] "GET /wp-content/plugins/elementor/assets/lib/font-awesome/js/v4-shims.min.js?ver=3.29.0 HTTP/1.1" 304 0 "https://socialdigiinnovator.com/talk/" "Mozilla/5.0 (Windows NT 10.0; Win64; x64) AppleWebKit/537.36 (KHTML, like Gecko) Chrome/136.0.0.0 Safari/537.36"
2605:59c8:264f:9210:2c1a:1348:49b1:211c - - [27/May/2025:18:10:45 -0400] "GET /wp-includes/js/jquery/jquery.min.js?ver=3.7.1 HTTP/1.1" 304 0 "https://socialdigiinnovator.com/talk/" "Mozilla/5.0 (Windows NT 10.0; Win64; x64) AppleWebKit/537.36 (KHTML, like Gecko) Chrome/136.0.0.0 Safari/537.36"
2605:59c8:264f:9210:2c1a:1348:49b1:211c - - [27/May/2025:18:10:45 -0400] "GET /wp-content/plugins/elementor-pro/assets/js/elements-handlers.min.js?ver=3.29.0 HTTP/1.1" 304 0 "https://socialdigiinnovator.com/talk/" "Mozilla/5.0 (Windows NT 10.0; Win64; x64) AppleWebKit/537.36 (KHTML, like Gecko) Chrome/136.0.0.0 Safari/537.36"
2605:59c8:264f:9210:2c1a:1348:49b1:211c - - [27/May/2025:18:10:45 -0400] "GET /wp-includes/js/mediaelement/wp-mediaelement.min.js?ver=6.8.1 HTTP/1.1" 304 0 "https://socialdigiinnovator.com/talk/" "Mozilla/5.0 (Windows NT 10.0; Win64; x64) AppleWebKit/537.36 (KHTML, like Gecko) Chrome/136.0.0.0 Safari/537.36"
2605:59c8:264f:9210:2c1a:1348:49b1:211c - - [27/May/2025:18:10:45 -0400] "GET /wp-content/plugins/elementor/assets/js/frontend-modules.min.js?ver=3.29.0 HTTP/1.1" 304 0 "https://socialdigiinnovator.com/talk/" "Mozilla/5.0 (Windows NT 10.0; Win64; x64) AppleWebKit/537.36 (KHTML, like Gecko) Chrome/136.0.0.0 Safari/537.36"
2605:59c8:264f:9210:2c1a:1348:49b1:211c - - [27/May/2025:18:10:45 -0400] "GET /wp-includes/js/mediaelement/mediaelement-migrate.min.js?ver=6.8.1 HTTP/1.1" 304 0 "https://socialdigiinnovator.com/talk/" "Mozilla/5.0 (Windows NT 10.0; Win64; x64) AppleWebKit/537.36 (KHTML, like Gecko) Chrome/136.0.0.0 Safari/537.36"
198.54.114.35 - - [27/May/2025:18:07:19 -0400] "POST /wp-cron.php?doing_wp_cron=1748383639.6530659198760986328125 HTTP/1.1" 200 0 "-" "WordPress/6.8.1; https://socialdigiinnovator.com"
198.54.114.35 - - [27/May/2025:18:10:43 -0400] "POST /wp-cron.php?doing_wp_cron=1748383843.1839540004730224609375 HTTP/1.1" 200 0 "-" "WordPress/6.8.1; https://socialdigiinnovator.com"
