43.156.109.53 - - [27/May/2025:20:54:01 -0400] "GET /technical-services/ HTTP/1.1" 200 15611 "-" "Mozilla/5.0 (iPhone; CPU iPhone OS 13_2_3 like Mac OS X) AppleWebKit/605.1.15 (KHTML, like Gecko) Version/13.0.3 Mobile/15E148 Safari/604.1"
52.164.219.216 - - [27/May/2025:20:54:03 -0400] "GET /404 HTTP/1.1" 404 15048 "-" "-"
52.164.219.216 - - [27/May/2025:20:54:05 -0400] "GET /wp-includes/pomo/ HTTP/1.1" 403 1242 "-" "-"
52.164.219.216 - - [27/May/2025:20:54:05 -0400] "GET /wp-includes/images/include.php HTTP/1.1" 404 33519 "-" "-"
52.164.219.216 - - [27/May/2025:20:54:08 -0400] "GET /gzak2w.php HTTP/1.1" 404 15064 "-" "-"
52.164.219.216 - - [27/May/2025:20:54:16 -0400] "GET /wp-admin/includes/users.php HTTP/1.1" 404 33522 "-" "-"
52.164.219.216 - - [27/May/2025:20:54:18 -0400] "GET /shop.php HTTP/1.1" 404 15045 "-" "-"
52.164.219.216 - - [27/May/2025:20:54:22 -0400] "GET /wp-includes/Text/autoload_classmap.php HTTP/1.1" 404 33479 "-" "-"
52.164.219.216 - - [27/May/2025:20:54:24 -0400] "GET /wp-core.php HTTP/1.1" 404 15046 "-" "-"
52.164.219.216 - - [27/May/2025:20:54:25 -0400] "GET /wp-includes/css/dist/widgets/ HTTP/1.1" 403 1242 "-" "-"
52.164.219.216 - - [27/May/2025:20:54:25 -0400] "GET /templates/atomic/templates.php HTTP/1.1" 404 33422 "-" "-"
52.164.219.216 - - [27/May/2025:20:54:27 -0400] "GET /error.php HTTP/1.1" 404 15044 "-" "-"
52.164.219.216 - - [27/May/2025:20:54:44 -0400] "GET /wp-content/plugins/ubh/1.php HTTP/1.1" 404 33478 "-" "-"
52.164.219.216 - - [27/May/2025:20:54:46 -0400] "GET /wp-l0gin.php HTTP/1.1" 404 15044 "-" "-"
52.164.219.216 - - [27/May/2025:20:54:47 -0400] "GET /plugin.php HTTP/1.1" 404 15046 "-" "-"
52.164.219.216 - - [27/May/2025:20:54:49 -0400] "GET /repeater.php HTTP/1.1" 404 15044 "-" "-"
52.164.219.216 - - [27/May/2025:20:54:51 -0400] "GET /wp-includes/js/codemirror/ HTTP/1.1" 403 1242 "-" "-"
52.164.219.216 - - [27/May/2025:20:54:54 -0400] "GET /vv.php HTTP/1.1" 404 15062 "-" "-"
52.164.219.216 - - [27/May/2025:20:54:55 -0400] "GET /content.php HTTP/1.1" 404 15046 "-" "-"
52.164.219.216 - - [27/May/2025:20:54:57 -0400] "GET /wp-content/plugins/wordfence/js/ HTTP/1.1" 404 33544 "-" "-"
52.164.219.216 - - [27/May/2025:20:55:13 -0400] "GET /wp-files.php HTTP/1.1" 404 15043 "-" "-"
52.164.219.216 - - [27/May/2025:20:55:20 -0400] "GET /wp-admin/maint/admin.php HTTP/1.1" 404 33562 "-" "-"
52.164.219.216 - - [27/May/2025:20:55:29 -0400] "GET /wp-content/plugins/wso.php HTTP/1.1" 404 33538 "-" "-"
52.164.219.216 - - [27/May/2025:20:55:37 -0400] "GET /cljntmcz.php HTTP/1.1" 404 15046 "-" "-"
198.54.114.35 - - [27/May/2025:20:58:24 -0400] "GET / HTTP/1.1" 200 26118 "-" "Mozilla/5.0 (Windows NT 10.0; Win64; x64; rv:122.0) Gecko/20100101 Firefox/122.0"
198.54.114.35 - - [27/May/2025:21:05:39 -0400] "POST /wp-cron.php?doing_wp_cron=1748394339.4641010761260986328125 HTTP/1.1" 200 0 "-" "WordPress/6.8.1; https://socialdigiinnovator.com"
13.233.127.159 - - [27/May/2025:21:05:30 -0400] "GET / HTTP/1.1" 200 26177 "-" "Mozilla/5.0 (Windows NT 10.0; Win64; x64) AppleWebKit/537.36 (KHTML, like Gecko) Chrome/80.0.3987.149 Safari/537.36"
13.233.127.159 - - [27/May/2025:21:05:48 -0400] "GET //?author=2 HTTP/1.1" 403 1242 "-" "Mozilla/5.0 (Windows NT 10.0; Win64; x64) AppleWebKit/537.36 (KHTML, like Gecko) Chrome/80.0.3987.149 Safari/537.36"
13.233.127.159 - - [27/May/2025:21:05:48 -0400] "GET //wp-json/wp/v2/users/ HTTP/1.1" 200 938 "-" "Mozilla/5.0 (Windows NT 10.0; Win64; x64) AppleWebKit/537.36 (KHTML, like Gecko) Chrome/80.0.3987.149 Safari/537.36"
198.54.114.35 - - [27/May/2025:21:02:33 -0400] "POST /wp-cron.php?doing_wp_cron=1748394153.2086789608001708984375 HTTP/1.1" 200 0 "-" "WordPress/6.8.1; https://socialdigiinnovator.com"
54.67.78.164 - - [27/May/2025:21:02:21 -0400] "GET / HTTP/1.1" 200 9981 "-" "Mozilla/5.0 (X11; Linux x86_64) AppleWebKit/537.36 (KHTML, like Gecko) Chrome/51.0.2704.103 Safari/537.36"
13.233.127.159 - - [27/May/2025:21:05:44 -0400] "GET //wp-includes/wlwmanifest.xml HTTP/1.1" 301 0 "-" "Mozilla/5.0 (Windows NT 10.0; Win64; x64) AppleWebKit/537.36 (KHTML, like Gecko) Chrome/80.0.3987.149 Safari/537.36"
13.233.127.159 - - [27/May/2025:21:05:46 -0400] "GET / HTTP/1.1" 200 26181 "-" "Mozilla/5.0 (Windows NT 10.0; Win64; x64) AppleWebKit/537.36 (KHTML, like Gecko) Chrome/80.0.3987.149 Safari/537.36"
13.233.127.159 - - [27/May/2025:21:05:47 -0400] "GET //?author=1 HTTP/1.1" 403 1242 "-" "Mozilla/5.0 (Windows NT 10.0; Win64; x64) AppleWebKit/537.36 (KHTML, like Gecko) Chrome/80.0.3987.149 Safari/537.36"
198.54.114.35 - - [27/May/2025:21:09:29 -0400] "POST /wp-cron.php?doing_wp_cron=1748394569.4539279937744140625000 HTTP/1.1" 200 0 "-" "WordPress/6.8.1; https://socialdigiinnovator.com"
134.17.14.12 - - [27/May/2025:21:09:23 -0400] "GET /wp-content/plugins/masterstudy-lms-learning-management-system-pro/readme.txt HTTP/1.1" 404 33524 "-" "Mozilla/4.0 (compatible; MSIE 6.0; Windows NT 5.1; SV1)"
2605:59c8:264f:9210:551c:ada0:d72e:a5e8 - - [27/May/2025:21:16:24 -0400] "GET /wp-content/uploads/2022/08/aa.mkv HTTP/1.1" 304 0 "https://socialdigiinnovator.com/talk/" "Mozilla/5.0 (Windows NT 10.0; Win64; x64) AppleWebKit/537.36 (KHTML, like Gecko) Chrome/136.0.0.0 Safari/537.36"
2605:59c8:264f:9210:551c:ada0:d72e:a5e8 - - [27/May/2025:21:16:24 -0400] "GET /wp-content/uploads/2022/08/Cullum-BreakthroughLife.mp4 HTTP/1.1" 304 0 "https://socialdigiinnovator.com/talk/" "Mozilla/5.0 (Windows NT 10.0; Win64; x64) AppleWebKit/537.36 (KHTML, like Gecko) Chrome/136.0.0.0 Safari/537.36"
2605:59c8:264f:9210:551c:ada0:d72e:a5e8 - - [27/May/2025:21:16:23 -0400] "GET /wp-content/uploads/2022/08/Peter-1.mp4 HTTP/1.1" 200 10504925 "https://socialdigiinnovator.com/talk/" "Mozilla/5.0 (Windows NT 10.0; Win64; x64) AppleWebKit/537.36 (KHTML, like Gecko) Chrome/136.0.0.0 Safari/537.36"
2605:59c8:264f:9210:551c:ada0:d72e:a5e8 - - [27/May/2025:21:18:05 -0400] "GET /talk/ HTTP/1.1" 200 17894 "https://socialdigiinnovator.com/talk/" "Mozilla/5.0 (Windows NT 10.0; Win64; x64) AppleWebKit/537.36 (KHTML, like Gecko) Chrome/136.0.0.0 Safari/537.36"
198.54.114.35 - - [27/May/2025:21:19:31 -0400] "POST /wp-cron.php?doing_wp_cron=1748395170.8126239776611328125000 HTTP/1.1" 200 0 "-" "WordPress/6.8.1; https://socialdigiinnovator.com"
2605:59c8:264f:9210:551c:ada0:d72e:a5e8 - - [27/May/2025:21:19:25 -0400] "GET /yasir-saleem-dhr/ HTTP/1.1" 200 17199 "https://socialdigiinnovator.com/talk/" "Mozilla/5.0 (Windows NT 10.0; Win64; x64) AppleWebKit/537.36 (KHTML, like Gecko) Chrome/136.0.0.0 Safari/537.36"
2605:59c8:264f:9210:551c:ada0:d72e:a5e8 - - [27/May/2025:21:19:32 -0400] "GET /wp-content/uploads/2023/10/Yasir-960x1024.jpg HTTP/1.1" 200 108875 "https://socialdigiinnovator.com/yasir-saleem-dhr/" "Mozilla/5.0 (Windows NT 10.0; Win64; x64) AppleWebKit/537.36 (KHTML, like Gecko) Chrome/136.0.0.0 Safari/537.36"
198.54.114.35 - - [27/May/2025:21:16:22 -0400] "POST /wp-cron.php?doing_wp_cron=1748394982.0046429634094238281250 HTTP/1.1" 200 0 "-" "WordPress/6.8.1; https://socialdigiinnovator.com"
2605:59c8:264f:9210:551c:ada0:d72e:a5e8 - - [27/May/2025:21:16:18 -0400] "GET /talk/ HTTP/1.1" 200 15961 "-" "Mozilla/5.0 (Windows NT 10.0; Win64; x64) AppleWebKit/537.36 (KHTML, like Gecko) Chrome/136.0.0.0 Safari/537.36"
2605:59c8:264f:9210:551c:ada0:d72e:a5e8 - - [27/May/2025:21:16:21 -0400] "GET /talk/ HTTP/1.1" 200 17896 "-" "Mozilla/5.0 (Windows NT 10.0; Win64; x64) AppleWebKit/537.36 (KHTML, like Gecko) Chrome/136.0.0.0 Safari/537.36"
2605:59c8:264f:9210:551c:ada0:d72e:a5e8 - - [27/May/2025:21:16:24 -0400] "GET /wp-content/uploads/2022/08/talk-%E2%80%93-Social-Digi-Innovators.mkv HTTP/1.1" 304 0 "https://socialdigiinnovator.com/talk/" "Mozilla/5.0 (Windows NT 10.0; Win64; x64) AppleWebKit/537.36 (KHTML, like Gecko) Chrome/136.0.0.0 Safari/537.36"
198.54.114.35 - - [27/May/2025:21:17:56 -0400] "POST /wp-cron.php?doing_wp_cron=1748395076.2981300354003906250000 HTTP/1.1" 200 0 "-" "WordPress/6.8.1; https://socialdigiinnovator.com"
2605:59c8:264f:9210:551c:ada0:d72e:a5e8 - - [27/May/2025:21:17:51 -0400] "GET /talk/ HTTP/1.1" 200 9511 "-" "Mozilla/5.0 (Windows NT 10.0; Win64; x64) AppleWebKit/537.36 (KHTML, like Gecko) Chrome/136.0.0.0 Safari/537.36"
2605:59c8:264f:9210:551c:ada0:d72e:a5e8 - - [27/May/2025:21:17:54 -0400] "GET /talk/ HTTP/1.1" 200 17896 "-" "Mozilla/5.0 (Windows NT 10.0; Win64; x64) AppleWebKit/537.36 (KHTML, like Gecko) Chrome/136.0.0.0 Safari/537.36"
2605:59c8:264f:9210:551c:ada0:d72e:a5e8 - - [27/May/2025:21:18:04 -0400] "GET /talk HTTP/1.1" 301 0 "https://socialdigiinnovator.com/talk/" "Mozilla/5.0 (Windows NT 10.0; Win64; x64) AppleWebKit/537.36 (KHTML, like Gecko) Chrome/136.0.0.0 Safari/537.36"
2605:59c8:264f:9210:551c:ada0:d72e:a5e8 - - [27/May/2025:21:19:32 -0400] "GET /wp-content/uploads/elementor/css/post-6615.css?ver=1747785192 HTTP/1.1" 200 413 "https://socialdigiinnovator.com/yasir-saleem-dhr/" "Mozilla/5.0 (Windows NT 10.0; Win64; x64) AppleWebKit/537.36 (KHTML, like Gecko) Chrome/136.0.0.0 Safari/537.36"
198.54.114.35 - - [27/May/2025:21:39:08 -0400] "POST /wp-cron.php?doing_wp_cron=1748396348.3993220329284667968750 HTTP/1.1" 200 0 "-" "WordPress/6.8.1; https://socialdigiinnovator.com"
188.166.166.11 - - [27/May/2025:21:39:03 -0400] "GET / HTTP/1.1" 200 0 "-" "Mozilla/5.0 (X11; Linux x86_64; rv:136.0) Gecko/20100101 Firefox/136.0"
198.54.114.35 - - [27/May/2025:21:31:18 -0400] "POST /wp-cron.php?doing_wp_cron=1748395878.1049768924713134765625 HTTP/1.1" 200 0 "-" "WordPress/6.8.1; https://socialdigiinnovator.com"
2a03:2880:13ff:6:: - - [27/May/2025:21:31:12 -0400] "GET /talk/ HTTP/1.1" 200 17797 "-" "facebookexternalhit/1.1 (+http://www.facebook.com/externalhit_uatext.php)"
2a03:2880:13ff:70:: - - [27/May/2025:21:31:12 -0400] "GET /talk/ HTTP/1.1" 200 17856 "-" "facebookexternalhit/1.1 (+http://www.facebook.com/externalhit_uatext.php)"
198.54.114.35 - - [27/May/2025:21:53:56 -0400] "POST /wp-cron.php?doing_wp_cron=1748397236.0219171047210693359375 HTTP/1.1" 200 0 "-" "WordPress/6.8.1; https://socialdigiinnovator.com"
15.204.182.106 - - [27/May/2025:21:53:51 -0400] "GET / HTTP/1.1" 301 0 "-" "Mozilla/5.0 (Windows NT 10.0; Win64; x64) AppleWebKit/537.36 (KHTML, like Gecko) Chrome/131.0.0.0 Safari/537.36"
15.204.182.106 - - [27/May/2025:21:53:59 -0400] "GET / HTTP/1.1" 200 26168 "https://www.socialdigiinnovator.com/" "Mozilla/5.0 (Windows NT 10.0; Win64; x64) AppleWebKit/537.36 (KHTML, like Gecko) Chrome/131.0.0.0 Safari/537.36"
198.54.114.35 - - [27/May/2025:22:15:56 -0400] "POST /wp-cron.php?doing_wp_cron=1748398556.3156380653381347656250 HTTP/1.1" 200 0 "-" "WordPress/6.8.1; https://socialdigiinnovator.com"
45.118.77.121 - - [27/May/2025:22:05:42 -0400] "GET /wp-admin/user-new.phpwp-login.php HTTP/1.1" 302 0 "-" "Mozila/5.0"
198.54.114.35 - - [27/May/2025:22:05:47 -0400] "POST /wp-cron.php?doing_wp_cron=1748397946.8191509246826171875000 HTTP/1.1" 200 0 "-" "WordPress/6.8.1; https://socialdigiinnovator.com"
45.118.77.121 - - [27/May/2025:22:05:45 -0400] "GET /404 HTTP/1.1" 404 15044 "-" "Mozila/5.0"
15.204.182.106 - - [27/May/2025:22:15:52 -0400] "GET / HTTP/1.1" 200 26181 "-" "Mozilla/5.0 (Windows NT 10.0; Win64; x64) AppleWebKit/537.36 (KHTML, like Gecko) Chrome/131.0.0.0 Safari/537.36"
54.36.148.48 - - [27/May/2025:22:15:59 -0400] "GET /robots.txt HTTP/1.1" 200 102 "-" "Mozilla/5.0 (compatible; AhrefsBot/7.0; +http://ahrefs.com/robot/)"
198.54.114.35 - - [27/May/2025:22:18:08 -0400] "POST /wp-cron.php?doing_wp_cron=1748398688.4373629093170166015625 HTTP/1.1" 200 0 "-" "WordPress/6.8.1; https://socialdigiinnovator.com"
185.191.171.14 - - [27/May/2025:22:18:10 -0400] "GET /manjingquan9/edddfa117367.html HTTP/1.1" 404 15063 "-" "Mozilla/5.0 (compatible; SemrushBot/7~bl; +http://www.semrush.com/bot.html)"
185.191.171.7 - - [27/May/2025:22:18:05 -0400] "GET /robots.txt HTTP/1.1" 200 102 "-" "Mozilla/5.0 (compatible; SemrushBot/7~bl; +http://www.semrush.com/bot.html)"
45.118.77.121 - - [27/May/2025:22:40:20 -0400] "GET /wp-admin/admin.phpwp-login.php HTTP/1.1" 302 0 "-" "Mozila/5.0"
198.54.114.35 - - [27/May/2025:22:40:26 -0400] "POST /wp-cron.php?doing_wp_cron=1748400026.4116349220275878906250 HTTP/1.1" 200 0 "-" "WordPress/6.8.1; https://socialdigiinnovator.com"
45.118.77.121 - - [27/May/2025:22:40:23 -0400] "GET /404 HTTP/1.1" 404 15051 "-" "Mozila/5.0"
198.54.114.35 - - [27/May/2025:22:54:00 -0400] "POST /wp-cron.php?doing_wp_cron=1748400840.4506781101226806640625 HTTP/1.1" 200 0 "-" "WordPress/6.8.1; https://socialdigiinnovator.com"
193.202.83.112 - - [27/May/2025:22:53:56 -0400] "GET /wp-admin/user-new.php HTTP/1.1" 302 0 "-" "Mozilla/5.0 (Windows NT 10.0; Win64; x64) AppleWebKit/537.36 (KHTML, like Gecko) Chrome/115.0.0.0 Safari/537.36 Edg/115.0.1901.203"
193.202.83.112 - - [27/May/2025:22:54:02 -0400] "GET /404 HTTP/1.1" 404 15066 "-" "Mozilla/5.0 (Windows NT 10.0; Win64; x64) AppleWebKit/537.36 (KHTML, like Gecko) Chrome/115.0.0.0 Safari/537.36 Edg/115.0.1901.203"
198.54.114.35 - - [27/May/2025:22:58:32 -0400] "POST /wp-cron.php?doing_wp_cron=1748401111.3581190109252929687500 HTTP/1.1" 200 0 "-" "WordPress/6.8.1; https://socialdigiinnovator.com"
2602:fb54:303:: - - [27/May/2025:22:58:22 -0400] "GET /administrator/index.php HTTP/1.1" 301 0 "http://socialdigiinnovator.com" "Mozilla/5.0 (Windows NT 10.0; Win64; x64) AppleWebKit/537.36 (KHTML, like Gecko) Chrome/124.0.0.0 Safari/537.36"
2602:fb54:303:: - - [27/May/2025:22:58:32 -0400] "GET /administrator/ HTTP/1.1" 404 15063 "http://socialdigiinnovator.com" "Mozilla/5.0 (Windows NT 10.0; Win64; x64) AppleWebKit/537.36 (KHTML, like Gecko) Chrome/124.0.0.0 Safari/537.36"
2602:fb54:303:: - - [27/May/2025:22:58:35 -0400] "POST /wp-login.php HTTP/1.1" 302 0 "https://socialdigiinnovator.com/wp-admin/" "Mozilla/5.0 (Windows NT 10.0; Win64; x64) AppleWebKit/537.36 (KHTML, like Gecko) Chrome/90.0.4430.85 Safari/537.36"
2602:fb54:303:: - - [27/May/2025:22:58:38 -0400] "GET /wp-login.php?redirect_to=https%3A%2F%2Fsocialdigiinnovator.com%2Fwp-admin%2F&reauth=1 HTTP/1.1" 302 0 "www.google.com" "Mozilla/5.0 (Windows NT 10.0; Win64; x64) AppleWebKit/537.36 (KHTML, like Gecko) Chrome/90.0.4430.85 Safari/537.36"
198.54.114.35 - - [27/May/2025:22:58:40 -0400] "POST /wp-cron.php?doing_wp_cron=1748401119.5134570598602294921875 HTTP/1.1" 200 0 "-" "WordPress/6.8.1; https://socialdigiinnovator.com"
2602:fb54:303:: - - [27/May/2025:22:58:41 -0400] "POST /admin/index.php?route=common/login HTTP/1.1" 404 15047 "https://socialdigiinnovator.com/admin/index.php?route=common/login" "Mozilla/5.0 (Windows NT 10.0; Win64; x64) AppleWebKit/537.36 (KHTML, like Gecko) Chrome/129.0.0.0 Safari/537.36"
2602:fb54:303:: - - [27/May/2025:22:58:42 -0400] "GET /user/login HTTP/1.1" 404 15066 "https://socialdigiinnovator.com/user/login" "Mozilla/5.0 (Windows NT 10.0; Win64; x64) AppleWebKit/537.36 (KHTML, like Gecko) Chrome/129.0.0.0 Safari/537.36"
193.202.83.112 - - [27/May/2025:22:54:01 -0400] "GET /wp-login.php?redirect_to=https%3A%2F%2Fsocialdigiinnovator.com%2Fwp-admin%2Fuser-new.php&reauth=1 HTTP/1.1" 302 0 "-" "Mozilla/5.0 (Windows NT 10.0; Win64; x64) AppleWebKit/537.36 (KHTML, like Gecko) Chrome/115.0.0.0 Safari/537.36 Edg/115.0.1901.203"
2602:fb54:303:: - - [27/May/2025:22:58:35 -0400] "GET /404 HTTP/1.1" 404 15045 "https://socialdigiinnovator.com/wp-admin/" "Mozilla/5.0 (Windows NT 10.0; Win64; x64) AppleWebKit/537.36 (KHTML, like Gecko) Chrome/90.0.4430.85 Safari/537.36"
2602:fb54:303:: - - [27/May/2025:22:58:36 -0400] "GET /wp-admin/ HTTP/1.1" 302 0 "www.google.com" "Mozilla/5.0 (Windows NT 10.0; Win64; x64) AppleWebKit/537.36 (KHTML, like Gecko) Chrome/90.0.4430.85 Safari/537.36"
2602:fb54:303:: - - [27/May/2025:22:58:38 -0400] "GET /404 HTTP/1.1" 404 15045 "www.google.com" "Mozilla/5.0 (Windows NT 10.0; Win64; x64) AppleWebKit/537.36 (KHTML, like Gecko) Chrome/90.0.4430.85 Safari/537.36"
198.54.114.35 - - [27/May/2025:23:15:54 -0400] "POST /wp-cron.php?doing_wp_cron=1748402154.2355720996856689453125 HTTP/1.1" 200 0 "-" "WordPress/6.8.1; https://socialdigiinnovator.com"
207.180.255.40 - - [27/May/2025:23:15:55 -0400] "GET /wp-content/themes/hello_dolly_v2.php HTTP/1.1" 404 33550 "www.google.com" "Mozlila/5.0 (Linux; Android 7.0; SM-G892A Bulid/NRD90M; wv) AppleWebKit/537.36 (KHTML, like Gecko) Version/4.0 Chrome/60.0.3112.107 Moblie Safari/537.36"
207.180.255.40 - - [27/May/2025:23:16:22 -0400] "GET //wp-content/plugins/HelloDollyV2/hello_dolly_v2.php HTTP/1.1" 301 0 "www.google.com" "Mozlila/5.0 (Linux; Android 7.0; SM-G892A Bulid/NRD90M; wv) AppleWebKit/537.36 (KHTML, like Gecko) Version/4.0 Chrome/60.0.3112.107 Moblie Safari/537.36"
45.118.77.121 - - [27/May/2025:23:20:46 -0400] "GET /wp-login.php HTTP/1.1" 302 0 "-" "Mozila/5.0"
198.54.114.35 - - [27/May/2025:23:20:51 -0400] "POST /wp-cron.php?doing_wp_cron=1748402450.7587900161743164062500 HTTP/1.1" 200 0 "-" "WordPress/6.8.1; https://socialdigiinnovator.com"
207.180.255.40 - - [27/May/2025:23:15:50 -0400] "GET //wp-content/themes/hello_dolly_v2.php HTTP/1.1" 301 0 "www.google.com" "Mozlila/5.0 (Linux; Android 7.0; SM-G892A Bulid/NRD90M; wv) AppleWebKit/537.36 (KHTML, like Gecko) Version/4.0 Chrome/60.0.3112.107 Moblie Safari/537.36"
207.180.255.40 - - [27/May/2025:23:16:10 -0400] "GET //.adrivz.php HTTP/1.1" 301 0 "www.google.com" "Mozlila/5.0 (Linux; Android 7.0; SM-G892A Bulid/NRD90M; wv) AppleWebKit/537.36 (KHTML, like Gecko) Version/4.0 Chrome/60.0.3112.107 Moblie Safari/537.36"
207.180.255.40 - - [27/May/2025:23:16:11 -0400] "GET /.adrivz.php HTTP/1.1" 404 15045 "www.google.com" "Mozlila/5.0 (Linux; Android 7.0; SM-G892A Bulid/NRD90M; wv) AppleWebKit/537.36 (KHTML, like Gecko) Version/4.0 Chrome/60.0.3112.107 Moblie Safari/537.36"
207.180.255.40 - - [27/May/2025:23:16:23 -0400] "GET /wp-content/plugins/HelloDollyV2/hello_dolly_v2.php HTTP/1.1" 404 33551 "www.google.com" "Mozlila/5.0 (Linux; Android 7.0; SM-G892A Bulid/NRD90M; wv) AppleWebKit/537.36 (KHTML, like Gecko) Version/4.0 Chrome/60.0.3112.107 Moblie Safari/537.36"
45.118.77.121 - - [27/May/2025:23:20:49 -0400] "GET /404 HTTP/1.1" 404 15046 "-" "Mozila/5.0"
198.54.114.35 - - [27/May/2025:23:36:16 -0400] "POST /wp-cron.php?doing_wp_cron=1748403376.1525919437408447265625 HTTP/1.1" 200 0 "-" "WordPress/6.8.1; https://socialdigiinnovator.com"
18.215.77.19 - - [27/May/2025:23:36:12 -0400] "GET /tips-to-optimize-landing-page-for-better-conversion/ HTTP/1.1" 200 19484 "-" "Mozilla/5.0 AppleWebKit/537.36 (KHTML, like Gecko; compatible; Amazonbot/0.1; +https://developer.amazon.com/support/amazonbot) Chrome/119.0.6045.214 Safari/537.36"
52.169.211.170 - - [27/May/2025:23:41:08 -0400] "GET /wp-includes/rest-api/ HTTP/1.1" 403 1242 "-" "-"
52.169.211.170 - - [27/May/2025:23:41:08 -0400] "GET /wp-includes/widgets/ HTTP/1.1" 403 1242 "-" "-"
52.169.211.170 - - [27/May/2025:23:41:08 -0400] "GET /wp-admin/css/ HTTP/1.1" 403 1242 "-" "-"
52.169.211.170 - - [27/May/2025:23:41:08 -0400] "GET /wp-admin/images/ HTTP/1.1" 403 1242 "-" "-"
52.169.211.170 - - [27/May/2025:23:41:08 -0400] "GET /wp-admin/maint/ HTTP/1.1" 403 1242 "-" "-"
52.169.211.170 - - [27/May/2025:23:41:09 -0400] "GET /wp-admin/meta/ HTTP/1.1" 404 15045 "-" "-"
43.153.76.247 - - [27/May/2025:23:41:05 -0400] "GET / HTTP/1.1" 200 21503 "http://socialdigiinnovator.com" "Mozilla/5.0 (iPhone; CPU iPhone OS 13_2_3 like Mac OS X) AppleWebKit/605.1.15 (KHTML, like Gecko) Version/13.0.3 Mobile/15E148 Safari/604.1"
52.169.211.170 - - [27/May/2025:23:41:13 -0400] "GET /wp-login.php?redirect_to=https%3A%2F%2Fsocialdigiinnovator.com%2Fwp-admin%2Fnetwork%2F&reauth=1 HTTP/1.1" 302 0 "-" "-"
52.169.211.170 - - [27/May/2025:23:41:14 -0400] "GET /wp-admin/user/ HTTP/1.1" 302 0 "-" "-"
52.169.211.170 - - [27/May/2025:23:41:15 -0400] "GET /wp-login.php?redirect_to=https%3A%2F%2Fsocialdigiinnovator.com%2Fwp-admin%2Fuser%2F&reauth=1 HTTP/1.1" 302 0 "-" "-"
52.169.211.170 - - [27/May/2025:23:41:15 -0400] "GET /404 HTTP/1.1" 404 15046 "-" "-"
52.169.211.170 - - [27/May/2025:23:41:17 -0400] "GET /wp-content/themes/ HTTP/1.1" 403 1242 "-" "-"
52.169.211.170 - - [27/May/2025:23:41:17 -0400] "GET /wp-admin/includes/ HTTP/1.1" 403 1242 "-" "-"
52.169.211.170 - - [27/May/2025:23:41:17 -0400] "GET /wp-admin/ HTTP/1.1" 302 0 "-" "-"
52.169.211.170 - - [27/May/2025:23:41:18 -0400] "GET /404 HTTP/1.1" 404 15066 "-" "-"
52.169.211.170 - - [27/May/2025:23:41:19 -0400] "GET /wp-content/upgrade/ HTTP/1.1" 403 1242 "-" "-"
52.169.211.170 - - [27/May/2025:23:41:19 -0400] "GET /wp-includes/ HTTP/1.1" 403 1242 "-" "-"
52.169.211.170 - - [27/May/2025:23:41:19 -0400] "GET /wp-includes/css/ HTTP/1.1" 403 1242 "-" "-"
52.169.211.170 - - [27/May/2025:23:41:20 -0400] "GET /wp-includes/SimplePie/ HTTP/1.1" 403 1242 "-" "-"
52.169.211.170 - - [27/May/2025:23:41:20 -0400] "GET /wp-includes/Text/ HTTP/1.1" 403 1242 "-" "-"
52.169.211.170 - - [27/May/2025:23:41:20 -0400] "GET /wp-content/mu-plugins-old/ HTTP/1.1" 404 15044 "-" "-"
52.169.211.170 - - [27/May/2025:23:41:23 -0400] "GET /wp-content/plugins/ninja-forms/ HTTP/1.1" 404 33517 "-" "-"
52.169.211.170 - - [27/May/2025:23:41:25 -0400] "GET /wp-includes/certificates/ HTTP/1.1" 403 1242 "-" "-"
52.169.211.170 - - [27/May/2025:23:41:25 -0400] "GET /wp-includes/customize/ HTTP/1.1" 403 1242 "-" "-"
52.169.211.170 - - [27/May/2025:23:41:25 -0400] "GET /wp-includes/fonts/ HTTP/1.1" 403 1242 "-" "-"
52.169.211.170 - - [27/May/2025:23:41:25 -0400] "GET /wp-includes/images/ HTTP/1.1" 403 1242 "-" "-"
52.169.211.170 - - [27/May/2025:23:41:27 -0400] "GET /ALFA_DATA/ HTTP/1.1" 404 15045 "-" "-"
52.169.211.170 - - [27/May/2025:23:41:28 -0400] "GET /.well-knownold/ HTTP/1.1" 404 15044 "-" "-"
52.169.211.170 - - [27/May/2025:23:41:30 -0400] "GET /cgi-bin/ HTTP/1.1" 403 1242 "-" "-"
52.169.211.170 - - [27/May/2025:23:41:32 -0400] "GET /admin/uploads/ HTTP/1.1" 404 15046 "-" "-"
198.54.114.35 - - [27/May/2025:23:41:33 -0400] "POST /wp-cron.php?doing_wp_cron=1748403693.3492779731750488281250 HTTP/1.1" 200 0 "-" "WordPress/6.8.1; https://socialdigiinnovator.com"
52.169.211.170 - - [27/May/2025:23:41:34 -0400] "GET /admin/ HTTP/1.1" 302 0 "-" "-"
52.169.211.170 - - [27/May/2025:23:41:34 -0400] "GET /wp-admin/ HTTP/1.1" 302 0 "-" "-"
34.227.156.153 - - [27/May/2025:23:36:16 -0400] "GET /what-it-takes-to-be-a-successful-marketer/ HTTP/1.1" 200 18688 "-" "Mozilla/5.0 AppleWebKit/537.36 (KHTML, like Gecko; compatible; Amazonbot/0.1; +https://developer.amazon.com/support/amazonbot) Chrome/119.0.6045.214 Safari/537.36"
52.169.211.170 - - [27/May/2025:23:41:07 -0400] "GET /wp-includes/js/ HTTP/1.1" 403 1242 "-" "-"
52.169.211.170 - - [27/May/2025:23:41:07 -0400] "GET /wp-includes/pomo/ HTTP/1.1" 403 1242 "-" "-"
198.54.114.35 - - [27/May/2025:23:41:09 -0400] "POST /wp-cron.php?doing_wp_cron=1748403668.8779690265655517578125 HTTP/1.1" 200 0 "-" "WordPress/6.8.1; https://socialdigiinnovator.com"
52.169.211.170 - - [27/May/2025:23:41:10 -0400] "GET /wp-admin/network/ HTTP/1.1" 302 0 "-" "-"
52.169.211.170 - - [27/May/2025:23:41:13 -0400] "GET /404 HTTP/1.1" 404 15046 "-" "-"
52.169.211.170 - - [27/May/2025:23:41:16 -0400] "GET /wp-content/ HTTP/1.1" 403 1242 "-" "-"
52.169.211.170 - - [27/May/2025:23:41:16 -0400] "GET /wp-content/plugins/ HTTP/1.1" 403 1242 "-" "-"
52.169.211.170 - - [27/May/2025:23:41:18 -0400] "GET /wp-login.php?redirect_to=https%3A%2F%2Fsocialdigiinnovator.com%2Fwp-admin%2F&reauth=1 HTTP/1.1" 302 0 "-" "-"
52.169.211.170 - - [27/May/2025:23:41:19 -0400] "GET /wp-content/uploads/ HTTP/1.1" 403 1242 "-" "-"
52.169.211.170 - - [27/May/2025:23:41:20 -0400] "GET /wp-includes/ID3/ HTTP/1.1" 403 1242 "-" "-"
52.169.211.170 - - [27/May/2025:23:41:20 -0400] "GET /wp-includes/IXR/ HTTP/1.1" 403 1242 "-" "-"
52.169.211.170 - - [27/May/2025:23:41:20 -0400] "GET /wp-includes/Requests/ HTTP/1.1" 403 1242 "-" "-"
52.169.211.170 - - [27/May/2025:23:41:21 -0400] "GET /wp-content/themes/classic/inc/ HTTP/1.1" 404 33509 "-" "-"
52.169.211.170 - - [27/May/2025:23:41:24 -0400] "GET /wp-content/mu-plugins/ HTTP/1.1" 404 15046 "-" "-"
52.169.211.170 - - [27/May/2025:23:41:24 -0400] "GET /wp-includes/Text/Diff/Renderer/ HTTP/1.1" 403 1242 "-" "-"
52.169.211.170 - - [27/May/2025:23:41:25 -0400] "GET /wp-includes/blocks/ HTTP/1.1" 403 1242 "-" "-"
52.169.211.170 - - [27/May/2025:23:41:26 -0400] "GET /.well-known/ HTTP/1.1" 404 15045 "-" "-"
52.169.211.170 - - [27/May/2025:23:41:29 -0400] "GET /.well-known/acme-challenge/ HTTP/1.1" 404 15066 "-" "-"
52.169.211.170 - - [27/May/2025:23:41:30 -0400] "GET /uploads/ HTTP/1.1" 404 15053 "-" "-"
52.169.211.170 - - [27/May/2025:23:41:31 -0400] "GET /upload/ HTTP/1.1" 404 15045 "-" "-"
52.169.211.170 - - [27/May/2025:23:41:33 -0400] "GET /Admin/uploads/ HTTP/1.1" 404 15046 "-" "-"
52.169.211.170 - - [27/May/2025:23:41:35 -0400] "GET /wp-login.php?redirect_to=https%3A%2F%2Fsocialdigiinnovator.com%2Fwp-admin%2F&reauth=1 HTTP/1.1" 302 0 "-" "-"
52.169.211.170 - - [27/May/2025:23:41:35 -0400] "GET /404 HTTP/1.1" 404 15046 "-" "-"
52.169.211.170 - - [27/May/2025:23:41:36 -0400] "GET /images/ HTTP/1.1" 404 15050 "-" "-"
198.54.114.35 - - [27/May/2025:23:41:39 -0400] "POST /wp-cron.php?doing_wp_cron=1748403698.8882191181182861328125 HTTP/1.1" 200 0 "-" "WordPress/6.8.1; https://socialdigiinnovator.com"
52.169.211.170 - - [27/May/2025:23:41:42 -0400] "GET /vendor/ HTTP/1.1" 404 15062 "-" "-"
52.169.211.170 - - [27/May/2025:23:41:43 -0400] "GET /local/ HTTP/1.1" 404 15047 "-" "-"
52.169.211.170 - - [27/May/2025:23:41:44 -0400] "GET /modules/ HTTP/1.1" 404 15045 "-" "-"
52.169.211.170 - - [27/May/2025:23:41:48 -0400] "GET /files/ HTTP/1.1" 404 15044 "-" "-"
52.169.211.170 - - [27/May/2025:23:41:49 -0400] "GET /admin/editor/ HTTP/1.1" 404 15051 "-" "-"
52.169.211.170 - - [27/May/2025:23:41:54 -0400] "GET /plugins/ HTTP/1.1" 404 15048 "-" "-"
52.169.211.170 - - [27/May/2025:23:41:56 -0400] "GET /wp-includes/Text/Diff/Engine/ HTTP/1.1" 403 1242 "-" "-"
52.169.211.170 - - [27/May/2025:23:41:59 -0400] "GET /wp-includes/SimplePie/Content/ HTTP/1.1" 404 33473 "-" "-"
52.169.211.170 - - [27/May/2025:23:42:00 -0400] "GET /wp-includes/rest-api/endpoints/ HTTP/1.1" 403 1242 "-" "-"
52.169.211.170 - - [27/May/2025:23:42:01 -0400] "GET /wp-includes/Requests/Proxy/ HTTP/1.1" 404 33541 "-" "-"
52.169.211.170 - - [27/May/2025:23:41:37 -0400] "GET /assets/ HTTP/1.1" 404 15041 "-" "-"
52.169.211.170 - - [27/May/2025:23:41:38 -0400] "GET /vendor/phpunit/phpunit/src/Util/PHP/ HTTP/1.1" 404 33562 "-" "-"
52.169.211.170 - - [27/May/2025:23:41:39 -0400] "GET /upload/image/ HTTP/1.1" 404 15054 "-" "-"
52.169.211.170 - - [27/May/2025:23:41:40 -0400] "GET /assets/images/ HTTP/1.1" 404 15046 "-" "-"
52.169.211.170 - - [27/May/2025:23:41:41 -0400] "GET /Public/ HTTP/1.1" 404 15045 "-" "-"
52.169.211.170 - - [27/May/2025:23:41:45 -0400] "GET /Site/ HTTP/1.1" 404 15052 "-" "-"
52.169.211.170 - - [27/May/2025:23:41:46 -0400] "GET /system/ HTTP/1.1" 404 15065 "-" "-"
52.169.211.170 - - [27/May/2025:23:41:47 -0400] "GET /template/ HTTP/1.1" 404 15052 "-" "-"
52.169.211.170 - - [27/May/2025:23:41:47 -0400] "GET /shop/ HTTP/1.1" 404 15046 "-" "-"
52.169.211.170 - - [27/May/2025:23:41:50 -0400] "GET /include/ HTTP/1.1" 404 15052 "-" "-"
198.54.114.35 - - [27/May/2025:23:41:52 -0400] "POST /wp-cron.php?doing_wp_cron=1748403712.3629419803619384765625 HTTP/1.1" 200 0 "-" "WordPress/6.8.1; https://socialdigiinnovator.com"
52.169.211.170 - - [27/May/2025:23:41:51 -0400] "GET /Assets/ HTTP/1.1" 404 15045 "-" "-"
52.169.211.170 - - [27/May/2025:23:41:53 -0400] "GET /images/stories/ HTTP/1.1" 404 15046 "-" "-"
52.169.211.170 - - [27/May/2025:23:41:55 -0400] "GET /php/ HTTP/1.1" 404 15064 "-" "-"
52.169.211.170 - - [27/May/2025:23:41:55 -0400] "GET /wp-includes/assets/ HTTP/1.1" 403 1242 "-" "-"
52.169.211.170 - - [27/May/2025:23:41:56 -0400] "GET /wp-includes/block-patterns/ HTTP/1.1" 403 1242 "-" "-"
52.169.211.170 - - [27/May/2025:23:41:56 -0400] "GET /wp-includes/Text/Diff/ HTTP/1.1" 403 1242 "-" "-"
52.169.211.170 - - [27/May/2025:23:41:56 -0400] "GET /wp-includes/block-supports/ HTTP/1.1" 403 1242 "-" "-"
52.169.211.170 - - [27/May/2025:23:41:56 -0400] "GET /wp-includes/SimplePie/Cache/ HTTP/1.1" 404 33554 "-" "-"
52.169.211.170 - - [27/May/2025:23:41:57 -0400] "GET /wp-includes/SimplePie/Content/Type/ HTTP/1.1" 404 33544 "-" "-"
52.169.211.170 - - [27/May/2025:23:42:00 -0400] "GET /wp-includes/rest-api/fields/ HTTP/1.1" 403 1242 "-" "-"
52.169.211.170 - - [27/May/2025:23:42:00 -0400] "GET /wp-includes/Requests/Cookie/ HTTP/1.1" 404 33507 "-" "-"
52.169.211.170 - - [27/May/2025:23:42:05 -0400] "GET /wp-includes/Requests/Exception/HTTP/ HTTP/1.1" 404 33562 "-" "-"
52.169.211.170 - - [27/May/2025:23:42:06 -0400] "GET /wp-includes/images/crystal/ HTTP/1.1" 403 1242 "-" "-"
52.169.211.170 - - [27/May/2025:23:42:08 -0400] "GET /wp-includes/rest-api/search/ HTTP/1.1" 403 1242 "-" "-"
52.169.211.170 - - [27/May/2025:23:42:08 -0400] "GET /wp-includes/Requests/Exception/ HTTP/1.1" 404 33523 "-" "-"
52.169.211.170 - - [27/May/2025:23:42:09 -0400] "GET /wp-includes/Requests/Auth/ HTTP/1.1" 404 33526 "-" "-"
52.169.211.170 - - [27/May/2025:23:42:11 -0400] "GET /wp-includes/html-api/ HTTP/1.1" 403 1242 "-" "-"
52.169.211.170 - - [27/May/2025:23:42:13 -0400] "GET /wp-includes/sitemaps/ HTTP/1.1" 403 1242 "-" "-"
52.169.211.170 - - [27/May/2025:23:42:13 -0400] "GET /wp-includes/sodium_compat/ HTTP/1.1" 403 1242 "-" "-"
52.169.211.170 - - [27/May/2025:23:42:13 -0400] "GET /wp-includes/style-engine/ HTTP/1.1" 403 1242 "-" "-"
52.169.211.170 - - [27/May/2025:23:42:13 -0400] "GET /wp-includes/theme-compat/ HTTP/1.1" 403 1242 "-" "-"
52.169.211.170 - - [27/May/2025:23:42:14 -0400] "GET /wp-admin/css/colors/ectoplasm/ HTTP/1.1" 403 1242 "-" "-"
52.169.211.170 - - [27/May/2025:23:42:14 -0400] "GET /wp-admin/css/colors/ HTTP/1.1" 403 1242 "-" "-"
52.169.211.170 - - [27/May/2025:23:42:14 -0400] "GET /admin/images/slider/ HTTP/1.1" 404 33521 "-" "-"
52.169.211.170 - - [27/May/2025:23:42:15 -0400] "GET /admin/fckeditor/editor/filemanager/ HTTP/1.1" 404 33541 "-" "-"
52.169.211.170 - - [27/May/2025:23:42:16 -0400] "GET /sites/default/files/ HTTP/1.1" 404 33530 "-" "-"
52.169.211.170 - - [27/May/2025:23:42:17 -0400] "GET /admin/controller/extension/extension/ HTTP/1.1" 404 33536 "-" "-"
52.169.211.170 - - [27/May/2025:23:42:18 -0400] "GET /modules/mod_simplefileuploadv1.3/elements/ HTTP/1.1" 404 33537 "-" "-"
52.169.211.170 - - [27/May/2025:23:42:19 -0400] "GET /components/ HTTP/1.1" 404 15046 "-" "-"
52.169.211.170 - - [27/May/2025:23:42:20 -0400] "GET /admin/uploads/images/ HTTP/1.1" 404 33504 "-" "-"
198.54.114.35 - - [27/May/2025:23:42:51 -0400] "POST /wp-cron.php?doing_wp_cron=1748403771.0339701175689697265625 HTTP/1.1" 200 0 "-" "WordPress/6.8.1; https://socialdigiinnovator.com"
85.202.126.52 - - [27/May/2025:23:44:35 -0400] "GET / HTTP/1.1" 200 26174 "-" "Mozilla/5.0 (X11; Linux x86_64) AppleWebKit/537.36 (KHTML, like Gecko) Chrome/135.0.7049.85 Safari/537.36"
52.169.211.170 - - [27/May/2025:23:42:02 -0400] "GET /wp-includes/Requests/Response/ HTTP/1.1" 404 33517 "-" "-"
52.169.211.170 - - [27/May/2025:23:42:03 -0400] "GET /wp-includes/Requests/Transport/ HTTP/1.1" 404 33525 "-" "-"
52.169.211.170 - - [27/May/2025:23:42:04 -0400] "GET /wp-includes/Requests/Utility/ HTTP/1.1" 404 33531 "-" "-"
52.169.211.170 - - [27/May/2025:23:42:05 -0400] "GET /wp-includes/js/codemirror/ HTTP/1.1" 403 1242 "-" "-"
52.169.211.170 - - [27/May/2025:23:42:06 -0400] "GET /wp-includes/js/crop/ HTTP/1.1" 403 1242 "-" "-"
52.169.211.170 - - [27/May/2025:23:42:06 -0400] "GET /wp-includes/images/media/ HTTP/1.1" 403 1242 "-" "-"
52.169.211.170 - - [27/May/2025:23:42:07 -0400] "GET /wp-includes/images/smilies/ HTTP/1.1" 403 1242 "-" "-"
52.169.211.170 - - [27/May/2025:23:42:07 -0400] "GET /wp-includes/images/wlw/ HTTP/1.1" 404 33475 "-" "-"
52.169.211.170 - - [27/May/2025:23:42:10 -0400] "GET /wp-includes/sodium_compat/src/ HTTP/1.1" 403 1242 "-" "-"
52.169.211.170 - - [27/May/2025:23:42:10 -0400] "GET /wp-includes/sitemaps/providers/ HTTP/1.1" 403 1242 "-" "-"
52.169.211.170 - - [27/May/2025:23:42:10 -0400] "GET /wp-includes/Text/Diff/Engine/Engine/ HTTP/1.1" 404 33561 "-" "-"
52.169.211.170 - - [27/May/2025:23:42:11 -0400] "GET /wp-includes/php-compat/ HTTP/1.1" 403 1242 "-" "-"
52.169.211.170 - - [27/May/2025:23:42:12 -0400] "GET /wp-includes/PHPMailer/ HTTP/1.1" 403 1242 "-" "-"
52.169.211.170 - - [27/May/2025:23:42:12 -0400] "GET /wp-includes/random_compat/ HTTP/1.1" 404 15046 "-" "-"
121.229.185.160 - - [27/May/2025:23:42:50 -0400] "GET / HTTP/1.1" 200 26171 "http://socialdigiinnovator.com" "Mozilla/5.0 (iPhone; CPU iPhone OS 13_2_3 like Mac OS X) AppleWebKit/605.1.15 (KHTML, like Gecko) Version/13.0.3 Mobile/15E148 Safari/604.1"
198.54.114.35 - - [27/May/2025:23:44:38 -0400] "POST /wp-cron.php?doing_wp_cron=1748403878.5120310783386230468750 HTTP/1.1" 200 0 "-" "WordPress/6.8.1; https://socialdigiinnovator.com"
54.161.130.54 - - [27/May/2025:23:48:19 -0400] "GET /.git/config HTTP/1.1" 403 1242 "-" "Mozilla/4.77 [en] (X11; I; IRIX;64 6.5 IP30)"
198.54.114.35 - - [27/May/2025:23:54:33 -0400] "POST /wp-cron.php?doing_wp_cron=1748404472.4786579608917236328125 HTTP/1.1" 200 0 "-" "WordPress/6.8.1; https://socialdigiinnovator.com"
54.36.148.137 - - [27/May/2025:23:54:28 -0400] "GET /bad-seo-practices-which-can-harm-your-business/ HTTP/1.1" 200 18925 "-" "Mozilla/5.0 (compatible; AhrefsBot/7.0; +http://ahrefs.com/robot/)"
107.151.248.138 - - [27/May/2025:23:58:45 -0400] "GET /wp-login.php HTTP/1.1" 302 0 "-" "Mozilla/5.0"
107.151.248.138 - - [27/May/2025:23:58:49 -0400] "GET /wp-login.php HTTP/1.1" 302 0 "-" "Mozilla/5.0"
2a03:2880:3ff:70:: - - [28/May/2025:00:13:19 -0400] "GET /robots.txt HTTP/1.1" 200 102 "-" "facebookexternalhit/1.1 (+http://www.facebook.com/externalhit_uatext.php)"
198.54.114.35 - - [28/May/2025:00:13:24 -0400] "POST /wp-cron.php?doing_wp_cron=1748405603.9239931106567382812500 HTTP/1.1" 200 0 "-" "WordPress/6.8.1; https://socialdigiinnovator.com"
77.220.192.97 - - [28/May/2025:00:30:18 -0400] "GET /wp-login.php?redirect_to=https%3A%2F%2Fsocialdigiinnovator.com%2Fwp-admin%2Fadmin.php&reauth=1 HTTP/1.1" 302 0 "-" "Mozilla/5.0 (Windows NT 10.0; Win64; x64) AppleWebKit/537.36 (KHTML, like Gecko) Chrome/115.0.0.0 Safari/537.36 Edg/115.0.1901.203"
47.236.38.150 - - [28/May/2025:00:37:07 -0400] "GET /wp-login.php HTTP/1.1" 302 0 "http://socialdigiinnovator.com/wp-admin/" "Mozilla/5.0 (Windows NT 10.0; Win64; x64) AppleWebKit/537.36 (KHTML, like Gecko) Chrome/90.0.4430.85 Safari/537.36"
198.54.114.35 - - [28/May/2025:00:37:13 -0400] "POST /wp-cron.php?doing_wp_cron=1748407033.5048899650573730468750 HTTP/1.1" 200 0 "-" "WordPress/6.8.1; https://socialdigiinnovator.com"
47.236.38.150 - - [28/May/2025:00:37:16 -0400] "GET /404 HTTP/1.1" 404 15046 "http://socialdigiinnovator.com/wp-admin/" "Mozilla/5.0 (Windows NT 10.0; Win64; x64) AppleWebKit/537.36 (KHTML, like Gecko) Chrome/90.0.4430.85 Safari/537.36"
107.151.209.246 - - [28/May/2025:00:38:19 -0400] "GET /wp-content/plugins/ph-file-manager/wp-file.php HTTP/1.1" 404 33542 "www.google.com" "Mozlila/5.0 (Linux; Android 7.0; SM-G892A Bulid/NRD90M; wv) AppleWebKit/537.36 (KHTML, like Gecko) Version/4.0 Chrome/60.0.3112.107 Moblie Safari/537.36"
107.151.209.246 - - [28/May/2025:00:38:20 -0400] "GET /wp-content/plugins/root-file-manager/wp-file.php HTTP/1.1" 404 33576 "www.google.com" "Mozlila/5.0 (Linux; Android 7.0; SM-G892A Bulid/NRD90M; wv) AppleWebKit/537.36 (KHTML, like Gecko) Version/4.0 Chrome/60.0.3112.107 Moblie Safari/537.36"
107.151.209.246 - - [28/May/2025:00:38:24 -0400] "GET /wp-content/themes/travel/issue.php HTTP/1.1" 404 33542 "www.google.com" "Mozlila/5.0 (Linux; Android 7.0; SM-G892A Bulid/NRD90M; wv) AppleWebKit/537.36 (KHTML, like Gecko) Version/4.0 Chrome/60.0.3112.107 Moblie Safari/537.36"
198.54.114.35 - - [28/May/2025:00:30:16 -0400] "POST /wp-cron.php?doing_wp_cron=1748406616.1962239742279052734375 HTTP/1.1" 200 0 "-" "WordPress/6.8.1; https://socialdigiinnovator.com"
77.220.192.97 - - [28/May/2025:00:30:06 -0400] "GET /wp-admin/admin.php HTTP/1.1" 302 0 "-" "Mozilla/5.0 (Windows NT 10.0; Win64; x64) AppleWebKit/537.36 (KHTML, like Gecko) Chrome/115.0.0.0 Safari/537.36 Edg/115.0.1901.203"
77.220.192.97 - - [28/May/2025:00:30:19 -0400] "GET /404 HTTP/1.1" 404 15045 "-" "Mozilla/5.0 (Windows NT 10.0; Win64; x64) AppleWebKit/537.36 (KHTML, like Gecko) Chrome/115.0.0.0 Safari/537.36 Edg/115.0.1901.203"
47.236.38.150 - - [28/May/2025:00:37:11 -0400] "GET /404 HTTP/1.1" 404 15064 "http://socialdigiinnovator.com/wp-admin/" "Mozilla/5.0 (Windows NT 10.0; Win64; x64) AppleWebKit/537.36 (KHTML, like Gecko) Chrome/90.0.4430.85 Safari/537.36"
47.236.38.150 - - [28/May/2025:00:37:15 -0400] "POST /404/wp-login.php HTTP/1.1" 302 0 "http://socialdigiinnovator.com/wp-admin/" "Mozilla/5.0 (Windows NT 10.0; Win64; x64) AppleWebKit/537.36 (KHTML, like Gecko) Chrome/90.0.4430.85 Safari/537.36"
47.236.38.150 - - [28/May/2025:00:37:16 -0400] "GET /404/wp-admin/ HTTP/1.1" 404 15064 "www.google.com" "Mozilla/5.0 (Windows NT 10.0; Win64; x64) AppleWebKit/537.36 (KHTML, like Gecko) Chrome/90.0.4430.85 Safari/537.36"
198.54.114.35 - - [28/May/2025:00:38:02 -0400] "POST /wp-cron.php?doing_wp_cron=1748407082.0528259277343750000000 HTTP/1.1" 200 0 "-" "WordPress/6.8.1; https://socialdigiinnovator.com"
107.151.209.246 - - [28/May/2025:00:38:01 -0400] "GET /wp-content/plugins/shell/about.php HTTP/1.1" 404 33522 "www.google.com" "Mozlila/5.0 (Linux; Android 7.0; SM-G892A Bulid/NRD90M; wv) AppleWebKit/537.36 (KHTML, like Gecko) Version/4.0 Chrome/60.0.3112.107 Moblie Safari/537.36"
107.151.209.246 - - [28/May/2025:00:38:07 -0400] "GET /wp-content/plugins/pwnd/pwnd.php HTTP/1.1" 404 33569 "www.google.com" "Mozlila/5.0 (Linux; Android 7.0; SM-G892A Bulid/NRD90M; wv) AppleWebKit/537.36 (KHTML, like Gecko) Version/4.0 Chrome/60.0.3112.107 Moblie Safari/537.36"
107.151.209.246 - - [28/May/2025:00:38:18 -0400] "GET /wp-content/plugins/fix/up.php HTTP/1.1" 404 33509 "www.google.com" "Mozlila/5.0 (Linux; Android 7.0; SM-G892A Bulid/NRD90M; wv) AppleWebKit/537.36 (KHTML, like Gecko) Version/4.0 Chrome/60.0.3112.107 Moblie Safari/537.36"
107.151.209.246 - - [28/May/2025:00:38:23 -0400] "GET /wp-content/plugins/wp-help/mini.php HTTP/1.1" 404 33555 "www.google.com" "Mozlila/5.0 (Linux; Android 7.0; SM-G892A Bulid/NRD90M; wv) AppleWebKit/537.36 (KHTML, like Gecko) Version/4.0 Chrome/60.0.3112.107 Moblie Safari/537.36"
107.151.209.246 - - [28/May/2025:00:38:37 -0400] "GET /wp-content/themes/jaida/lang.php HTTP/1.1" 404 33571 "www.google.com" "Mozlila/5.0 (Linux; Android 7.0; SM-G892A Bulid/NRD90M; wv) AppleWebKit/537.36 (KHTML, like Gecko) Version/4.0 Chrome/60.0.3112.107 Moblie Safari/537.36"
54.36.148.252 - - [28/May/2025:00:48:58 -0400] "GET /wp-content/themes/phlox-pro/css/images/svg/404.svg HTTP/1.1" 302 771 "-" "Mozilla/5.0 (compatible; AhrefsBot/7.0; +http://ahrefs.com/robot/)"
198.54.114.35 - - [28/May/2025:00:54:45 -0400] "POST /wp-cron.php?doing_wp_cron=1748408085.3119249343872070312500 HTTP/1.1" 200 0 "-" "WordPress/6.8.1; https://socialdigiinnovator.com"
198.54.114.35 - - [28/May/2025:00:48:33 -0400] "POST /wp-cron.php?doing_wp_cron=1748407712.8706660270690917968750 HTTP/1.1" 200 0 "-" "WordPress/6.8.1; https://socialdigiinnovator.com"
52.44.148.203 - - [28/May/2025:00:48:28 -0400] "GET /blog HTTP/1.1" 301 0 "-" "Mozilla/5.0 AppleWebKit/537.36 (KHTML, like Gecko; compatible; Amazonbot/0.1; +https://developer.amazon.com/support/amazonbot) Chrome/119.0.6045.214 Safari/537.36"
52.200.142.199 - - [28/May/2025:00:48:33 -0400] "GET /blog/ HTTP/1.1" 200 19398 "-" "Mozilla/5.0 AppleWebKit/537.36 (KHTML, like Gecko; compatible; Amazonbot/0.1; +https://developer.amazon.com/support/amazonbot) Chrome/119.0.6045.214 Safari/537.36"
188.166.110.6 - - [28/May/2025:00:54:41 -0400] "GET / HTTP/1.1" 200 0 "-" "Mozilla/5.0 (X11; Linux x86_64) AppleWebKit/537.36 (KHTML, like Gecko) Chrome/135.0.0.0 Safari/537.36"
178.23.189.67 - - [28/May/2025:01:14:44 -0400] "GET /importance-of-a-brand-logo/ HTTP/1.1" 200 18533 "https://socialdigiinnovator.com/importance-of-a-brand-logo/" "Mozilla/5.0 (Windows NT 10.0; Win64; x64) AppleWebKit/537.36 (KHTML, like Gecko) Chrome/131.0.0.0 Safari/537.36 Avast/131.0.0.0"
198.54.114.35 - - [28/May/2025:01:17:55 -0400] "POST /wp-cron.php?doing_wp_cron=1748409475.1117680072784423828125 HTTP/1.1" 200 0 "-" "WordPress/6.8.1; https://socialdigiinnovator.com"
198.54.114.35 - - [28/May/2025:01:14:48 -0400] "POST /wp-cron.php?doing_wp_cron=1748409288.4835491180419921875000 HTTP/1.1" 200 0 "-" "WordPress/6.8.1; https://socialdigiinnovator.com"
103.82.240.139 - - [28/May/2025:01:17:50 -0400] "GET /wp-login.php HTTP/1.1" 302 0 "-" "Mozilla/5.0 (Windows NT 10.0; Win64; x64) AppleWebKit/537.36 (KHTML, like Gecko) Chrome/120.0.6099.71 Safari/537.36"
103.82.240.139 - - [28/May/2025:01:17:53 -0400] "GET /404 HTTP/1.1" 404 15044 "-" "Mozilla/5.0 (Windows NT 10.0; Win64; x64) AppleWebKit/537.36 (KHTML, like Gecko) Chrome/120.0.6099.71 Safari/537.36"
185.191.171.18 - - [28/May/2025:01:25:02 -0400] "GET /robots.txt HTTP/1.1" 200 102 "-" "Mozilla/5.0 (compatible; SemrushBot/7~bl; +http://www.semrush.com/bot.html)"
198.54.114.35 - - [28/May/2025:01:33:35 -0400] "POST /wp-cron.php?doing_wp_cron=1748410414.6212449073791503906250 HTTP/1.1" 200 0 "-" "WordPress/6.8.1; https://socialdigiinnovator.com"
54.36.148.204 - - [28/May/2025:01:33:29 -0400] "GET /wp-sitemap.xml HTTP/1.1" 200 197 "-" "Mozilla/5.0 (compatible; AhrefsBot/7.0; +http://ahrefs.com/robot/)"
54.36.148.77 - - [28/May/2025:01:33:37 -0400] "GET /wp-sitemap-posts-post-1.xml HTTP/1.1" 200 524 "-" "Mozilla/5.0 (compatible; AhrefsBot/7.0; +http://ahrefs.com/robot/)"
54.36.148.51 - - [28/May/2025:01:33:38 -0400] "GET /wp-sitemap-posts-page-1.xml HTTP/1.1" 200 687 "-" "Mozilla/5.0 (compatible; AhrefsBot/7.0; +http://ahrefs.com/robot/)"
54.36.148.102 - - [28/May/2025:01:33:40 -0400] "GET /wp-sitemap-taxonomies-category-1.xml HTTP/1.1" 200 168 "-" "Mozilla/5.0 (compatible; AhrefsBot/7.0; +http://ahrefs.com/robot/)"
198.54.114.35 - - [28/May/2025:01:34:09 -0400] "POST /wp-cron.php?doing_wp_cron=1748410448.8085470199584960937500 HTTP/1.1" 200 0 "-" "WordPress/6.8.1; https://socialdigiinnovator.com"
44.197.76.210 - - [28/May/2025:01:34:08 -0400] "GET /virtual-assistant-services/ghl-expert/ HTTP/1.1" 200 16388 "-" "Mozilla/5.0 AppleWebKit/537.36 (KHTML, like Gecko; compatible; Amazonbot/0.1; +https://developer.amazon.com/support/amazonbot) Chrome/119.0.6045.214 Safari/537.36"
198.54.114.35 - - [28/May/2025:01:25:12 -0400] "POST /wp-cron.php?doing_wp_cron=1748409912.1507918834686279296875 HTTP/1.1" 200 0 "-" "WordPress/6.8.1; https://socialdigiinnovator.com"
185.191.171.7 - - [28/May/2025:01:25:13 -0400] "GET /prosperm39/aad13530.html HTTP/1.1" 404 15046 "-" "Mozilla/5.0 (compatible; SemrushBot/7~bl; +http://www.semrush.com/bot.html)"
198.54.114.35 - - [28/May/2025:01:33:39 -0400] "POST /wp-cron.php?doing_wp_cron=1748410419.0652060508728027343750 HTTP/1.1" 200 0 "-" "WordPress/6.8.1; https://socialdigiinnovator.com"
54.36.149.31 - - [28/May/2025:01:33:43 -0400] "GET /wp-sitemap-users-1.xml HTTP/1.1" 200 164 "-" "Mozilla/5.0 (compatible; AhrefsBot/7.0; +http://ahrefs.com/robot/)"
185.61.216.250 - - [28/May/2025:01:47:39 -0400] "GET / HTTP/1.1" 200 26175 "-" "Mozilla/5.0 (Windows NT 10.0) AppleWebKit/537.36 (KHTML, like Gecko) Chrome/72.0.3471.31 Safari/537.36"
185.61.216.250 - - [28/May/2025:01:47:47 -0400] "POST /wp-login.php HTTP/1.1" 302 0 "-" "Mozilla/5.0 (Windows NT 10.0) AppleWebKit/537.36 (KHTML, like Gecko) Chrome/72.0.3471.31 Safari/537.36"
77.220.195.93 - - [28/May/2025:01:47:50 -0400] "GET / HTTP/1.1" 200 26177 "-" "Mozilla/5.0 (Windows NT 6.1; Win64; x64) AppleWebKit/537.36 (KHTML, like Gecko) Chrome/78.0.2602.126 Safari/537.36"
77.220.195.93 - - [28/May/2025:01:47:52 -0400] "GET /wp-login.php HTTP/1.1" 302 0 "-" "Mozilla/5.0 (Windows NT 6.1; Win64; x64) AppleWebKit/537.36 (KHTML, like Gecko) Chrome/78.0.2602.126 Safari/537.36"
198.54.114.35 - - [28/May/2025:01:47:54 -0400] "POST /wp-cron.php?doing_wp_cron=1748411273.6069960594177246093750 HTTP/1.1" 200 0 "-" "WordPress/6.8.1; https://socialdigiinnovator.com"
77.220.195.93 - - [28/May/2025:01:47:56 -0400] "GET /wp-login.php?redirect_to=https%3A%2F%2Fsocialdigiinnovator.com%2Fwp-admin%2F&reauth=1 HTTP/1.1" 302 0 "-" "Mozilla/5.0 (Windows NT 6.1; Win64; x64) AppleWebKit/537.36 (KHTML, like Gecko) Chrome/78.0.2602.126 Safari/537.36"
77.220.195.93 - - [28/May/2025:01:47:57 -0400] "GET /404 HTTP/1.1" 404 15065 "-" "Mozilla/5.0 (Windows NT 6.1; Win64; x64) AppleWebKit/537.36 (KHTML, like Gecko) Chrome/78.0.2602.126 Safari/537.36"
198.54.114.35 - - [28/May/2025:01:47:44 -0400] "POST /wp-cron.php?doing_wp_cron=1748411263.8985309600830078125000 HTTP/1.1" 200 0 "-" "WordPress/6.8.1; https://socialdigiinnovator.com"
77.220.195.93 - - [28/May/2025:01:47:49 -0400] "GET / HTTP/1.1" 200 26173 "-" "Mozilla/5.0 (Windows NT 6.1; Win64; x64) AppleWebKit/537.36 (KHTML, like Gecko) Chrome/78.0.2602.126 Safari/537.36"
77.220.195.93 - - [28/May/2025:01:47:53 -0400] "GET /404 HTTP/1.1" 404 15047 "-" "Mozilla/5.0 (Windows NT 6.1; Win64; x64) AppleWebKit/537.36 (KHTML, like Gecko) Chrome/78.0.2602.126 Safari/537.36"
77.220.195.93 - - [28/May/2025:01:47:55 -0400] "GET /wp-admin/ HTTP/1.1" 302 0 "-" "Mozilla/5.0 (Windows NT 6.1; Win64; x64) AppleWebKit/537.36 (KHTML, like Gecko) Chrome/78.0.2602.126 Safari/537.36"
196.251.80.141 - - [28/May/2025:02:06:50 -0400] "GET / HTTP/1.1" 200 26173 "-" "Mozilla/5.0 (Windows NT 10.0; Win64; x64) AppleWebKit/537.36 (KHTML, like Gecko) Chrome/89.0.4389.114 Safari/537.36"
196.251.80.141 - - [28/May/2025:02:06:59 -0400] "GET / HTTP/1.1" 200 26174 "-" "Mozilla/5.0 (Windows NT 10.0; Win64; x64) AppleWebKit/537.36 (KHTML, like Gecko) Chrome/89.0.4389.114 Safari/537.36"
196.251.80.141 - - [28/May/2025:02:07:00 -0400] "GET //?author=1 HTTP/1.1" 403 1242 "-" "Mozilla/5.0 (Windows NT 10.0; Win64; x64) AppleWebKit/537.36 (KHTML, like Gecko) Chrome/89.0.4389.114 Safari/537.36"
196.251.80.141 - - [28/May/2025:02:07:00 -0400] "GET //?author=3 HTTP/1.1" 403 1242 "-" "Mozilla/5.0 (Windows NT 10.0; Win64; x64) AppleWebKit/537.36 (KHTML, like Gecko) Chrome/89.0.4389.114 Safari/537.36"
198.54.114.35 - - [28/May/2025:02:06:54 -0400] "POST /wp-cron.php?doing_wp_cron=1748412414.2515189647674560546875 HTTP/1.1" 200 0 "-" "WordPress/6.8.1; https://socialdigiinnovator.com"
196.251.80.141 - - [28/May/2025:02:06:58 -0400] "GET //wp-includes/wlwmanifest.xml HTTP/1.1" 301 0 "-" "Mozilla/5.0 (Windows NT 10.0; Win64; x64) AppleWebKit/537.36 (KHTML, like Gecko) Chrome/89.0.4389.114 Safari/537.36"
196.251.80.141 - - [28/May/2025:02:07:00 -0400] "GET //?author=2 HTTP/1.1" 403 1242 "-" "Mozilla/5.0 (Windows NT 10.0; Win64; x64) AppleWebKit/537.36 (KHTML, like Gecko) Chrome/89.0.4389.114 Safari/537.36"
196.251.80.141 - - [28/May/2025:02:07:01 -0400] "GET //wp-json/wp/v2/users/ HTTP/1.1" 200 938 "-" "Mozilla/5.0 (Windows NT 10.0; Win64; x64) AppleWebKit/537.36 (KHTML, like Gecko) Chrome/89.0.4389.114 Safari/537.36"
198.54.114.35 - - [28/May/2025:02:56:33 -0400] "POST /wp-cron.php?doing_wp_cron=1748415393.7924621105194091796875 HTTP/1.1" 200 0 "-" "WordPress/6.8.1; https://socialdigiinnovator.com"
222.79.103.59 - - [28/May/2025:02:56:30 -0400] "GET / HTTP/1.1" 301 0 "http://www.socialdigiinnovator.com" "Mozilla/5.0 (iPhone; CPU iPhone OS 13_2_3 like Mac OS X) AppleWebKit/605.1.15 (KHTML, like Gecko) Version/13.0.3 Mobile/15E148 Safari/604.1"
222.79.103.59 - - [28/May/2025:02:56:35 -0400] "GET / HTTP/1.1" 200 26179 "https://www.socialdigiinnovator.com/" "Mozilla/5.0 (iPhone; CPU iPhone OS 13_2_3 like Mac OS X) AppleWebKit/605.1.15 (KHTML, like Gecko) Version/13.0.3 Mobile/15E148 Safari/604.1"
198.54.114.35 - - [28/May/2025:02:40:36 -0400] "POST /wp-cron.php?doing_wp_cron=1748414436.1796989440917968750000 HTTP/1.1" 200 0 "-" "WordPress/6.8.1; https://socialdigiinnovator.com"
34.234.197.175 - - [28/May/2025:02:40:32 -0400] "GET /virtual-assistant-services/social-media-management/branding/ HTTP/1.1" 200 17336 "-" "Mozilla/5.0 AppleWebKit/537.36 (KHTML, like Gecko; compatible; Amazonbot/0.1; +https://developer.amazon.com/support/amazonbot) Chrome/119.0.6045.214 Safari/537.36"
198.54.114.35 - - [28/May/2025:03:37:02 -0400] "POST /wp-cron.php?doing_wp_cron=1748417822.5537059307098388671875 HTTP/1.1" 200 0 "-" "WordPress/6.8.1; https://socialdigiinnovator.com"
51.89.152.52 - - [28/May/2025:03:37:04 -0400] "GET //wp-includes/wlwmanifest.xml HTTP/1.1" 301 0 "-" "Mozilla/5.0 (Windows NT 10.0; Win64; x64) AppleWebKit/537.36 (KHTML, like Gecko) Chrome/88.0.4240.193 Safari/537.36"
198.54.114.35 - - [28/May/2025:03:39:41 -0400] "POST /wp-cron.php?doing_wp_cron=1748417981.6121199131011962890625 HTTP/1.1" 200 0 "-" "WordPress/6.8.1; https://socialdigiinnovator.com"
43.153.104.196 - - [28/May/2025:03:39:37 -0400] "GET / HTTP/1.1" 301 0 "http://www.socialdigiinnovator.com" "Mozilla/5.0 (iPhone; CPU iPhone OS 13_2_3 like Mac OS X) AppleWebKit/605.1.15 (KHTML, like Gecko) Version/13.0.3 Mobile/15E148 Safari/604.1"
51.89.152.52 - - [28/May/2025:03:36:58 -0400] "GET / HTTP/1.1" 200 26176 "-" "Mozilla/5.0 (Windows NT 10.0; Win64; x64) AppleWebKit/537.36 (KHTML, like Gecko) Chrome/88.0.4240.193 Safari/537.36"
51.89.152.52 - - [28/May/2025:03:37:05 -0400] "GET / HTTP/1.1" 200 26172 "-" "Mozilla/5.0 (Windows NT 10.0; Win64; x64) AppleWebKit/537.36 (KHTML, like Gecko) Chrome/88.0.4240.193 Safari/537.36"
43.153.104.196 - - [28/May/2025:03:39:43 -0400] "GET / HTTP/1.1" 200 21499 "https://www.socialdigiinnovator.com/" "Mozilla/5.0 (iPhone; CPU iPhone OS 13_2_3 like Mac OS X) AppleWebKit/605.1.15 (KHTML, like Gecko) Version/13.0.3 Mobile/15E148 Safari/604.1"
45.120.177.111 - - [28/May/2025:03:45:56 -0400] "GET /wp-content/themes/masterstudy/style.css HTTP/1.1" 404 33546 "-" "python-requests/2.32.3"
