185.177.72.210 - - [28/May/2025:04:54:01 -0400] "GET /test6.php HTTP/1.1" 404 15045 "-" "Mozilla/5.0 (Windows NT 10.0; Win64; x64) AppleWebKit/537.36 (KHTML, like Gecko) Chrome/91.0.4472.124 Safari/537.36"
185.177.72.210 - - [28/May/2025:04:54:06 -0400] "GET /test9.php HTTP/1.1" 404 15046 "-" "Mozilla/5.0 (Windows NT 10.0; Win64; x64) AppleWebKit/537.36 (KHTML, like Gecko) Chrome/91.0.4472.124 Safari/537.36"
185.177.72.210 - - [28/May/2025:04:54:08 -0400] "GET /test_info1.php HTTP/1.1" 404 15048 "-" "Mozilla/5.0 (Windows NT 10.0; Win64; x64) AppleWebKit/537.36 (KHTML, like Gecko) Chrome/91.0.4472.124 Safari/537.36"
52.178.176.182 - - [28/May/2025:04:53:47 -0400] "GET /wp-includes/blocks/calendar/index.php HTTP/1.1" 301 0 "-" "-"
185.177.72.210 - - [28/May/2025:04:53:47 -0400] "GET /test/aries-js-worker/fixtures/.env HTTP/1.1" 403 1242 "-" "Mozilla/5.0 (Windows NT 10.0; Win64; x64) AppleWebKit/537.36 (KHTML, like Gecko) Chrome/91.0.4472.124 Safari/537.36"
52.178.176.182 - - [28/May/2025:04:53:47 -0400] "GET /wp-includes/blocks/calendar/ HTTP/1.1" 403 1242 "-" "-"
185.177.72.210 - - [28/May/2025:04:53:47 -0400] "GET /test/bdd/fixtures/adapter-rest/.env HTTP/1.1" 403 1242 "-" "Mozilla/5.0 (Windows NT 10.0; Win64; x64) AppleWebKit/537.36 (KHTML, like Gecko) Chrome/91.0.4472.124 Safari/537.36"
185.177.72.210 - - [28/May/2025:04:53:48 -0400] "GET /test/bdd/fixtures/did-rest/.env HTTP/1.1" 403 1242 "-" "Mozilla/5.0 (Windows NT 10.0; Win64; x64) AppleWebKit/537.36 (KHTML, like Gecko) Chrome/91.0.4472.124 Safari/537.36"
185.177.72.210 - - [28/May/2025:04:53:49 -0400] "GET /test/bdd/fixtures/edv-rest/.env HTTP/1.1" 403 1242 "-" "Mozilla/5.0 (Windows NT 10.0; Win64; x64) AppleWebKit/537.36 (KHTML, like Gecko) Chrome/91.0.4472.124 Safari/537.36"
185.177.72.210 - - [28/May/2025:04:53:49 -0400] "GET /test/bdd/fixtures/openapi-demo/.env HTTP/1.1" 403 1242 "-" "Mozilla/5.0 (Windows NT 10.0; Win64; x64) AppleWebKit/537.36 (KHTML, like Gecko) Chrome/91.0.4472.124 Safari/537.36"
185.177.72.210 - - [28/May/2025:04:53:49 -0400] "GET /test/bdd/fixtures/universalresolver/.env HTTP/1.1" 403 1242 "-" "Mozilla/5.0 (Windows NT 10.0; Win64; x64) AppleWebKit/537.36 (KHTML, like Gecko) Chrome/91.0.4472.124 Safari/537.36"
185.177.72.210 - - [28/May/2025:04:53:50 -0400] "GET /test/fixtures/app_types/node/.env HTTP/1.1" 403 1242 "-" "Mozilla/5.0 (Windows NT 10.0; Win64; x64) AppleWebKit/537.36 (KHTML, like Gecko) Chrome/91.0.4472.124 Safari/537.36"
185.177.72.210 - - [28/May/2025:04:53:51 -0400] "GET /test0.php HTTP/1.1" 404 15046 "-" "Mozilla/5.0 (Windows NT 10.0; Win64; x64) AppleWebKit/537.36 (KHTML, like Gecko) Chrome/91.0.4472.124 Safari/537.36"
185.177.72.210 - - [28/May/2025:04:53:56 -0400] "GET /test123.php HTTP/1.1" 404 15045 "-" "Mozilla/5.0 (Windows NT 10.0; Win64; x64) AppleWebKit/537.36 (KHTML, like Gecko) Chrome/91.0.4472.124 Safari/537.36"
185.177.72.210 - - [28/May/2025:04:53:57 -0400] "GET /test2.php HTTP/1.1" 404 15054 "-" "Mozilla/5.0 (Windows NT 10.0; Win64; x64) AppleWebKit/537.36 (KHTML, like Gecko) Chrome/91.0.4472.124 Safari/537.36"
185.177.72.210 - - [28/May/2025:04:53:58 -0400] "GET /test3.php HTTP/1.1" 404 15046 "-" "Mozilla/5.0 (Windows NT 10.0; Win64; x64) AppleWebKit/537.36 (KHTML, like Gecko) Chrome/91.0.4472.124 Safari/537.36"
185.177.72.210 - - [28/May/2025:04:54:03 -0400] "GET /test7.php HTTP/1.1" 404 15045 "-" "Mozilla/5.0 (Windows NT 10.0; Win64; x64) AppleWebKit/537.36 (KHTML, like Gecko) Chrome/91.0.4472.124 Safari/537.36"
185.177.72.210 - - [28/May/2025:04:54:04 -0400] "GET /test8.php HTTP/1.1" 404 15046 "-" "Mozilla/5.0 (Windows NT 10.0; Win64; x64) AppleWebKit/537.36 (KHTML, like Gecko) Chrome/91.0.4472.124 Safari/537.36"
185.177.72.210 - - [28/May/2025:04:54:07 -0400] "GET /test_info.php HTTP/1.1" 404 15064 "-" "Mozilla/5.0 (Windows NT 10.0; Win64; x64) AppleWebKit/537.36 (KHTML, like Gecko) Chrome/91.0.4472.124 Safari/537.36"
185.177.72.210 - - [28/May/2025:04:54:11 -0400] "GET /test_info2.php HTTP/1.1" 404 15045 "-" "Mozilla/5.0 (Windows NT 10.0; Win64; x64) AppleWebKit/537.36 (KHTML, like Gecko) Chrome/91.0.4472.124 Safari/537.36"
185.177.72.210 - - [28/May/2025:04:54:20 -0400] "GET /test_phpinfo1.php HTTP/1.1" 404 15046 "-" "Mozilla/5.0 (Windows NT 10.0; Win64; x64) AppleWebKit/537.36 (KHTML, like Gecko) Chrome/91.0.4472.124 Safari/537.36"
43.166.1.243 - - [28/May/2025:04:54:21 -0400] "GET /facebook-as-a-lead-generation-magnet/ HTTP/1.1" 200 18247 "-" "Mozilla/5.0 (iPhone; CPU iPhone OS 13_2_3 like Mac OS X) AppleWebKit/605.1.15 (KHTML, like Gecko) Version/13.0.3 Mobile/15E148 Safari/604.1"
185.177.72.210 - - [28/May/2025:04:54:13 -0400] "GET /test_info3.php HTTP/1.1" 404 15045 "-" "Mozilla/5.0 (Windows NT 10.0; Win64; x64) AppleWebKit/537.36 (KHTML, like Gecko) Chrome/91.0.4472.124 Safari/537.36"
185.177.72.210 - - [28/May/2025:04:54:15 -0400] "GET /test_info4.php HTTP/1.1" 404 15047 "-" "Mozilla/5.0 (Windows NT 10.0; Win64; x64) AppleWebKit/537.36 (KHTML, like Gecko) Chrome/91.0.4472.124 Safari/537.36"
185.177.72.210 - - [28/May/2025:04:54:17 -0400] "GET /test_info5.php HTTP/1.1" 404 15051 "-" "Mozilla/5.0 (Windows NT 10.0; Win64; x64) AppleWebKit/537.36 (KHTML, like Gecko) Chrome/91.0.4472.124 Safari/537.36"
185.177.72.210 - - [28/May/2025:04:54:18 -0400] "GET /test_phpinfo.php HTTP/1.1" 404 15044 "-" "Mozilla/5.0 (Windows NT 10.0; Win64; x64) AppleWebKit/537.36 (KHTML, like Gecko) Chrome/91.0.4472.124 Safari/537.36"
185.177.72.210 - - [28/May/2025:04:54:22 -0400] "GET /test_phpinfo2.php HTTP/1.1" 404 15063 "-" "Mozilla/5.0 (Windows NT 10.0; Win64; x64) AppleWebKit/537.36 (KHTML, like Gecko) Chrome/91.0.4472.124 Safari/537.36"
185.177.72.210 - - [28/May/2025:04:54:23 -0400] "GET /test_phpinfo3.php HTTP/1.1" 404 15045 "-" "Mozilla/5.0 (Windows NT 10.0; Win64; x64) AppleWebKit/537.36 (KHTML, like Gecko) Chrome/91.0.4472.124 Safari/537.36"
185.177.72.210 - - [28/May/2025:04:54:25 -0400] "GET /test_phpinfo4.php HTTP/1.1" 404 15053 "-" "Mozilla/5.0 (Windows NT 10.0; Win64; x64) AppleWebKit/537.36 (KHTML, like Gecko) Chrome/91.0.4472.124 Safari/537.36"
185.177.72.210 - - [28/May/2025:04:54:28 -0400] "GET /tester.php HTTP/1.1" 404 15046 "-" "Mozilla/5.0 (Windows NT 10.0; Win64; x64) AppleWebKit/537.36 (KHTML, like Gecko) Chrome/91.0.4472.124 Safari/537.36"
185.177.72.210 - - [28/May/2025:04:54:30 -0400] "GET /testfiles/.env HTTP/1.1" 403 1242 "-" "Mozilla/5.0 (Windows NT 10.0; Win64; x64) AppleWebKit/537.36 (KHTML, like Gecko) Chrome/91.0.4472.124 Safari/537.36"
185.177.72.210 - - [28/May/2025:04:54:34 -0400] "GET /testing/ HTTP/1.1" 404 15044 "-" "Mozilla/5.0 (Windows NT 10.0; Win64; x64) AppleWebKit/537.36 (KHTML, like Gecko) Chrome/91.0.4472.124 Safari/537.36"
185.177.72.210 - - [28/May/2025:04:54:37 -0400] "GET /tests/.env HTTP/1.1" 403 1242 "-" "Mozilla/5.0 (Windows NT 10.0; Win64; x64) AppleWebKit/537.36 (KHTML, like Gecko) Chrome/91.0.4472.124 Safari/537.36"
185.177.72.210 - - [28/May/2025:04:54:37 -0400] "GET /Tests/Application/.env HTTP/1.1" 403 1242 "-" "Mozilla/5.0 (Windows NT 10.0; Win64; x64) AppleWebKit/537.36 (KHTML, like Gecko) Chrome/91.0.4472.124 Safari/537.36"
185.177.72.210 - - [28/May/2025:04:54:37 -0400] "GET /tests/default_settings/v10.0/.env HTTP/1.1" 403 1242 "-" "Mozilla/5.0 (Windows NT 10.0; Win64; x64) AppleWebKit/537.36 (KHTML, like Gecko) Chrome/91.0.4472.124 Safari/537.36"
185.177.72.210 - - [28/May/2025:04:54:38 -0400] "GET /tests/default_settings/v12.0/.env HTTP/1.1" 403 1242 "-" "Mozilla/5.0 (Windows NT 10.0; Win64; x64) AppleWebKit/537.36 (KHTML, like Gecko) Chrome/91.0.4472.124 Safari/537.36"
185.177.72.210 - - [28/May/2025:04:54:38 -0400] "GET /tests/default_settings/v13.0/.env HTTP/1.1" 403 1242 "-" "Mozilla/5.0 (Windows NT 10.0; Win64; x64) AppleWebKit/537.36 (KHTML, like Gecko) Chrome/91.0.4472.124 Safari/537.36"
185.177.72.210 - - [28/May/2025:04:54:39 -0400] "GET /tests/default_settings/v7.0/.env HTTP/1.1" 403 1242 "-" "Mozilla/5.0 (Windows NT 10.0; Win64; x64) AppleWebKit/537.36 (KHTML, like Gecko) Chrome/91.0.4472.124 Safari/537.36"
185.177.72.210 - - [28/May/2025:04:54:39 -0400] "GET /tests/default_settings/v8.0/.env HTTP/1.1" 403 1242 "-" "Mozilla/5.0 (Windows NT 10.0; Win64; x64) AppleWebKit/537.36 (KHTML, like Gecko) Chrome/91.0.4472.124 Safari/537.36"
185.177.72.210 - - [28/May/2025:04:54:39 -0400] "GET /tests/default_settings/v9.0/.env HTTP/1.1" 403 1242 "-" "Mozilla/5.0 (Windows NT 10.0; Win64; x64) AppleWebKit/537.36 (KHTML, like Gecko) Chrome/91.0.4472.124 Safari/537.36"
185.177.72.210 - - [28/May/2025:04:54:27 -0400] "GET /test_phpinfo5.php HTTP/1.1" 404 15065 "-" "Mozilla/5.0 (Windows NT 10.0; Win64; x64) AppleWebKit/537.36 (KHTML, like Gecko) Chrome/91.0.4472.124 Safari/537.36"
185.177.72.210 - - [28/May/2025:04:54:30 -0400] "GET /testing.php HTTP/1.1" 404 15046 "-" "Mozilla/5.0 (Windows NT 10.0; Win64; x64) AppleWebKit/537.36 (KHTML, like Gecko) Chrome/91.0.4472.124 Safari/537.36"
185.177.72.210 - - [28/May/2025:04:54:36 -0400] "GET /testing/.env HTTP/1.1" 403 1242 "-" "Mozilla/5.0 (Windows NT 10.0; Win64; x64) AppleWebKit/537.36 (KHTML, like Gecko) Chrome/91.0.4472.124 Safari/537.36"
185.177.72.210 - - [28/May/2025:04:54:37 -0400] "GET /testing/docker/.env HTTP/1.1" 403 1242 "-" "Mozilla/5.0 (Windows NT 10.0; Win64; x64) AppleWebKit/537.36 (KHTML, like Gecko) Chrome/91.0.4472.124 Safari/537.36"
185.177.72.210 - - [28/May/2025:04:54:38 -0400] "GET /tests/default_settings/v11.0/.env HTTP/1.1" 403 1242 "-" "Mozilla/5.0 (Windows NT 10.0; Win64; x64) AppleWebKit/537.36 (KHTML, like Gecko) Chrome/91.0.4472.124 Safari/537.36"
185.177.72.210 - - [28/May/2025:04:54:40 -0400] "GET /tests/todo-react/.env HTTP/1.1" 403 1242 "-" "Mozilla/5.0 (Windows NT 10.0; Win64; x64) AppleWebKit/537.36 (KHTML, like Gecko) Chrome/91.0.4472.124 Safari/537.36"
185.177.72.210 - - [28/May/2025:04:54:40 -0400] "GET /testwork_json/.env HTTP/1.1" 403 1242 "-" "Mozilla/5.0 (Windows NT 10.0; Win64; x64) AppleWebKit/537.36 (KHTML, like Gecko) Chrome/91.0.4472.124 Safari/537.36"
185.177.72.210 - - [28/May/2025:04:54:40 -0400] "GET /theme/.env HTTP/1.1" 403 1242 "-" "Mozilla/5.0 (Windows NT 10.0; Win64; x64) AppleWebKit/537.36 (KHTML, like Gecko) Chrome/91.0.4472.124 Safari/537.36"
185.177.72.210 - - [28/May/2025:04:54:41 -0400] "GET /theme_static/.env HTTP/1.1" 403 1242 "-" "Mozilla/5.0 (Windows NT 10.0; Win64; x64) AppleWebKit/537.36 (KHTML, like Gecko) Chrome/91.0.4472.124 Safari/537.36"
185.177.72.210 - - [28/May/2025:04:54:41 -0400] "GET /tiedostot/.env HTTP/1.1" 403 1242 "-" "Mozilla/5.0 (Windows NT 10.0; Win64; x64) AppleWebKit/537.36 (KHTML, like Gecko) Chrome/91.0.4472.124 Safari/537.36"
185.177.72.210 - - [28/May/2025:04:54:41 -0400] "GET /time.php HTTP/1.1" 404 15044 "-" "Mozilla/5.0 (Windows NT 10.0; Win64; x64) AppleWebKit/537.36 (KHTML, like Gecko) Chrome/91.0.4472.124 Safari/537.36"
185.177.72.210 - - [28/May/2025:04:54:44 -0400] "GET /tmp/.env HTTP/1.1" 403 1242 "-" "Mozilla/5.0 (Windows NT 10.0; Win64; x64) AppleWebKit/537.36 (KHTML, like Gecko) Chrome/91.0.4472.124 Safari/537.36"
185.177.72.210 - - [28/May/2025:04:54:45 -0400] "GET /tmp/logs HTTP/1.1" 404 15043 "-" "Mozilla/5.0 (Windows NT 10.0; Win64; x64) AppleWebKit/537.36 (KHTML, like Gecko) Chrome/91.0.4472.124 Safari/537.36"
185.177.72.210 - - [28/May/2025:04:54:47 -0400] "GET /token.php HTTP/1.1" 404 15064 "-" "Mozilla/5.0 (Windows NT 10.0; Win64; x64) AppleWebKit/537.36 (KHTML, like Gecko) Chrome/91.0.4472.124 Safari/537.36"
185.177.72.210 - - [28/May/2025:04:54:54 -0400] "GET /ts/prime/.env HTTP/1.1" 403 1242 "-" "Mozilla/5.0 (Windows NT 10.0; Win64; x64) AppleWebKit/537.36 (KHTML, like Gecko) Chrome/91.0.4472.124 Safari/537.36"
185.177.72.210 - - [28/May/2025:04:54:58 -0400] "GET /ubuntu/.env HTTP/1.1" 403 1242 "-" "Mozilla/5.0 (Windows NT 10.0; Win64; x64) AppleWebKit/537.36 (KHTML, like Gecko) Chrome/91.0.4472.124 Safari/537.36"
185.177.72.210 - - [28/May/2025:04:54:59 -0400] "GET /unsplash-downloader/.env HTTP/1.1" 403 1242 "-" "Mozilla/5.0 (Windows NT 10.0; Win64; x64) AppleWebKit/537.36 (KHTML, like Gecko) Chrome/91.0.4472.124 Safari/537.36"
185.177.72.210 - - [28/May/2025:04:55:02 -0400] "GET /uploads/.env HTTP/1.1" 403 1242 "-" "Mozilla/5.0 (Windows NT 10.0; Win64; x64) AppleWebKit/537.36 (KHTML, like Gecko) Chrome/91.0.4472.124 Safari/537.36"
185.177.72.210 - - [28/May/2025:04:55:02 -0400] "GET /urlmem-app/.env HTTP/1.1" 403 1242 "-" "Mozilla/5.0 (Windows NT 10.0; Win64; x64) AppleWebKit/537.36 (KHTML, like Gecko) Chrome/91.0.4472.124 Safari/537.36"
185.177.72.210 - - [28/May/2025:04:54:39 -0400] "GET /tests/drupal-test/.env HTTP/1.1" 403 1242 "-" "Mozilla/5.0 (Windows NT 10.0; Win64; x64) AppleWebKit/537.36 (KHTML, like Gecko) Chrome/91.0.4472.124 Safari/537.36"
185.177.72.210 - - [28/May/2025:04:54:40 -0400] "GET /tests/Integration/Environment/.env HTTP/1.1" 403 1242 "-" "Mozilla/5.0 (Windows NT 10.0; Win64; x64) AppleWebKit/537.36 (KHTML, like Gecko) Chrome/91.0.4472.124 Safari/537.36"
185.177.72.210 - - [28/May/2025:04:54:41 -0400] "GET /thumb/.env HTTP/1.1" 403 1242 "-" "Mozilla/5.0 (Windows NT 10.0; Win64; x64) AppleWebKit/537.36 (KHTML, like Gecko) Chrome/91.0.4472.124 Safari/537.36"
185.177.72.210 - - [28/May/2025:04:54:41 -0400] "GET /thumbs/.env HTTP/1.1" 403 1242 "-" "Mozilla/5.0 (Windows NT 10.0; Win64; x64) AppleWebKit/537.36 (KHTML, like Gecko) Chrome/91.0.4472.124 Safari/537.36"
198.54.114.35 - - [28/May/2025:04:54:43 -0400] "POST /wp-cron.php?doing_wp_cron=1748422482.8626070022583007812500 HTTP/1.1" 200 0 "-" "WordPress/6.8.1; https://socialdigiinnovator.com"
185.177.72.210 - - [28/May/2025:04:54:45 -0400] "GET /tmp/config/.env HTTP/1.1" 403 1242 "-" "Mozilla/5.0 (Windows NT 10.0; Win64; x64) AppleWebKit/537.36 (KHTML, like Gecko) Chrome/91.0.4472.124 Safari/537.36"
185.177.72.210 - - [28/May/2025:04:54:50 -0400] "GET /tool/view/phpinfo.view.php HTTP/1.1" 404 33508 "-" "Mozilla/5.0 (Windows NT 10.0; Win64; x64) AppleWebKit/537.36 (KHTML, like Gecko) Chrome/91.0.4472.124 Safari/537.36"
185.177.72.210 - - [28/May/2025:04:54:53 -0400] "GET /tools/.env HTTP/1.1" 403 1242 "-" "Mozilla/5.0 (Windows NT 10.0; Win64; x64) AppleWebKit/537.36 (KHTML, like Gecko) Chrome/91.0.4472.124 Safari/537.36"
185.177.72.210 - - [28/May/2025:04:54:53 -0400] "GET /Travel_form/.env HTTP/1.1" 403 1242 "-" "Mozilla/5.0 (Windows NT 10.0; Win64; x64) AppleWebKit/537.36 (KHTML, like Gecko) Chrome/91.0.4472.124 Safari/537.36"
198.54.114.35 - - [28/May/2025:04:54:55 -0400] "POST /wp-cron.php?doing_wp_cron=1748422494.9416730403900146484375 HTTP/1.1" 200 0 "-" "WordPress/6.8.1; https://socialdigiinnovator.com"
185.177.72.210 - - [28/May/2025:04:54:54 -0400] "GET /tz.php HTTP/1.1" 404 15049 "-" "Mozilla/5.0 (Windows NT 10.0; Win64; x64) AppleWebKit/537.36 (KHTML, like Gecko) Chrome/91.0.4472.124 Safari/537.36"
185.177.72.210 - - [28/May/2025:04:54:56 -0400] "GET /u.php HTTP/1.1" 404 15045 "-" "Mozilla/5.0 (Windows NT 10.0; Win64; x64) AppleWebKit/537.36 (KHTML, like Gecko) Chrome/91.0.4472.124 Safari/537.36"
185.177.72.210 - - [28/May/2025:04:54:59 -0400] "GET /ui/.env HTTP/1.1" 403 1242 "-" "Mozilla/5.0 (Windows NT 10.0; Win64; x64) AppleWebKit/537.36 (KHTML, like Gecko) Chrome/91.0.4472.124 Safari/537.36"
185.177.72.210 - - [28/May/2025:04:54:59 -0400] "GET /unixtime/.env HTTP/1.1" 403 1242 "-" "Mozilla/5.0 (Windows NT 10.0; Win64; x64) AppleWebKit/537.36 (KHTML, like Gecko) Chrome/91.0.4472.124 Safari/537.36"
185.177.72.210 - - [28/May/2025:04:54:59 -0400] "GET /up.php HTTP/1.1" 404 15044 "-" "Mozilla/5.0 (Windows NT 10.0; Win64; x64) AppleWebKit/537.36 (KHTML, like Gecko) Chrome/91.0.4472.124 Safari/537.36"
185.177.72.210 - - [28/May/2025:04:55:01 -0400] "GET /upfiles/.env HTTP/1.1" 403 1242 "-" "Mozilla/5.0 (Windows NT 10.0; Win64; x64) AppleWebKit/537.36 (KHTML, like Gecko) Chrome/91.0.4472.124 Safari/537.36"
185.177.72.210 - - [28/May/2025:04:55:02 -0400] "GET /upload/.env HTTP/1.1" 403 1242 "-" "Mozilla/5.0 (Windows NT 10.0; Win64; x64) AppleWebKit/537.36 (KHTML, like Gecko) Chrome/91.0.4472.124 Safari/537.36"
185.177.72.210 - - [28/May/2025:04:55:03 -0400] "GET /user/login HTTP/1.1" 404 15044 "-" "Mozilla/5.0 (Windows NT 10.0; Win64; x64) AppleWebKit/537.36 (KHTML, like Gecko) Chrome/91.0.4472.124 Safari/537.36"
185.177.72.210 - - [28/May/2025:04:55:05 -0400] "GET /User_info/.env HTTP/1.1" 403 1242 "-" "Mozilla/5.0 (Windows NT 10.0; Win64; x64) AppleWebKit/537.36 (KHTML, like Gecko) Chrome/91.0.4472.124 Safari/537.36"
185.177.72.210 - - [28/May/2025:04:55:02 -0400] "GET /user/.env.staging HTTP/1.1" 403 1242 "-" "Mozilla/5.0 (Windows NT 10.0; Win64; x64) AppleWebKit/537.36 (KHTML, like Gecko) Chrome/91.0.4472.124 Safari/537.36"
185.177.72.210 - - [28/May/2025:04:55:05 -0400] "GET /v1/.env HTTP/1.1" 403 1242 "-" "Mozilla/5.0 (Windows NT 10.0; Win64; x64) AppleWebKit/537.36 (KHTML, like Gecko) Chrome/91.0.4472.124 Safari/537.36"
185.177.72.210 - - [28/May/2025:04:55:07 -0400] "GET /v1/debug/ HTTP/1.1" 404 15046 "-" "Mozilla/5.0 (Windows NT 10.0; Win64; x64) AppleWebKit/537.36 (KHTML, like Gecko) Chrome/91.0.4472.124 Safari/537.36"
185.177.72.210 - - [28/May/2025:04:55:09 -0400] "GET /v1/private/ HTTP/1.1" 404 15046 "-" "Mozilla/5.0 (Windows NT 10.0; Win64; x64) AppleWebKit/537.36 (KHTML, like Gecko) Chrome/91.0.4472.124 Safari/537.36"
185.177.72.210 - - [28/May/2025:04:55:12 -0400] "GET /v2/.env HTTP/1.1" 403 1242 "-" "Mozilla/5.0 (Windows NT 10.0; Win64; x64) AppleWebKit/537.36 (KHTML, like Gecko) Chrome/91.0.4472.124 Safari/537.36"
185.177.72.210 - - [28/May/2025:04:55:12 -0400] "GET /var/backup/.env HTTP/1.1" 403 1242 "-" "Mozilla/5.0 (Windows NT 10.0; Win64; x64) AppleWebKit/537.36 (KHTML, like Gecko) Chrome/91.0.4472.124 Safari/537.36"
185.177.72.210 - - [28/May/2025:04:55:12 -0400] "GET /vendor/.env HTTP/1.1" 403 1242 "-" "Mozilla/5.0 (Windows NT 10.0; Win64; x64) AppleWebKit/537.36 (KHTML, like Gecko) Chrome/91.0.4472.124 Safari/537.36"
185.177.72.210 - - [28/May/2025:04:55:12 -0400] "GET /vendor/github.com/subosito/gotenv/.env HTTP/1.1" 403 1242 "-" "Mozilla/5.0 (Windows NT 10.0; Win64; x64) AppleWebKit/537.36 (KHTML, like Gecko) Chrome/91.0.4472.124 Safari/537.36"
185.177.72.210 - - [28/May/2025:04:55:13 -0400] "GET /vendors~main.f286c0f60bdc707d91a8.bundle.js HTTP/1.1" 404 15051 "-" "Mozilla/5.0 (Windows NT 10.0; Win64; x64) AppleWebKit/537.36 (KHTML, like Gecko) Chrome/91.0.4472.124 Safari/537.36"
185.177.72.210 - - [28/May/2025:04:55:14 -0400] "GET /vercel.json HTTP/1.1" 404 15045 "-" "Mozilla/5.0 (Windows NT 10.0; Win64; x64) AppleWebKit/537.36 (KHTML, like Gecko) Chrome/91.0.4472.124 Safari/537.36"
185.177.72.210 - - [28/May/2025:04:55:15 -0400] "GET /videos/.env HTTP/1.1" 403 1242 "-" "Mozilla/5.0 (Windows NT 10.0; Win64; x64) AppleWebKit/537.36 (KHTML, like Gecko) Chrome/91.0.4472.124 Safari/537.36"
185.177.72.210 - - [28/May/2025:04:55:15 -0400] "GET /vite.config.ts HTTP/1.1" 404 15046 "-" "Mozilla/5.0 (Windows NT 10.0; Win64; x64) AppleWebKit/537.36 (KHTML, like Gecko) Chrome/91.0.4472.124 Safari/537.36"
185.177.72.210 - - [28/May/2025:04:55:17 -0400] "GET /vue-end/vue-til/.env HTTP/1.1" 403 1242 "-" "Mozilla/5.0 (Windows NT 10.0; Win64; x64) AppleWebKit/537.36 (KHTML, like Gecko) Chrome/91.0.4472.124 Safari/537.36"
185.177.72.210 - - [28/May/2025:04:55:17 -0400] "GET /vue/.env HTTP/1.1" 403 1242 "-" "Mozilla/5.0 (Windows NT 10.0; Win64; x64) AppleWebKit/537.36 (KHTML, like Gecko) Chrome/91.0.4472.124 Safari/537.36"
185.177.72.210 - - [28/May/2025:04:55:17 -0400] "GET /vue/vuecli/.env HTTP/1.1" 403 1242 "-" "Mozilla/5.0 (Windows NT 10.0; Win64; x64) AppleWebKit/537.36 (KHTML, like Gecko) Chrome/91.0.4472.124 Safari/537.36"
185.177.72.210 - - [28/May/2025:04:55:21 -0400] "GET /web/.env HTTP/1.1" 404 15045 "-" "Mozilla/5.0 (Windows NT 10.0; Win64; x64) AppleWebKit/537.36 (KHTML, like Gecko) Chrome/91.0.4472.124 Safari/537.36"
185.177.72.210 - - [28/May/2025:04:55:23 -0400] "GET /web/debug/default/view HTTP/1.1" 404 33460 "-" "Mozilla/5.0 (Windows NT 10.0; Win64; x64) AppleWebKit/537.36 (KHTML, like Gecko) Chrome/91.0.4472.124 Safari/537.36"
185.177.72.210 - - [28/May/2025:04:55:25 -0400] "GET /webpack-stats.json HTTP/1.1" 404 15046 "-" "Mozilla/5.0 (Windows NT 10.0; Win64; x64) AppleWebKit/537.36 (KHTML, like Gecko) Chrome/91.0.4472.124 Safari/537.36"
185.177.72.210 - - [28/May/2025:04:55:27 -0400] "GET /webpack.config.js HTTP/1.1" 404 15047 "-" "Mozilla/5.0 (Windows NT 10.0; Win64; x64) AppleWebKit/537.36 (KHTML, like Gecko) Chrome/91.0.4472.124 Safari/537.36"
185.177.72.210 - - [28/May/2025:04:55:06 -0400] "GET /v1/admin/ HTTP/1.1" 404 15044 "-" "Mozilla/5.0 (Windows NT 10.0; Win64; x64) AppleWebKit/537.36 (KHTML, like Gecko) Chrome/91.0.4472.124 Safari/537.36"
185.177.72.210 - - [28/May/2025:04:55:12 -0400] "GET /vendor/github.com/gobuffalo/envy/.env HTTP/1.1" 403 1242 "-" "Mozilla/5.0 (Windows NT 10.0; Win64; x64) AppleWebKit/537.36 (KHTML, like Gecko) Chrome/91.0.4472.124 Safari/537.36"
185.177.72.210 - - [28/May/2025:04:55:17 -0400] "GET /vm-docker-compose/.env HTTP/1.1" 403 1242 "-" "Mozilla/5.0 (Windows NT 10.0; Win64; x64) AppleWebKit/537.36 (KHTML, like Gecko) Chrome/91.0.4472.124 Safari/537.36"
185.177.72.210 - - [28/May/2025:04:55:17 -0400] "GET /vod_installer/.env HTTP/1.1" 403 1242 "-" "Mozilla/5.0 (Windows NT 10.0; Win64; x64) AppleWebKit/537.36 (KHTML, like Gecko) Chrome/91.0.4472.124 Safari/537.36"
185.177.72.210 - - [28/May/2025:04:55:18 -0400] "GET /vue_CRM/.env HTTP/1.1" 403 1242 "-" "Mozilla/5.0 (Windows NT 10.0; Win64; x64) AppleWebKit/537.36 (KHTML, like Gecko) Chrome/91.0.4472.124 Safari/537.36"
185.177.72.210 - - [28/May/2025:04:55:18 -0400] "GET /w.php HTTP/1.1" 404 15044 "-" "Mozilla/5.0 (Windows NT 10.0; Win64; x64) AppleWebKit/537.36 (KHTML, like Gecko) Chrome/91.0.4472.124 Safari/537.36"
185.177.72.210 - - [28/May/2025:04:55:20 -0400] "GET /web-dist/.env HTTP/1.1" 403 1242 "-" "Mozilla/5.0 (Windows NT 10.0; Win64; x64) AppleWebKit/537.36 (KHTML, like Gecko) Chrome/91.0.4472.124 Safari/537.36"
185.177.72.210 - - [28/May/2025:04:55:20 -0400] "GET /web.config HTTP/1.1" 403 1242 "-" "Mozilla/5.0 (Windows NT 10.0; Win64; x64) AppleWebKit/537.36 (KHTML, like Gecko) Chrome/91.0.4472.124 Safari/537.36"
185.177.72.210 - - [28/May/2025:04:55:20 -0400] "GET /web.php HTTP/1.1" 404 15046 "-" "Mozilla/5.0 (Windows NT 10.0; Win64; x64) AppleWebKit/537.36 (KHTML, like Gecko) Chrome/91.0.4472.124 Safari/537.36"
185.177.72.210 - - [28/May/2025:04:55:25 -0400] "GET /Web/siteMariage/.env HTTP/1.1" 403 1242 "-" "Mozilla/5.0 (Windows NT 10.0; Win64; x64) AppleWebKit/537.36 (KHTML, like Gecko) Chrome/91.0.4472.124 Safari/537.36"
185.177.72.210 - - [28/May/2025:04:55:28 -0400] "GET /webroot_path/.env HTTP/1.1" 403 1242 "-" "Mozilla/5.0 (Windows NT 10.0; Win64; x64) AppleWebKit/537.36 (KHTML, like Gecko) Chrome/91.0.4472.124 Safari/537.36"
185.177.72.210 - - [28/May/2025:04:55:29 -0400] "GET /well-known/.env HTTP/1.1" 403 1242 "-" "Mozilla/5.0 (Windows NT 10.0; Win64; x64) AppleWebKit/537.36 (KHTML, like Gecko) Chrome/91.0.4472.124 Safari/537.36"
185.177.72.210 - - [28/May/2025:04:55:30 -0400] "GET /windows/tests/9.2.x/.env HTTP/1.1" 403 1242 "-" "Mozilla/5.0 (Windows NT 10.0; Win64; x64) AppleWebKit/537.36 (KHTML, like Gecko) Chrome/91.0.4472.124 Safari/537.36"
185.177.72.210 - - [28/May/2025:04:55:30 -0400] "GET /windows/tests/9.3.x/.env HTTP/1.1" 403 1242 "-" "Mozilla/5.0 (Windows NT 10.0; Win64; x64) AppleWebKit/537.36 (KHTML, like Gecko) Chrome/91.0.4472.124 Safari/537.36"
185.177.72.210 - - [28/May/2025:04:55:30 -0400] "GET /workspace/.env HTTP/1.1" 403 1242 "-" "Mozilla/5.0 (Windows NT 10.0; Win64; x64) AppleWebKit/537.36 (KHTML, like Gecko) Chrome/91.0.4472.124 Safari/537.36"
185.177.72.210 - - [28/May/2025:04:55:31 -0400] "GET /wp-content/.env HTTP/1.1" 403 1242 "-" "Mozilla/5.0 (Windows NT 10.0; Win64; x64) AppleWebKit/537.36 (KHTML, like Gecko) Chrome/91.0.4472.124 Safari/537.36"
185.177.72.210 - - [28/May/2025:04:55:32 -0400] "GET /wp-login.php HTTP/1.1" 302 0 "-" "Mozilla/5.0 (Windows NT 10.0; Win64; x64) AppleWebKit/537.36 (KHTML, like Gecko) Chrome/91.0.4472.124 Safari/537.36"
185.177.72.210 - - [28/May/2025:04:55:34 -0400] "GET /wp.php HTTP/1.1" 404 15044 "-" "Mozilla/5.0 (Windows NT 10.0; Win64; x64) AppleWebKit/537.36 (KHTML, like Gecko) Chrome/91.0.4472.124 Safari/537.36"
185.177.72.210 - - [28/May/2025:04:55:37 -0400] "GET /wpp-config.php~ HTTP/1.1" 404 15062 "-" "Mozilla/5.0 (Windows NT 10.0; Win64; x64) AppleWebKit/537.36 (KHTML, like Gecko) Chrome/91.0.4472.124 Safari/537.36"
185.177.72.210 - - [28/May/2025:04:55:28 -0400] "GET /website/.env HTTP/1.1" 403 1242 "-" "Mozilla/5.0 (Windows NT 10.0; Win64; x64) AppleWebKit/537.36 (KHTML, like Gecko) Chrome/91.0.4472.124 Safari/537.36"
185.177.72.210 - - [28/May/2025:04:55:29 -0400] "GET /websocket/.env HTTP/1.1" 403 1242 "-" "Mozilla/5.0 (Windows NT 10.0; Win64; x64) AppleWebKit/537.36 (KHTML, like Gecko) Chrome/91.0.4472.124 Safari/537.36"
185.177.72.210 - - [28/May/2025:04:55:29 -0400] "GET /webstatic/.env HTTP/1.1" 403 1242 "-" "Mozilla/5.0 (Windows NT 10.0; Win64; x64) AppleWebKit/537.36 (KHTML, like Gecko) Chrome/91.0.4472.124 Safari/537.36"
185.177.72.210 - - [28/May/2025:04:55:29 -0400] "GET /webui/.env HTTP/1.1" 403 1242 "-" "Mozilla/5.0 (Windows NT 10.0; Win64; x64) AppleWebKit/537.36 (KHTML, like Gecko) Chrome/91.0.4472.124 Safari/537.36"
185.177.72.210 - - [28/May/2025:04:55:30 -0400] "GET /whturk/.env HTTP/1.1" 403 1242 "-" "Mozilla/5.0 (Windows NT 10.0; Win64; x64) AppleWebKit/537.36 (KHTML, like Gecko) Chrome/91.0.4472.124 Safari/537.36"
185.177.72.210 - - [28/May/2025:04:55:30 -0400] "GET /wordpress/.env HTTP/1.1" 403 1242 "-" "Mozilla/5.0 (Windows NT 10.0; Win64; x64) AppleWebKit/537.36 (KHTML, like Gecko) Chrome/91.0.4472.124 Safari/537.36"
185.177.72.210 - - [28/May/2025:04:55:31 -0400] "GET /wp-config.old HTTP/1.1" 403 1242 "-" "Mozilla/5.0 (Windows NT 10.0; Win64; x64) AppleWebKit/537.36 (KHTML, like Gecko) Chrome/91.0.4472.124 Safari/537.36"
185.177.72.210 - - [28/May/2025:04:55:31 -0400] "GET /wp-config.txt HTTP/1.1" 403 1242 "-" "Mozilla/5.0 (Windows NT 10.0; Win64; x64) AppleWebKit/537.36 (KHTML, like Gecko) Chrome/91.0.4472.124 Safari/537.36"
185.177.72.210 - - [28/May/2025:04:55:31 -0400] "GET /wp-content/debug.log HTTP/1.1" 404 15048 "-" "Mozilla/5.0 (Windows NT 10.0; Win64; x64) AppleWebKit/537.36 (KHTML, like Gecko) Chrome/91.0.4472.124 Safari/537.36"
185.177.72.210 - - [28/May/2025:04:55:33 -0400] "GET /404 HTTP/1.1" 404 15045 "-" "Mozilla/5.0 (Windows NT 10.0; Win64; x64) AppleWebKit/537.36 (KHTML, like Gecko) Chrome/91.0.4472.124 Safari/537.36"
185.177.72.210 - - [28/May/2025:04:55:34 -0400] "GET /wp-login/.env HTTP/1.1" 403 1242 "-" "Mozilla/5.0 (Windows NT 10.0; Win64; x64) AppleWebKit/537.36 (KHTML, like Gecko) Chrome/91.0.4472.124 Safari/537.36"
185.177.72.210 - - [28/May/2025:04:55:36 -0400] "GET /wp/.env HTTP/1.1" 404 15052 "-" "Mozilla/5.0 (Windows NT 10.0; Win64; x64) AppleWebKit/537.36 (KHTML, like Gecko) Chrome/91.0.4472.124 Safari/537.36"
198.54.114.35 - - [28/May/2025:04:55:38 -0400] "POST /wp-cron.php?doing_wp_cron=1748422538.3320560455322265625000 HTTP/1.1" 200 0 "-" "WordPress/6.8.1; https://socialdigiinnovator.com"
185.177.72.210 - - [28/May/2025:04:55:39 -0400] "GET /www-data/.env HTTP/1.1" 403 1242 "-" "Mozilla/5.0 (Windows NT 10.0; Win64; x64) AppleWebKit/537.36 (KHTML, like Gecko) Chrome/91.0.4472.124 Safari/537.36"
185.177.72.210 - - [28/May/2025:04:55:40 -0400] "GET /x.php HTTP/1.1" 404 15045 "-" "Mozilla/5.0 (Windows NT 10.0; Win64; x64) AppleWebKit/537.36 (KHTML, like Gecko) Chrome/91.0.4472.124 Safari/537.36"
185.177.72.210 - - [28/May/2025:04:55:43 -0400] "GET /xx-final/vue-heroes/.env HTTP/1.1" 403 1242 "-" "Mozilla/5.0 (Windows NT 10.0; Win64; x64) AppleWebKit/537.36 (KHTML, like Gecko) Chrome/91.0.4472.124 Safari/537.36"
185.177.72.210 - - [28/May/2025:04:55:43 -0400] "GET /yarn.lock HTTP/1.1" 404 15044 "-" "Mozilla/5.0 (Windows NT 10.0; Win64; x64) AppleWebKit/537.36 (KHTML, like Gecko) Chrome/91.0.4472.124 Safari/537.36"
185.177.72.210 - - [28/May/2025:04:55:44 -0400] "GET /zmusic-frontend/.env HTTP/1.1" 403 1242 "-" "Mozilla/5.0 (Windows NT 10.0; Win64; x64) AppleWebKit/537.36 (KHTML, like Gecko) Chrome/91.0.4472.124 Safari/537.36"
185.177.72.210 - - [28/May/2025:04:55:44 -0400] "GET /:80/.env HTTP/1.1" 403 1242 "-" "Mozilla/5.0 (Windows NT 10.0; Win64; x64) AppleWebKit/537.36 (KHTML, like Gecko) Chrome/91.0.4472.124 Safari/537.36"
185.177.72.210 - - [28/May/2025:04:55:39 -0400] "GET /www/.env HTTP/1.1" 403 1242 "-" "Mozilla/5.0 (Windows NT 10.0; Win64; x64) AppleWebKit/537.36 (KHTML, like Gecko) Chrome/91.0.4472.124 Safari/537.36"
185.177.72.210 - - [28/May/2025:04:55:44 -0400] "GET /:443/.env HTTP/1.1" 403 1242 "-" "Mozilla/5.0 (Windows NT 10.0; Win64; x64) AppleWebKit/537.36 (KHTML, like Gecko) Chrome/91.0.4472.124 Safari/537.36"
198.54.114.35 - - [28/May/2025:05:02:40 -0400] "POST /wp-cron.php?doing_wp_cron=1748422960.4569931030273437500000 HTTP/1.1" 200 0 "-" "WordPress/6.8.1; https://socialdigiinnovator.com"
43.157.142.101 - - [28/May/2025:05:02:33 -0400] "GET /top-4-fears-of-entrepreneurs/ HTTP/1.1" 200 18637 "-" "Mozilla/5.0 (iPhone; CPU iPhone OS 13_2_3 like Mac OS X) AppleWebKit/605.1.15 (KHTML, like Gecko) Version/13.0.3 Mobile/15E148 Safari/604.1"
185.177.72.210 - - [28/May/2025:04:55:45 -0400] "GET /:8080/.env HTTP/1.1" 403 1242 "-" "Mozilla/5.0 (Windows NT 10.0; Win64; x64) AppleWebKit/537.36 (KHTML, like Gecko) Chrome/91.0.4472.124 Safari/537.36"
185.177.72.210 - - [28/May/2025:04:55:45 -0400] "GET /:8081/.env HTTP/1.1" 403 1242 "-" "Mozilla/5.0 (Windows NT 10.0; Win64; x64) AppleWebKit/537.36 (KHTML, like Gecko) Chrome/91.0.4472.124 Safari/537.36"
185.177.72.210 - - [28/May/2025:04:55:45 -0400] "GET /:8443/.env HTTP/1.1" 403 1242 "-" "Mozilla/5.0 (Windows NT 10.0; Win64; x64) AppleWebKit/537.36 (KHTML, like Gecko) Chrome/91.0.4472.124 Safari/537.36"
51.68.111.240 - - [28/May/2025:04:57:45 -0400] "GET / HTTP/1.1" 302 771 "-" "Mozilla/5.0 (compatible; MJ12bot/v2.0.2; http://mj12bot.com/)"
198.54.114.35 - - [28/May/2025:05:10:53 -0400] "POST /wp-cron.php?doing_wp_cron=1748423453.3879449367523193359375 HTTP/1.1" 200 0 "-" "WordPress/6.8.1; https://socialdigiinnovator.com"
2a0a:8dc0:0:1d0::2 - - [28/May/2025:05:10:46 -0400] "GET / HTTP/1.1" 301 0 "http://www.socialdigiinnovator.com" "Mozilla/5.0 (Windows NT 10.0; Win64; x64; rv:136.0) Gecko/20100101 Firefox/136.0"
2a0a:8dc0:0:1d0::2 - - [28/May/2025:05:10:54 -0400] "GET / HTTP/1.1" 200 26172 "https://www.socialdigiinnovator.com/" "Mozilla/5.0 (Windows NT 10.0; Win64; x64; rv:136.0) Gecko/20100101 Firefox/136.0"
2a0a:8dc0:0:1d0::2 - - [28/May/2025:05:10:57 -0400] "GET /ads.txt HTTP/1.1" 404 15045 "http://socialdigiinnovator.com/ads.txt" "Mozilla/5.0 (Windows NT 10.0; Win64; x64; rv:136.0) Gecko/20100101 Firefox/136.0"
170.106.165.76 - - [28/May/2025:05:14:35 -0400] "GET /wp-content/uploads/2023/02/Facebook-as-a-lead-generation-magnet-scaled-150x84.webp HTTP/1.1" 200 46108 "-" "Mozilla/5.0 (iPhone; CPU iPhone OS 13_2_3 like Mac OS X) AppleWebKit/605.1.15 (KHTML, like Gecko) Version/13.0.3 Mobile/15E148 Safari/604.1"
198.54.114.35 - - [28/May/2025:05:23:13 -0400] "POST /wp-cron.php?doing_wp_cron=1748424193.6164979934692382812500 HTTP/1.1" 200 0 "-" "WordPress/6.8.1; https://socialdigiinnovator.com"
43.153.36.110 - - [28/May/2025:05:23:06 -0400] "GET /ultimate-list-of-facebook/ HTTP/1.1" 200 16535 "-" "Mozilla/5.0 (iPhone; CPU iPhone OS 13_2_3 like Mac OS X) AppleWebKit/605.1.15 (KHTML, like Gecko) Version/13.0.3 Mobile/15E148 Safari/604.1"
198.54.114.35 - - [28/May/2025:05:28:56 -0400] "POST /wp-cron.php?doing_wp_cron=1748424536.4663169384002685546875 HTTP/1.1" 200 0 "-" "WordPress/6.8.1; https://socialdigiinnovator.com"
85.208.96.212 - - [28/May/2025:05:28:48 -0400] "GET /robots.txt HTTP/1.1" 200 102 "-" "Mozilla/5.0 (compatible; SemrushBot/7~bl; +http://www.semrush.com/bot.html)"
185.191.171.5 - - [28/May/2025:05:28:57 -0400] "GET /subhyalin94/fd3273768.htm HTTP/1.1" 404 15064 "-" "Mozilla/5.0 (compatible; SemrushBot/7~bl; +http://www.semrush.com/bot.html)"
44.213.36.21 - - [28/May/2025:05:41:30 -0400] "GET /perks-of-hiring-a-va-things-you-need-to-know/ HTTP/1.1" 200 0 "-" "Mozilla/5.0 AppleWebKit/537.36 (KHTML, like Gecko; compatible; Amazonbot/0.1; +https://developer.amazon.com/support/amazonbot) Chrome/119.0.6045.214 Safari/537.36"
44.214.19.8 - - [28/May/2025:05:41:32 -0400] "GET /5-ways-to-generate-compelling-content-ideas/ HTTP/1.1" 200 18109 "-" "Mozilla/5.0 AppleWebKit/537.36 (KHTML, like Gecko; compatible; Amazonbot/0.1; +https://developer.amazon.com/support/amazonbot) Chrome/119.0.6045.214 Safari/537.36"
43.166.1.243 - - [28/May/2025:05:43:32 -0400] "GET /wp-json/wp/v2/pages/3839 HTTP/1.1" 200 8277 "-" "Mozilla/5.0 (iPhone; CPU iPhone OS 13_2_3 like Mac OS X) AppleWebKit/605.1.15 (KHTML, like Gecko) Version/13.0.3 Mobile/15E148 Safari/604.1"
206.189.95.232 - - [28/May/2025:05:44:18 -0400] "GET / HTTP/1.1" 200 0 "-" "-"
198.54.114.35 - - [28/May/2025:05:44:19 -0400] "POST /wp-cron.php?doing_wp_cron=1748425458.8683249950408935546875 HTTP/1.1" 200 0 "-" "WordPress/6.8.1; https://socialdigiinnovator.com"
206.189.95.232 - - [28/May/2025:05:44:19 -0400] "GET / HTTP/1.1" 200 9980 "-" "Mozilla/5.0 (Linux; Android 6.0; HTC One M9 Build/MRA615981) AppleWebKit/537.36 (KHTML, like Gecko) Chrome/52.0.3161.98 Mobile Safari/537.3"
206.189.95.232 - - [28/May/2025:05:44:24 -0400] "GET /actuator/env HTTP/1.1" 404 15046 "-" "Go-http-client/1.1"
206.189.95.232 - - [28/May/2025:05:44:26 -0400] "GET /server HTTP/1.1" 404 15064 "-" "Go-http-client/1.1"
206.189.95.232 - - [28/May/2025:05:44:29 -0400] "GET /.vscode/sftp.json HTTP/1.1" 404 15053 "-" "Go-http-client/1.1"
206.189.95.232 - - [28/May/2025:05:44:44 -0400] "GET /login.action HTTP/1.1" 404 15046 "-" "Go-http-client/1.1"
206.189.95.232 - - [28/May/2025:05:44:52 -0400] "GET /.env HTTP/1.1" 403 1242 "-" "Go-http-client/1.1"
198.54.114.35 - - [28/May/2025:05:44:54 -0400] "POST /wp-cron.php?doing_wp_cron=1748425494.1805179119110107421875 HTTP/1.1" 200 0 "-" "WordPress/6.8.1; https://socialdigiinnovator.com"
206.189.95.232 - - [28/May/2025:05:44:59 -0400] "GET /telescope/requests HTTP/1.1" 404 15047 "-" "Go-http-client/1.1"
116.71.185.135 - - [28/May/2025:05:45:01 -0400] "GET /talk HTTP/1.1" 301 0 "-" "Mozilla/5.0 (iPhone; CPU iPhone OS 18_5 like Mac OS X) AppleWebKit/605.1.15 (KHTML, like Gecko) Version/18.5 Mobile/15E148 Safari/604.1"
206.189.95.232 - - [28/May/2025:05:45:01 -0400] "GET /info.php HTTP/1.1" 404 15045 "-" "Go-http-client/1.1"
116.71.185.135 - - [28/May/2025:05:45:04 -0400] "GET /talk/ HTTP/1.1" 200 17857 "-" "Mozilla/5.0 (iPhone; CPU iPhone OS 18_5 like Mac OS X) AppleWebKit/605.1.15 (KHTML, like Gecko) Version/18.5 Mobile/15E148 Safari/604.1"
116.71.185.135 - - [28/May/2025:05:45:07 -0400] "GET /wp-content/plugins/elementor/assets/lib/font-awesome/js/v4-shims.min.js?ver=3.29.0 HTTP/1.1" 304 0 "https://socialdigiinnovator.com/talk/" "Mozilla/5.0 (iPhone; CPU iPhone OS 18_5 like Mac OS X) AppleWebKit/605.1.15 (KHTML, like Gecko) Version/18.5 Mobile/15E148 Safari/604.1"
116.71.185.135 - - [28/May/2025:05:45:07 -0400] "GET /wp-includes/js/jquery/jquery-migrate.min.js?ver=3.4.1 HTTP/1.1" 304 0 "https://socialdigiinnovator.com/talk/" "Mozilla/5.0 (iPhone; CPU iPhone OS 18_5 like Mac OS X) AppleWebKit/605.1.15 (KHTML, like Gecko) Version/18.5 Mobile/15E148 Safari/604.1"
116.71.185.135 - - [28/May/2025:05:45:07 -0400] "GET /wp-content/themes/phlox-pro/js/solo/modernizr-custom.min.js?ver=5.17.6 HTTP/1.1" 304 0 "https://socialdigiinnovator.com/talk/" "Mozilla/5.0 (iPhone; CPU iPhone OS 18_5 like Mac OS X) AppleWebKit/605.1.15 (KHTML, like Gecko) Version/18.5 Mobile/15E148 Safari/604.1"
116.71.185.135 - - [28/May/2025:05:45:07 -0400] "GET /wp-content/themes/phlox-pro/js/scripts.min.js?ver=5.17.6 HTTP/1.1" 304 0 "https://socialdigiinnovator.com/talk/" "Mozilla/5.0 (iPhone; CPU iPhone OS 18_5 like Mac OS X) AppleWebKit/605.1.15 (KHTML, like Gecko) Version/18.5 Mobile/15E148 Safari/604.1"
198.54.114.35 - - [28/May/2025:05:34:19 -0400] "POST /wp-cron.php?doing_wp_cron=1748424859.2208170890808105468750 HTTP/1.1" 200 0 "-" "WordPress/6.8.1; https://socialdigiinnovator.com"
43.157.22.57 - - [28/May/2025:05:34:12 -0400] "GET /tips-to-optimize-landing-page-for-better-conversion/ HTTP/1.1" 200 19483 "-" "Mozilla/5.0 (iPhone; CPU iPhone OS 13_2_3 like Mac OS X) AppleWebKit/605.1.15 (KHTML, like Gecko) Version/13.0.3 Mobile/15E148 Safari/604.1"
198.54.114.35 - - [28/May/2025:05:41:38 -0400] "POST /wp-cron.php?doing_wp_cron=1748425298.5484890937805175781250 HTTP/1.1" 200 0 "-" "WordPress/6.8.1; https://socialdigiinnovator.com"
198.54.114.35 - - [28/May/2025:05:43:39 -0400] "POST /wp-cron.php?doing_wp_cron=1748425419.3497428894042968750000 HTTP/1.1" 200 0 "-" "WordPress/6.8.1; https://socialdigiinnovator.com"
206.189.95.232 - - [28/May/2025:05:44:22 -0400] "GET /@vite/env HTTP/1.1" 404 15045 "-" "Go-http-client/1.1"
206.189.95.232 - - [28/May/2025:05:44:32 -0400] "GET /about HTTP/1.1" 404 15045 "-" "Go-http-client/1.1"
206.189.95.232 - - [28/May/2025:05:44:35 -0400] "GET /debug/default/view?panel=config HTTP/1.1" 404 31643 "-" "Go-http-client/1.1"
198.54.114.35 - - [28/May/2025:05:44:39 -0400] "POST /wp-cron.php?doing_wp_cron=1748425479.7019450664520263671875 HTTP/1.1" 200 0 "-" "WordPress/6.8.1; https://socialdigiinnovator.com"
206.189.95.232 - - [28/May/2025:05:44:38 -0400] "GET /v2/_catalog HTTP/1.1" 404 15063 "-" "Go-http-client/1.1"
206.189.95.232 - - [28/May/2025:05:44:41 -0400] "GET /ecp/Current/exporttool/microsoft.exchange.ediscovery.exporttool.application HTTP/1.1" 404 28810 "-" "Go-http-client/1.1"
206.189.95.232 - - [28/May/2025:05:44:46 -0400] "GET /_all_dbs HTTP/1.1" 404 15046 "-" "Mozilla/5.0 (l9scan/2.0.33e27393e2431313e2838313; +https://leakix.net)"
206.189.95.232 - - [28/May/2025:05:44:48 -0400] "GET /.DS_Store HTTP/1.1" 200 0 "-" "Go-http-client/1.1"
206.189.95.232 - - [28/May/2025:05:44:52 -0400] "GET /.git/config HTTP/1.1" 403 1242 "-" "Go-http-client/1.1"
206.189.95.232 - - [28/May/2025:05:44:53 -0400] "GET /s/33e27393e2431313e2838313/_/;/META-INF/maven/com.atlassian.jira/jira-webapp-dist/pom.properties HTTP/1.1" 200 0 "-" "Go-http-client/1.1"
206.189.95.232 - - [28/May/2025:05:44:56 -0400] "GET /config.json HTTP/1.1" 200 0 "-" "Go-http-client/1.1"
206.189.95.232 - - [28/May/2025:05:45:04 -0400] "GET /?rest_route=/wp/v2/users/ HTTP/1.1" 200 0 "-" "Go-http-client/1.1"
116.71.185.135 - - [28/May/2025:05:45:07 -0400] "GET /wp-content/plugins/auxin-pro-tools/admin/assets/js/elementor/widgets.js?ver=1.9.5 HTTP/1.1" 304 0 "https://socialdigiinnovator.com/talk/" "Mozilla/5.0 (iPhone; CPU iPhone OS 18_5 like Mac OS X) AppleWebKit/605.1.15 (KHTML, like Gecko) Version/18.5 Mobile/15E148 Safari/604.1"
116.71.185.135 - - [28/May/2025:05:45:07 -0400] "GET /wp-includes/js/jquery/jquery.min.js?ver=3.7.1 HTTP/1.1" 304 0 "https://socialdigiinnovator.com/talk/" "Mozilla/5.0 (iPhone; CPU iPhone OS 18_5 like Mac OS X) AppleWebKit/605.1.15 (KHTML, like Gecko) Version/18.5 Mobile/15E148 Safari/604.1"
116.71.185.135 - - [28/May/2025:05:45:07 -0400] "GET /wp-includes/js/imagesloaded.min.js?ver=5.0.0 HTTP/1.1" 304 0 "https://socialdigiinnovator.com/talk/" "Mozilla/5.0 (iPhone; CPU iPhone OS 18_5 like Mac OS X) AppleWebKit/605.1.15 (KHTML, like Gecko) Version/18.5 Mobile/15E148 Safari/604.1"
116.71.185.135 - - [28/May/2025:05:45:07 -0400] "GET /wp-content/plugins/auxin-elements/public/assets/js/plugins.min.js?ver=2.17.6 HTTP/1.1" 304 0 "https://socialdigiinnovator.com/talk/" "Mozilla/5.0 (iPhone; CPU iPhone OS 18_5 like Mac OS X) AppleWebKit/605.1.15 (KHTML, like Gecko) Version/18.5 Mobile/15E148 Safari/604.1"
116.71.185.135 - - [28/May/2025:05:45:07 -0400] "GET /wp-content/themes/phlox-pro/js/plugins.min.js?ver=5.17.6 HTTP/1.1" 304 0 "https://socialdigiinnovator.com/talk/" "Mozilla/5.0 (iPhone; CPU iPhone OS 18_5 like Mac OS X) AppleWebKit/605.1.15 (KHTML, like Gecko) Version/18.5 Mobile/15E148 Safari/604.1"
116.71.185.135 - - [28/May/2025:05:45:07 -0400] "GET /wp-content/plugins/auxin-elements/admin/assets/js/elementor/widgets.js?ver=2.17.6 HTTP/1.1" 304 0 "https://socialdigiinnovator.com/talk/" "Mozilla/5.0 (iPhone; CPU iPhone OS 18_5 like Mac OS X) AppleWebKit/605.1.15 (KHTML, like Gecko) Version/18.5 Mobile/15E148 Safari/604.1"
116.71.185.135 - - [28/May/2025:05:45:07 -0400] "GET /wp-includes/js/dist/i18n.min.js?ver=5e580eb46a90c2b997e6 HTTP/1.1" 304 0 "https://socialdigiinnovator.com/talk/" "Mozilla/5.0 (iPhone; CPU iPhone OS 18_5 like Mac OS X) AppleWebKit/605.1.15 (KHTML, like Gecko) Version/18.5 Mobile/15E148 Safari/604.1"
116.71.185.135 - - [28/May/2025:05:45:07 -0400] "GET /wp-content/plugins/auxin-elements/public/assets/js/scripts.js?ver=2.17.6 HTTP/1.1" 304 0 "https://socialdigiinnovator.com/talk/" "Mozilla/5.0 (iPhone; CPU iPhone OS 18_5 like Mac OS X) AppleWebKit/605.1.15 (KHTML, like Gecko) Version/18.5 Mobile/15E148 Safari/604.1"
116.71.185.135 - - [28/May/2025:05:45:07 -0400] "GET /wp-content/plugins/auxin-pro-tools/public/assets/js/pro-tools.js?ver=1.9.5 HTTP/1.1" 304 0 "https://socialdigiinnovator.com/talk/" "Mozilla/5.0 (iPhone; CPU iPhone OS 18_5 like Mac OS X) AppleWebKit/605.1.15 (KHTML, like Gecko) Version/18.5 Mobile/15E148 Safari/604.1"
116.71.185.135 - - [28/May/2025:05:45:07 -0400] "GET /wp-content/plugins/elementor-pro/assets/js/frontend.min.js?ver=3.29.0 HTTP/1.1" 304 0 "https://socialdigiinnovator.com/talk/" "Mozilla/5.0 (iPhone; CPU iPhone OS 18_5 like Mac OS X) AppleWebKit/605.1.15 (KHTML, like Gecko) Version/18.5 Mobile/15E148 Safari/604.1"
116.71.185.135 - - [28/May/2025:05:45:07 -0400] "GET /wp-includes/js/mediaelement/mediaelement-migrate.min.js?ver=6.8.1 HTTP/1.1" 304 0 "https://socialdigiinnovator.com/talk/" "Mozilla/5.0 (iPhone; CPU iPhone OS 18_5 like Mac OS X) AppleWebKit/605.1.15 (KHTML, like Gecko) Version/18.5 Mobile/15E148 Safari/604.1"
116.71.185.135 - - [28/May/2025:05:45:07 -0400] "GET /wp-content/plugins/elementor-pro/assets/js/elements-handlers.min.js?ver=3.29.0 HTTP/1.1" 304 0 "https://socialdigiinnovator.com/talk/" "Mozilla/5.0 (iPhone; CPU iPhone OS 18_5 like Mac OS X) AppleWebKit/605.1.15 (KHTML, like Gecko) Version/18.5 Mobile/15E148 Safari/604.1"
116.71.185.135 - - [28/May/2025:05:45:07 -0400] "GET /wp-includes/js/dist/hooks.min.js?ver=4d63a3d491d11ffd8ac6 HTTP/1.1" 304 0 "https://socialdigiinnovator.com/talk/" "Mozilla/5.0 (iPhone; CPU iPhone OS 18_5 like Mac OS X) AppleWebKit/605.1.15 (KHTML, like Gecko) Version/18.5 Mobile/15E148 Safari/604.1"
116.71.185.135 - - [28/May/2025:05:45:07 -0400] "GET /wp-content/plugins/elementor/assets/js/webpack.runtime.min.js?ver=3.29.0 HTTP/1.1" 304 0 "https://socialdigiinnovator.com/talk/" "Mozilla/5.0 (iPhone; CPU iPhone OS 18_5 like Mac OS X) AppleWebKit/605.1.15 (KHTML, like Gecko) Version/18.5 Mobile/15E148 Safari/604.1"
116.71.185.135 - - [28/May/2025:05:45:07 -0400] "GET /wp-content/plugins/elementor-pro/assets/js/webpack-pro.runtime.min.js?ver=3.29.0 HTTP/1.1" 304 0 "https://socialdigiinnovator.com/talk/" "Mozilla/5.0 (iPhone; CPU iPhone OS 18_5 like Mac OS X) AppleWebKit/605.1.15 (KHTML, like Gecko) Version/18.5 Mobile/15E148 Safari/604.1"
116.71.185.135 - - [28/May/2025:05:45:07 -0400] "GET /wp-content/plugins/contact-form-7/includes/js/index.js?ver=6.0.6 HTTP/1.1" 304 0 "https://socialdigiinnovator.com/talk/" "Mozilla/5.0 (iPhone; CPU iPhone OS 18_5 like Mac OS X) AppleWebKit/605.1.15 (KHTML, like Gecko) Version/18.5 Mobile/15E148 Safari/604.1"
116.71.185.135 - - [28/May/2025:05:45:07 -0400] "GET /wp-content/plugins/contact-form-7/includes/swv/js/index.js?ver=6.0.6 HTTP/1.1" 304 0 "https://socialdigiinnovator.com/talk/" "Mozilla/5.0 (iPhone; CPU iPhone OS 18_5 like Mac OS X) AppleWebKit/605.1.15 (KHTML, like Gecko) Version/18.5 Mobile/15E148 Safari/604.1"
116.71.185.135 - - [28/May/2025:05:45:07 -0400] "GET /wp-includes/js/masonry.min.js?ver=4.2.2 HTTP/1.1" 304 0 "https://socialdigiinnovator.com/talk/" "Mozilla/5.0 (iPhone; CPU iPhone OS 18_5 like Mac OS X) AppleWebKit/605.1.15 (KHTML, like Gecko) Version/18.5 Mobile/15E148 Safari/604.1"
116.71.185.135 - - [28/May/2025:05:45:07 -0400] "GET /wp-includes/js/mediaelement/wp-mediaelement.min.js?ver=6.8.1 HTTP/1.1" 304 0 "https://socialdigiinnovator.com/talk/" "Mozilla/5.0 (iPhone; CPU iPhone OS 18_5 like Mac OS X) AppleWebKit/605.1.15 (KHTML, like Gecko) Version/18.5 Mobile/15E148 Safari/604.1"
116.71.185.135 - - [28/May/2025:05:45:07 -0400] "GET /wp-content/uploads/phlox-pro/custom.js?ver=3.3 HTTP/1.1" 304 0 "https://socialdigiinnovator.com/talk/" "Mozilla/5.0 (iPhone; CPU iPhone OS 18_5 like Mac OS X) AppleWebKit/605.1.15 (KHTML, like Gecko) Version/18.5 Mobile/15E148 Safari/604.1"
116.71.185.135 - - [28/May/2025:05:45:07 -0400] "GET /wp-includes/js/jquery/ui/core.min.js?ver=1.13.3 HTTP/1.1" 304 0 "https://socialdigiinnovator.com/talk/" "Mozilla/5.0 (iPhone; CPU iPhone OS 18_5 like Mac OS X) AppleWebKit/605.1.15 (KHTML, like Gecko) Version/18.5 Mobile/15E148 Safari/604.1"
116.71.185.135 - - [28/May/2025:05:45:07 -0400] "GET /wp-content/plugins/elementor/assets/lib/jquery-numerator/jquery-numerator.min.js?ver=0.2.1 HTTP/1.1" 304 0 "https://socialdigiinnovator.com/talk/" "Mozilla/5.0 (iPhone; CPU iPhone OS 18_5 like Mac OS X) AppleWebKit/605.1.15 (KHTML, like Gecko) Version/18.5 Mobile/15E148 Safari/604.1"
116.71.185.135 - - [28/May/2025:05:45:07 -0400] "GET /wp-includes/js/mediaelement/mediaelement-and-player.min.js?ver=4.2.17 HTTP/1.1" 304 0 "https://socialdigiinnovator.com/talk/" "Mozilla/5.0 (iPhone; CPU iPhone OS 18_5 like Mac OS X) AppleWebKit/605.1.15 (KHTML, like Gecko) Version/18.5 Mobile/15E148 Safari/604.1"
116.71.185.135 - - [28/May/2025:05:45:08 -0400] "GET /wp-content/uploads/elementor/google-fonts/fonts/opensans-memvyags126mizpba-uvwbx2vvnxbbobj2ovts-muw.woff2 HTTP/1.1" 200 48236 "https://socialdigiinnovator.com/talk/" "Mozilla/5.0 (iPhone; CPU iPhone OS 18_5 like Mac OS X) AppleWebKit/605.1.15 (KHTML, like Gecko) Version/18.5 Mobile/15E148 Safari/604.1"
116.71.185.135 - - [28/May/2025:05:45:08 -0400] "GET /wp-content/uploads/elementor/google-fonts/fonts/quicksand-6xktdszam9ie8kbpra_hk1qn.woff2 HTTP/1.1" 200 28360 "https://socialdigiinnovator.com/talk/" "Mozilla/5.0 (iPhone; CPU iPhone OS 18_5 like Mac OS X) AppleWebKit/605.1.15 (KHTML, like Gecko) Version/18.5 Mobile/15E148 Safari/604.1"
116.71.185.135 - - [28/May/2025:05:45:08 -0400] "GET /wp-content/uploads/2022/08/aa.mkv HTTP/1.1" 200 21490065 "https://socialdigiinnovator.com/talk/" "Mozilla/5.0 (iPhone; CPU iPhone OS 18_5 like Mac OS X) AppleWebKit/605.1.15 (KHTML, like Gecko) Version/18.5 Mobile/15E148 Safari/604.1"
116.71.185.135 - - [28/May/2025:05:45:18 -0400] "GET /wp-content/plugins/elementor/assets/js/section-frontend-handlers.d85ab872da118940910d.bundle.min.js HTTP/1.1" 304 0 "https://socialdigiinnovator.com/talk/" "Mozilla/5.0 (iPhone; CPU iPhone OS 18_5 like Mac OS X) AppleWebKit/605.1.15 (KHTML, like Gecko) Version/18.5 Mobile/15E148 Safari/604.1"
116.71.185.135 - - [28/May/2025:05:45:18 -0400] "GET /wp-content/plugins/elementor/assets/js/shared-frontend-handlers.30dc2f9c080845a413a6.bundle.min.js HTTP/1.1" 304 0 "https://socialdigiinnovator.com/talk/" "Mozilla/5.0 (iPhone; CPU iPhone OS 18_5 like Mac OS X) AppleWebKit/605.1.15 (KHTML, like Gecko) Version/18.5 Mobile/15E148 Safari/604.1"
116.71.185.135 - - [28/May/2025:05:45:07 -0400] "GET /wp-content/plugins/elementor/assets/js/frontend.min.js?ver=3.29.0 HTTP/1.1" 304 0 "https://socialdigiinnovator.com/talk/" "Mozilla/5.0 (iPhone; CPU iPhone OS 18_5 like Mac OS X) AppleWebKit/605.1.15 (KHTML, like Gecko) Version/18.5 Mobile/15E148 Safari/604.1"
116.71.185.135 - - [28/May/2025:05:45:07 -0400] "GET /wp-content/plugins/elementor/assets/js/frontend-modules.min.js?ver=3.29.0 HTTP/1.1" 304 0 "https://socialdigiinnovator.com/talk/" "Mozilla/5.0 (iPhone; CPU iPhone OS 18_5 like Mac OS X) AppleWebKit/605.1.15 (KHTML, like Gecko) Version/18.5 Mobile/15E148 Safari/604.1"
116.71.185.135 - - [28/May/2025:05:45:08 -0400] "GET /wp-content/uploads/elementor/google-fonts/fonts/ubuntu-4icu6kvjbnbylgokej70l0k.woff2 HTTP/1.1" 200 36564 "https://socialdigiinnovator.com/talk/" "Mozilla/5.0 (iPhone; CPU iPhone OS 18_5 like Mac OS X) AppleWebKit/605.1.15 (KHTML, like Gecko) Version/18.5 Mobile/15E148 Safari/604.1"
116.71.185.135 - - [28/May/2025:05:45:08 -0400] "GET /wp-content/themes/phlox-pro/css/fonts/fontastic/auxicon/auxin-front.woff HTTP/1.1" 200 131252 "https://socialdigiinnovator.com/talk/" "Mozilla/5.0 (iPhone; CPU iPhone OS 18_5 like Mac OS X) AppleWebKit/605.1.15 (KHTML, like Gecko) Version/18.5 Mobile/15E148 Safari/604.1"
116.71.185.135 - - [28/May/2025:05:45:08 -0400] "GET /wp-content/uploads/2022/08/Cullum-BreakthroughLife.mp4 HTTP/1.1" 304 0 "https://socialdigiinnovator.com/talk/" "Mozilla/5.0 (iPhone; CPU iPhone OS 18_5 like Mac OS X) AppleWebKit/605.1.15 (KHTML, like Gecko) Version/18.5 Mobile/15E148 Safari/604.1"
116.71.185.135 - - [28/May/2025:05:45:08 -0400] "GET /wp-content/uploads/elementor/google-fonts/fonts/ubuntu-4ics6kvjbnbylgokfw72.woff2 HTTP/1.1" 200 34852 "https://socialdigiinnovator.com/talk/" "Mozilla/5.0 (iPhone; CPU iPhone OS 18_5 like Mac OS X) AppleWebKit/605.1.15 (KHTML, like Gecko) Version/18.5 Mobile/15E148 Safari/604.1"
116.71.185.135 - - [28/May/2025:05:45:08 -0400] "GET /wp-content/uploads/elementor/google-fonts/fonts/oswald-tk3iwkuhhaijg752gt8g.woff2 HTTP/1.1" 200 28512 "https://socialdigiinnovator.com/talk/" "Mozilla/5.0 (iPhone; CPU iPhone OS 18_5 like Mac OS X) AppleWebKit/605.1.15 (KHTML, like Gecko) Version/18.5 Mobile/15E148 Safari/604.1"
116.71.185.135 - - [28/May/2025:05:45:08 -0400] "GET /wp-content/uploads/2022/08/talk-%E2%80%93-Social-Digi-Innovators.mkv HTTP/1.1" 304 0 "https://socialdigiinnovator.com/talk/" "Mozilla/5.0 (iPhone; CPU iPhone OS 18_5 like Mac OS X) AppleWebKit/605.1.15 (KHTML, like Gecko) Version/18.5 Mobile/15E148 Safari/604.1"
