2605:59c8:264f:9210:2c1a:1348:49b1:211c - - [27/May/2025:18:10:45 -0400] "GET /wp-includes/js/jquery/jquery-migrate.min.js?ver=3.4.1 HTTP/1.1" 304 0 "https://socialdigiinnovator.com/talk/" "Mozilla/5.0 (Windows NT 10.0; Win64; x64) AppleWebKit/537.36 (KHTML, like Gecko) Chrome/136.0.0.0 Safari/537.36"
2605:59c8:264f:9210:2c1a:1348:49b1:211c - - [27/May/2025:18:10:45 -0400] "GET /wp-content/plugins/auxin-pro-tools/admin/assets/js/elementor/widgets.js?ver=1.9.5 HTTP/1.1" 304 0 "https://socialdigiinnovator.com/talk/" "Mozilla/5.0 (Windows NT 10.0; Win64; x64) AppleWebKit/537.36 (KHTML, like Gecko) Chrome/136.0.0.0 Safari/537.36"
2605:59c8:264f:9210:2c1a:1348:49b1:211c - - [27/May/2025:18:10:45 -0400] "GET /wp-content/plugins/contact-form-7/includes/js/index.js?ver=6.0.6 HTTP/1.1" 304 0 "https://socialdigiinnovator.com/talk/" "Mozilla/5.0 (Windows NT 10.0; Win64; x64) AppleWebKit/537.36 (KHTML, like Gecko) Chrome/136.0.0.0 Safari/537.36"
2605:59c8:264f:9210:2c1a:1348:49b1:211c - - [27/May/2025:18:10:45 -0400] "GET /wp-content/plugins/elementor-pro/assets/js/frontend.min.js?ver=3.29.0 HTTP/1.1" 304 0 "https://socialdigiinnovator.com/talk/" "Mozilla/5.0 (Windows NT 10.0; Win64; x64) AppleWebKit/537.36 (KHTML, like Gecko) Chrome/136.0.0.0 Safari/537.36"
2605:59c8:264f:9210:2c1a:1348:49b1:211c - - [27/May/2025:18:10:45 -0400] "GET /wp-content/uploads/phlox-pro/custom.js?ver=3.3 HTTP/1.1" 304 0 "https://socialdigiinnovator.com/talk/" "Mozilla/5.0 (Windows NT 10.0; Win64; x64) AppleWebKit/537.36 (KHTML, like Gecko) Chrome/136.0.0.0 Safari/537.36"
2605:59c8:264f:9210:2c1a:1348:49b1:211c - - [27/May/2025:18:10:45 -0400] "GET /wp-content/plugins/elementor/assets/js/frontend.min.js?ver=3.29.0 HTTP/1.1" 304 0 "https://socialdigiinnovator.com/talk/" "Mozilla/5.0 (Windows NT 10.0; Win64; x64) AppleWebKit/537.36 (KHTML, like Gecko) Chrome/136.0.0.0 Safari/537.36"
2605:59c8:264f:9210:2c1a:1348:49b1:211c - - [27/May/2025:18:10:45 -0400] "GET /wp-content/plugins/elementor-pro/assets/js/webpack-pro.runtime.min.js?ver=3.29.0 HTTP/1.1" 304 0 "https://socialdigiinnovator.com/talk/" "Mozilla/5.0 (Windows NT 10.0; Win64; x64) AppleWebKit/537.36 (KHTML, like Gecko) Chrome/136.0.0.0 Safari/537.36"
2605:59c8:264f:9210:2c1a:1348:49b1:211c - - [27/May/2025:18:10:45 -0400] "GET /wp-includes/js/dist/hooks.min.js?ver=4d63a3d491d11ffd8ac6 HTTP/1.1" 304 0 "https://socialdigiinnovator.com/talk/" "Mozilla/5.0 (Windows NT 10.0; Win64; x64) AppleWebKit/537.36 (KHTML, like Gecko) Chrome/136.0.0.0 Safari/537.36"
2605:59c8:264f:9210:2c1a:1348:49b1:211c - - [27/May/2025:18:10:45 -0400] "GET /wp-content/plugins/contact-form-7/includes/swv/js/index.js?ver=6.0.6 HTTP/1.1" 304 0 "https://socialdigiinnovator.com/talk/" "Mozilla/5.0 (Windows NT 10.0; Win64; x64) AppleWebKit/537.36 (KHTML, like Gecko) Chrome/136.0.0.0 Safari/537.36"
2605:59c8:264f:9210:2c1a:1348:49b1:211c - - [27/May/2025:18:10:45 -0400] "GET /wp-includes/js/jquery/ui/core.min.js?ver=1.13.3 HTTP/1.1" 304 0 "https://socialdigiinnovator.com/talk/" "Mozilla/5.0 (Windows NT 10.0; Win64; x64) AppleWebKit/537.36 (KHTML, like Gecko) Chrome/136.0.0.0 Safari/537.36"
2605:59c8:264f:9210:2c1a:1348:49b1:211c - - [27/May/2025:18:10:45 -0400] "GET /wp-content/uploads/2022/08/Cullum-BreakthroughLife.mp4 HTTP/1.1" 304 0 "https://socialdigiinnovator.com/talk/" "Mozilla/5.0 (Windows NT 10.0; Win64; x64) AppleWebKit/537.36 (KHTML, like Gecko) Chrome/136.0.0.0 Safari/537.36"
2605:59c8:264f:9210:2c1a:1348:49b1:211c - - [27/May/2025:18:10:45 -0400] "GET /wp-content/plugins/auxin-pro-tools/public/assets/js/pro-tools.js?ver=1.9.5 HTTP/1.1" 304 0 "https://socialdigiinnovator.com/talk/" "Mozilla/5.0 (Windows NT 10.0; Win64; x64) AppleWebKit/537.36 (KHTML, like Gecko) Chrome/136.0.0.0 Safari/537.36"
2605:59c8:264f:9210:2c1a:1348:49b1:211c - - [27/May/2025:18:10:45 -0400] "GET /wp-content/plugins/elementor/assets/js/webpack.runtime.min.js?ver=3.29.0 HTTP/1.1" 304 0 "https://socialdigiinnovator.com/talk/" "Mozilla/5.0 (Windows NT 10.0; Win64; x64) AppleWebKit/537.36 (KHTML, like Gecko) Chrome/136.0.0.0 Safari/537.36"
2605:59c8:264f:9210:2c1a:1348:49b1:211c - - [27/May/2025:18:10:45 -0400] "GET /wp-content/plugins/auxin-elements/admin/assets/js/elementor/widgets.js?ver=2.17.6 HTTP/1.1" 304 0 "https://socialdigiinnovator.com/talk/" "Mozilla/5.0 (Windows NT 10.0; Win64; x64) AppleWebKit/537.36 (KHTML, like Gecko) Chrome/136.0.0.0 Safari/537.36"
2605:59c8:264f:9210:2c1a:1348:49b1:211c - - [27/May/2025:18:10:45 -0400] "GET /wp-content/uploads/2022/08/aa.mkv HTTP/1.1" 304 0 "https://socialdigiinnovator.com/talk/" "Mozilla/5.0 (Windows NT 10.0; Win64; x64) AppleWebKit/537.36 (KHTML, like Gecko) Chrome/136.0.0.0 Safari/537.36"
2605:59c8:264f:9210:2c1a:1348:49b1:211c - - [27/May/2025:18:10:45 -0400] "GET /wp-content/uploads/2022/08/talk-%E2%80%93-Social-Digi-Innovators.mkv HTTP/1.1" 304 0 "https://socialdigiinnovator.com/talk/" "Mozilla/5.0 (Windows NT 10.0; Win64; x64) AppleWebKit/537.36 (KHTML, like Gecko) Chrome/136.0.0.0 Safari/537.36"
2605:59c8:264f:9210:2c1a:1348:49b1:211c - - [27/May/2025:18:10:45 -0400] "GET /wp-content/plugins/elementor/assets/js/section-frontend-handlers.d85ab872da118940910d.bundle.min.js HTTP/1.1" 304 0 "https://socialdigiinnovator.com/talk/" "Mozilla/5.0 (Windows NT 10.0; Win64; x64) AppleWebKit/537.36 (KHTML, like Gecko) Chrome/136.0.0.0 Safari/537.36"
198.54.114.35 - - [27/May/2025:18:11:40 -0400] "POST /wp-cron.php?doing_wp_cron=1748383900.0417220592498779296875 HTTP/1.1" 200 0 "-" "WordPress/6.8.1; https://socialdigiinnovator.com"
2601:647:4900:8330:c4b2:4017:7bdc:c69e - - [27/May/2025:18:11:38 -0400] "GET /talk HTTP/1.1" 301 0 "-" "Mozilla/5.0 (iPhone; CPU iPhone OS 18_4_1 like Mac OS X) AppleWebKit/605.1.15 (KHTML, like Gecko) Version/18.4 Mobile/15E148 Safari/604.1"
2601:647:4900:8330:c4b2:4017:7bdc:c69e - - [27/May/2025:18:11:41 -0400] "GET /wp-includes/js/jquery/jquery-migrate.min.js?ver=3.4.1 HTTP/1.1" 304 0 "https://socialdigiinnovator.com/talk/" "Mozilla/5.0 (iPhone; CPU iPhone OS 18_4_1 like Mac OS X) AppleWebKit/605.1.15 (KHTML, like Gecko) Version/18.4 Mobile/15E148 Safari/604.1"
2601:647:4900:8330:c4b2:4017:7bdc:c69e - - [27/May/2025:18:11:41 -0400] "GET /wp-content/plugins/auxin-elements/admin/assets/js/elementor/widgets.js?ver=2.17.6 HTTP/1.1" 304 0 "https://socialdigiinnovator.com/talk/" "Mozilla/5.0 (iPhone; CPU iPhone OS 18_4_1 like Mac OS X) AppleWebKit/605.1.15 (KHTML, like Gecko) Version/18.4 Mobile/15E148 Safari/604.1"
2601:647:4900:8330:c4b2:4017:7bdc:c69e - - [27/May/2025:18:11:41 -0400] "GET /wp-includes/js/masonry.min.js?ver=4.2.2 HTTP/1.1" 304 0 "https://socialdigiinnovator.com/talk/" "Mozilla/5.0 (iPhone; CPU iPhone OS 18_4_1 like Mac OS X) AppleWebKit/605.1.15 (KHTML, like Gecko) Version/18.4 Mobile/15E148 Safari/604.1"
2601:647:4900:8330:c4b2:4017:7bdc:c69e - - [27/May/2025:18:11:41 -0400] "GET /wp-includes/js/mediaelement/mediaelement-and-player.min.js?ver=4.2.17 HTTP/1.1" 304 0 "https://socialdigiinnovator.com/talk/" "Mozilla/5.0 (iPhone; CPU iPhone OS 18_4_1 like Mac OS X) AppleWebKit/605.1.15 (KHTML, like Gecko) Version/18.4 Mobile/15E148 Safari/604.1"
2601:647:4900:8330:c4b2:4017:7bdc:c69e - - [27/May/2025:18:11:41 -0400] "GET /wp-content/themes/phlox-pro/js/scripts.min.js?ver=5.17.6 HTTP/1.1" 304 0 "https://socialdigiinnovator.com/talk/" "Mozilla/5.0 (iPhone; CPU iPhone OS 18_4_1 like Mac OS X) AppleWebKit/605.1.15 (KHTML, like Gecko) Version/18.4 Mobile/15E148 Safari/604.1"
2605:59c8:264f:9210:2c1a:1348:49b1:211c - - [27/May/2025:18:10:45 -0400] "GET /wp-includes/js/wp-emoji-release.min.js?ver=6.8.1 HTTP/1.1" 304 0 "https://socialdigiinnovator.com/talk/" "Mozilla/5.0 (Windows NT 10.0; Win64; x64) AppleWebKit/537.36 (KHTML, like Gecko) Chrome/136.0.0.0 Safari/537.36"
2605:59c8:264f:9210:2c1a:1348:49b1:211c - - [27/May/2025:18:10:45 -0400] "GET /wp-content/plugins/elementor/assets/js/text-editor.c084ef86600b6f11690d.bundle.min.js HTTP/1.1" 304 0 "https://socialdigiinnovator.com/talk/" "Mozilla/5.0 (Windows NT 10.0; Win64; x64) AppleWebKit/537.36 (KHTML, like Gecko) Chrome/136.0.0.0 Safari/537.36"
2605:59c8:264f:9210:2c1a:1348:49b1:211c - - [27/May/2025:18:10:46 -0400] "GET /wp-content/plugins/elementor/assets/js/shared-frontend-handlers.30dc2f9c080845a413a6.bundle.min.js HTTP/1.1" 304 0 "https://socialdigiinnovator.com/talk/" "Mozilla/5.0 (Windows NT 10.0; Win64; x64) AppleWebKit/537.36 (KHTML, like Gecko) Chrome/136.0.0.0 Safari/537.36"
2601:647:4900:8330:c4b2:4017:7bdc:c69e - - [27/May/2025:18:11:40 -0400] "GET /talk/ HTTP/1.1" 200 17896 "-" "Mozilla/5.0 (iPhone; CPU iPhone OS 18_4_1 like Mac OS X) AppleWebKit/605.1.15 (KHTML, like Gecko) Version/18.4 Mobile/15E148 Safari/604.1"
2601:647:4900:8330:c4b2:4017:7bdc:c69e - - [27/May/2025:18:11:41 -0400] "GET /wp-content/plugins/auxin-pro-tools/admin/assets/js/elementor/widgets.js?ver=1.9.5 HTTP/1.1" 304 0 "https://socialdigiinnovator.com/talk/" "Mozilla/5.0 (iPhone; CPU iPhone OS 18_4_1 like Mac OS X) AppleWebKit/605.1.15 (KHTML, like Gecko) Version/18.4 Mobile/15E148 Safari/604.1"
2601:647:4900:8330:c4b2:4017:7bdc:c69e - - [27/May/2025:18:11:41 -0400] "GET /wp-includes/js/jquery/jquery.min.js?ver=3.7.1 HTTP/1.1" 304 0 "https://socialdigiinnovator.com/talk/" "Mozilla/5.0 (iPhone; CPU iPhone OS 18_4_1 like Mac OS X) AppleWebKit/605.1.15 (KHTML, like Gecko) Version/18.4 Mobile/15E148 Safari/604.1"
2601:647:4900:8330:c4b2:4017:7bdc:c69e - - [27/May/2025:18:11:41 -0400] "GET /wp-content/themes/phlox-pro/js/solo/modernizr-custom.min.js?ver=5.17.6 HTTP/1.1" 304 0 "https://socialdigiinnovator.com/talk/" "Mozilla/5.0 (iPhone; CPU iPhone OS 18_4_1 like Mac OS X) AppleWebKit/605.1.15 (KHTML, like Gecko) Version/18.4 Mobile/15E148 Safari/604.1"
2601:647:4900:8330:c4b2:4017:7bdc:c69e - - [27/May/2025:18:11:41 -0400] "GET /wp-content/plugins/elementor/assets/lib/font-awesome/js/v4-shims.min.js?ver=3.29.0 HTTP/1.1" 304 0 "https://socialdigiinnovator.com/talk/" "Mozilla/5.0 (iPhone; CPU iPhone OS 18_4_1 like Mac OS X) AppleWebKit/605.1.15 (KHTML, like Gecko) Version/18.4 Mobile/15E148 Safari/604.1"
2601:647:4900:8330:c4b2:4017:7bdc:c69e - - [27/May/2025:18:11:41 -0400] "GET /wp-content/plugins/elementor-pro/assets/js/frontend.min.js?ver=3.29.0 HTTP/1.1" 304 0 "https://socialdigiinnovator.com/talk/" "Mozilla/5.0 (iPhone; CPU iPhone OS 18_4_1 like Mac OS X) AppleWebKit/605.1.15 (KHTML, like Gecko) Version/18.4 Mobile/15E148 Safari/604.1"
2601:647:4900:8330:c4b2:4017:7bdc:c69e - - [27/May/2025:18:11:41 -0400] "GET /wp-content/plugins/auxin-pro-tools/public/assets/js/pro-tools.js?ver=1.9.5 HTTP/1.1" 304 0 "https://socialdigiinnovator.com/talk/" "Mozilla/5.0 (iPhone; CPU iPhone OS 18_4_1 like Mac OS X) AppleWebKit/605.1.15 (KHTML, like Gecko) Version/18.4 Mobile/15E148 Safari/604.1"
2601:647:4900:8330:c4b2:4017:7bdc:c69e - - [27/May/2025:18:11:41 -0400] "GET /wp-content/plugins/auxin-elements/public/assets/js/scripts.js?ver=2.17.6 HTTP/1.1" 304 0 "https://socialdigiinnovator.com/talk/" "Mozilla/5.0 (iPhone; CPU iPhone OS 18_4_1 like Mac OS X) AppleWebKit/605.1.15 (KHTML, like Gecko) Version/18.4 Mobile/15E148 Safari/604.1"
2601:647:4900:8330:c4b2:4017:7bdc:c69e - - [27/May/2025:18:11:41 -0400] "GET /wp-content/plugins/elementor/assets/js/frontend-modules.min.js?ver=3.29.0 HTTP/1.1" 304 0 "https://socialdigiinnovator.com/talk/" "Mozilla/5.0 (iPhone; CPU iPhone OS 18_4_1 like Mac OS X) AppleWebKit/605.1.15 (KHTML, like Gecko) Version/18.4 Mobile/15E148 Safari/604.1"
2601:647:4900:8330:c4b2:4017:7bdc:c69e - - [27/May/2025:18:11:41 -0400] "GET /wp-content/plugins/contact-form-7/includes/js/index.js?ver=6.0.6 HTTP/1.1" 304 0 "https://socialdigiinnovator.com/talk/" "Mozilla/5.0 (iPhone; CPU iPhone OS 18_4_1 like Mac OS X) AppleWebKit/605.1.15 (KHTML, like Gecko) Version/18.4 Mobile/15E148 Safari/604.1"
2601:647:4900:8330:c4b2:4017:7bdc:c69e - - [27/May/2025:18:11:41 -0400] "GET /wp-content/plugins/elementor-pro/assets/js/webpack-pro.runtime.min.js?ver=3.29.0 HTTP/1.1" 304 0 "https://socialdigiinnovator.com/talk/" "Mozilla/5.0 (iPhone; CPU iPhone OS 18_4_1 like Mac OS X) AppleWebKit/605.1.15 (KHTML, like Gecko) Version/18.4 Mobile/15E148 Safari/604.1"
2601:647:4900:8330:c4b2:4017:7bdc:c69e - - [27/May/2025:18:11:41 -0400] "GET /wp-content/plugins/elementor-pro/assets/js/elements-handlers.min.js?ver=3.29.0 HTTP/1.1" 304 0 "https://socialdigiinnovator.com/talk/" "Mozilla/5.0 (iPhone; CPU iPhone OS 18_4_1 like Mac OS X) AppleWebKit/605.1.15 (KHTML, like Gecko) Version/18.4 Mobile/15E148 Safari/604.1"
2601:647:4900:8330:c4b2:4017:7bdc:c69e - - [27/May/2025:18:11:41 -0400] "GET /wp-includes/js/jquery/ui/core.min.js?ver=1.13.3 HTTP/1.1" 304 0 "https://socialdigiinnovator.com/talk/" "Mozilla/5.0 (iPhone; CPU iPhone OS 18_4_1 like Mac OS X) AppleWebKit/605.1.15 (KHTML, like Gecko) Version/18.4 Mobile/15E148 Safari/604.1"
2601:647:4900:8330:c4b2:4017:7bdc:c69e - - [27/May/2025:18:11:41 -0400] "GET /wp-content/uploads/phlox-pro/custom.js?ver=3.3 HTTP/1.1" 304 0 "https://socialdigiinnovator.com/talk/" "Mozilla/5.0 (iPhone; CPU iPhone OS 18_4_1 like Mac OS X) AppleWebKit/605.1.15 (KHTML, like Gecko) Version/18.4 Mobile/15E148 Safari/604.1"
2601:647:4900:8330:c4b2:4017:7bdc:c69e - - [27/May/2025:18:11:41 -0400] "GET /wp-content/themes/phlox-pro/js/plugins.min.js?ver=5.17.6 HTTP/1.1" 304 0 "https://socialdigiinnovator.com/talk/" "Mozilla/5.0 (iPhone; CPU iPhone OS 18_4_1 like Mac OS X) AppleWebKit/605.1.15 (KHTML, like Gecko) Version/18.4 Mobile/15E148 Safari/604.1"
2601:647:4900:8330:c4b2:4017:7bdc:c69e - - [27/May/2025:18:11:41 -0400] "GET /wp-content/plugins/elementor/assets/lib/jquery-numerator/jquery-numerator.min.js?ver=0.2.1 HTTP/1.1" 200 677 "https://socialdigiinnovator.com/talk/" "Mozilla/5.0 (iPhone; CPU iPhone OS 18_4_1 like Mac OS X) AppleWebKit/605.1.15 (KHTML, like Gecko) Version/18.4 Mobile/15E148 Safari/604.1"
2601:647:4900:8330:c4b2:4017:7bdc:c69e - - [27/May/2025:18:11:41 -0400] "GET /wp-includes/js/dist/hooks.min.js?ver=4d63a3d491d11ffd8ac6 HTTP/1.1" 304 0 "https://socialdigiinnovator.com/talk/" "Mozilla/5.0 (iPhone; CPU iPhone OS 18_4_1 like Mac OS X) AppleWebKit/605.1.15 (KHTML, like Gecko) Version/18.4 Mobile/15E148 Safari/604.1"
2601:647:4900:8330:c4b2:4017:7bdc:c69e - - [27/May/2025:18:11:41 -0400] "GET /wp-content/plugins/contact-form-7/includes/swv/js/index.js?ver=6.0.6 HTTP/1.1" 304 0 "https://socialdigiinnovator.com/talk/" "Mozilla/5.0 (iPhone; CPU iPhone OS 18_4_1 like Mac OS X) AppleWebKit/605.1.15 (KHTML, like Gecko) Version/18.4 Mobile/15E148 Safari/604.1"
2601:647:4900:8330:c4b2:4017:7bdc:c69e - - [27/May/2025:18:11:41 -0400] "GET /wp-content/plugins/auxin-elements/public/assets/js/plugins.min.js?ver=2.17.6 HTTP/1.1" 304 0 "https://socialdigiinnovator.com/talk/" "Mozilla/5.0 (iPhone; CPU iPhone OS 18_4_1 like Mac OS X) AppleWebKit/605.1.15 (KHTML, like Gecko) Version/18.4 Mobile/15E148 Safari/604.1"
2601:647:4900:8330:c4b2:4017:7bdc:c69e - - [27/May/2025:18:11:41 -0400] "GET /wp-content/uploads/2022/08/talk-%E2%80%93-Social-Digi-Innovators.mkv HTTP/1.1" 304 0 "https://socialdigiinnovator.com/talk/" "Mozilla/5.0 (iPhone; CPU iPhone OS 18_4_1 like Mac OS X) AppleWebKit/605.1.15 (KHTML, like Gecko) Version/18.4 Mobile/15E148 Safari/604.1"
2601:647:4900:8330:c4b2:4017:7bdc:c69e - - [27/May/2025:18:11:41 -0400] "GET /wp-includes/js/mediaelement/mediaelement-migrate.min.js?ver=6.8.1 HTTP/1.1" 304 0 "https://socialdigiinnovator.com/talk/" "Mozilla/5.0 (iPhone; CPU iPhone OS 18_4_1 like Mac OS X) AppleWebKit/605.1.15 (KHTML, like Gecko) Version/18.4 Mobile/15E148 Safari/604.1"
2601:647:4900:8330:c4b2:4017:7bdc:c69e - - [27/May/2025:18:11:41 -0400] "GET /wp-includes/js/mediaelement/wp-mediaelement.min.js?ver=6.8.1 HTTP/1.1" 304 0 "https://socialdigiinnovator.com/talk/" "Mozilla/5.0 (iPhone; CPU iPhone OS 18_4_1 like Mac OS X) AppleWebKit/605.1.15 (KHTML, like Gecko) Version/18.4 Mobile/15E148 Safari/604.1"
2601:647:4900:8330:c4b2:4017:7bdc:c69e - - [27/May/2025:18:11:41 -0400] "GET /wp-includes/js/dist/i18n.min.js?ver=5e580eb46a90c2b997e6 HTTP/1.1" 304 0 "https://socialdigiinnovator.com/talk/" "Mozilla/5.0 (iPhone; CPU iPhone OS 18_4_1 like Mac OS X) AppleWebKit/605.1.15 (KHTML, like Gecko) Version/18.4 Mobile/15E148 Safari/604.1"
2601:647:4900:8330:c4b2:4017:7bdc:c69e - - [27/May/2025:18:11:41 -0400] "GET /wp-content/plugins/elementor/assets/js/webpack.runtime.min.js?ver=3.29.0 HTTP/1.1" 304 0 "https://socialdigiinnovator.com/talk/" "Mozilla/5.0 (iPhone; CPU iPhone OS 18_4_1 like Mac OS X) AppleWebKit/605.1.15 (KHTML, like Gecko) Version/18.4 Mobile/15E148 Safari/604.1"
2601:647:4900:8330:c4b2:4017:7bdc:c69e - - [27/May/2025:18:11:41 -0400] "GET /wp-content/plugins/elementor/assets/js/frontend.min.js?ver=3.29.0 HTTP/1.1" 304 0 "https://socialdigiinnovator.com/talk/" "Mozilla/5.0 (iPhone; CPU iPhone OS 18_4_1 like Mac OS X) AppleWebKit/605.1.15 (KHTML, like Gecko) Version/18.4 Mobile/15E148 Safari/604.1"
2601:647:4900:8330:c4b2:4017:7bdc:c69e - - [27/May/2025:18:11:41 -0400] "GET /wp-includes/js/imagesloaded.min.js?ver=5.0.0 HTTP/1.1" 304 0 "https://socialdigiinnovator.com/talk/" "Mozilla/5.0 (iPhone; CPU iPhone OS 18_4_1 like Mac OS X) AppleWebKit/605.1.15 (KHTML, like Gecko) Version/18.4 Mobile/15E148 Safari/604.1"
2601:647:4900:8330:c4b2:4017:7bdc:c69e - - [27/May/2025:18:11:41 -0400] "GET /wp-content/uploads/2022/08/aa.mkv HTTP/1.1" 304 0 "https://socialdigiinnovator.com/talk/" "Mozilla/5.0 (iPhone; CPU iPhone OS 18_4_1 like Mac OS X) AppleWebKit/605.1.15 (KHTML, like Gecko) Version/18.4 Mobile/15E148 Safari/604.1"
2601:647:4900:8330:c4b2:4017:7bdc:c69e - - [27/May/2025:18:11:42 -0400] "GET /wp-content/uploads/2022/08/Cullum-BreakthroughLife.mp4 HTTP/1.1" 304 0 "https://socialdigiinnovator.com/talk/" "Mozilla/5.0 (iPhone; CPU iPhone OS 18_4_1 like Mac OS X) AppleWebKit/605.1.15 (KHTML, like Gecko) Version/18.4 Mobile/15E148 Safari/604.1"
2601:647:4900:8330:c4b2:4017:7bdc:c69e - - [27/May/2025:18:11:42 -0400] "GET /wp-content/uploads/2022/08/Peter-1.mp4 HTTP/1.1" 304 0 "https://socialdigiinnovator.com/talk/" "Mozilla/5.0 (iPhone; CPU iPhone OS 18_4_1 like Mac OS X) AppleWebKit/605.1.15 (KHTML, like Gecko) Version/18.4 Mobile/15E148 Safari/604.1"
2601:647:4900:8330:c4b2:4017:7bdc:c69e - - [27/May/2025:18:11:42 -0400] "GET /wp-content/plugins/elementor/assets/js/section-frontend-handlers.d85ab872da118940910d.bundle.min.js HTTP/1.1" 304 0 "https://socialdigiinnovator.com/talk/" "Mozilla/5.0 (iPhone; CPU iPhone OS 18_4_1 like Mac OS X) AppleWebKit/605.1.15 (KHTML, like Gecko) Version/18.4 Mobile/15E148 Safari/604.1"
2605:59c8:264f:9210:2c1a:1348:49b1:211c - - [27/May/2025:18:12:27 -0400] "GET /wp-content/uploads/2022/08/cropped-cropped-Logo-Presentation-Final-06-2-300x241-1-200x200.png HTTP/1.1" 200 3210 "https://socialdigiinnovator.com/talk/" "Mozilla/5.0 (Windows NT 10.0; Win64; x64) AppleWebKit/537.36 (KHTML, like Gecko) Chrome/136.0.0.0 Safari/537.36"
198.54.114.35 - - [27/May/2025:18:12:30 -0400] "POST /wp-cron.php?doing_wp_cron=1748383950.5174479484558105468750 HTTP/1.1" 200 0 "-" "WordPress/6.8.1; https://socialdigiinnovator.com"
198.54.114.35 - - [27/May/2025:18:14:59 -0400] "POST /wp-cron.php?doing_wp_cron=1748384099.2130799293518066406250 HTTP/1.1" 200 0 "-" "WordPress/6.8.1; https://socialdigiinnovator.com"
43.133.220.37 - - [27/May/2025:18:14:54 -0400] "GET /virtual-assistant-complete-guide-ebook/ HTTP/1.1" 200 16600 "-" "Mozilla/5.0 (iPhone; CPU iPhone OS 13_2_3 like Mac OS X) AppleWebKit/605.1.15 (KHTML, like Gecko) Version/13.0.3 Mobile/15E148 Safari/604.1"
45.148.10.80 - - [27/May/2025:18:17:34 -0400] "GET /.git/config HTTP/1.1" 403 1242 "-" "Mozilla/5.0 (Macintosh; Intel Mac OS X 11) AppleWebKit/616.17 (KHTML, like Gecko) Version/17.3.75 Safari/616.17"
52.167.144.137 - - [27/May/2025:18:18:05 -0400] "GET /product/0012464232.html HTTP/1.1" 301 0 "-" "Mozilla/5.0 AppleWebKit/537.36 (KHTML, like Gecko; compatible; bingbot/2.0; +http://www.bing.com/bingbot.htm) Chrome/116.0.1938.76 Safari/537.36"
2601:647:4900:8330:c4b2:4017:7bdc:c69e - - [27/May/2025:18:11:42 -0400] "GET /wp-content/plugins/elementor/assets/js/video.6ebfa2c3f5493cb2eaaf.bundle.min.js HTTP/1.1" 304 0 "https://socialdigiinnovator.com/talk/" "Mozilla/5.0 (iPhone; CPU iPhone OS 18_4_1 like Mac OS X) AppleWebKit/605.1.15 (KHTML, like Gecko) Version/18.4 Mobile/15E148 Safari/604.1"
2601:647:4900:8330:c4b2:4017:7bdc:c69e - - [27/May/2025:18:11:42 -0400] "GET /wp-content/plugins/elementor/assets/js/shared-frontend-handlers.30dc2f9c080845a413a6.bundle.min.js HTTP/1.1" 304 0 "https://socialdigiinnovator.com/talk/" "Mozilla/5.0 (iPhone; CPU iPhone OS 18_4_1 like Mac OS X) AppleWebKit/605.1.15 (KHTML, like Gecko) Version/18.4 Mobile/15E148 Safari/604.1"
2601:647:4900:8330:c4b2:4017:7bdc:c69e - - [27/May/2025:18:11:42 -0400] "GET /wp-content/plugins/elementor/assets/js/text-editor.c084ef86600b6f11690d.bundle.min.js HTTP/1.1" 304 0 "https://socialdigiinnovator.com/talk/" "Mozilla/5.0 (iPhone; CPU iPhone OS 18_4_1 like Mac OS X) AppleWebKit/605.1.15 (KHTML, like Gecko) Version/18.4 Mobile/15E148 Safari/604.1"
47.82.61.24 - - [27/May/2025:18:12:28 -0400] "GET / HTTP/1.1" 200 26174 "https://socialdigiinnovator.com/" "Mozilla/5.0 (Windows NT 10.0; Win64; x64) AppleWebKit/537.36 (KHTML, like Gecko) Chrome/114.0.0.0 Safari/537.36 Edg/114.0.1823.43"
198.54.114.35 - - [27/May/2025:18:18:09 -0400] "POST /wp-cron.php?doing_wp_cron=1748384289.2730970382690429687500 HTTP/1.1" 200 0 "-" "WordPress/6.8.1; https://socialdigiinnovator.com"
198.54.114.35 - - [27/May/2025:18:24:20 -0400] "POST /wp-cron.php?doing_wp_cron=1748384660.6480998992919921875000 HTTP/1.1" 200 0 "-" "WordPress/6.8.1; https://socialdigiinnovator.com"
124.156.226.179 - - [27/May/2025:18:24:15 -0400] "GET /social-media-marketing/ HTTP/1.1" 200 20886 "-" "Mozilla/5.0 (iPhone; CPU iPhone OS 13_2_3 like Mac OS X) AppleWebKit/605.1.15 (KHTML, like Gecko) Version/13.0.3 Mobile/15E148 Safari/604.1"
198.54.114.35 - - [27/May/2025:18:29:03 -0400] "POST /wp-cron.php?doing_wp_cron=1748384943.6937019824981689453125 HTTP/1.1" 200 0 "-" "WordPress/6.8.1; https://socialdigiinnovator.com"
193.163.207.135 - - [27/May/2025:18:29:05 -0400] "GET /wp-login.php?redirect_to=https%3A%2F%2Fsocialdigiinnovator.com%2Fwp-admin%2Fadmin.php&reauth=1 HTTP/1.1" 302 0 "-" "Mozilla/5.0 (Windows NT 10.0; Win64; x64) AppleWebKit/537.36 (KHTML, like Gecko) Chrome/115.0.0.0 Safari/537.36 Edg/115.0.1901.203"
193.163.207.135 - - [27/May/2025:18:29:06 -0400] "GET /404 HTTP/1.1" 404 15045 "-" "Mozilla/5.0 (Windows NT 10.0; Win64; x64) AppleWebKit/537.36 (KHTML, like Gecko) Chrome/115.0.0.0 Safari/537.36 Edg/115.0.1901.203"
193.163.207.135 - - [27/May/2025:18:28:59 -0400] "GET /wp-admin/admin.php HTTP/1.1" 302 0 "-" "Mozilla/5.0 (Windows NT 10.0; Win64; x64) AppleWebKit/537.36 (KHTML, like Gecko) Chrome/115.0.0.0 Safari/537.36 Edg/115.0.1901.203"
2a02:598:96:8a00::1200:129 - - [27/May/2025:18:34:47 -0400] "GET /business-dfy/ HTTP/1.1" 200 16300 "-" "Mozilla/5.0 (compatible; SeznamBot/4.0; +https://o-seznam.cz/napoveda/vyhledavani/en/seznambot-crawler/)"
198.54.114.35 - - [27/May/2025:18:36:15 -0400] "POST /wp-cron.php?doing_wp_cron=1748385375.1319360733032226562500 HTTP/1.1" 200 0 "-" "WordPress/6.8.1; https://socialdigiinnovator.com"
43.153.71.132 - - [27/May/2025:18:36:10 -0400] "GET /virtual-assistant-services/lead-generation-appointment-setter/ HTTP/1.1" 200 16894 "-" "Mozilla/5.0 (iPhone; CPU iPhone OS 13_2_3 like Mac OS X) AppleWebKit/605.1.15 (KHTML, like Gecko) Version/13.0.3 Mobile/15E148 Safari/604.1"
198.54.114.35 - - [27/May/2025:18:34:52 -0400] "POST /wp-cron.php?doing_wp_cron=1748385292.0959749221801757812500 HTTP/1.1" 200 0 "-" "WordPress/6.8.1; https://socialdigiinnovator.com"
196.251.87.127 - - [27/May/2025:18:42:35 -0400] "GET /wp-content/plugins/cleantalk-spam-protect/readme.txt HTTP/1.1" 404 33542 "www.google.com" "Mozilla/6.4 (Windows NT 11.1) Gecko/2010102 Firefox/99.0"
198.54.114.35 - - [27/May/2025:18:42:58 -0400] "POST /wp-cron.php?doing_wp_cron=1748385778.5456058979034423828125 HTTP/1.1" 200 0 "-" "WordPress/6.8.1; https://socialdigiinnovator.com"
198.54.114.35 - - [27/May/2025:18:46:03 -0400] "POST /wp-cron.php?doing_wp_cron=1748385963.2257020473480224609375 HTTP/1.1" 200 0 "-" "WordPress/6.8.1; https://socialdigiinnovator.com"
198.54.114.35 - - [27/May/2025:18:51:17 -0400] "POST /wp-cron.php?doing_wp_cron=1748386276.9958310127258300781250 HTTP/1.1" 200 0 "-" "WordPress/6.8.1; https://socialdigiinnovator.com"
2a02:598:64:8a00::3100:1c - - [27/May/2025:18:51:13 -0400] "GET /wp-sitemap.xml HTTP/1.1" 200 197 "-" "Mozilla/5.0 (compatible; SeznamBot/4.0; +https://o-seznam.cz/napoveda/vyhledavani/en/seznambot-crawler/)"
170.106.35.187 - - [27/May/2025:18:55:47 -0400] "GET /sdi-services-brochure-ebook/ HTTP/1.1" 200 16616 "-" "Mozilla/5.0 (iPhone; CPU iPhone OS 13_2_3 like Mac OS X) AppleWebKit/605.1.15 (KHTML, like Gecko) Version/13.0.3 Mobile/15E148 Safari/604.1"
198.54.114.35 - - [27/May/2025:18:42:39 -0400] "POST /wp-cron.php?doing_wp_cron=1748385759.0541958808898925781250 HTTP/1.1" 200 0 "-" "WordPress/6.8.1; https://socialdigiinnovator.com"
52.167.144.216 - - [27/May/2025:18:42:58 -0400] "GET /product/0010249644.html HTTP/1.1" 301 0 "-" "Mozilla/5.0 AppleWebKit/537.36 (KHTML, like Gecko; compatible; bingbot/2.0; +http://www.bing.com/bingbot.htm) Chrome/116.0.1938.76 Safari/537.36"
43.135.172.89 - - [27/May/2025:18:45:58 -0400] "GET /sdi-services-catalog-ebook/ HTTP/1.1" 200 16608 "-" "Mozilla/5.0 (iPhone; CPU iPhone OS 13_2_3 like Mac OS X) AppleWebKit/605.1.15 (KHTML, like Gecko) Version/13.0.3 Mobile/15E148 Safari/604.1"
198.54.114.35 - - [27/May/2025:18:55:51 -0400] "POST /wp-cron.php?doing_wp_cron=1748386551.6833100318908691406250 HTTP/1.1" 200 0 "-" "WordPress/6.8.1; https://socialdigiinnovator.com"
198.54.114.35 - - [27/May/2025:19:01:44 -0400] "POST /wp-cron.php?doing_wp_cron=1748386904.8013169765472412109375 HTTP/1.1" 200 0 "-" "WordPress/6.8.1; https://socialdigiinnovator.com"
54.36.148.202 - - [27/May/2025:19:01:40 -0400] "GET /wp-sitemap.xml HTTP/1.1" 200 197 "-" "Mozilla/5.0 (compatible; AhrefsBot/7.0; +http://ahrefs.com/robot/)"
54.36.149.18 - - [27/May/2025:19:01:46 -0400] "GET /wp-sitemap-posts-post-1.xml HTTP/1.1" 200 524 "-" "Mozilla/5.0 (compatible; AhrefsBot/7.0; +http://ahrefs.com/robot/)"
54.36.148.246 - - [27/May/2025:19:01:49 -0400] "GET /wp-sitemap-posts-page-1.xml HTTP/1.1" 200 687 "-" "Mozilla/5.0 (compatible; AhrefsBot/7.0; +http://ahrefs.com/robot/)"
198.54.114.35 - - [27/May/2025:19:01:52 -0400] "POST /wp-cron.php?doing_wp_cron=1748386912.6222829818725585937500 HTTP/1.1" 200 0 "-" "WordPress/6.8.1; https://socialdigiinnovator.com"
54.36.148.197 - - [27/May/2025:19:01:52 -0400] "GET /wp-sitemap-users-1.xml HTTP/1.1" 200 164 "-" "Mozilla/5.0 (compatible; AhrefsBot/7.0; +http://ahrefs.com/robot/)"
43.166.136.153 - - [27/May/2025:19:05:25 -0400] "GET /virtual-assistant-services/social-media-management/ HTTP/1.1" 200 17141 "-" "Mozilla/5.0 (iPhone; CPU iPhone OS 13_2_3 like Mac OS X) AppleWebKit/605.1.15 (KHTML, like Gecko) Version/13.0.3 Mobile/15E148 Safari/604.1"
54.36.148.247 - - [27/May/2025:19:01:50 -0400] "GET /wp-sitemap-taxonomies-category-1.xml HTTP/1.1" 200 168 "-" "Mozilla/5.0 (compatible; AhrefsBot/7.0; +http://ahrefs.com/robot/)"
198.54.114.35 - - [27/May/2025:19:05:29 -0400] "POST /wp-cron.php?doing_wp_cron=1748387129.2474899291992187500000 HTTP/1.1" 200 0 "-" "WordPress/6.8.1; https://socialdigiinnovator.com"
2602:fb54:948:: - - [27/May/2025:19:08:31 -0400] "POST /wp-admin HTTP/1.1" 301 795 "https://socialdigiinnovator.com/wp-admin/" "Mozilla/5.0 (Windows NT 10.0; Win64; x64) AppleWebKit/537.36 (KHTML, like Gecko) Chrome/90.0.4430.85 Safari/537.36"
2602:fb54:948:: - - [27/May/2025:19:08:31 -0400] "GET /wp-admin/ HTTP/1.1" 302 0 "https://socialdigiinnovator.com/wp-admin/" "Mozilla/5.0 (Windows NT 10.0; Win64; x64) AppleWebKit/537.36 (KHTML, like Gecko) Chrome/90.0.4430.85 Safari/537.36"
2602:fb54:948:: - - [27/May/2025:19:08:36 -0400] "GET /404 HTTP/1.1" 404 15044 "https://socialdigiinnovator.com/wp-admin/" "Mozilla/5.0 (Windows NT 10.0; Win64; x64) AppleWebKit/537.36 (KHTML, like Gecko) Chrome/90.0.4430.85 Safari/537.36"
2602:fb54:948:: - - [27/May/2025:19:08:38 -0400] "POST /wp-login.php HTTP/1.1" 302 0 "https://socialdigiinnovator.com/wp-admin/" "Mozilla/5.0 (Windows NT 10.0; Win64; x64) AppleWebKit/537.36 (KHTML, like Gecko) Chrome/90.0.4430.85 Safari/537.36"
2602:fb54:948:: - - [27/May/2025:19:08:38 -0400] "GET /404 HTTP/1.1" 404 15044 "https://socialdigiinnovator.com/wp-admin/" "Mozilla/5.0 (Windows NT 10.0; Win64; x64) AppleWebKit/537.36 (KHTML, like Gecko) Chrome/90.0.4430.85 Safari/537.36"
2602:fb54:948:: - - [27/May/2025:19:08:39 -0400] "POST /admin HTTP/1.1" 302 0 "https://socialdigiinnovator.com/wp-admin/" "Mozilla/5.0 (Windows NT 10.0; Win64; x64) AppleWebKit/537.36 (KHTML, like Gecko) Chrome/90.0.4430.85 Safari/537.36"
2602:fb54:948:: - - [27/May/2025:19:08:40 -0400] "GET /wp-login.php?redirect_to=https%3A%2F%2Fsocialdigiinnovator.com%2Fwp-admin%2F&reauth=1 HTTP/1.1" 302 0 "https://socialdigiinnovator.com/wp-admin/" "Mozilla/5.0 (Windows NT 10.0; Win64; x64) AppleWebKit/537.36 (KHTML, like Gecko) Chrome/90.0.4430.85 Safari/537.36"
2602:fb54:948:: - - [27/May/2025:19:08:41 -0400] "POST /user/login HTTP/1.1" 404 15044 "https://socialdigiinnovator.com/wp-admin/" "Mozilla/5.0 (Windows NT 10.0; Win64; x64) AppleWebKit/537.36 (KHTML, like Gecko) Chrome/90.0.4430.85 Safari/537.36"
2602:fb54:948:: - - [27/May/2025:19:08:42 -0400] "POST /login HTTP/1.1" 302 0 "https://socialdigiinnovator.com/wp-admin/" "Mozilla/5.0 (Windows NT 10.0; Win64; x64) AppleWebKit/537.36 (KHTML, like Gecko) Chrome/90.0.4430.85 Safari/537.36"
2602:fb54:948:: - - [27/May/2025:19:08:47 -0400] "POST /cms HTTP/1.1" 404 15041 "https://socialdigiinnovator.com/wp-admin/" "Mozilla/5.0 (Windows NT 10.0; Win64; x64) AppleWebKit/537.36 (KHTML, like Gecko) Chrome/90.0.4430.85 Safari/537.36"
2602:fb54:948:: - - [27/May/2025:19:08:48 -0400] "POST /panel HTTP/1.1" 404 15043 "https://socialdigiinnovator.com/wp-admin/" "Mozilla/5.0 (Windows NT 10.0; Win64; x64) AppleWebKit/537.36 (KHTML, like Gecko) Chrome/90.0.4430.85 Safari/537.36"
198.54.114.35 - - [27/May/2025:19:18:47 -0400] "POST /wp-cron.php?doing_wp_cron=1748387927.1113820075988769531250 HTTP/1.1" 200 0 "-" "WordPress/6.8.1; https://socialdigiinnovator.com"
43.135.134.127 - - [27/May/2025:19:18:43 -0400] "GET /virtual-assistant-services/ghl-expert/ HTTP/1.1" 200 16392 "-" "Mozilla/5.0 (iPhone; CPU iPhone OS 13_2_3 like Mac OS X) AppleWebKit/605.1.15 (KHTML, like Gecko) Version/13.0.3 Mobile/15E148 Safari/604.1"
198.54.114.35 - - [27/May/2025:19:08:36 -0400] "POST /wp-cron.php?doing_wp_cron=1748387316.0697970390319824218750 HTTP/1.1" 200 0 "-" "WordPress/6.8.1; https://socialdigiinnovator.com"
2602:fb54:948:: - - [27/May/2025:19:08:36 -0400] "GET /wp-login.php?redirect_to=https%3A%2F%2Fsocialdigiinnovator.com%2Fwp-admin%2F&reauth=1 HTTP/1.1" 302 0 "https://socialdigiinnovator.com/wp-admin/" "Mozilla/5.0 (Windows NT 10.0; Win64; x64) AppleWebKit/537.36 (KHTML, like Gecko) Chrome/90.0.4430.85 Safari/537.36"
198.54.114.35 - - [27/May/2025:19:08:38 -0400] "POST /wp-cron.php?doing_wp_cron=1748387318.7814900875091552734375 HTTP/1.1" 200 0 "-" "WordPress/6.8.1; https://socialdigiinnovator.com"
2602:fb54:948:: - - [27/May/2025:19:08:40 -0400] "GET /wp-admin/ HTTP/1.1" 302 0 "https://socialdigiinnovator.com/wp-admin/" "Mozilla/5.0 (Windows NT 10.0; Win64; x64) AppleWebKit/537.36 (KHTML, like Gecko) Chrome/90.0.4430.85 Safari/537.36"
2602:fb54:948:: - - [27/May/2025:19:08:40 -0400] "GET /404 HTTP/1.1" 404 15045 "https://socialdigiinnovator.com/wp-admin/" "Mozilla/5.0 (Windows NT 10.0; Win64; x64) AppleWebKit/537.36 (KHTML, like Gecko) Chrome/90.0.4430.85 Safari/537.36"
2602:fb54:948:: - - [27/May/2025:19:08:42 -0400] "GET /wp-login.php HTTP/1.1" 302 0 "https://socialdigiinnovator.com/wp-admin/" "Mozilla/5.0 (Windows NT 10.0; Win64; x64) AppleWebKit/537.36 (KHTML, like Gecko) Chrome/90.0.4430.85 Safari/537.36"
2602:fb54:948:: - - [27/May/2025:19:08:43 -0400] "GET /404 HTTP/1.1" 404 15044 "https://socialdigiinnovator.com/wp-admin/" "Mozilla/5.0 (Windows NT 10.0; Win64; x64) AppleWebKit/537.36 (KHTML, like Gecko) Chrome/90.0.4430.85 Safari/537.36"
2602:fb54:948:: - - [27/May/2025:19:08:44 -0400] "POST /dashboard HTTP/1.1" 302 0 "https://socialdigiinnovator.com/wp-admin/" "Mozilla/5.0 (Windows NT 10.0; Win64; x64) AppleWebKit/537.36 (KHTML, like Gecko) Chrome/90.0.4430.85 Safari/537.36"
2602:fb54:948:: - - [27/May/2025:19:08:45 -0400] "GET /wp-admin/ HTTP/1.1" 302 0 "https://socialdigiinnovator.com/wp-admin/" "Mozilla/5.0 (Windows NT 10.0; Win64; x64) AppleWebKit/537.36 (KHTML, like Gecko) Chrome/90.0.4430.85 Safari/537.36"
2602:fb54:948:: - - [27/May/2025:19:08:46 -0400] "GET /wp-login.php?redirect_to=https%3A%2F%2Fsocialdigiinnovator.com%2Fwp-admin%2F&reauth=1 HTTP/1.1" 302 0 "https://socialdigiinnovator.com/wp-admin/" "Mozilla/5.0 (Windows NT 10.0; Win64; x64) AppleWebKit/537.36 (KHTML, like Gecko) Chrome/90.0.4430.85 Safari/537.36"
2602:fb54:948:: - - [27/May/2025:19:08:46 -0400] "GET /404 HTTP/1.1" 404 15043 "https://socialdigiinnovator.com/wp-admin/" "Mozilla/5.0 (Windows NT 10.0; Win64; x64) AppleWebKit/537.36 (KHTML, like Gecko) Chrome/90.0.4430.85 Safari/537.36"
2602:fb54:948:: - - [27/May/2025:19:08:49 -0400] "POST /backend HTTP/1.1" 404 15050 "https://socialdigiinnovator.com/wp-admin/" "Mozilla/5.0 (Windows NT 10.0; Win64; x64) AppleWebKit/537.36 (KHTML, like Gecko) Chrome/90.0.4430.85 Safari/537.36"
43.166.132.142 - - [27/May/2025:19:26:12 -0400] "GET /wp-json/oembed/1.0/embed?url=https%3A%2F%2Fsocialdigiinnovator.com%2Fsocial-media-marketing%2F&format=xml HTTP/1.1" 200 1039 "-" "Mozilla/5.0 (iPhone; CPU iPhone OS 13_2_3 like Mac OS X) AppleWebKit/605.1.15 (KHTML, like Gecko) Version/13.0.3 Mobile/15E148 Safari/604.1"
198.54.114.35 - - [27/May/2025:19:29:08 -0400] "POST /wp-cron.php?doing_wp_cron=1748388547.8323988914489746093750 HTTP/1.1" 200 0 "-" "WordPress/6.8.1; https://socialdigiinnovator.com"
13.79.87.25 - - [27/May/2025:19:29:09 -0400] "GET /wp-admin/js/chosen.php HTTP/1.1" 404 33533 "-" "-"
13.79.87.25 - - [27/May/2025:19:29:11 -0400] "GET /wp-admin/network/about.php HTTP/1.1" 302 0 "-" "-"
13.79.87.25 - - [27/May/2025:19:29:12 -0400] "GET /wp-login.php?redirect_to=https%3A%2F%2Fsocialdigiinnovator.com%2Fwp-admin%2Fnetwork%2Fabout.php&reauth=1 HTTP/1.1" 302 0 "-" "-"
13.79.87.25 - - [27/May/2025:19:29:12 -0400] "GET /404 HTTP/1.1" 404 15045 "-" "-"
13.79.87.25 - - [27/May/2025:19:29:15 -0400] "GET /wp-admin/css/ HTTP/1.1" 403 1242 "-" "-"
13.79.87.25 - - [27/May/2025:19:29:15 -0400] "GET /wp-content/admin.php HTTP/1.1" 404 15044 "-" "-"
13.79.87.25 - - [27/May/2025:19:29:16 -0400] "GET /wp-admin/images/index.php HTTP/1.1" 301 0 "-" "-"
13.79.87.25 - - [27/May/2025:19:29:16 -0400] "GET /wp-admin/images/ HTTP/1.1" 403 1242 "-" "-"
13.79.87.25 - - [27/May/2025:19:29:16 -0400] "GET /wp-includes/Text/network.php HTTP/1.1" 404 33534 "-" "-"
13.79.87.25 - - [27/May/2025:19:29:17 -0400] "GET /wp-admin/css/about.php HTTP/1.1" 404 33531 "-" "-"
13.79.87.25 - - [27/May/2025:19:29:22 -0400] "GET /wp-includes/certificates/about.php HTTP/1.1" 404 33543 "-" "-"
13.79.87.25 - - [27/May/2025:19:29:24 -0400] "GET /wp-includes/Text/index.php HTTP/1.1" 301 0 "-" "-"
13.79.87.25 - - [27/May/2025:19:29:27 -0400] "GET /.well-known/ HTTP/1.1" 404 15045 "-" "-"
13.79.87.25 - - [27/May/2025:19:29:30 -0400] "GET /wp-includes/certificates/plugins.php HTTP/1.1" 404 33536 "-" "-"
13.79.87.25 - - [27/May/2025:19:29:31 -0400] "GET /modules/mod_simplefileuploadv1.3/elements/filemanager.php HTTP/1.1" 404 33544 "-" "-"
198.54.114.35 - - [27/May/2025:19:33:37 -0400] "POST /wp-cron.php?doing_wp_cron=1748388817.6169099807739257812500 HTTP/1.1" 200 0 "-" "WordPress/6.8.1; https://socialdigiinnovator.com"
198.54.114.35 - - [27/May/2025:19:26:17 -0400] "POST /wp-cron.php?doing_wp_cron=1748388376.9372489452362060546875 HTTP/1.1" 200 0 "-" "WordPress/6.8.1; https://socialdigiinnovator.com"
13.79.87.25 - - [27/May/2025:19:29:04 -0400] "GET /wp-content/plugins/hellopress/wp_filemanager.php HTTP/1.1" 404 33571 "-" "-"
13.79.87.25 - - [27/May/2025:19:29:13 -0400] "GET /wp-admin/js/wp-conflg.php HTTP/1.1" 404 33529 "-" "-"
13.79.87.25 - - [27/May/2025:19:29:14 -0400] "GET /wp-admin/css/index.php HTTP/1.1" 301 0 "-" "-"
13.79.87.25 - - [27/May/2025:19:29:18 -0400] "GET /wp-includes/fonts/item.php HTTP/1.1" 404 33542 "-" "-"
13.79.87.25 - - [27/May/2025:19:29:19 -0400] "GET /wp-includes/images/chosen.php HTTP/1.1" 404 33515 "-" "-"
13.79.87.25 - - [27/May/2025:19:29:21 -0400] "GET /wp-admin/network/chosen.php HTTP/1.1" 404 33556 "-" "-"
13.79.87.25 - - [27/May/2025:19:29:23 -0400] "GET /wp-admin/includes/wp-conflg.php HTTP/1.1" 404 33551 "-" "-"
13.79.87.25 - - [27/May/2025:19:29:24 -0400] "GET /wp-content/themes/index.php HTTP/1.1" 403 1242 "-" "-"
13.79.87.25 - - [27/May/2025:19:29:24 -0400] "GET /wp-includes/Text/ HTTP/1.1" 403 1242 "-" "-"
13.79.87.25 - - [27/May/2025:19:29:25 -0400] "GET /.well-known/acme-challenge/about.php HTTP/1.1" 404 33542 "-" "-"
13.79.87.25 - - [27/May/2025:19:29:27 -0400] "GET /.well-known/index.php HTTP/1.1" 301 0 "-" "-"
13.79.87.25 - - [27/May/2025:19:29:28 -0400] "GET /wp-includes/images/media/wp-login.php HTTP/1.1" 302 0 "-" "-"
13.79.87.25 - - [27/May/2025:19:29:28 -0400] "GET /404 HTTP/1.1" 404 15044 "-" "-"
13.79.87.25 - - [27/May/2025:19:29:29 -0400] "GET /admin.php HTTP/1.1" 404 15050 "-" "-"
178.23.189.67 - - [27/May/2025:19:33:33 -0400] "GET /importance-of-a-brand-logo/ HTTP/1.1" 200 18549 "https://socialdigiinnovator.com/importance-of-a-brand-logo/" "Mozilla/5.0 (Windows NT 10.0; Win64; x64) AppleWebKit/537.36 (KHTML, like Gecko) Chrome/131.0.0.0 Safari/537.36 Avast/131.0.0.0"
43.153.113.127 - - [27/May/2025:19:36:31 -0400] "GET /wp-content/uploads/2022/10/Lead-gen-200x155.webp HTTP/1.1" 200 6314 "-" "Mozilla/5.0 (iPhone; CPU iPhone OS 13_2_3 like Mac OS X) AppleWebKit/605.1.15 (KHTML, like Gecko) Version/13.0.3 Mobile/15E148 Safari/604.1"
198.54.114.35 - - [27/May/2025:19:47:24 -0400] "POST /wp-cron.php?doing_wp_cron=1748389643.9949209690093994140625 HTTP/1.1" 200 0 "-" "WordPress/6.8.1; https://socialdigiinnovator.com"
85.208.96.212 - - [27/May/2025:19:47:14 -0400] "GET /robots.txt HTTP/1.1" 200 102 "-" "Mozilla/5.0 (compatible; SemrushBot/7~bl; +http://www.semrush.com/bot.html)"
185.191.171.10 - - [27/May/2025:19:47:25 -0400] "GET /intrinsic6c6cc6/ccca160959.html HTTP/1.1" 404 15043 "-" "Mozilla/5.0 (compatible; SemrushBot/7~bl; +http://www.semrush.com/bot.html)"
198.54.114.35 - - [27/May/2025:19:55:37 -0400] "POST /wp-cron.php?doing_wp_cron=1748390137.6781799793243408203125 HTTP/1.1" 200 0 "-" "WordPress/6.8.1; https://socialdigiinnovator.com"
49.51.183.220 - - [27/May/2025:19:55:29 -0400] "GET /virtual-assistant-services/general-virtual-workers/ HTTP/1.1" 200 16599 "-" "Mozilla/5.0 (iPhone; CPU iPhone OS 13_2_3 like Mac OS X) AppleWebKit/605.1.15 (KHTML, like Gecko) Version/13.0.3 Mobile/15E148 Safari/604.1"
198.54.114.35 - - [27/May/2025:19:59:34 -0400] "POST /wp-cron.php?doing_wp_cron=1748390374.7639811038970947265625 HTTP/1.1" 200 0 "-" "WordPress/6.8.1; https://socialdigiinnovator.com"
45.120.177.111 - - [27/May/2025:19:59:31 -0400] "GET /wp-content/themes/masterstudy/style.css HTTP/1.1" 404 33547 "-" "python-requests/2.32.3"
198.54.114.35 - - [27/May/2025:19:54:08 -0400] "POST /wp-cron.php?doing_wp_cron=1748390048.6126129627227783203125 HTTP/1.1" 200 0 "-" "WordPress/6.8.1; https://socialdigiinnovator.com"
170.106.160.90 - - [27/May/2025:19:54:03 -0400] "GET /virtual-assistant-services/community-management/ HTTP/1.1" 200 16677 "-" "Mozilla/5.0 (iPhone; CPU iPhone OS 13_2_3 like Mac OS X) AppleWebKit/605.1.15 (KHTML, like Gecko) Version/13.0.3 Mobile/15E148 Safari/604.1"
20.244.94.21 - - [27/May/2025:20:10:00 -0400] "POST /404/wp-login.php HTTP/1.1" 302 0 "http://socialdigiinnovator.com/wp-admin/" "Mozilla/5.0 (Windows NT 10.0; Win64; x64) AppleWebKit/537.36 (KHTML, like Gecko) Chrome/90.0.4430.85 Safari/537.36"
20.244.94.21 - - [27/May/2025:20:10:05 -0400] "POST /404/wp-login.php HTTP/1.1" 302 0 "https://socialdigiinnovator.com/404/wp-admin/" "Mozilla/5.0 (Windows NT 10.0; Win64; x64) AppleWebKit/537.36 (KHTML, like Gecko) Chrome/90.0.4430.85 Safari/537.36"
20.244.94.21 - - [27/May/2025:20:10:06 -0400] "GET /404 HTTP/1.1" 404 15044 "https://socialdigiinnovator.com/404/wp-admin/" "Mozilla/5.0 (Windows NT 10.0; Win64; x64) AppleWebKit/537.36 (KHTML, like Gecko) Chrome/90.0.4430.85 Safari/537.36"
20.244.94.21 - - [27/May/2025:20:10:07 -0400] "GET /404/wp-admin/ HTTP/1.1" 404 15046 "https://socialdigiinnovator.com/404/wp-admin/" "Mozilla/5.0 (Windows NT 10.0; Win64; x64) AppleWebKit/537.36 (KHTML, like Gecko) Chrome/90.0.4430.85 Safari/537.36"
20.244.94.21 - - [27/May/2025:20:10:09 -0400] "GET /404 HTTP/1.1" 404 15072 "https://socialdigiinnovator.com/404/wp-admin/" "Mozilla/5.0 (Windows NT 10.0; Win64; x64) AppleWebKit/537.36 (KHTML, like Gecko) Chrome/90.0.4430.85 Safari/537.36"
20.244.94.21 - - [27/May/2025:20:10:12 -0400] "POST /404/wp-login.php HTTP/1.1" 302 0 "https://socialdigiinnovator.com/404/wp-admin/" "Mozilla/5.0 (Windows NT 10.0; Win64; x64) AppleWebKit/537.36 (KHTML, like Gecko) Chrome/90.0.4430.85 Safari/537.36"
20.244.94.21 - - [27/May/2025:20:10:12 -0400] "GET /404 HTTP/1.1" 404 15046 "https://socialdigiinnovator.com/404/wp-admin/" "Mozilla/5.0 (Windows NT 10.0; Win64; x64) AppleWebKit/537.36 (KHTML, like Gecko) Chrome/90.0.4430.85 Safari/537.36"
20.244.94.21 - - [27/May/2025:20:10:13 -0400] "GET /404/wp-admin/ HTTP/1.1" 404 15045 "https://socialdigiinnovator.com/404/wp-admin/" "Mozilla/5.0 (Windows NT 10.0; Win64; x64) AppleWebKit/537.36 (KHTML, like Gecko) Chrome/90.0.4430.85 Safari/537.36"
198.54.114.35 - - [27/May/2025:20:18:01 -0400] "POST /wp-cron.php?doing_wp_cron=1748391481.5374689102172851562500 HTTP/1.1" 200 0 "-" "WordPress/6.8.1; https://socialdigiinnovator.com"
20.244.94.21 - - [27/May/2025:20:09:54 -0400] "GET /wp-login.php HTTP/1.1" 302 0 "http://socialdigiinnovator.com/wp-admin/" "Mozilla/5.0 (Windows NT 10.0; Win64; x64) AppleWebKit/537.36 (KHTML, like Gecko) Chrome/90.0.4430.85 Safari/537.36"
198.54.114.35 - - [27/May/2025:20:09:58 -0400] "POST /wp-cron.php?doing_wp_cron=1748390998.5861260890960693359375 HTTP/1.1" 200 0 "-" "WordPress/6.8.1; https://socialdigiinnovator.com"
20.244.94.21 - - [27/May/2025:20:09:56 -0400] "GET /404 HTTP/1.1" 404 15065 "http://socialdigiinnovator.com/wp-admin/" "Mozilla/5.0 (Windows NT 10.0; Win64; x64) AppleWebKit/537.36 (KHTML, like Gecko) Chrome/90.0.4430.85 Safari/537.36"
20.244.94.21 - - [27/May/2025:20:10:01 -0400] "GET /404 HTTP/1.1" 404 15045 "http://socialdigiinnovator.com/wp-admin/" "Mozilla/5.0 (Windows NT 10.0; Win64; x64) AppleWebKit/537.36 (KHTML, like Gecko) Chrome/90.0.4430.85 Safari/537.36"
20.244.94.21 - - [27/May/2025:20:10:02 -0400] "GET /404/wp-admin/ HTTP/1.1" 404 15063 "http://socialdigiinnovator.com/wp-admin/" "Mozilla/5.0 (Windows NT 10.0; Win64; x64) AppleWebKit/537.36 (KHTML, like Gecko) Chrome/90.0.4430.85 Safari/537.36"
20.244.94.21 - - [27/May/2025:20:10:09 -0400] "POST /404/wp-login.php HTTP/1.1" 302 0 "https://socialdigiinnovator.com/404/wp-admin/" "Mozilla/5.0 (Windows NT 10.0; Win64; x64) AppleWebKit/537.36 (KHTML, like Gecko) Chrome/90.0.4430.85 Safari/537.36"
20.244.94.21 - - [27/May/2025:20:10:10 -0400] "GET /404/wp-admin/ HTTP/1.1" 404 15044 "https://socialdigiinnovator.com/404/wp-admin/" "Mozilla/5.0 (Windows NT 10.0; Win64; x64) AppleWebKit/537.36 (KHTML, like Gecko) Chrome/90.0.4430.85 Safari/537.36"
43.157.95.131 - - [27/May/2025:20:17:57 -0400] "GET /technical-services/crm-customization-integrations-management/ HTTP/1.1" 200 16282 "-" "Mozilla/5.0 (iPhone; CPU iPhone OS 13_2_3 like Mac OS X) AppleWebKit/605.1.15 (KHTML, like Gecko) Version/13.0.3 Mobile/15E148 Safari/604.1"
182.42.105.85 - - [27/May/2025:20:26:55 -0400] "GET / HTTP/1.1" 200 26175 "https://www.socialdigiinnovator.com/" "Mozilla/5.0 (iPhone; CPU iPhone OS 13_2_3 like Mac OS X) AppleWebKit/605.1.15 (KHTML, like Gecko) Version/13.0.3 Mobile/15E148 Safari/604.1"
198.54.114.35 - - [27/May/2025:20:36:27 -0400] "POST /wp-cron.php?doing_wp_cron=1748392587.5587000846862792968750 HTTP/1.1" 200 0 "-" "WordPress/6.8.1; https://socialdigiinnovator.com"
49.51.50.147 - - [27/May/2025:20:36:22 -0400] "GET /business-dfy/ HTTP/1.1" 200 16302 "-" "Mozilla/5.0 (iPhone; CPU iPhone OS 13_2_3 like Mac OS X) AppleWebKit/605.1.15 (KHTML, like Gecko) Version/13.0.3 Mobile/15E148 Safari/604.1"
198.54.114.35 - - [27/May/2025:20:39:52 -0400] "POST /wp-cron.php?doing_wp_cron=1748392792.6963570117950439453125 HTTP/1.1" 200 0 "-" "WordPress/6.8.1; https://socialdigiinnovator.com"
52.164.219.216 - - [27/May/2025:20:39:56 -0400] "GET /chosen.php HTTP/1.1" 404 15046 "-" "-"
52.164.219.216 - - [27/May/2025:20:39:59 -0400] "GET /flower.php HTTP/1.1" 404 15047 "-" "-"
52.164.219.216 - - [27/May/2025:20:40:00 -0400] "GET /file.php HTTP/1.1" 404 15047 "-" "-"
52.164.219.216 - - [27/May/2025:20:40:01 -0400] "GET /new.php HTTP/1.1" 404 15046 "-" "-"
52.164.219.216 - - [27/May/2025:20:40:04 -0400] "GET /lol.php HTTP/1.1" 404 15063 "-" "-"
52.164.219.216 - - [27/May/2025:20:40:08 -0400] "GET /wp-conflg.php HTTP/1.1" 404 15045 "-" "-"
52.164.219.216 - - [27/May/2025:20:40:17 -0400] "GET /admin.php HTTP/1.1" 404 15045 "-" "-"
52.164.219.216 - - [27/May/2025:20:40:18 -0400] "GET /classwithtostring.php HTTP/1.1" 404 15045 "-" "-"
52.164.219.216 - - [27/May/2025:20:40:20 -0400] "GET /wp-includes/wp-class.php HTTP/1.1" 404 15044 "-" "-"
52.164.219.216 - - [27/May/2025:20:40:22 -0400] "GET /wp-admin/css/about.php HTTP/1.1" 404 33531 "-" "-"
52.164.219.216 - - [27/May/2025:20:40:30 -0400] "GET /wso.php HTTP/1.1" 404 15046 "-" "-"
52.164.219.216 - - [27/May/2025:20:40:33 -0400] "GET /wp-content/uploads/about.php HTTP/1.1" 404 33505 "-" "-"
198.54.114.35 - - [27/May/2025:20:40:38 -0400] "POST /wp-cron.php?doing_wp_cron=1748392838.4945750236511230468750 HTTP/1.1" 200 0 "-" "WordPress/6.8.1; https://socialdigiinnovator.com"
52.164.219.216 - - [27/May/2025:20:40:37 -0400] "GET /lock360.php HTTP/1.1" 404 15045 "-" "-"
52.164.219.216 - - [27/May/2025:20:40:39 -0400] "GET /xx.php HTTP/1.1" 404 15064 "-" "-"
52.164.219.216 - - [27/May/2025:20:40:45 -0400] "GET /we.php HTTP/1.1" 404 15047 "-" "-"
52.164.219.216 - - [27/May/2025:20:40:47 -0400] "GET /v.php HTTP/1.1" 404 15053 "-" "-"
52.164.219.216 - - [27/May/2025:20:40:48 -0400] "GET /wp-content/cache/index.php HTTP/1.1" 301 0 "-" "-"
52.164.219.216 - - [27/May/2025:20:40:49 -0400] "GET /wp-includes/blocks/button/index.php HTTP/1.1" 301 0 "-" "-"
52.164.219.216 - - [27/May/2025:20:40:50 -0400] "GET /wp-includes/assets/index.php HTTP/1.1" 301 0 "-" "-"
198.54.114.35 - - [27/May/2025:20:40:53 -0400] "POST /wp-cron.php?doing_wp_cron=1748392852.9685440063476562500000 HTTP/1.1" 200 0 "-" "WordPress/6.8.1; https://socialdigiinnovator.com"
52.164.219.216 - - [27/May/2025:20:40:57 -0400] "GET /goods.php HTTP/1.1" 404 15053 "-" "-"
52.164.219.216 - - [27/May/2025:20:40:59 -0400] "GET /wp-admin/css/colors/coffee/ HTTP/1.1" 403 1242 "-" "-"
52.164.219.216 - - [27/May/2025:20:41:00 -0400] "GET /wp-login.php?action=register HTTP/1.1" 302 0 "-" "-"
52.164.219.216 - - [27/May/2025:20:41:00 -0400] "GET /404 HTTP/1.1" 404 15046 "-" "-"
52.164.219.216 - - [27/May/2025:20:41:02 -0400] "GET /admin/function.php HTTP/1.1" 404 15044 "-" "-"
52.164.219.216 - - [27/May/2025:20:41:05 -0400] "GET /manager.php HTTP/1.1" 404 15045 "-" "-"
52.164.219.216 - - [27/May/2025:20:41:07 -0400] "GET /wp-includes/block-supports/index.php HTTP/1.1" 301 0 "-" "-"
52.164.219.216 - - [27/May/2025:20:41:08 -0400] "GET /wp-includes/block-supports/ HTTP/1.1" 403 1242 "-" "-"
52.164.219.216 - - [27/May/2025:20:41:08 -0400] "GET /images/class-config.php HTTP/1.1" 404 15047 "-" "-"
198.54.114.35 - - [27/May/2025:20:26:54 -0400] "POST /wp-cron.php?doing_wp_cron=1748392013.9308600425720214843750 HTTP/1.1" 200 0 "-" "WordPress/6.8.1; https://socialdigiinnovator.com"
182.42.105.85 - - [27/May/2025:20:26:49 -0400] "GET / HTTP/1.1" 301 0 "http://www.socialdigiinnovator.com" "Mozilla/5.0 (iPhone; CPU iPhone OS 13_2_3 like Mac OS X) AppleWebKit/605.1.15 (KHTML, like Gecko) Version/13.0.3 Mobile/15E148 Safari/604.1"
43.157.53.115 - - [27/May/2025:20:26:56 -0400] "GET /social-media-marketing/embed/ HTTP/1.1" 200 6441 "-" "Mozilla/5.0 (iPhone; CPU iPhone OS 13_2_3 like Mac OS X) AppleWebKit/605.1.15 (KHTML, like Gecko) Version/13.0.3 Mobile/15E148 Safari/604.1"
52.164.219.216 - - [27/May/2025:20:39:46 -0400] "GET /css.php HTTP/1.1" 404 15045 "-" "-"
52.164.219.216 - - [27/May/2025:20:39:57 -0400] "GET /ioxi-o.php HTTP/1.1" 404 15046 "-" "-"
52.164.219.216 - - [27/May/2025:20:40:09 -0400] "GET /app.php HTTP/1.1" 404 15047 "-" "-"
52.164.219.216 - - [27/May/2025:20:40:11 -0400] "GET /wp-admin/css/colors/blue/index.php HTTP/1.1" 301 0 "-" "-"
52.164.219.216 - - [27/May/2025:20:40:12 -0400] "GET /wp-admin/css/colors/blue/ HTTP/1.1" 403 1242 "-" "-"
52.164.219.216 - - [27/May/2025:20:40:12 -0400] "GET /about/function.php HTTP/1.1" 404 15044 "-" "-"
52.164.219.216 - - [27/May/2025:20:40:14 -0400] "GET /wp-admin/network/network.php HTTP/1.1" 404 33528 "-" "-"
52.164.219.216 - - [27/May/2025:20:40:25 -0400] "GET /aa.php HTTP/1.1" 404 15046 "-" "-"
52.164.219.216 - - [27/May/2025:20:40:28 -0400] "GET /wp-content/admin.php HTTP/1.1" 404 15045 "-" "-"
52.164.219.216 - - [27/May/2025:20:40:33 -0400] "GET /wp-content/uploads/ HTTP/1.1" 403 1242 "-" "-"
52.164.219.216 - - [27/May/2025:20:40:42 -0400] "GET /mah/function.php HTTP/1.1" 404 15052 "-" "-"
52.164.219.216 - - [27/May/2025:20:40:43 -0400] "GET /autoload_classmap.php HTTP/1.1" 404 15045 "-" "-"
52.164.219.216 - - [27/May/2025:20:40:49 -0400] "GET /wp-content/cache/ HTTP/1.1" 403 1242 "-" "-"
