66.249.74.71 - - [19/May/2025:12:26:30 -0400] "GET /?_gl=1*rgknbr*_ga*MzY3MjE1MDcwLjE3MzcwOTUyMjA.*_ga_0VKVKKN4NV*MTczNzEwMjM4NC4yLjEuMTczNzEwMjQ1My42MC4wLjA.&_bd_prev_page=https://sdipmtools.com/detail.php?shopdetail/10055964 HTTP/1.1" 200 4134 "-" "Mozilla/5.0 (Linux; Android 6.0.1; Nexus 5X Build/MMB29P) AppleWebKit/537.36 (KHTML, like Gecko) Chrome/136.0.7103.92 Mobile Safari/537.36 (compatible; Googlebot/2.1; +http://www.google.com/bot.html)"
66.249.65.193 - - [19/May/2025:12:26:34 -0400] "GET /js/main.js HTTP/1.1" 200 1033573 "https://www.sdipmtools.com/login" "Mozilla/5.0 (Linux; Android 6.0.1; Nexus 5X Build/MMB29P) AppleWebKit/537.36 (KHTML, like Gecko) Chrome/136.0.7103.92 Mobile Safari/537.36 (compatible; Googlebot/2.1; +http://www.google.com/bot.html)"
66.249.65.193 - - [19/May/2025:12:28:22 -0400] "GET /?_gl=1*rgknbr*_ga*MzY3MjE1MDcwLjE3MzcwOTUyMjA.*_ga_0VKVKKN4NV*MTczNzEwMjM4NC4yLjEuMTczNzEwMjQ1My42MC4wLjA.&_bd_prev_page=https://www.sdipmtools.com/detail.php?shopdetail/14843553 HTTP/1.1" 200 4140 "-" "Mozilla/5.0 (Linux; Android 6.0.1; Nexus 5X Build/MMB29P) AppleWebKit/537.36 (KHTML, like Gecko) Chrome/136.0.7103.92 Mobile Safari/537.36 (compatible; Googlebot/2.1; +http://www.google.com/bot.html)"
66.249.74.71 - - [19/May/2025:12:28:41 -0400] "GET /robots.txt HTTP/1.1" 200 134 "-" "Mozilla/5.0 (compatible; Googlebot/2.1; +http://www.google.com/bot.html)"
66.249.74.72 - - [19/May/2025:12:29:12 -0400] "GET /product/edit/89327936 HTTP/1.1" 200 6063 "-" "Mozilla/5.0 (Linux; Android 6.0.1; Nexus 5X Build/MMB29P) AppleWebKit/537.36 (KHTML, like Gecko) Chrome/136.0.7103.92 Mobile Safari/537.36 (compatible; Googlebot/2.1; +http://www.google.com/bot.html)"
66.249.74.71 - - [19/May/2025:12:30:22 -0400] "GET /?_gl=1*rgknbr*_ga*MzY3MjE1MDcwLjE3MzcwOTUyMjA.*_ga_0VKVKKN4NV*MTczNzEwMjM4NC4yLjEuMTczNzEwMjQ1My42MC4wLjA.&_bd_prev_page=https://sdipmtools.com/detail.php?shopdetail/27458375 HTTP/1.1" 200 4134 "-" "Mozilla/5.0 (Linux; Android 6.0.1; Nexus 5X Build/MMB29P) AppleWebKit/537.36 (KHTML, like Gecko) Chrome/136.0.7103.92 Mobile Safari/537.36 (compatible; Googlebot/2.1; +http://www.google.com/bot.html)"
66.249.74.72 - - [19/May/2025:12:33:25 -0400] "GET /shopdetail/28039742 HTTP/1.1" 200 6063 "-" "Mozilla/5.0 (Linux; Android 6.0.1; Nexus 5X Build/MMB29P) AppleWebKit/537.36 (KHTML, like Gecko) Chrome/136.0.7103.92 Mobile Safari/537.36 (compatible; Googlebot/2.1; +http://www.google.com/bot.html)"
66.249.65.195 - - [19/May/2025:12:35:23 -0400] "GET /?_gl=1*rgknbr*_ga*MzY3MjE1MDcwLjE3MzcwOTUyMjA.*_ga_0VKVKKN4NV*MTczNzEwMjM4NC4yLjEuMTczNzEwMjQ1My42MC4wLjA.&_bd_prev_page=https://www.sdipmtools.com/detail.php?shopdetail/25204519 HTTP/1.1" 200 4140 "-" "Mozilla/5.0 (Linux; Android 6.0.1; Nexus 5X Build/MMB29P) AppleWebKit/537.36 (KHTML, like Gecko) Chrome/136.0.7103.92 Mobile Safari/537.36 (compatible; Googlebot/2.1; +http://www.google.com/bot.html)"
66.249.74.71 - - [19/May/2025:12:35:51 -0400] "GET /js/main.js HTTP/1.1" 200 1033573 "https://sdipmtools.com/login" "Mozilla/5.0 (Linux; Android 6.0.1; Nexus 5X Build/MMB29P) AppleWebKit/537.36 (KHTML, like Gecko) Chrome/136.0.7103.92 Mobile Safari/537.36 (compatible; Googlebot/2.1; +http://www.google.com/bot.html)"
66.249.65.195 - - [19/May/2025:12:39:22 -0400] "GET /?_gl=1*rgknbr*_ga*MzY3MjE1MDcwLjE3MzcwOTUyMjA.*_ga_0VKVKKN4NV*MTczNzEwMjM4NC4yLjEuMTczNzEwMjQ1My42MC4wLjA.&_bd_prev_page=https://www.sdipmtools.com/detail.php?shopdetail/9834097 HTTP/1.1" 200 4140 "-" "Mozilla/5.0 (Linux; Android 6.0.1; Nexus 5X Build/MMB29P) AppleWebKit/537.36 (KHTML, like Gecko) Chrome/136.0.7103.92 Mobile Safari/537.36 (compatible; Googlebot/2.1; +http://www.google.com/bot.html)"
66.249.65.193 - - [19/May/2025:12:39:26 -0400] "GET /js/main.js HTTP/1.1" 200 1033573 "https://www.sdipmtools.com/login" "Mozilla/5.0 (Linux; Android 6.0.1; Nexus 5X Build/MMB29P) AppleWebKit/537.36 (KHTML, like Gecko) Chrome/136.0.7103.92 Mobile Safari/537.36 (compatible; Googlebot/2.1; +http://www.google.com/bot.html)"
66.249.74.72 - - [19/May/2025:12:28:41 -0400] "GET /shopdetail/14124786 HTTP/1.1" 200 6063 "-" "Mozilla/5.0 (Linux; Android 6.0.1; Nexus 5X Build/MMB29P) AppleWebKit/537.36 (KHTML, like Gecko) Chrome/136.0.7103.92 Mobile Safari/537.36 (compatible; Googlebot/2.1; +http://www.google.com/bot.html)"
66.249.74.72 - - [19/May/2025:12:29:36 -0400] "GET /?_gl=1*rgknbr*_ga*MzY3MjE1MDcwLjE3MzcwOTUyMjA.*_ga_0VKVKKN4NV*MTczNzEwMjM4NC4yLjEuMTczNzEwMjQ1My42MC4wLjA.&_bd_prev_page=https://sdipmtools.com/detail.php?shopdetail/15295308 HTTP/1.1" 200 4134 "-" "Mozilla/5.0 (Linux; Android 6.0.1; Nexus 5X Build/MMB29P) AppleWebKit/537.36 (KHTML, like Gecko) Chrome/136.0.7103.92 Mobile Safari/537.36 (compatible; Googlebot/2.1; +http://www.google.com/bot.html)"
66.249.65.193 - - [19/May/2025:12:30:33 -0400] "GET /js/main.js HTTP/1.1" 200 1033573 "https://sdipmtools.com/login" "Mozilla/5.0 (Linux; Android 6.0.1; Nexus 5X Build/MMB29P) AppleWebKit/537.36 (KHTML, like Gecko) Chrome/136.0.7103.92 Mobile Safari/537.36 (compatible; Googlebot/2.1; +http://www.google.com/bot.html)"
66.249.65.195 - - [19/May/2025:12:31:12 -0400] "GET /js/main.js HTTP/1.1" 200 1033573 "https://sdipmtools.com/login" "Mozilla/5.0 (Linux; Android 6.0.1; Nexus 5X Build/MMB29P) AppleWebKit/537.36 (KHTML, like Gecko) Chrome/136.0.7103.92 Mobile Safari/537.36 (compatible; Googlebot/2.1; +http://www.google.com/bot.html)"
66.249.74.71 - - [19/May/2025:12:33:15 -0400] "GET /?_gl=1*rgknbr*_ga*MzY3MjE1MDcwLjE3MzcwOTUyMjA.*_ga_0VKVKKN4NV*MTczNzEwMjM4NC4yLjEuMTczNzEwMjQ1My42MC4wLjA.&_bd_prev_page=https://sdipmtools.com/detail.php?shopdetail/8606008 HTTP/1.1" 200 4134 "-" "Mozilla/5.0 (Linux; Android 6.0.1; Nexus 5X Build/MMB29P) AppleWebKit/537.36 (KHTML, like Gecko) Chrome/136.0.7103.92 Mobile Safari/537.36 (compatible; Googlebot/2.1; +http://www.google.com/bot.html)"
66.249.74.72 - - [19/May/2025:12:35:42 -0400] "GET /?_gl=1*rgknbr*_ga*MzY3MjE1MDcwLjE3MzcwOTUyMjA.*_ga_0VKVKKN4NV*MTczNzEwMjM4NC4yLjEuMTczNzEwMjQ1My42MC4wLjA.&_bd_prev_page=https://sdipmtools.com/detail.php?product/edit/53110229 HTTP/1.1" 200 4134 "-" "Mozilla/5.0 (Linux; Android 6.0.1; Nexus 5X Build/MMB29P) AppleWebKit/537.36 (KHTML, like Gecko) Chrome/136.0.7103.92 Mobile Safari/537.36 (compatible; Googlebot/2.1; +http://www.google.com/bot.html)"
66.249.74.71 - - [19/May/2025:12:40:44 -0400] "GET /?_gl=1*rgknbr*_ga*MzY3MjE1MDcwLjE3MzcwOTUyMjA.*_ga_0VKVKKN4NV*MTczNzEwMjM4NC4yLjEuMTczNzEwMjQ1My42MC4wLjA.&_bd_prev_page=https://sdipmtools.com/detail.php?shopdetail/19658920 HTTP/1.1" 200 4134 "-" "Mozilla/5.0 (Linux; Android 6.0.1; Nexus 5X Build/MMB29P) AppleWebKit/537.36 (KHTML, like Gecko) Chrome/136.0.7103.92 Mobile Safari/537.36 (compatible; Googlebot/2.1; +http://www.google.com/bot.html)"
66.249.74.72 - - [19/May/2025:12:39:28 -0400] "GET /?_gl=1*rgknbr*_ga*MzY3MjE1MDcwLjE3MzcwOTUyMjA.*_ga_0VKVKKN4NV*MTczNzEwMjM4NC4yLjEuMTczNzEwMjQ1My42MC4wLjA.&_bd_prev_page=https://sdipmtools.com/detail.php?shopdetail/18662086 HTTP/1.1" 200 4134 "-" "Mozilla/5.0 (Linux; Android 6.0.1; Nexus 5X Build/MMB29P) AppleWebKit/537.36 (KHTML, like Gecko) Chrome/136.0.7103.92 Mobile Safari/537.36 (compatible; Googlebot/2.1; +http://www.google.com/bot.html)"
66.249.65.193 - - [19/May/2025:12:39:30 -0400] "GET /js/main.js HTTP/1.1" 200 1033573 "https://sdipmtools.com/login" "Mozilla/5.0 (Linux; Android 6.0.1; Nexus 5X Build/MMB29P) AppleWebKit/537.36 (KHTML, like Gecko) Chrome/136.0.7103.92 Mobile Safari/537.36 (compatible; Googlebot/2.1; +http://www.google.com/bot.html)"
66.249.74.71 - - [19/May/2025:12:40:40 -0400] "GET /product/edit/53491573 HTTP/1.1" 200 6063 "-" "Mozilla/5.0 (Linux; Android 6.0.1; Nexus 5X Build/MMB29P) AppleWebKit/537.36 (KHTML, like Gecko) Chrome/136.0.7103.92 Mobile Safari/537.36 (compatible; Googlebot/2.1; +http://www.google.com/bot.html)"
66.249.74.72 - - [19/May/2025:12:41:14 -0400] "GET /product/edit/82163574 HTTP/1.1" 200 6063 "-" "Mozilla/5.0 (Linux; Android 6.0.1; Nexus 5X Build/MMB29P) AppleWebKit/537.36 (KHTML, like Gecko) Chrome/136.0.7103.92 Mobile Safari/537.36 (compatible; Googlebot/2.1; +http://www.google.com/bot.html)"
66.249.74.71 - - [19/May/2025:12:41:30 -0400] "GET /?_gl=1*rgknbr*_ga*MzY3MjE1MDcwLjE3MzcwOTUyMjA.*_ga_0VKVKKN4NV*MTczNzEwMjM4NC4yLjEuMTczNzEwMjQ1My42MC4wLjA.&_bd_prev_page=https://sdipmtools.com/detail.php?shopdetail/13056320 HTTP/1.1" 200 4134 "-" "Mozilla/5.0 (Linux; Android 6.0.1; Nexus 5X Build/MMB29P) AppleWebKit/537.36 (KHTML, like Gecko) Chrome/136.0.7103.92 Mobile Safari/537.36 (compatible; Googlebot/2.1; +http://www.google.com/bot.html)"
66.249.65.193 - - [19/May/2025:12:44:55 -0400] "GET /?_gl=1*rgknbr*_ga*MzY3MjE1MDcwLjE3MzcwOTUyMjA.*_ga_0VKVKKN4NV*MTczNzEwMjM4NC4yLjEuMTczNzEwMjQ1My42MC4wLjA.&_bd_prev_page=https://www.sdipmtools.com/detail.php?shopdetail/8421164 HTTP/1.1" 200 4140 "-" "Mozilla/5.0 (Linux; Android 6.0.1; Nexus 5X Build/MMB29P) AppleWebKit/537.36 (KHTML, like Gecko) Chrome/136.0.7103.92 Mobile Safari/537.36 (compatible; Googlebot/2.1; +http://www.google.com/bot.html)"
66.249.74.71 - - [19/May/2025:12:45:09 -0400] "GET /?_gl=1*rgknbr*_ga*MzY3MjE1MDcwLjE3MzcwOTUyMjA.*_ga_0VKVKKN4NV*MTczNzEwMjM4NC4yLjEuMTczNzEwMjQ1My42MC4wLjA.&_bd_prev_page=https://sdipmtools.com/detail.php?shopdetail/16090175 HTTP/1.1" 200 4111 "-" "Mozilla/5.0 (Linux; Android 6.0.1; Nexus 5X Build/MMB29P) AppleWebKit/537.36 (KHTML, like Gecko) Chrome/136.0.7103.92 Mobile Safari/537.36 (compatible; Googlebot/2.1; +http://www.google.com/bot.html)"
66.249.65.193 - - [19/May/2025:12:45:07 -0400] "GET /js/main.js HTTP/1.1" 200 1033573 "https://www.sdipmtools.com/login" "Mozilla/5.0 (Linux; Android 6.0.1; Nexus 5X Build/MMB29P) AppleWebKit/537.36 (KHTML, like Gecko) Chrome/136.0.7103.92 Mobile Safari/537.36 (compatible; Googlebot/2.1; +http://www.google.com/bot.html)"
66.249.65.194 - - [19/May/2025:12:45:15 -0400] "GET /js/main.js HTTP/1.1" 200 1033573 "https://sdipmtools.com/login" "Mozilla/5.0 (Linux; Android 6.0.1; Nexus 5X Build/MMB29P) AppleWebKit/537.36 (KHTML, like Gecko) Chrome/136.0.7103.92 Mobile Safari/537.36 (compatible; Googlebot/2.1; +http://www.google.com/bot.html)"
66.249.74.71 - - [19/May/2025:12:45:44 -0400] "GET /?_gl=1*rgknbr*_ga*MzY3MjE1MDcwLjE3MzcwOTUyMjA.*_ga_0VKVKKN4NV*MTczNzEwMjM4NC4yLjEuMTczNzEwMjQ1My42MC4wLjA.&_bd_prev_page=https://sdipmtools.com/detail.php?shopdetail/21324597 HTTP/1.1" 200 4134 "-" "Mozilla/5.0 (Linux; Android 6.0.1; Nexus 5X Build/MMB29P) AppleWebKit/537.36 (KHTML, like Gecko) Chrome/136.0.7103.92 Mobile Safari/537.36 (compatible; Googlebot/2.1; +http://www.google.com/bot.html)"
66.249.65.195 - - [19/May/2025:12:46:00 -0400] "GET /js/main.js HTTP/1.1" 200 1033573 "https://sdipmtools.com/login" "Mozilla/5.0 (Linux; Android 6.0.1; Nexus 5X Build/MMB29P) AppleWebKit/537.36 (KHTML, like Gecko) Chrome/136.0.7103.92 Mobile Safari/537.36 (compatible; Googlebot/2.1; +http://www.google.com/bot.html)"
66.249.65.193 - - [19/May/2025:12:46:38 -0400] "GET /?_gl=1*rgknbr*_ga*MzY3MjE1MDcwLjE3MzcwOTUyMjA.*_ga_0VKVKKN4NV*MTczNzEwMjM4NC4yLjEuMTczNzEwMjQ1My42MC4wLjA.&_bd_prev_page=https://www.sdipmtools.com/detail.php?shopdetail/16654886 HTTP/1.1" 200 4140 "-" "Mozilla/5.0 (Linux; Android 6.0.1; Nexus 5X Build/MMB29P) AppleWebKit/537.36 (KHTML, like Gecko) Chrome/136.0.7103.92 Mobile Safari/537.36 (compatible; Googlebot/2.1; +http://www.google.com/bot.html)"
66.249.65.193 - - [19/May/2025:12:46:50 -0400] "GET /js/main.js HTTP/1.1" 200 1033573 "https://www.sdipmtools.com/login" "Mozilla/5.0 (Linux; Android 6.0.1; Nexus 5X Build/MMB29P) AppleWebKit/537.36 (KHTML, like Gecko) Chrome/136.0.7103.92 Mobile Safari/537.36 (compatible; Googlebot/2.1; +http://www.google.com/bot.html)"
66.249.74.72 - - [19/May/2025:12:47:48 -0400] "GET /?_gl=1*rgknbr*_ga*MzY3MjE1MDcwLjE3MzcwOTUyMjA.*_ga_0VKVKKN4NV*MTczNzEwMjM4NC4yLjEuMTczNzEwMjQ1My42MC4wLjA.&_bd_prev_page=https://sdipmtools.com/detail.php?shopdetail/13946364 HTTP/1.1" 200 4134 "-" "Mozilla/5.0 (Linux; Android 6.0.1; Nexus 5X Build/MMB29P) AppleWebKit/537.36 (KHTML, like Gecko) Chrome/136.0.7103.92 Mobile Safari/537.36 (compatible; Googlebot/2.1; +http://www.google.com/bot.html)"
66.249.65.194 - - [19/May/2025:12:47:52 -0400] "GET /js/main.js HTTP/1.1" 200 1033573 "https://sdipmtools.com/login" "Mozilla/5.0 (Linux; Android 6.0.1; Nexus 5X Build/MMB29P) AppleWebKit/537.36 (KHTML, like Gecko) Chrome/136.0.7103.92 Mobile Safari/537.36 (compatible; Googlebot/2.1; +http://www.google.com/bot.html)"
51.8.102.13 - - [19/May/2025:12:48:59 -0400] "GET /?_bd_prev_page=https%3A%2F%2Fsdipmtools.com%2Fdetail.php%3Fshopdetail%2F20113031&_gl=1%2Argknbr%2A_ga%2AMzY3MjE1MDcwLjE3MzcwOTUyMjA.%2A_ga_0VKVKKN4NV%2AMTczNzEwMjM4NC4yLjEuMTczNzEwMjQ1My42MC4wLjA. HTTP/1.1" 200 4134 "-" "Mozilla/5.0 (Macintosh; Intel Mac OS X 10_15_7) AppleWebKit/537.36 (KHTML, like Gecko) Chrome/131.0.0.0 Safari/537.36; compatible; OAI-SearchBot/1.0; +https://openai.com/searchbot"
66.249.74.73 - - [19/May/2025:12:49:01 -0400] "GET /?_gl=1*rgknbr*_ga*MzY3MjE1MDcwLjE3MzcwOTUyMjA.*_ga_0VKVKKN4NV*MTczNzEwMjM4NC4yLjEuMTczNzEwMjQ1My42MC4wLjA.&_bd_prev_page=https://sdipmtools.com/detail.php?shopdetail/25023564 HTTP/1.1" 200 4134 "-" "Mozilla/5.0 (Linux; Android 6.0.1; Nexus 5X Build/MMB29P) AppleWebKit/537.36 (KHTML, like Gecko) Chrome/136.0.7103.92 Mobile Safari/537.36 (compatible; Googlebot/2.1; +http://www.google.com/bot.html)"
66.249.65.195 - - [19/May/2025:12:50:23 -0400] "GET /?_gl=1*rgknbr*_ga*MzY3MjE1MDcwLjE3MzcwOTUyMjA.*_ga_0VKVKKN4NV*MTczNzEwMjM4NC4yLjEuMTczNzEwMjQ1My42MC4wLjA.&_bd_prev_page=https://www.sdipmtools.com/detail.php?shopdetail/19078420 HTTP/1.1" 200 4140 "-" "Mozilla/5.0 (Linux; Android 6.0.1; Nexus 5X Build/MMB29P) AppleWebKit/537.36 (KHTML, like Gecko) Chrome/136.0.7103.92 Mobile Safari/537.36 (compatible; Googlebot/2.1; +http://www.google.com/bot.html)"
66.249.65.193 - - [19/May/2025:12:51:34 -0400] "GET /js/main.js HTTP/1.1" 200 1033573 "https://sdipmtools.com/login" "Mozilla/5.0 (Linux; Android 6.0.1; Nexus 5X Build/MMB29P) AppleWebKit/537.36 (KHTML, like Gecko) Chrome/136.0.7103.92 Mobile Safari/537.36 (compatible; Googlebot/2.1; +http://www.google.com/bot.html)"
66.249.74.73 - - [19/May/2025:12:51:49 -0400] "GET /?_gl=1*rgknbr*_ga*MzY3MjE1MDcwLjE3MzcwOTUyMjA.*_ga_0VKVKKN4NV*MTczNzEwMjM4NC4yLjEuMTczNzEwMjQ1My42MC4wLjA.&_bd_prev_page=https://sdipmtools.com/detail.php?product/edit/32142322 HTTP/1.1" 200 4134 "-" "Mozilla/5.0 (Linux; Android 6.0.1; Nexus 5X Build/MMB29P) AppleWebKit/537.36 (KHTML, like Gecko) Chrome/136.0.7103.92 Mobile Safari/537.36 (compatible; Googlebot/2.1; +http://www.google.com/bot.html)"
66.249.74.73 - - [19/May/2025:12:52:32 -0400] "GET /?_gl=1*rgknbr*_ga*MzY3MjE1MDcwLjE3MzcwOTUyMjA.*_ga_0VKVKKN4NV*MTczNzEwMjM4NC4yLjEuMTczNzEwMjQ1My42MC4wLjA.&_bd_prev_page=https://sdipmtools.com/detail.php?shopdetail/15375531 HTTP/1.1" 200 4134 "-" "Mozilla/5.0 (Linux; Android 6.0.1; Nexus 5X Build/MMB29P) AppleWebKit/537.36 (KHTML, like Gecko) Chrome/136.0.7103.92 Mobile Safari/537.36 (compatible; Googlebot/2.1; +http://www.google.com/bot.html)"
66.249.74.71 - - [19/May/2025:12:53:08 -0400] "GET /?_gl=1*rgknbr*_ga*MzY3MjE1MDcwLjE3MzcwOTUyMjA.*_ga_0VKVKKN4NV*MTczNzEwMjM4NC4yLjEuMTczNzEwMjQ1My42MC4wLjA.&_bd_prev_page=https://sdipmtools.com/detail.php?shopdetail/18634586 HTTP/1.1" 200 4134 "-" "Mozilla/5.0 (Linux; Android 6.0.1; Nexus 5X Build/MMB29P) AppleWebKit/537.36 (KHTML, like Gecko) Chrome/136.0.7103.92 Mobile Safari/537.36 (compatible; Googlebot/2.1; +http://www.google.com/bot.html)"
66.249.65.194 - - [19/May/2025:12:53:23 -0400] "GET /?_gl=1*rgknbr*_ga*MzY3MjE1MDcwLjE3MzcwOTUyMjA.*_ga_0VKVKKN4NV*MTczNzEwMjM4NC4yLjEuMTczNzEwMjQ1My42MC4wLjA.&_bd_prev_page=https://www.sdipmtools.com/detail.php?shopdetail/26660920 HTTP/1.1" 200 4140 "-" "Mozilla/5.0 (Linux; Android 6.0.1; Nexus 5X Build/MMB29P) AppleWebKit/537.36 (KHTML, like Gecko) Chrome/136.0.7103.92 Mobile Safari/537.36 (compatible; Googlebot/2.1; +http://www.google.com/bot.html)"
66.249.74.72 - - [19/May/2025:12:53:23 -0400] "GET /?_gl=1*rgknbr*_ga*MzY3MjE1MDcwLjE3MzcwOTUyMjA.*_ga_0VKVKKN4NV*MTczNzEwMjM4NC4yLjEuMTczNzEwMjQ1My42MC4wLjA.&_bd_prev_page=https://sdipmtools.com/detail.php?shopdetail/8236931 HTTP/1.1" 200 4134 "-" "Mozilla/5.0 (Linux; Android 6.0.1; Nexus 5X Build/MMB29P) AppleWebKit/537.36 (KHTML, like Gecko) Chrome/136.0.7103.92 Mobile Safari/537.36 (compatible; Googlebot/2.1; +http://www.google.com/bot.html)"
66.249.65.193 - - [19/May/2025:12:53:23 -0400] "GET /?_gl=1*rgknbr*_ga*MzY3MjE1MDcwLjE3MzcwOTUyMjA.*_ga_0VKVKKN4NV*MTczNzEwMjM4NC4yLjEuMTczNzEwMjQ1My42MC4wLjA.&_bd_prev_page=https://www.sdipmtools.com/detail.php?shopdetail/2116197 HTTP/1.1" 200 4140 "-" "Mozilla/5.0 (Linux; Android 6.0.1; Nexus 5X Build/MMB29P) AppleWebKit/537.36 (KHTML, like Gecko) Chrome/136.0.7103.92 Mobile Safari/537.36 (compatible; Googlebot/2.1; +http://www.google.com/bot.html)"
66.249.65.193 - - [19/May/2025:12:53:26 -0400] "GET /js/main.js HTTP/1.1" 200 1033573 "https://www.sdipmtools.com/login" "Mozilla/5.0 (Linux; Android 6.0.1; Nexus 5X Build/MMB29P) AppleWebKit/537.36 (KHTML, like Gecko) Chrome/136.0.7103.92 Mobile Safari/537.36 (compatible; Googlebot/2.1; +http://www.google.com/bot.html)"
66.249.65.194 - - [19/May/2025:12:55:49 -0400] "GET /?_gl=1*rgknbr*_ga*MzY3MjE1MDcwLjE3MzcwOTUyMjA.*_ga_0VKVKKN4NV*MTczNzEwMjM4NC4yLjEuMTczNzEwMjQ1My42MC4wLjA.&_bd_prev_page=https://www.sdipmtools.com/detail.php?shopdetail/15495731 HTTP/1.1" 200 4140 "-" "Mozilla/5.0 (Linux; Android 6.0.1; Nexus 5X Build/MMB29P) AppleWebKit/537.36 (KHTML, like Gecko) Chrome/136.0.7103.92 Mobile Safari/537.36 (compatible; Googlebot/2.1; +http://www.google.com/bot.html)"
66.249.74.72 - - [19/May/2025:12:56:51 -0400] "GET /?_gl=1*rgknbr*_ga*MzY3MjE1MDcwLjE3MzcwOTUyMjA.*_ga_0VKVKKN4NV*MTczNzEwMjM4NC4yLjEuMTczNzEwMjQ1My42MC4wLjA.&_bd_prev_page=https://sdipmtools.com/detail.php?shopdetail/23077764 HTTP/1.1" 200 4134 "-" "Mozilla/5.0 (Linux; Android 6.0.1; Nexus 5X Build/MMB29P) AppleWebKit/537.36 (KHTML, like Gecko) Chrome/136.0.7103.92 Mobile Safari/537.36 (compatible; Googlebot/2.1; +http://www.google.com/bot.html)"
66.249.65.194 - - [19/May/2025:12:56:54 -0400] "GET /js/main.js HTTP/1.1" 200 1033573 "https://sdipmtools.com/login" "Mozilla/5.0 (Linux; Android 6.0.1; Nexus 5X Build/MMB29P) AppleWebKit/537.36 (KHTML, like Gecko) Chrome/136.0.7103.92 Mobile Safari/537.36 (compatible; Googlebot/2.1; +http://www.google.com/bot.html)"
66.249.74.73 - - [19/May/2025:12:57:15 -0400] "GET /pcmypage?callback=/product/detail/45647533 HTTP/1.1" 200 6063 "-" "Mozilla/5.0 (Linux; Android 6.0.1; Nexus 5X Build/MMB29P) AppleWebKit/537.36 (KHTML, like Gecko) Chrome/136.0.7103.92 Mobile Safari/537.36 (compatible; Googlebot/2.1; +http://www.google.com/bot.html)"
172.203.190.139 - - [19/May/2025:12:44:04 -0400] "GET /robots.txt HTTP/1.1" 200 134 "-" "Mozilla/5.0 (Macintosh; Intel Mac OS X 10_15_7) AppleWebKit/537.36 (KHTML, like Gecko) Chrome/131.0.0.0 Safari/537.36; compatible; OAI-SearchBot/1.0; +https://openai.com/searchbot"
66.249.65.195 - - [19/May/2025:12:44:24 -0400] "GET /?_gl=1*rgknbr*_ga*MzY3MjE1MDcwLjE3MzcwOTUyMjA.*_ga_0VKVKKN4NV*MTczNzEwMjM4NC4yLjEuMTczNzEwMjQ1My42MC4wLjA.&_bd_prev_page=https://www.sdipmtools.com/detail.php?shopdetail/2882531 HTTP/1.1" 200 4140 "-" "Mozilla/5.0 (Linux; Android 6.0.1; Nexus 5X Build/MMB29P) AppleWebKit/537.36 (KHTML, like Gecko) Chrome/136.0.7103.92 Mobile Safari/537.36 (compatible; Googlebot/2.1; +http://www.google.com/bot.html)"
66.249.74.71 - - [19/May/2025:12:46:38 -0400] "GET /?_gl=1*rgknbr*_ga*MzY3MjE1MDcwLjE3MzcwOTUyMjA.*_ga_0VKVKKN4NV*MTczNzEwMjM4NC4yLjEuMTczNzEwMjQ1My42MC4wLjA.&_bd_prev_page=https://sdipmtools.com/detail.php?shopdetail/8464842 HTTP/1.1" 200 4134 "-" "Mozilla/5.0 (Linux; Android 6.0.1; Nexus 5X Build/MMB29P) AppleWebKit/537.36 (KHTML, like Gecko) Chrome/136.0.7103.92 Mobile Safari/537.36 (compatible; Googlebot/2.1; +http://www.google.com/bot.html)"
66.249.65.193 - - [19/May/2025:12:46:39 -0400] "GET /js/main.js HTTP/1.1" 200 1033573 "https://www.sdipmtools.com/login" "Mozilla/5.0 AppleWebKit/537.36 (KHTML, like Gecko; compatible; Googlebot/2.1; +http://www.google.com/bot.html) Chrome/136.0.7103.92 Safari/537.36"
66.249.65.194 - - [19/May/2025:12:46:40 -0400] "GET /js/main.js HTTP/1.1" 200 1033573 "https://www.sdipmtools.com/login" "Mozilla/5.0 AppleWebKit/537.36 (KHTML, like Gecko; compatible; Googlebot/2.1; +http://www.google.com/bot.html) Chrome/136.0.7103.92 Safari/537.36"
66.249.65.193 - - [19/May/2025:12:46:43 -0400] "GET /js/main.js HTTP/1.1" 200 1033573 "https://sdipmtools.com/login" "Mozilla/5.0 (Linux; Android 6.0.1; Nexus 5X Build/MMB29P) AppleWebKit/537.36 (KHTML, like Gecko) Chrome/136.0.7103.92 Mobile Safari/537.36 (compatible; Googlebot/2.1; +http://www.google.com/bot.html)"
66.249.65.195 - - [19/May/2025:12:50:27 -0400] "GET /js/main.js HTTP/1.1" 200 1033573 "https://www.sdipmtools.com/login" "Mozilla/5.0 (Linux; Android 6.0.1; Nexus 5X Build/MMB29P) AppleWebKit/537.36 (KHTML, like Gecko) Chrome/136.0.7103.92 Mobile Safari/537.36 (compatible; Googlebot/2.1; +http://www.google.com/bot.html)"
66.249.65.194 - - [19/May/2025:12:53:18 -0400] "GET /js/main.js HTTP/1.1" 200 1033573 "https://sdipmtools.com/login" "Mozilla/5.0 (Linux; Android 6.0.1; Nexus 5X Build/MMB29P) AppleWebKit/537.36 (KHTML, like Gecko) Chrome/136.0.7103.92 Mobile Safari/537.36 (compatible; Googlebot/2.1; +http://www.google.com/bot.html)"
66.249.74.72 - - [19/May/2025:12:53:25 -0400] "GET /js/main.js HTTP/1.1" 200 1033573 "https://sdipmtools.com/login" "Mozilla/5.0 (Linux; Android 6.0.1; Nexus 5X Build/MMB29P) AppleWebKit/537.36 (KHTML, like Gecko) Chrome/136.0.7103.92 Mobile Safari/537.36 (compatible; Googlebot/2.1; +http://www.google.com/bot.html)"
66.249.65.194 - - [19/May/2025:12:53:26 -0400] "GET /js/main.js HTTP/1.1" 200 1033573 "https://www.sdipmtools.com/login" "Mozilla/5.0 (Linux; Android 6.0.1; Nexus 5X Build/MMB29P) AppleWebKit/537.36 (KHTML, like Gecko) Chrome/136.0.7103.92 Mobile Safari/537.36 (compatible; Googlebot/2.1; +http://www.google.com/bot.html)"
66.249.65.195 - - [19/May/2025:12:55:51 -0400] "GET /js/main.js HTTP/1.1" 200 1033573 "https://www.sdipmtools.com/login" "Mozilla/5.0 (Linux; Android 6.0.1; Nexus 5X Build/MMB29P) AppleWebKit/537.36 (KHTML, like Gecko) Chrome/136.0.7103.92 Mobile Safari/537.36 (compatible; Googlebot/2.1; +http://www.google.com/bot.html)"
66.249.65.193 - - [19/May/2025:12:59:13 -0400] "GET /js/main.js HTTP/1.1" 200 1033573 "https://sdipmtools.com/login" "Mozilla/5.0 (Linux; Android 6.0.1; Nexus 5X Build/MMB29P) AppleWebKit/537.36 (KHTML, like Gecko) Chrome/136.0.7103.92 Mobile Safari/537.36 (compatible; Googlebot/2.1; +http://www.google.com/bot.html)"
66.249.74.73 - - [19/May/2025:12:58:50 -0400] "GET /pcmypage?callback=product/detail/19307427 HTTP/1.1" 200 6063 "-" "Mozilla/5.0 (Linux; Android 6.0.1; Nexus 5X Build/MMB29P) AppleWebKit/537.36 (KHTML, like Gecko) Chrome/136.0.7103.92 Mobile Safari/537.36 (compatible; Googlebot/2.1; +http://www.google.com/bot.html)"
66.249.74.72 - - [19/May/2025:12:59:09 -0400] "GET /?_gl=1*rgknbr*_ga*MzY3MjE1MDcwLjE3MzcwOTUyMjA.*_ga_0VKVKKN4NV*MTczNzEwMjM4NC4yLjEuMTczNzEwMjQ1My42MC4wLjA.&_bd_prev_page=https://sdipmtools.com/detail.php?shopdetail/18127564 HTTP/1.1" 200 4134 "-" "Mozilla/5.0 (Linux; Android 6.0.1; Nexus 5X Build/MMB29P) AppleWebKit/537.36 (KHTML, like Gecko) Chrome/136.0.7103.92 Mobile Safari/537.36 (compatible; Googlebot/2.1; +http://www.google.com/bot.html)"
66.249.74.72 - - [19/May/2025:13:14:51 -0400] "GET /?_gl=1*rgknbr*_ga*MzY3MjE1MDcwLjE3MzcwOTUyMjA.*_ga_0VKVKKN4NV*MTczNzEwMjM4NC4yLjEuMTczNzEwMjQ1My42MC4wLjA.&_bd_prev_page=https://sdipmtools.com/detail.php?shopdetail/19789419 HTTP/1.1" 200 4134 "-" "Mozilla/5.0 (Linux; Android 6.0.1; Nexus 5X Build/MMB29P) AppleWebKit/537.36 (KHTML, like Gecko) Chrome/136.0.7103.92 Mobile Safari/537.36 (compatible; Googlebot/2.1; +http://www.google.com/bot.html)"
66.249.74.72 - - [19/May/2025:13:15:51 -0400] "GET /?_gl=1*rgknbr*_ga*MzY3MjE1MDcwLjE3MzcwOTUyMjA.*_ga_0VKVKKN4NV*MTczNzEwMjM4NC4yLjEuMTczNzEwMjQ1My42MC4wLjA.&_bd_prev_page=https://sdipmtools.com/detail.php?shopdetail/28754497 HTTP/1.1" 200 4134 "-" "Mozilla/5.0 (Linux; Android 6.0.1; Nexus 5X Build/MMB29P) AppleWebKit/537.36 (KHTML, like Gecko) Chrome/136.0.7103.92 Mobile Safari/537.36 (compatible; Googlebot/2.1; +http://www.google.com/bot.html)"
66.249.74.73 - - [19/May/2025:13:20:53 -0400] "GET /?_gl=1*rgknbr*_ga*MzY3MjE1MDcwLjE3MzcwOTUyMjA.*_ga_0VKVKKN4NV*MTczNzEwMjM4NC4yLjEuMTczNzEwMjQ1My42MC4wLjA.&_bd_prev_page=https://sdipmtools.com/detail.php?product/edit/32514778 HTTP/1.1" 200 4134 "-" "Mozilla/5.0 (Linux; Android 6.0.1; Nexus 5X Build/MMB29P) AppleWebKit/537.36 (KHTML, like Gecko) Chrome/136.0.7103.92 Mobile Safari/537.36 (compatible; Googlebot/2.1; +http://www.google.com/bot.html)"
66.249.65.195 - - [19/May/2025:13:23:49 -0400] "GET /js/main.js HTTP/1.1" 200 1033573 "https://sdipmtools.com/login" "Mozilla/5.0 (Linux; Android 6.0.1; Nexus 5X Build/MMB29P) AppleWebKit/537.36 (KHTML, like Gecko) Chrome/136.0.7103.92 Mobile Safari/537.36 (compatible; Googlebot/2.1; +http://www.google.com/bot.html)"
172.203.190.141 - - [19/May/2025:13:11:53 -0400] "GET /?_bd_prev_page=https%3A%2F%2Fsdipmtools.com%2Fdetail.php%3Fproduct%2Fedit%2F94242821&_gl=1%2Argknbr%2A_ga%2AMzY3MjE1MDcwLjE3MzcwOTUyMjA.%2A_ga_0VKVKKN4NV%2AMTczNzEwMjM4NC4yLjEuMTczNzEwMjQ1My42MC4wLjA. HTTP/1.1" 200 4134 "-" "Mozilla/5.0 (Macintosh; Intel Mac OS X 10_15_7) AppleWebKit/537.36 (KHTML, like Gecko) Chrome/131.0.0.0 Safari/537.36; compatible; OAI-SearchBot/1.0; +https://openai.com/searchbot"
66.249.74.71 - - [19/May/2025:13:14:40 -0400] "GET /?_gl=1*rgknbr*_ga*MzY3MjE1MDcwLjE3MzcwOTUyMjA.*_ga_0VKVKKN4NV*MTczNzEwMjM4NC4yLjEuMTczNzEwMjQ1My42MC4wLjA.&_bd_prev_page=https://sdipmtools.com/detail.php?shopdetail/6833464 HTTP/1.1" 200 4134 "-" "Mozilla/5.0 (Linux; Android 6.0.1; Nexus 5X Build/MMB29P) AppleWebKit/537.36 (KHTML, like Gecko) Chrome/136.0.7103.92 Mobile Safari/537.36 (compatible; Googlebot/2.1; +http://www.google.com/bot.html)"
66.249.65.193 - - [19/May/2025:13:14:48 -0400] "GET /js/main.js HTTP/1.1" 200 1033573 "https://sdipmtools.com/login" "Mozilla/5.0 (Linux; Android 6.0.1; Nexus 5X Build/MMB29P) AppleWebKit/537.36 (KHTML, like Gecko) Chrome/136.0.7103.92 Mobile Safari/537.36 (compatible; Googlebot/2.1; +http://www.google.com/bot.html)"
66.249.65.193 - - [19/May/2025:13:14:54 -0400] "GET /?_gl=1*rgknbr*_ga*MzY3MjE1MDcwLjE3MzcwOTUyMjA.*_ga_0VKVKKN4NV*MTczNzEwMjM4NC4yLjEuMTczNzEwMjQ1My42MC4wLjA.&_bd_prev_page=https://www.sdipmtools.com/detail.php?shopdetail/29785519 HTTP/1.1" 200 4140 "-" "Mozilla/5.0 (Linux; Android 6.0.1; Nexus 5X Build/MMB29P) AppleWebKit/537.36 (KHTML, like Gecko) Chrome/136.0.7103.92 Mobile Safari/537.36 (compatible; Googlebot/2.1; +http://www.google.com/bot.html)"
66.249.65.193 - - [19/May/2025:13:14:54 -0400] "GET /js/main.js HTTP/1.1" 200 1033573 "https://sdipmtools.com/login" "Mozilla/5.0 (Linux; Android 6.0.1; Nexus 5X Build/MMB29P) AppleWebKit/537.36 (KHTML, like Gecko) Chrome/136.0.7103.92 Mobile Safari/537.36 (compatible; Googlebot/2.1; +http://www.google.com/bot.html)"
66.249.65.193 - - [19/May/2025:13:14:58 -0400] "GET /js/main.js HTTP/1.1" 200 1033573 "https://www.sdipmtools.com/login" "Mozilla/5.0 (Linux; Android 6.0.1; Nexus 5X Build/MMB29P) AppleWebKit/537.36 (KHTML, like Gecko) Chrome/136.0.7103.92 Mobile Safari/537.36 (compatible; Googlebot/2.1; +http://www.google.com/bot.html)"
66.249.74.72 - - [19/May/2025:13:23:37 -0400] "GET /?_gl=1*rgknbr*_ga*MzY3MjE1MDcwLjE3MzcwOTUyMjA.*_ga_0VKVKKN4NV*MTczNzEwMjM4NC4yLjEuMTczNzEwMjQ1My42MC4wLjA.&_bd_prev_page=https://sdipmtools.com/detail.php?shopdetail/15275119 HTTP/1.1" 200 4134 "-" "Mozilla/5.0 (Linux; Android 6.0.1; Nexus 5X Build/MMB29P) AppleWebKit/537.36 (KHTML, like Gecko) Chrome/136.0.7103.92 Mobile Safari/537.36 (compatible; Googlebot/2.1; +http://www.google.com/bot.html)"
66.249.65.195 - - [19/May/2025:13:24:31 -0400] "GET /js/main.js HTTP/1.1" 200 1033573 "https://sdipmtools.com/login" "Mozilla/5.0 (Linux; Android 6.0.1; Nexus 5X Build/MMB29P) AppleWebKit/537.36 (KHTML, like Gecko) Chrome/136.0.7103.92 Mobile Safari/537.36 (compatible; Googlebot/2.1; +http://www.google.com/bot.html)"
66.249.65.194 - - [19/May/2025:13:24:56 -0400] "GET /js/main.js HTTP/1.1" 200 1033573 "https://sdipmtools.com/login" "Mozilla/5.0 (Linux; Android 6.0.1; Nexus 5X Build/MMB29P) AppleWebKit/537.36 (KHTML, like Gecko) Chrome/136.0.7103.92 Mobile Safari/537.36 (compatible; Googlebot/2.1; +http://www.google.com/bot.html)"
66.249.74.72 - - [19/May/2025:13:28:32 -0400] "GET /shopdetail/15696408 HTTP/1.1" 200 6063 "-" "Mozilla/5.0 (Linux; Android 6.0.1; Nexus 5X Build/MMB29P) AppleWebKit/537.36 (KHTML, like Gecko) Chrome/136.0.7103.92 Mobile Safari/537.36 (compatible; Googlebot/2.1; +http://www.google.com/bot.html)"
66.249.74.73 - - [19/May/2025:13:29:43 -0400] "GET /?_gl=1*rgknbr*_ga*MzY3MjE1MDcwLjE3MzcwOTUyMjA.*_ga_0VKVKKN4NV*MTczNzEwMjM4NC4yLjEuMTczNzEwMjQ1My42MC4wLjA.&_bd_prev_page=https://sdipmtools.com/detail.php?shopdetail/12658819 HTTP/1.1" 200 4134 "-" "Mozilla/5.0 (Linux; Android 6.0.1; Nexus 5X Build/MMB29P) AppleWebKit/537.36 (KHTML, like Gecko) Chrome/136.0.7103.92 Mobile Safari/537.36 (compatible; Googlebot/2.1; +http://www.google.com/bot.html)"
66.249.74.71 - - [19/May/2025:13:29:50 -0400] "GET /?_gl=1*rgknbr*_ga*MzY3MjE1MDcwLjE3MzcwOTUyMjA.*_ga_0VKVKKN4NV*MTczNzEwMjM4NC4yLjEuMTczNzEwMjQ1My42MC4wLjA.&_bd_prev_page=https://sdipmtools.com/detail.php?shopdetail/21147831 HTTP/1.1" 200 4134 "-" "Mozilla/5.0 (Linux; Android 6.0.1; Nexus 5X Build/MMB29P) AppleWebKit/537.36 (KHTML, like Gecko) Chrome/136.0.7103.92 Mobile Safari/537.36 (compatible; Googlebot/2.1; +http://www.google.com/bot.html)"
66.249.74.71 - - [19/May/2025:13:29:55 -0400] "GET /shopdetail/10150164 HTTP/1.1" 200 6063 "-" "Mozilla/5.0 (Linux; Android 6.0.1; Nexus 5X Build/MMB29P) AppleWebKit/537.36 (KHTML, like Gecko) Chrome/136.0.7103.92 Mobile Safari/537.36 (compatible; Googlebot/2.1; +http://www.google.com/bot.html)"
66.249.65.195 - - [19/May/2025:13:31:21 -0400] "GET /js/main.js HTTP/1.1" 200 1033573 "https://sdipmtools.com/login" "Mozilla/5.0 (Linux; Android 6.0.1; Nexus 5X Build/MMB29P) AppleWebKit/537.36 (KHTML, like Gecko) Chrome/136.0.7103.92 Mobile Safari/537.36 (compatible; Googlebot/2.1; +http://www.google.com/bot.html)"
66.249.74.72 - - [19/May/2025:13:33:23 -0400] "GET /?_gl=1*rgknbr*_ga*MzY3MjE1MDcwLjE3MzcwOTUyMjA.*_ga_0VKVKKN4NV*MTczNzEwMjM4NC4yLjEuMTczNzEwMjQ1My42MC4wLjA.&_bd_prev_page=https://sdipmtools.com/detail.php?shopdetail/15631820 HTTP/1.1" 200 4134 "-" "Mozilla/5.0 (Linux; Android 6.0.1; Nexus 5X Build/MMB29P) AppleWebKit/537.36 (KHTML, like Gecko) Chrome/136.0.7103.92 Mobile Safari/537.36 (compatible; Googlebot/2.1; +http://www.google.com/bot.html)"
66.249.74.72 - - [19/May/2025:13:33:25 -0400] "GET /js/main.js HTTP/1.1" 200 1033573 "https://sdipmtools.com/login" "Mozilla/5.0 (Linux; Android 6.0.1; Nexus 5X Build/MMB29P) AppleWebKit/537.36 (KHTML, like Gecko) Chrome/136.0.7103.92 Mobile Safari/537.36 (compatible; Googlebot/2.1; +http://www.google.com/bot.html)"
66.249.74.71 - - [19/May/2025:13:24:23 -0400] "GET /?_gl=1*rgknbr*_ga*MzY3MjE1MDcwLjE3MzcwOTUyMjA.*_ga_0VKVKKN4NV*MTczNzEwMjM4NC4yLjEuMTczNzEwMjQ1My42MC4wLjA.&_bd_prev_page=https://sdipmtools.com/detail.php?shopdetail/12741075 HTTP/1.1" 200 4134 "-" "Mozilla/5.0 (Linux; Android 6.0.1; Nexus 5X Build/MMB29P) AppleWebKit/537.36 (KHTML, like Gecko) Chrome/136.0.7103.92 Mobile Safari/537.36 (compatible; Googlebot/2.1; +http://www.google.com/bot.html)"
66.249.74.71 - - [19/May/2025:13:24:53 -0400] "GET /?_gl=1*rgknbr*_ga*MzY3MjE1MDcwLjE3MzcwOTUyMjA.*_ga_0VKVKKN4NV*MTczNzEwMjM4NC4yLjEuMTczNzEwMjQ1My42MC4wLjA.&_bd_prev_page=https://sdipmtools.com/detail.php?shopdetail/2391808 HTTP/1.1" 200 4134 "-" "Mozilla/5.0 (Linux; Android 6.0.1; Nexus 5X Build/MMB29P) AppleWebKit/537.36 (KHTML, like Gecko) Chrome/136.0.7103.92 Mobile Safari/537.36 (compatible; Googlebot/2.1; +http://www.google.com/bot.html)"
66.249.74.71 - - [19/May/2025:13:26:30 -0400] "GET /?_gl=1*rgknbr*_ga*MzY3MjE1MDcwLjE3MzcwOTUyMjA.*_ga_0VKVKKN4NV*MTczNzEwMjM4NC4yLjEuMTczNzEwMjQ1My42MC4wLjA.&_bd_prev_page=https://sdipmtools.com/detail.php?shopdetail/21845631 HTTP/1.1" 200 4134 "-" "Mozilla/5.0 (Linux; Android 6.0.1; Nexus 5X Build/MMB29P) AppleWebKit/537.36 (KHTML, like Gecko) Chrome/136.0.7103.92 Mobile Safari/537.36 (compatible; Googlebot/2.1; +http://www.google.com/bot.html)"
66.249.74.73 - - [19/May/2025:13:26:32 -0400] "GET /js/main.js HTTP/1.1" 200 1033573 "https://sdipmtools.com/login" "Mozilla/5.0 (Linux; Android 6.0.1; Nexus 5X Build/MMB29P) AppleWebKit/537.36 (KHTML, like Gecko) Chrome/136.0.7103.92 Mobile Safari/537.36 (compatible; Googlebot/2.1; +http://www.google.com/bot.html)"
66.249.65.194 - - [19/May/2025:13:29:53 -0400] "GET /js/main.js HTTP/1.1" 200 1033573 "https://sdipmtools.com/login" "Mozilla/5.0 (Linux; Android 6.0.1; Nexus 5X Build/MMB29P) AppleWebKit/537.36 (KHTML, like Gecko) Chrome/136.0.7103.92 Mobile Safari/537.36 (compatible; Googlebot/2.1; +http://www.google.com/bot.html)"
66.249.74.73 - - [19/May/2025:13:33:09 -0400] "GET /?_gl=1*rgknbr*_ga*MzY3MjE1MDcwLjE3MzcwOTUyMjA.*_ga_0VKVKKN4NV*MTczNzEwMjM4NC4yLjEuMTczNzEwMjQ1My42MC4wLjA.&_bd_prev_page=https://sdipmtools.com/detail.php?shopdetail/30945408 HTTP/1.1" 200 4134 "-" "Mozilla/5.0 (Linux; Android 6.0.1; Nexus 5X Build/MMB29P) AppleWebKit/537.36 (KHTML, like Gecko) Chrome/136.0.7103.92 Mobile Safari/537.36 (compatible; Googlebot/2.1; +http://www.google.com/bot.html)"
66.249.65.193 - - [19/May/2025:13:33:12 -0400] "GET /js/main.js HTTP/1.1" 200 1033573 "https://sdipmtools.com/login" "Mozilla/5.0 (Linux; Android 6.0.1; Nexus 5X Build/MMB29P) AppleWebKit/537.36 (KHTML, like Gecko) Chrome/136.0.7103.92 Mobile Safari/537.36 (compatible; Googlebot/2.1; +http://www.google.com/bot.html)"
66.249.74.73 - - [19/May/2025:13:36:39 -0400] "GET /?_gl=1*rgknbr*_ga*MzY3MjE1MDcwLjE3MzcwOTUyMjA.*_ga_0VKVKKN4NV*MTczNzEwMjM4NC4yLjEuMTczNzEwMjQ1My42MC4wLjA.&_bd_prev_page=https://sdipmtools.com/detail.php?shopdetail/21038908 HTTP/1.1" 200 4134 "-" "Mozilla/5.0 (Linux; Android 6.0.1; Nexus 5X Build/MMB29P) AppleWebKit/537.36 (KHTML, like Gecko) Chrome/136.0.7103.92 Mobile Safari/537.36 (compatible; Googlebot/2.1; +http://www.google.com/bot.html)"
66.249.74.73 - - [19/May/2025:13:41:33 -0400] "GET /?_gl=1*rgknbr*_ga*MzY3MjE1MDcwLjE3MzcwOTUyMjA.*_ga_0VKVKKN4NV*MTczNzEwMjM4NC4yLjEuMTczNzEwMjQ1My42MC4wLjA.&_bd_prev_page=https://sdipmtools.com/detail.php?shopdetail/20790197 HTTP/1.1" 200 4134 "-" "Mozilla/5.0 (Linux; Android 6.0.1; Nexus 5X Build/MMB29P) AppleWebKit/537.36 (KHTML, like Gecko) Chrome/136.0.7103.92 Mobile Safari/537.36 (compatible; Googlebot/2.1; +http://www.google.com/bot.html)"
66.249.74.71 - - [19/May/2025:13:43:28 -0400] "GET /?_gl=1*rgknbr*_ga*MzY3MjE1MDcwLjE3MzcwOTUyMjA.*_ga_0VKVKKN4NV*MTczNzEwMjM4NC4yLjEuMTczNzEwMjQ1My42MC4wLjA.&_bd_prev_page=https://sdipmtools.com/detail.php?shopdetail/8005319 HTTP/1.1" 200 4134 "-" "Mozilla/5.0 (Linux; Android 6.0.1; Nexus 5X Build/MMB29P) AppleWebKit/537.36 (KHTML, like Gecko) Chrome/136.0.7103.92 Mobile Safari/537.36 (compatible; Googlebot/2.1; +http://www.google.com/bot.html)"
66.249.74.71 - - [19/May/2025:13:43:53 -0400] "GET /?_gl=1*rgknbr*_ga*MzY3MjE1MDcwLjE3MzcwOTUyMjA.*_ga_0VKVKKN4NV*MTczNzEwMjM4NC4yLjEuMTczNzEwMjQ1My42MC4wLjA.&_bd_prev_page=https://sdipmtools.com/detail.php?product/edit/72894588 HTTP/1.1" 200 4134 "-" "Mozilla/5.0 (Linux; Android 6.0.1; Nexus 5X Build/MMB29P) AppleWebKit/537.36 (KHTML, like Gecko) Chrome/136.0.7103.92 Mobile Safari/537.36 (compatible; Googlebot/2.1; +http://www.google.com/bot.html)"
66.249.65.194 - - [19/May/2025:13:43:56 -0400] "GET /js/main.js HTTP/1.1" 200 1033573 "https://sdipmtools.com/login" "Mozilla/5.0 (Linux; Android 6.0.1; Nexus 5X Build/MMB29P) AppleWebKit/537.36 (KHTML, like Gecko) Chrome/136.0.7103.92 Mobile Safari/537.36 (compatible; Googlebot/2.1; +http://www.google.com/bot.html)"
66.249.74.71 - - [19/May/2025:13:46:30 -0400] "GET /?_gl=1*rgknbr*_ga*MzY3MjE1MDcwLjE3MzcwOTUyMjA.*_ga_0VKVKKN4NV*MTczNzEwMjM4NC4yLjEuMTczNzEwMjQ1My42MC4wLjA.&_bd_prev_page=https://sdipmtools.com/detail.php?shopdetail/18992264 HTTP/1.1" 200 4134 "-" "Mozilla/5.0 (Linux; Android 6.0.1; Nexus 5X Build/MMB29P) AppleWebKit/537.36 (KHTML, like Gecko) Chrome/136.0.7103.92 Mobile Safari/537.36 (compatible; Googlebot/2.1; +http://www.google.com/bot.html)"
66.249.65.194 - - [19/May/2025:13:46:33 -0400] "GET /js/main.js HTTP/1.1" 200 1033573 "https://sdipmtools.com/login" "Mozilla/5.0 (Linux; Android 6.0.1; Nexus 5X Build/MMB29P) AppleWebKit/537.36 (KHTML, like Gecko) Chrome/136.0.7103.92 Mobile Safari/537.36 (compatible; Googlebot/2.1; +http://www.google.com/bot.html)"
66.249.74.71 - - [19/May/2025:13:46:36 -0400] "GET /pcmypage?callback=/product%2Fdetail%2F81856607 HTTP/1.1" 200 6063 "-" "Mozilla/5.0 (Linux; Android 6.0.1; Nexus 5X Build/MMB29P) AppleWebKit/537.36 (KHTML, like Gecko) Chrome/136.0.7103.92 Mobile Safari/537.36 (compatible; Googlebot/2.1; +http://www.google.com/bot.html)"
66.249.74.71 - - [19/May/2025:13:46:52 -0400] "GET /pcmypage?callback=product/review/85690351 HTTP/1.1" 200 6063 "-" "Mozilla/5.0 (Linux; Android 6.0.1; Nexus 5X Build/MMB29P) AppleWebKit/537.36 (KHTML, like Gecko) Chrome/136.0.7103.92 Mobile Safari/537.36 (compatible; Googlebot/2.1; +http://www.google.com/bot.html)"
66.249.74.71 - - [19/May/2025:13:46:59 -0400] "GET /pcmypage?callback=product%2Fdetail%2F49569419 HTTP/1.1" 200 6063 "-" "Mozilla/5.0 (Linux; Android 6.0.1; Nexus 5X Build/MMB29P) AppleWebKit/537.36 (KHTML, like Gecko) Chrome/136.0.7103.92 Mobile Safari/537.36 (compatible; Googlebot/2.1; +http://www.google.com/bot.html)"
66.249.74.71 - - [19/May/2025:13:47:02 -0400] "GET /pcmypage?callback=product/review/80649739 HTTP/1.1" 200 6063 "-" "Mozilla/5.0 (Linux; Android 6.0.1; Nexus 5X Build/MMB29P) AppleWebKit/537.36 (KHTML, like Gecko) Chrome/136.0.7103.92 Mobile Safari/537.36 (compatible; Googlebot/2.1; +http://www.google.com/bot.html)"
66.249.65.193 - - [19/May/2025:13:47:16 -0400] "GET /pcmypage?callback=product/review/83457902 HTTP/1.1" 200 6067 "-" "Mozilla/5.0 (Linux; Android 6.0.1; Nexus 5X Build/MMB29P) AppleWebKit/537.36 (KHTML, like Gecko) Chrome/136.0.7103.92 Mobile Safari/537.36 (compatible; Googlebot/2.1; +http://www.google.com/bot.html)"
66.249.65.195 - - [19/May/2025:13:41:36 -0400] "GET /js/main.js HTTP/1.1" 200 1033573 "https://sdipmtools.com/login" "Mozilla/5.0 (Linux; Android 6.0.1; Nexus 5X Build/MMB29P) AppleWebKit/537.36 (KHTML, like Gecko) Chrome/136.0.7103.92 Mobile Safari/537.36 (compatible; Googlebot/2.1; +http://www.google.com/bot.html)"
66.249.65.194 - - [19/May/2025:13:43:32 -0400] "GET /js/main.js HTTP/1.1" 200 1033573 "https://sdipmtools.com/login" "Mozilla/5.0 (Linux; Android 6.0.1; Nexus 5X Build/MMB29P) AppleWebKit/537.36 (KHTML, like Gecko) Chrome/136.0.7103.92 Mobile Safari/537.36 (compatible; Googlebot/2.1; +http://www.google.com/bot.html)"
66.249.74.73 - - [19/May/2025:13:45:30 -0400] "GET /safe_search/config?return_url=/product/detail/26636119 HTTP/1.1" 200 6063 "-" "Mozilla/5.0 (Linux; Android 6.0.1; Nexus 5X Build/MMB29P) AppleWebKit/537.36 (KHTML, like Gecko) Chrome/136.0.7103.92 Mobile Safari/537.36 (compatible; Googlebot/2.1; +http://www.google.com/bot.html)"
66.249.74.73 - - [19/May/2025:13:46:29 -0400] "GET /?_gl=1*rgknbr*_ga*MzY3MjE1MDcwLjE3MzcwOTUyMjA.*_ga_0VKVKKN4NV*MTczNzEwMjM4NC4yLjEuMTczNzEwMjQ1My42MC4wLjA.&_bd_prev_page=https://sdipmtools.com/detail.php?shopdetail/13153519 HTTP/1.1" 200 4134 "-" "Mozilla/5.0 (Linux; Android 6.0.1; Nexus 5X Build/MMB29P) AppleWebKit/537.36 (KHTML, like Gecko) Chrome/136.0.7103.92 Mobile Safari/537.36 (compatible; Googlebot/2.1; +http://www.google.com/bot.html)"
66.249.65.194 - - [19/May/2025:13:46:33 -0400] "GET /js/main.js HTTP/1.1" 200 1033573 "https://sdipmtools.com/login" "Mozilla/5.0 (Linux; Android 6.0.1; Nexus 5X Build/MMB29P) AppleWebKit/537.36 (KHTML, like Gecko) Chrome/136.0.7103.92 Mobile Safari/537.36 (compatible; Googlebot/2.1; +http://www.google.com/bot.html)"
66.249.74.71 - - [19/May/2025:13:46:46 -0400] "GET /pcmypage?callback=/product%2Fdetail%2F69370827 HTTP/1.1" 200 6063 "-" "Mozilla/5.0 (Linux; Android 6.0.1; Nexus 5X Build/MMB29P) AppleWebKit/537.36 (KHTML, like Gecko) Chrome/136.0.7103.92 Mobile Safari/537.36 (compatible; Googlebot/2.1; +http://www.google.com/bot.html)"
66.249.65.193 - - [19/May/2025:13:47:12 -0400] "GET /pcmypage?callback=product/review/37938338 HTTP/1.1" 200 6067 "-" "Mozilla/5.0 (Linux; Android 6.0.1; Nexus 5X Build/MMB29P) AppleWebKit/537.36 (KHTML, like Gecko) Chrome/136.0.7103.92 Mobile Safari/537.36 (compatible; Googlebot/2.1; +http://www.google.com/bot.html)"
66.249.65.193 - - [19/May/2025:13:48:43 -0400] "GET /?_gl=1*rgknbr*_ga*MzY3MjE1MDcwLjE3MzcwOTUyMjA.*_ga_0VKVKKN4NV*MTczNzEwMjM4NC4yLjEuMTczNzEwMjQ1My42MC4wLjA.&_bd_prev_page=https://www.sdipmtools.com/detail.php?shopdetail/18487253 HTTP/1.1" 200 4140 "-" "Mozilla/5.0 (Linux; Android 6.0.1; Nexus 5X Build/MMB29P) AppleWebKit/537.36 (KHTML, like Gecko) Chrome/136.0.7103.92 Mobile Safari/537.36 (compatible; Googlebot/2.1; +http://www.google.com/bot.html)"
66.249.74.71 - - [19/May/2025:13:48:46 -0400] "GET /?_gl=1*rgknbr*_ga*MzY3MjE1MDcwLjE3MzcwOTUyMjA.*_ga_0VKVKKN4NV*MTczNzEwMjM4NC4yLjEuMTczNzEwMjQ1My42MC4wLjA.&_bd_prev_page=https://sdipmtools.com/detail.php?shopdetail/24298797 HTTP/1.1" 200 4134 "-" "Mozilla/5.0 (Linux; Android 6.0.1; Nexus 5X Build/MMB29P) AppleWebKit/537.36 (KHTML, like Gecko) Chrome/136.0.7103.92 Mobile Safari/537.36 (compatible; Googlebot/2.1; +http://www.google.com/bot.html)"
66.249.74.72 - - [19/May/2025:13:49:22 -0400] "GET /pcmypage?callback=product/review/90504828 HTTP/1.1" 200 6063 "-" "Mozilla/5.0 (Linux; Android 6.0.1; Nexus 5X Build/MMB29P) AppleWebKit/537.36 (KHTML, like Gecko) Chrome/136.0.7103.92 Mobile Safari/537.36 (compatible; Googlebot/2.1; +http://www.google.com/bot.html)"
66.249.65.195 - - [19/May/2025:13:49:27 -0400] "GET /pcmypage?callback=product/review/52806642 HTTP/1.1" 200 6067 "-" "Mozilla/5.0 (Linux; Android 6.0.1; Nexus 5X Build/MMB29P) AppleWebKit/537.36 (KHTML, like Gecko) Chrome/136.0.7103.92 Mobile Safari/537.36 (compatible; Googlebot/2.1; +http://www.google.com/bot.html)"
66.249.65.194 - - [19/May/2025:13:47:19 -0400] "GET /pcmypage?callback=/product%2Fdetail%2F97204126 HTTP/1.1" 200 6067 "-" "Mozilla/5.0 (Linux; Android 6.0.1; Nexus 5X Build/MMB29P) AppleWebKit/537.36 (KHTML, like Gecko) Chrome/136.0.7103.92 Mobile Safari/537.36 (compatible; Googlebot/2.1; +http://www.google.com/bot.html)"
66.249.65.193 - - [19/May/2025:13:47:26 -0400] "GET /pcmypage?callback=product/review/70656483 HTTP/1.1" 200 6067 "-" "Mozilla/5.0 (Linux; Android 6.0.1; Nexus 5X Build/MMB29P) AppleWebKit/537.36 (KHTML, like Gecko) Chrome/136.0.7103.92 Mobile Safari/537.36 (compatible; Googlebot/2.1; +http://www.google.com/bot.html)"
66.249.65.194 - - [19/May/2025:13:49:36 -0400] "GET /pcmypage?callback=/product%2Fdetail%2F49692375 HTTP/1.1" 200 6067 "-" "Mozilla/5.0 (Linux; Android 6.0.1; Nexus 5X Build/MMB29P) AppleWebKit/537.36 (KHTML, like Gecko) Chrome/136.0.7103.92 Mobile Safari/537.36 (compatible; Googlebot/2.1; +http://www.google.com/bot.html)"
66.249.74.72 - - [19/May/2025:13:49:51 -0400] "GET /?_gl=1*rgknbr*_ga*MzY3MjE1MDcwLjE3MzcwOTUyMjA.*_ga_0VKVKKN4NV*MTczNzEwMjM4NC4yLjEuMTczNzEwMjQ1My42MC4wLjA.&_bd_prev_page=https://sdipmtools.com/detail.php?product/edit/61420229 HTTP/1.1" 200 4134 "-" "Mozilla/5.0 (Linux; Android 6.0.1; Nexus 5X Build/MMB29P) AppleWebKit/537.36 (KHTML, like Gecko) Chrome/136.0.7103.92 Mobile Safari/537.36 (compatible; Googlebot/2.1; +http://www.google.com/bot.html)"
66.249.65.194 - - [19/May/2025:13:50:03 -0400] "GET /js/main.js HTTP/1.1" 200 1033573 "https://sdipmtools.com/login" "Mozilla/5.0 (Linux; Android 6.0.1; Nexus 5X Build/MMB29P) AppleWebKit/537.36 (KHTML, like Gecko) Chrome/136.0.7103.92 Mobile Safari/537.36 (compatible; Googlebot/2.1; +http://www.google.com/bot.html)"
66.249.74.71 - - [19/May/2025:13:50:29 -0400] "GET /?_gl=1*rgknbr*_ga*MzY3MjE1MDcwLjE3MzcwOTUyMjA.*_ga_0VKVKKN4NV*MTczNzEwMjM4NC4yLjEuMTczNzEwMjQ1My42MC4wLjA.&_bd_prev_page=https://sdipmtools.com/detail.php?shopdetail/16623531 HTTP/1.1" 200 4134 "-" "Mozilla/5.0 (Linux; Android 6.0.1; Nexus 5X Build/MMB29P) AppleWebKit/537.36 (KHTML, like Gecko) Chrome/136.0.7103.92 Mobile Safari/537.36 (compatible; Googlebot/2.1; +http://www.google.com/bot.html)"
66.249.65.194 - - [19/May/2025:13:50:33 -0400] "GET /js/main.js HTTP/1.1" 200 1033573 "https://sdipmtools.com/login" "Mozilla/5.0 (Linux; Android 6.0.1; Nexus 5X Build/MMB29P) AppleWebKit/537.36 (KHTML, like Gecko) Chrome/136.0.7103.92 Mobile Safari/537.36 (compatible; Googlebot/2.1; +http://www.google.com/bot.html)"
66.249.74.71 - - [19/May/2025:13:50:43 -0400] "GET /product/edit/51549602 HTTP/1.1" 200 6063 "-" "Mozilla/5.0 (Linux; Android 6.0.1; Nexus 5X Build/MMB29P) AppleWebKit/537.36 (KHTML, like Gecko) Chrome/136.0.7103.92 Mobile Safari/537.36 (compatible; Googlebot/2.1; +http://www.google.com/bot.html)"
66.249.74.71 - - [19/May/2025:13:50:46 -0400] "GET /product/edit/25261147 HTTP/1.1" 200 6063 "-" "Mozilla/5.0 (Linux; Android 6.0.1; Nexus 5X Build/MMB29P) AppleWebKit/537.36 (KHTML, like Gecko) Chrome/136.0.7103.92 Mobile Safari/537.36 (compatible; Googlebot/2.1; +http://www.google.com/bot.html)"
66.249.74.71 - - [19/May/2025:13:50:53 -0400] "GET /product/edit/74759281 HTTP/1.1" 200 6063 "-" "Mozilla/5.0 (Linux; Android 6.0.1; Nexus 5X Build/MMB29P) AppleWebKit/537.36 (KHTML, like Gecko) Chrome/136.0.7103.92 Mobile Safari/537.36 (compatible; Googlebot/2.1; +http://www.google.com/bot.html)"
66.249.74.71 - - [19/May/2025:13:50:56 -0400] "GET /product/edit/98706554 HTTP/1.1" 200 6063 "-" "Mozilla/5.0 (Linux; Android 6.0.1; Nexus 5X Build/MMB29P) AppleWebKit/537.36 (KHTML, like Gecko) Chrome/136.0.7103.92 Mobile Safari/537.36 (compatible; Googlebot/2.1; +http://www.google.com/bot.html)"
66.249.74.73 - - [19/May/2025:13:51:01 -0400] "GET /product/edit/58843399 HTTP/1.1" 200 6063 "-" "Mozilla/5.0 (Linux; Android 6.0.1; Nexus 5X Build/MMB29P) AppleWebKit/537.36 (KHTML, like Gecko) Chrome/136.0.7103.92 Mobile Safari/537.36 (compatible; Googlebot/2.1; +http://www.google.com/bot.html)"
66.249.65.194 - - [19/May/2025:13:49:29 -0400] "GET /pcmypage?callback=/product%2Fdetail%2F34225687 HTTP/1.1" 200 6067 "-" "Mozilla/5.0 (Linux; Android 6.0.1; Nexus 5X Build/MMB29P) AppleWebKit/537.36 (KHTML, like Gecko) Chrome/136.0.7103.92 Mobile Safari/537.36 (compatible; Googlebot/2.1; +http://www.google.com/bot.html)"
66.249.74.72 - - [19/May/2025:13:50:36 -0400] "GET /?_gl=1*rgknbr*_ga*MzY3MjE1MDcwLjE3MzcwOTUyMjA.*_ga_0VKVKKN4NV*MTczNzEwMjM4NC4yLjEuMTczNzEwMjQ1My42MC4wLjA.&_bd_prev_page=https://sdipmtools.com/detail.php?product/edit/91330065 HTTP/1.1" 200 4134 "-" "Mozilla/5.0 (Linux; Android 6.0.1; Nexus 5X Build/MMB29P) AppleWebKit/537.36 (KHTML, like Gecko) Chrome/136.0.7103.92 Mobile Safari/537.36 (compatible; Googlebot/2.1; +http://www.google.com/bot.html)"
66.249.74.71 - - [19/May/2025:13:51:09 -0400] "GET /product/edit/32955880 HTTP/1.1" 200 6063 "-" "Mozilla/5.0 (Linux; Android 6.0.1; Nexus 5X Build/MMB29P) AppleWebKit/537.36 (KHTML, like Gecko) Chrome/136.0.7103.92 Mobile Safari/537.36 (compatible; Googlebot/2.1; +http://www.google.com/bot.html)"
66.249.74.71 - - [19/May/2025:13:51:15 -0400] "GET /product/edit/39961100 HTTP/1.1" 200 6063 "-" "Mozilla/5.0 (Linux; Android 6.0.1; Nexus 5X Build/MMB29P) AppleWebKit/537.36 (KHTML, like Gecko) Chrome/136.0.7103.92 Mobile Safari/537.36 (compatible; Googlebot/2.1; +http://www.google.com/bot.html)"
66.249.74.71 - - [19/May/2025:13:51:24 -0400] "GET /product/edit/93323416 HTTP/1.1" 200 6063 "-" "Mozilla/5.0 (Linux; Android 6.0.1; Nexus 5X Build/MMB29P) AppleWebKit/537.36 (KHTML, like Gecko) Chrome/136.0.7103.92 Mobile Safari/537.36 (compatible; Googlebot/2.1; +http://www.google.com/bot.html)"
66.249.74.71 - - [19/May/2025:13:51:28 -0400] "GET /product/edit/73531039 HTTP/1.1" 200 6063 "-" "Mozilla/5.0 (Linux; Android 6.0.1; Nexus 5X Build/MMB29P) AppleWebKit/537.36 (KHTML, like Gecko) Chrome/136.0.7103.92 Mobile Safari/537.36 (compatible; Googlebot/2.1; +http://www.google.com/bot.html)"
66.249.74.71 - - [19/May/2025:13:51:35 -0400] "GET /product/edit/93146003 HTTP/1.1" 200 6063 "-" "Mozilla/5.0 (Linux; Android 6.0.1; Nexus 5X Build/MMB29P) AppleWebKit/537.36 (KHTML, like Gecko) Chrome/136.0.7103.92 Mobile Safari/537.36 (compatible; Googlebot/2.1; +http://www.google.com/bot.html)"
66.249.74.71 - - [19/May/2025:13:51:39 -0400] "GET /product/edit/13009330 HTTP/1.1" 200 6063 "-" "Mozilla/5.0 (Linux; Android 6.0.1; Nexus 5X Build/MMB29P) AppleWebKit/537.36 (KHTML, like Gecko) Chrome/136.0.7103.92 Mobile Safari/537.36 (compatible; Googlebot/2.1; +http://www.google.com/bot.html)"
66.249.74.71 - - [19/May/2025:13:51:50 -0400] "GET /product/edit/98783631 HTTP/1.1" 200 6063 "-" "Mozilla/5.0 (Linux; Android 6.0.1; Nexus 5X Build/MMB29P) AppleWebKit/537.36 (KHTML, like Gecko) Chrome/136.0.7103.92 Mobile Safari/537.36 (compatible; Googlebot/2.1; +http://www.google.com/bot.html)"
66.249.74.71 - - [19/May/2025:13:52:00 -0400] "GET /product/edit/47536545 HTTP/1.1" 200 6063 "-" "Mozilla/5.0 (Linux; Android 6.0.1; Nexus 5X Build/MMB29P) AppleWebKit/537.36 (KHTML, like Gecko) Chrome/136.0.7103.92 Mobile Safari/537.36 (compatible; Googlebot/2.1; +http://www.google.com/bot.html)"
66.249.74.72 - - [19/May/2025:13:52:05 -0400] "GET /product/edit/83955159 HTTP/1.1" 200 6063 "-" "Mozilla/5.0 (Linux; Android 6.0.1; Nexus 5X Build/MMB29P) AppleWebKit/537.36 (KHTML, like Gecko) Chrome/136.0.7103.92 Mobile Safari/537.36 (compatible; Googlebot/2.1; +http://www.google.com/bot.html)"
