芝麻web文件管理V1.00
编辑当前文件:/home/sditechnicalteam/access-logs/client.socialdigiinnovator.com-ssl_log
198.54.114.35 - - [08/Jun/2025:07:54:07 -0400] "POST /wp-cron.php?doing_wp_cron=1749383647.8182139396667480468750 HTTP/1.1" 200 0 "-" "WordPress/6.8.1; https://client.socialdigiinnovator.com"
2602:fb54:c6a:: - - [08/Jun/2025:07:54:04 -0400] "POST /wp-admin/admin.php HTTP/1.1" 302 0 "https://client.socialdigiinnovator.com/wp-admin/admin.php" "Mozilla/5.0 (Windows NT 10.0; Win64; x64) AppleWebKit/537.36 (KHTML, like Gecko) Chrome/137.0.0.0 Safari/537.36"
2602:fb54:c6a:: - - [08/Jun/2025:07:54:10 -0400] "GET /wp-admin/admin.php HTTP/1.1" 302 0 "https://client.socialdigiinnovator.com/wp-admin/admin.php" "Mozilla/5.0 (Windows NT 10.0; Win64; x64) AppleWebKit/537.36 (KHTML, like Gecko) Chrome/137.0.0.0 Safari/537.36"
2602:fb54:c6a:: - - [08/Jun/2025:07:54:10 -0400] "GET /wp-login.php?redirect_to=https%3A%2F%2Fclient.socialdigiinnovator.com%2Fwp-admin%2Fadmin.php&reauth=1 HTTP/1.1" 302 0 "https://client.socialdigiinnovator.com/wp-admin/admin.php" "Mozilla/5.0 (Windows NT 10.0; Win64; x64) AppleWebKit/537.36 (KHTML, like Gecko) Chrome/137.0.0.0 Safari/537.36"
2602:fb54:c6a:: - - [08/Jun/2025:07:54:11 -0400] "GET /404 HTTP/1.1" 404 8476 "https://client.socialdigiinnovator.com/wp-admin/admin.php" "Mozilla/5.0 (Windows NT 10.0; Win64; x64) AppleWebKit/537.36 (KHTML, like Gecko) Chrome/137.0.0.0 Safari/537.36"
198.54.114.35 - - [08/Jun/2025:07:54:08 -0400] "POST /wp-admin/admin-ajax.php?action=as_async_request_queue_runner&nonce=cff234280f HTTP/1.1" 200 0 "-" "WordPress/6.8.1; https://client.socialdigiinnovator.com"
2602:fb54:c6a:: - - [08/Jun/2025:07:54:09 -0400] "GET /wp-login.php?redirect_to=https%3A%2F%2Fclient.socialdigiinnovator.com%2Fwp-admin%2Fadmin.php&reauth=1 HTTP/1.1" 302 0 "https://client.socialdigiinnovator.com/wp-admin/admin.php" "Mozilla/5.0 (Windows NT 10.0; Win64; x64) AppleWebKit/537.36 (KHTML, like Gecko) Chrome/137.0.0.0 Safari/537.36"
2602:fb54:c6a:: - - [08/Jun/2025:07:54:09 -0400] "GET /404 HTTP/1.1" 404 8474 "https://client.socialdigiinnovator.com/wp-admin/admin.php" "Mozilla/5.0 (Windows NT 10.0; Win64; x64) AppleWebKit/537.36 (KHTML, like Gecko) Chrome/137.0.0.0 Safari/537.36"
87.236.176.91 - - [08/Jun/2025:08:30:05 -0400] "GET / HTTP/1.1" 200 9194 "http://client.socialdigiinnovator.com" "Mozilla/5.0 (compatible; InternetMeasurement/1.0; +https://internet-measurement.com/)"
185.247.137.149 - - [08/Jun/2025:08:30:13 -0400] "GET /favicon.ico HTTP/1.1" 404 1251 "-" "Mozilla/5.0 (compatible; InternetMeasurement/1.0; +https://internet-measurement.com/)"
198.54.114.35 - - [08/Jun/2025:08:30:11 -0400] "POST /wp-cron.php?doing_wp_cron=1749385811.6164710521697998046875 HTTP/1.1" 200 0 "-" "WordPress/6.8.1; https://client.socialdigiinnovator.com"
157.245.245.246 - - [08/Jun/2025:08:30:14 -0400] "GET /favicon.ico HTTP/1.1" 404 1251 "-" "Mozilla/5.0 (compatible; InternetMeasurement/1.0; +https://internet-measurement.com/)"
198.54.114.35 - - [08/Jun/2025:09:15:09 -0400] "POST /wp-cron.php?doing_wp_cron=1749388509.4582810401916503906250 HTTP/1.1" 200 0 "-" "WordPress/6.8.1; https://client.socialdigiinnovator.com"
157.245.55.191 - - [08/Jun/2025:09:15:12 -0400] "GET /404 HTTP/1.1" 404 8476 "-" "Mozilla/5.0 (Windows NT 10.0; Win64; x64) AppleWebKit/537.36 (KHTML, like Gecko) Chrome/104.0.5112.79 Safari/537.36"
157.245.55.191 - - [08/Jun/2025:09:15:13 -0400] "GET /wp-login.php HTTP/1.1" 302 0 "-" "Mozilla/5.0 (Windows NT 10.0; WOW64) AppleWebKit/537.36 (KHTML, like Gecko) Chrome/106.0.5249.103 Safari/537.36"
157.245.55.191 - - [08/Jun/2025:09:15:05 -0400] "GET /wp-login.php HTTP/1.1" 302 0 "-" "Mozilla/5.0 (Windows NT 10.0; WOW64) AppleWebKit/537.36 (KHTML, like Gecko) Chrome/107.0.5304.88 Safari/537.36"
157.245.55.191 - - [08/Jun/2025:09:15:08 -0400] "GET /404 HTTP/1.1" 404 8478 "-" "Mozilla/5.0 (Windows NT 10.0; WOW64) AppleWebKit/537.36 (KHTML, like Gecko) Chrome/107.0.5304.88 Safari/537.36"
157.245.55.191 - - [08/Jun/2025:09:15:10 -0400] "GET /wp-login.php HTTP/1.1" 302 0 "-" "Mozilla/5.0 (Windows NT 10.0; WOW64) AppleWebKit/537.36 (KHTML, like Gecko) Chrome/105.0.5195.54 Safari/537.36"
157.245.55.191 - - [08/Jun/2025:09:15:11 -0400] "GET /404 HTTP/1.1" 404 8478 "-" "Mozilla/5.0 (Windows NT 10.0; WOW64) AppleWebKit/537.36 (KHTML, like Gecko) Chrome/105.0.5195.54 Safari/537.36"
157.245.55.191 - - [08/Jun/2025:09:15:12 -0400] "GET /wp-login.php HTTP/1.1" 302 0 "-" "Mozilla/5.0 (Windows NT 10.0; Win64; x64) AppleWebKit/537.36 (KHTML, like Gecko) Chrome/104.0.5112.79 Safari/537.36"
157.245.55.191 - - [08/Jun/2025:09:15:13 -0400] "GET /404 HTTP/1.1" 404 8476 "-" "Mozilla/5.0 (Windows NT 10.0; WOW64) AppleWebKit/537.36 (KHTML, like Gecko) Chrome/106.0.5249.103 Safari/537.36"
157.245.55.191 - - [08/Jun/2025:09:15:14 -0400] "GET /wp-login.php HTTP/1.1" 302 0 "-" "Mozilla/5.0 (Windows NT 6.1; Win64; x64) AppleWebKit/537.36 (KHTML, like Gecko) Chrome/107.0.5304.66 Safari/537.36"
157.245.55.191 - - [08/Jun/2025:09:15:14 -0400] "GET /404 HTTP/1.1" 404 8476 "-" "Mozilla/5.0 (Windows NT 6.1; Win64; x64) AppleWebKit/537.36 (KHTML, like Gecko) Chrome/107.0.5304.66 Safari/537.36"
45.144.113.93 - - [08/Jun/2025:09:29:31 -0400] "HEAD /wp-login.php HTTP/1.1" 302 0 "-" "Mozilla/5.0 (Windows NT 10.0; Win64; x64) AppleWebKit/537.36 (KHTML, like Gecko) Chrome/131.0.0.0 Safari/537.36"
198.54.114.35 - - [08/Jun/2025:09:29:34 -0400] "POST /wp-cron.php?doing_wp_cron=1749389374.7475049495697021484375 HTTP/1.1" 200 0 "-" "WordPress/6.8.1; https://client.socialdigiinnovator.com"
45.144.113.93 - - [08/Jun/2025:09:29:33 -0400] "HEAD /404 HTTP/1.1" 404 0 "-" "Mozilla/5.0 (Windows NT 10.0; Win64; x64) AppleWebKit/537.36 (KHTML, like Gecko) Chrome/131.0.0.0 Safari/537.36"
47.79.98.210 - - [08/Jun/2025:10:09:10 -0400] "GET / HTTP/1.1" 200 9194 "https://client.socialdigiinnovator.com/" "Mozilla/5.0 (Windows NT 10.0; Win64; x64) AppleWebKit/537.36 (KHTML, like Gecko) Chrome/114.0.0.0 Safari/537.36 Edg/114.0.1823.43"
198.54.114.35 - - [08/Jun/2025:10:09:13 -0400] "POST /wp-cron.php?doing_wp_cron=1749391753.6288290023803710937500 HTTP/1.1" 200 0 "-" "WordPress/6.8.1; https://client.socialdigiinnovator.com"
170.39.218.62 - - [08/Jun/2025:11:02:11 -0400] "GET /wp-includes/js/jquery/jquery-migrate.min.js?ver=3.4.1 HTTP/1.1" 200 4678 "-" "Mozilla/5.0 (Macintosh; Intel Mac OS X 10_15_7) AppleWebKit/537.36 Chrome/120.0.0.0"
43.134.141.244 - - [08/Jun/2025:11:13:19 -0400] "GET / HTTP/1.1" 200 9194 "http://client.socialdigiinnovator.com" "Mozilla/5.0 (iPhone; CPU iPhone OS 13_2_3 like Mac OS X) AppleWebKit/605.1.15 (KHTML, like Gecko) Version/13.0.3 Mobile/15E148 Safari/604.1"
198.54.114.35 - - [08/Jun/2025:11:13:22 -0400] "POST /wp-cron.php?doing_wp_cron=1749395602.4564468860626220703125 HTTP/1.1" 200 0 "-" "WordPress/6.8.1; https://client.socialdigiinnovator.com"
2602:fb54:c6a:: - - [08/Jun/2025:13:12:05 -0400] "GET /404 HTTP/1.1" 404 8476 "https://client.socialdigiinnovator.com/wp-admin/admin.php" "Mozilla/5.0 (Windows NT 10.0; Win64; x64) AppleWebKit/537.36 (KHTML, like Gecko) Chrome/137.0.0.0 Safari/537.36"
198.54.114.35 - - [08/Jun/2025:13:12:02 -0400] "POST /wp-cron.php?doing_wp_cron=1749402722.0441920757293701171875 HTTP/1.1" 200 0 "-" "WordPress/6.8.1; https://client.socialdigiinnovator.com"
2602:fb54:c6a:: - - [08/Jun/2025:13:11:58 -0400] "POST /wp-admin/admin.php HTTP/1.1" 302 0 "https://client.socialdigiinnovator.com/wp-admin/admin.php" "Mozilla/5.0 (Windows NT 10.0; Win64; x64) AppleWebKit/537.36 (KHTML, like Gecko) Chrome/137.0.0.0 Safari/537.36"
198.54.114.35 - - [08/Jun/2025:13:12:02 -0400] "POST /wp-admin/admin-ajax.php?action=as_async_request_queue_runner&nonce=0ba755327f HTTP/1.1" 200 0 "-" "WordPress/6.8.1; https://client.socialdigiinnovator.com"
2602:fb54:c6a:: - - [08/Jun/2025:13:12:03 -0400] "GET /wp-login.php?redirect_to=https%3A%2F%2Fclient.socialdigiinnovator.com%2Fwp-admin%2Fadmin.php&reauth=1 HTTP/1.1" 302 0 "https://client.socialdigiinnovator.com/wp-admin/admin.php" "Mozilla/5.0 (Windows NT 10.0; Win64; x64) AppleWebKit/537.36 (KHTML, like Gecko) Chrome/137.0.0.0 Safari/537.36"
2602:fb54:c6a:: - - [08/Jun/2025:13:12:03 -0400] "GET /404 HTTP/1.1" 404 8478 "https://client.socialdigiinnovator.com/wp-admin/admin.php" "Mozilla/5.0 (Windows NT 10.0; Win64; x64) AppleWebKit/537.36 (KHTML, like Gecko) Chrome/137.0.0.0 Safari/537.36"
2602:fb54:c6a:: - - [08/Jun/2025:13:12:04 -0400] "GET /wp-admin/admin.php HTTP/1.1" 302 0 "https://client.socialdigiinnovator.com/wp-admin/admin.php" "Mozilla/5.0 (Windows NT 10.0; Win64; x64) AppleWebKit/537.36 (KHTML, like Gecko) Chrome/137.0.0.0 Safari/537.36"
2602:fb54:c6a:: - - [08/Jun/2025:13:12:05 -0400] "GET /wp-login.php?redirect_to=https%3A%2F%2Fclient.socialdigiinnovator.com%2Fwp-admin%2Fadmin.php&reauth=1 HTTP/1.1" 302 0 "https://client.socialdigiinnovator.com/wp-admin/admin.php" "Mozilla/5.0 (Windows NT 10.0; Win64; x64) AppleWebKit/537.36 (KHTML, like Gecko) Chrome/137.0.0.0 Safari/537.36"
198.54.114.35 - - [08/Jun/2025:13:47:34 -0400] "POST /wp-cron.php?doing_wp_cron=1749404854.7402648925781250000000 HTTP/1.1" 200 0 "-" "WordPress/6.8.1; https://client.socialdigiinnovator.com"
104.28.201.73 - - [08/Jun/2025:13:47:36 -0400] "POST /404/wp-login.php HTTP/1.1" 302 0 "http://client.socialdigiinnovator.com/wp-admin/" "Mozilla/5.0 (Windows NT 10.0; Win64; x64) AppleWebKit/537.36 (KHTML, like Gecko) Chrome/90.0.4430.85 Safari/537.36"
104.28.201.73 - - [08/Jun/2025:13:47:37 -0400] "GET /404 HTTP/1.1" 404 8478 "http://client.socialdigiinnovator.com/wp-admin/" "Mozilla/5.0 (Windows NT 10.0; Win64; x64) AppleWebKit/537.36 (KHTML, like Gecko) Chrome/90.0.4430.85 Safari/537.36"
104.28.201.73 - - [08/Jun/2025:13:47:38 -0400] "GET /404/wp-admin/ HTTP/1.1" 404 8478 "www.google.com" "Mozilla/5.0 (Windows NT 10.0; Win64; x64) AppleWebKit/537.36 (KHTML, like Gecko) Chrome/90.0.4430.85 Safari/537.36"
104.28.201.73 - - [08/Jun/2025:13:47:31 -0400] "GET /wp-login.php HTTP/1.1" 302 0 "http://client.socialdigiinnovator.com/wp-admin/" "Mozilla/5.0 (Windows NT 10.0; Win64; x64) AppleWebKit/537.36 (KHTML, like Gecko) Chrome/90.0.4430.85 Safari/537.36"
104.28.201.73 - - [08/Jun/2025:13:47:33 -0400] "GET /404 HTTP/1.1" 404 8478 "http://client.socialdigiinnovator.com/wp-admin/" "Mozilla/5.0 (Windows NT 10.0; Win64; x64) AppleWebKit/537.36 (KHTML, like Gecko) Chrome/90.0.4430.85 Safari/537.36"
216.244.66.226 - - [08/Jun/2025:14:48:13 -0400] "GET /robots.txt HTTP/1.1" 302 0 "-" "Mozilla/5.0 (compatible; DotBot/1.2; +https://opensiteexplorer.org/dotbot; help@moz.com)"
216.244.66.226 - - [08/Jun/2025:14:48:16 -0400] "GET /?redirect_to=https%3A%2F%2Fclient.socialdigiinnovator.com%2Frobots.txt HTTP/1.1" 200 9197 "-" "Mozilla/5.0 (compatible; DotBot/1.2; +https://opensiteexplorer.org/dotbot; help@moz.com)"
198.54.114.35 - - [08/Jun/2025:14:48:16 -0400] "POST /wp-cron.php?doing_wp_cron=1749408496.5408339500427246093750 HTTP/1.1" 200 0 "-" "WordPress/6.8.1; https://client.socialdigiinnovator.com"
198.54.114.35 - - [08/Jun/2025:16:33:13 -0400] "POST /wp-cron.php?doing_wp_cron=1749414793.2230589389801025390625 HTTP/1.1" 200 0 "-" "WordPress/6.8.1; https://client.socialdigiinnovator.com"
47.82.60.188 - - [08/Jun/2025:16:33:10 -0400] "GET / HTTP/1.1" 200 9192 "https://client.socialdigiinnovator.com/" "Mozilla/5.0 (Windows NT 10.0; Win64; x64) AppleWebKit/537.36 (KHTML, like Gecko) Chrome/114.0.0.0 Safari/537.36 Edg/114.0.1823.43"
198.54.114.35 - - [08/Jun/2025:16:40:58 -0400] "POST /wp-cron.php?doing_wp_cron=1749415258.0104789733886718750000 HTTP/1.1" 200 0 "-" "WordPress/6.8.1; https://client.socialdigiinnovator.com"
87.236.176.147 - - [08/Jun/2025:16:40:59 -0400] "GET /wp-content/uploads/2022/04/cropped-Logo_Job-removebg-preview-Custom-2-270x270.png HTTP/1.1" 200 24399 "-" "Mozilla/5.0 (compatible; InternetMeasurement/1.0; +https://internet-measurement.com/)"
185.247.137.40 - - [08/Jun/2025:16:40:56 -0400] "GET / HTTP/1.1" 200 9194 "http://client.socialdigiinnovator.com:2086" "Mozilla/5.0 (compatible; InternetMeasurement/1.0; +https://internet-measurement.com/)"
185.247.137.3 - - [08/Jun/2025:16:40:59 -0400] "GET /favicon.ico HTTP/1.1" 404 1251 "-" "Mozilla/5.0 (compatible; InternetMeasurement/1.0; +https://internet-measurement.com/)"
64.227.110.161 - - [08/Jun/2025:16:41:00 -0400] "GET /favicon.ico HTTP/1.1" 404 1251 "-" "Mozilla/5.0 (compatible; InternetMeasurement/1.0; +https://internet-measurement.com/)"
170.39.218.62 - - [08/Jun/2025:16:44:02 -0400] "GET /wp-includes/js/wp-util.min.js?ver=6.8.1 HTTP/1.1" 200 690 "-" "Mozilla/5.0 (Macintosh; Intel Mac OS X 10_15_7) AppleWebKit/537.36 Chrome/120.0.0.0"
198.54.114.35 - - [08/Jun/2025:17:48:45 -0400] "POST /wp-cron.php?doing_wp_cron=1749419325.6725790500640869140625 HTTP/1.1" 200 0 "-" "WordPress/6.8.1; https://client.socialdigiinnovator.com"
43.135.185.59 - - [08/Jun/2025:17:48:42 -0400] "GET / HTTP/1.1" 200 9194 "http://client.socialdigiinnovator.com" "Mozilla/5.0 (iPhone; CPU iPhone OS 13_2_3 like Mac OS X) AppleWebKit/605.1.15 (KHTML, like Gecko) Version/13.0.3 Mobile/15E148 Safari/604.1"
2a01:239:38d:3f00::1 - - [08/Jun/2025:18:22:29 -0400] "GET /NewFile.php HTTP/1.1" 404 8478 "www.google.com" "Mozlila/5.0 (Linux; Android 7.0; SM-G892A Bulid/NRD90M; wv) AppleWebKit/537.36 (KHTML, like Gecko) Version/4.0 Chrome/60.0.3112.107 Moblie Safari/537.36"
198.54.114.35 - - [08/Jun/2025:18:23:10 -0400] "POST /wp-cron.php?doing_wp_cron=1749421390.0037720203399658203125 HTTP/1.1" 200 0 "-" "WordPress/6.8.1; https://client.socialdigiinnovator.com"
2a01:239:38d:3f00::1 - - [08/Jun/2025:18:23:12 -0400] "GET /wp-content/plugins/erinyani/baxa1.php7 HTTP/1.1" 404 8478 "www.google.com" "Mozlila/5.0 (Linux; Android 7.0; SM-G892A Bulid/NRD90M; wv) AppleWebKit/537.36 (KHTML, like Gecko) Version/4.0 Chrome/60.0.3112.107 Moblie Safari/537.36"
198.54.114.35 - - [08/Jun/2025:18:23:51 -0400] "POST /wp-cron.php?doing_wp_cron=1749421430.9740340709686279296875 HTTP/1.1" 200 0 "-" "WordPress/6.8.1; https://client.socialdigiinnovator.com"
2a01:239:38d:3f00::1 - - [08/Jun/2025:18:23:50 -0400] "GET /wp-content/plugins/erinyani/baxa1.php HTTP/1.1" 404 8476 "www.google.com" "Mozlila/5.0 (Linux; Android 7.0; SM-G892A Bulid/NRD90M; wv) AppleWebKit/537.36 (KHTML, like Gecko) Version/4.0 Chrome/60.0.3112.107 Moblie Safari/537.36"
2a01:239:38d:3f00::1 - - [08/Jun/2025:18:24:18 -0400] "GET /wp-content/plugins/seoxx/randkeyword.php HTTP/1.1" 404 8478 "www.google.com" "Mozlila/5.0 (Linux; Android 7.0; SM-G892A Bulid/NRD90M; wv) AppleWebKit/537.36 (KHTML, like Gecko) Version/4.0 Chrome/60.0.3112.107 Moblie Safari/537.36"
198.54.114.35 - - [08/Jun/2025:18:22:15 -0400] "POST /wp-cron.php?doing_wp_cron=1749421335.3594410419464111328125 HTTP/1.1" 200 0 "-" "WordPress/6.8.1; https://client.socialdigiinnovator.com"
2a01:239:38d:3f00::1 - - [08/Jun/2025:18:22:12 -0400] "GET /heh.php HTTP/1.1" 404 8478 "www.google.com" "Mozlila/5.0 (Linux; Android 7.0; SM-G892A Bulid/NRD90M; wv) AppleWebKit/537.36 (KHTML, like Gecko) Version/4.0 Chrome/60.0.3112.107 Moblie Safari/537.36"
2a01:239:38d:3f00::1 - - [08/Jun/2025:18:23:09 -0400] "GET /wp-content/plugins/view-more/ioxi.php HTTP/1.1" 404 8478 "www.google.com" "Mozlila/5.0 (Linux; Android 7.0; SM-G892A Bulid/NRD90M; wv) AppleWebKit/537.36 (KHTML, like Gecko) Version/4.0 Chrome/60.0.3112.107 Moblie Safari/537.36"
2a01:239:38d:3f00::1 - - [08/Jun/2025:18:23:13 -0400] "GET /baxa1.php7 HTTP/1.1" 404 8478 "www.google.com" "Mozlila/5.0 (Linux; Android 7.0; SM-G892A Bulid/NRD90M; wv) AppleWebKit/537.36 (KHTML, like Gecko) Version/4.0 Chrome/60.0.3112.107 Moblie Safari/537.36"
2a01:239:38d:3f00::1 - - [08/Jun/2025:18:24:06 -0400] "GET /baxa1.php HTTP/1.1" 404 8478 "www.google.com" "Mozlila/5.0 (Linux; Android 7.0; SM-G892A Bulid/NRD90M; wv) AppleWebKit/537.36 (KHTML, like Gecko) Version/4.0 Chrome/60.0.3112.107 Moblie Safari/537.36"
185.247.137.189 - - [08/Jun/2025:18:43:29 -0400] "GET / HTTP/1.1" 200 9194 "http://client.socialdigiinnovator.com:2095" "Mozilla/5.0 (compatible; InternetMeasurement/1.0; +https://internet-measurement.com/)"
185.247.137.27 - - [08/Jun/2025:18:43:34 -0400] "GET /favicon.ico HTTP/1.1" 404 1251 "-" "Mozilla/5.0 (compatible; InternetMeasurement/1.0; +https://internet-measurement.com/)"
198.54.114.35 - - [08/Jun/2025:18:43:32 -0400] "POST /wp-cron.php?doing_wp_cron=1749422612.1161870956420898437500 HTTP/1.1" 200 0 "-" "WordPress/6.8.1; https://client.socialdigiinnovator.com"
64.227.99.138 - - [08/Jun/2025:18:43:35 -0400] "GET /favicon.ico HTTP/1.1" 404 1251 "-" "Mozilla/5.0 (compatible; InternetMeasurement/1.0; +https://internet-measurement.com/)"
198.54.114.35 - - [08/Jun/2025:19:02:00 -0400] "POST /wp-cron.php?doing_wp_cron=1749423720.4004399776458740234375 HTTP/1.1" 200 0 "-" "WordPress/6.8.1; https://client.socialdigiinnovator.com"
207.46.13.229 - - [08/Jun/2025:19:02:00 -0400] "GET /?redirect_to=https%3A%2F%2Fclient.socialdigiinnovator.com%2Frobots.txt HTTP/1.1" 200 9197 "-" "Mozilla/5.0 AppleWebKit/537.36 (KHTML, like Gecko; compatible; bingbot/2.0; +http://www.bing.com/bingbot.htm) Chrome/116.0.1938.76 Safari/537.36"
2a01:239:38d:3f00::1 - - [08/Jun/2025:19:02:43 -0400] "POST /wp-content/plugins/dzs-zoomsounds/savepng.php?location=mine.php HTTP/1.1" 404 8478 "www.google.com" "Mozlila/5.0 (Linux; Android 7.0; SM-G892A Bulid/NRD90M; wv) AppleWebKit/537.36 (KHTML, like Gecko) Version/4.0 Chrome/60.0.3112.107 Moblie Safari/537.36"
2a01:239:38d:3f00::1 - - [08/Jun/2025:19:02:44 -0400] "GET /wp-content/plugins/dzs-zoomsounds/mine.php HTTP/1.1" 404 8478 "www.google.com" "Mozlila/5.0 (Linux; Android 7.0; SM-G892A Bulid/NRD90M; wv) AppleWebKit/537.36 (KHTML, like Gecko) Version/4.0 Chrome/60.0.3112.107 Moblie Safari/537.36"
2a01:239:38d:3f00::1 - - [08/Jun/2025:19:02:57 -0400] "GET /wp-content/uploads/typehub/custom/mine/.mine.php HTTP/1.1" 404 8478 "www.google.com" "Mozlila/5.0 (Linux; Android 7.0; SM-G892A Bulid/NRD90M; wv) AppleWebKit/537.36 (KHTML, like Gecko) Version/4.0 Chrome/60.0.3112.107 Moblie Safari/537.36"
2a01:239:38d:3f00::1 - - [08/Jun/2025:19:03:02 -0400] "POST /wp-admin/admin-ajax.php?action=uploadFontIcon HTTP/1.1" 400 5 "www.google.com" "Mozlila/5.0 (Linux; Android 7.0; SM-G892A Bulid/NRD90M; wv) AppleWebKit/537.36 (KHTML, like Gecko) Version/4.0 Chrome/60.0.3112.107 Moblie Safari/537.36"
2a01:239:38d:3f00::1 - - [08/Jun/2025:19:03:15 -0400] "POST /wp-content/plugins/apikey/apikey.php HTTP/1.1" 404 8478 "www.google.com" "Mozlila/5.0 (Linux; Android 7.0; SM-G892A Bulid/NRD90M; wv) AppleWebKit/537.36 (KHTML, like Gecko) Version/4.0 Chrome/60.0.3112.107 Moblie Safari/537.36"
2a01:239:38d:3f00::1 - - [08/Jun/2025:19:03:17 -0400] "GET /wp-content/plugins/apikey/mine.php HTTP/1.1" 404 8478 "www.google.com" "Mozlila/5.0 (Linux; Android 7.0; SM-G892A Bulid/NRD90M; wv) AppleWebKit/537.36 (KHTML, like Gecko) Version/4.0 Chrome/60.0.3112.107 Moblie Safari/537.36"
2a01:239:38d:3f00::1 - - [08/Jun/2025:19:03:20 -0400] "POST /wp-content/plugins/formcraft/file-upload/server/php/ HTTP/1.1" 404 8478 "www.google.com" "Mozlila/5.0 (Linux; Android 7.0; SM-G892A Bulid/NRD90M; wv) AppleWebKit/537.36 (KHTML, like Gecko) Version/4.0 Chrome/60.0.3112.107 Moblie Safari/537.36"
207.46.13.229 - - [08/Jun/2025:19:01:57 -0400] "GET /robots.txt HTTP/1.1" 302 0 "-" "Mozilla/5.0 AppleWebKit/537.36 (KHTML, like Gecko; compatible; bingbot/2.0; +http://www.bing.com/bingbot.htm) Chrome/116.0.1938.76 Safari/537.36"
198.54.114.35 - - [08/Jun/2025:19:02:43 -0400] "POST /wp-cron.php?doing_wp_cron=1749423763.6905250549316406250000 HTTP/1.1" 200 0 "-" "WordPress/6.8.1; https://client.socialdigiinnovator.com"
2a01:239:38d:3f00::1 - - [08/Jun/2025:19:02:47 -0400] "POST /wp-content/plugins/wp-engine-module/wp-engine.php HTTP/1.1" 404 8478 "www.google.com" "Mozlila/5.0 (Linux; Android 7.0; SM-G892A Bulid/NRD90M; wv) AppleWebKit/537.36 (KHTML, like Gecko) Version/4.0 Chrome/60.0.3112.107 Moblie Safari/537.36"
2a01:239:38d:3f00::1 - - [08/Jun/2025:19:02:49 -0400] "GET /wp-content/plugins/wp-engine-module/mine.php HTTP/1.1" 404 8478 "www.google.com" "Mozlila/5.0 (Linux; Android 7.0; SM-G892A Bulid/NRD90M; wv) AppleWebKit/537.36 (KHTML, like Gecko) Version/4.0 Chrome/60.0.3112.107 Moblie Safari/537.36"
2a01:239:38d:3f00::1 - - [08/Jun/2025:19:02:53 -0400] "POST /wp-admin/admin-ajax.php HTTP/1.1" 400 5 "www.google.com" "Mozlila/5.0 (Linux; Android 7.0; SM-G892A Bulid/NRD90M; wv) AppleWebKit/537.36 (KHTML, like Gecko) Version/4.0 Chrome/60.0.3112.107 Moblie Safari/537.36"
2a01:239:38d:3f00::1 - - [08/Jun/2025:19:03:04 -0400] "GET /wp-content/uploads/kaswara/fonts_icon/mine7/.mine.php HTTP/1.1" 404 8478 "www.google.com" "Mozlila/5.0 (Linux; Android 7.0; SM-G892A Bulid/NRD90M; wv) AppleWebKit/537.36 (KHTML, like Gecko) Version/4.0 Chrome/60.0.3112.107 Moblie Safari/537.36"
2a01:239:38d:3f00::1 - - [08/Jun/2025:19:03:22 -0400] "GET /wp-content/plugins/formcraft/file-upload/server/php/files/mine.php HTTP/1.1" 404 8478 "www.google.com" "Mozlila/5.0 (Linux; Android 7.0; SM-G892A Bulid/NRD90M; wv) AppleWebKit/537.36 (KHTML, like Gecko) Version/4.0 Chrome/60.0.3112.107 Moblie Safari/537.36"
198.54.114.35 - - [08/Jun/2025:19:14:14 -0400] "POST /wp-cron.php?doing_wp_cron=1749424453.9309399127960205078125 HTTP/1.1" 200 0 "-" "WordPress/6.8.1; https://client.socialdigiinnovator.com"
202.178.124.93 - - [08/Jun/2025:19:14:11 -0400] "GET //feed/ HTTP/1.1" 301 0 "-" "Mozilla/5.0 (Windows NT 10.0; Win64; x64) AppleWebKit/537.36 (KHTML, like Gecko) Chrome/95.0.4638.69 Safari/537.36"
202.178.124.93 - - [08/Jun/2025:19:14:14 -0400] "GET //xmlrpc.php?rsd HTTP/1.1" 403 1242 "-" "Mozilla/5.0 (Windows NT 10.0; Win64; x64) AppleWebKit/537.36 (KHTML, like Gecko) Chrome/95.0.4638.69 Safari/537.36"
202.178.124.93 - - [08/Jun/2025:19:14:14 -0400] "GET //blog/wp-includes/wlwmanifest.xml HTTP/1.1" 301 0 "-" "Mozilla/5.0 (Windows NT 10.0; Win64; x64) AppleWebKit/537.36 (KHTML, like Gecko) Chrome/95.0.4638.69 Safari/537.36"
202.178.124.93 - - [08/Jun/2025:19:14:14 -0400] "GET //web/wp-includes/wlwmanifest.xml HTTP/1.1" 301 0 "-" "Mozilla/5.0 (Windows NT 10.0; Win64; x64) AppleWebKit/537.36 (KHTML, like Gecko) Chrome/95.0.4638.69 Safari/537.36"
202.178.124.93 - - [08/Jun/2025:19:14:15 -0400] "GET //wordpress/wp-includes/wlwmanifest.xml HTTP/1.1" 301 0 "-" "Mozilla/5.0 (Windows NT 10.0; Win64; x64) AppleWebKit/537.36 (KHTML, like Gecko) Chrome/95.0.4638.69 Safari/537.36"
202.178.124.93 - - [08/Jun/2025:19:14:15 -0400] "GET //wp/wp-includes/wlwmanifest.xml HTTP/1.1" 301 0 "-" "Mozilla/5.0 (Windows NT 10.0; Win64; x64) AppleWebKit/537.36 (KHTML, like Gecko) Chrome/95.0.4638.69 Safari/537.36"
202.178.124.93 - - [08/Jun/2025:19:14:16 -0400] "GET //2021/wp-includes/wlwmanifest.xml HTTP/1.1" 301 0 "-" "Mozilla/5.0 (Windows NT 10.0; Win64; x64) AppleWebKit/537.36 (KHTML, like Gecko) Chrome/95.0.4638.69 Safari/537.36"
202.178.124.93 - - [08/Jun/2025:19:14:17 -0400] "GET //shop/wp-includes/wlwmanifest.xml HTTP/1.1" 301 0 "-" "Mozilla/5.0 (Windows NT 10.0; Win64; x64) AppleWebKit/537.36 (KHTML, like Gecko) Chrome/95.0.4638.69 Safari/537.36"
202.178.124.93 - - [08/Jun/2025:19:14:17 -0400] "GET //test/wp-includes/wlwmanifest.xml HTTP/1.1" 301 0 "-" "Mozilla/5.0 (Windows NT 10.0; Win64; x64) AppleWebKit/537.36 (KHTML, like Gecko) Chrome/95.0.4638.69 Safari/537.36"
202.178.124.93 - - [08/Jun/2025:19:14:18 -0400] "GET //cms/wp-includes/wlwmanifest.xml HTTP/1.1" 301 0 "-" "Mozilla/5.0 (Windows NT 10.0; Win64; x64) AppleWebKit/537.36 (KHTML, like Gecko) Chrome/95.0.4638.69 Safari/537.36"
156.228.98.202 - - [08/Jun/2025:19:15:44 -0400] "GET /wp-json/wp/v2/users HTTP/1.1" 200 891 "https://www.google.com" "Mozilla/5.0 (X11; Linux x86_64) AppleWebKit/537.36 (KHTML, like Gecko) Chrome/119.0.0.0 Safari/537.36"
156.228.98.202 - - [08/Jun/2025:19:15:51 -0400] "GET /wp-login.php HTTP/1.1" 302 0 "https://www.google.com" "Mozilla/5.0 (X11; Linux x86_64) AppleWebKit/537.36 (KHTML, like Gecko) Chrome/119.0.0.0 Safari/537.36"
156.228.98.202 - - [08/Jun/2025:19:15:54 -0400] "GET /404 HTTP/1.1" 404 8478 "https://www.google.com" "Mozilla/5.0 (X11; Linux x86_64) AppleWebKit/537.36 (KHTML, like Gecko) Chrome/119.0.0.0 Safari/537.36"
202.178.124.93 - - [08/Jun/2025:19:14:11 -0400] "GET //wp-includes/ID3/license.txt HTTP/1.1" 403 1242 "-" "Mozilla/5.0 (Windows NT 10.0; Win64; x64) AppleWebKit/537.36 (KHTML, like Gecko) Chrome/95.0.4638.69 Safari/537.36"
202.178.124.93 - - [08/Jun/2025:19:14:15 -0400] "GET //2020/wp-includes/wlwmanifest.xml HTTP/1.1" 301 0 "-" "Mozilla/5.0 (Windows NT 10.0; Win64; x64) AppleWebKit/537.36 (KHTML, like Gecko) Chrome/95.0.4638.69 Safari/537.36"
202.178.124.93 - - [08/Jun/2025:19:14:16 -0400] "GET //2019/wp-includes/wlwmanifest.xml HTTP/1.1" 301 0 "-" "Mozilla/5.0 (Windows NT 10.0; Win64; x64) AppleWebKit/537.36 (KHTML, like Gecko) Chrome/95.0.4638.69 Safari/537.36"
202.178.124.93 - - [08/Jun/2025:19:14:17 -0400] "GET //wp1/wp-includes/wlwmanifest.xml HTTP/1.1" 301 0 "-" "Mozilla/5.0 (Windows NT 10.0; Win64; x64) AppleWebKit/537.36 (KHTML, like Gecko) Chrome/95.0.4638.69 Safari/537.36"
202.178.124.93 - - [08/Jun/2025:19:14:18 -0400] "GET //site/wp-includes/wlwmanifest.xml HTTP/1.1" 301 0 "-" "Mozilla/5.0 (Windows NT 10.0; Win64; x64) AppleWebKit/537.36 (KHTML, like Gecko) Chrome/95.0.4638.69 Safari/537.36"
198.54.114.35 - - [08/Jun/2025:19:15:46 -0400] "POST /wp-cron.php?doing_wp_cron=1749424546.4849970340728759765625 HTTP/1.1" 200 0 "-" "WordPress/6.8.1; https://client.socialdigiinnovator.com"
156.228.98.202 - - [08/Jun/2025:19:15:47 -0400] "GET /?author=1 HTTP/1.1" 403 1242 "https://www.google.com" "Mozilla/5.0 (X11; Linux x86_64) AppleWebKit/537.36 (KHTML, like Gecko) Chrome/119.0.0.0 Safari/537.36"
156.228.98.202 - - [08/Jun/2025:19:15:48 -0400] "GET /wp-login.php HTTP/1.1" 302 0 "https://www.google.com" "Mozilla/5.0 (X11; Linux x86_64) AppleWebKit/537.36 (KHTML, like Gecko) Chrome/119.0.0.0 Safari/537.36"
156.228.98.202 - - [08/Jun/2025:19:15:49 -0400] "GET /404 HTTP/1.1" 404 8478 "https://www.google.com" "Mozilla/5.0 (X11; Linux x86_64) AppleWebKit/537.36 (KHTML, like Gecko) Chrome/119.0.0.0 Safari/537.36"
156.228.98.202 - - [08/Jun/2025:19:15:52 -0400] "GET /404 HTTP/1.1" 404 8476 "https://www.google.com" "Mozilla/5.0 (X11; Linux x86_64) AppleWebKit/537.36 (KHTML, like Gecko) Chrome/119.0.0.0 Safari/537.36"
156.228.98.202 - - [08/Jun/2025:19:15:53 -0400] "GET /wp-login.php HTTP/1.1" 302 0 "https://www.google.com" "Mozilla/5.0 (X11; Linux x86_64) AppleWebKit/537.36 (KHTML, like Gecko) Chrome/119.0.0.0 Safari/537.36"
198.54.114.35 - - [08/Jun/2025:19:41:53 -0400] "POST /wp-cron.php?doing_wp_cron=1749426113.7665529251098632812500 HTTP/1.1" 200 0 "-" "WordPress/6.8.1; https://client.socialdigiinnovator.com"
157.55.39.62 - - [08/Jun/2025:19:41:51 -0400] "GET /?a1aself-lightaae4019169_htm HTTP/1.1" 200 9225 "-" "Mozilla/5.0 AppleWebKit/537.36 (KHTML, like Gecko; compatible; bingbot/2.0; +http://www.bing.com/bingbot.htm) Chrome/116.0.1938.76 Safari/537.36"
198.54.114.35 - - [08/Jun/2025:20:43:24 -0400] "POST /wp-cron.php?doing_wp_cron=1749429804.1784229278564453125000 HTTP/1.1" 200 0 "-" "WordPress/6.8.1; https://client.socialdigiinnovator.com"
198.54.114.35 - - [08/Jun/2025:20:43:11 -0400] "GET / HTTP/1.1" 200 9193 "-" "Mozilla/5.0 (Windows NT 10.0; Win64; x64; rv:122.0) Gecko/20100101 Firefox/122.0"
198.54.114.35 - - [08/Jun/2025:20:43:36 -0400] "POST /wp-cron.php?doing_wp_cron=1749429816.7909560203552246093750 HTTP/1.1" 200 0 "-" "WordPress/6.8.1; https://client.socialdigiinnovator.com"
5.175.234.21 - - [08/Jun/2025:20:50:18 -0400] "GET / HTTP/1.1" 200 9214 "-" "-"
5.175.234.21 - - [08/Jun/2025:20:50:22 -0400] "GET /wp-admin/setup-config.php HTTP/1.1" 403 1242 "-" "-"
198.54.114.35 - - [08/Jun/2025:20:43:36 -0400] "GET / HTTP/1.1" 200 9214 "-" "Softaculous"
198.54.114.35 - - [08/Jun/2025:20:43:37 -0400] "GET / HTTP/1.1" 200 9212 "-" "Mozilla/5.0 (Windows NT 10.0; Win64; x64; rv:122.0) Gecko/20100101 Firefox/122.0"
198.54.114.35 - - [08/Jun/2025:20:50:21 -0400] "POST /wp-cron.php?doing_wp_cron=1749430221.1165940761566162109375 HTTP/1.1" 200 0 "-" "WordPress/6.8.1; https://client.socialdigiinnovator.com"
5.175.234.21 - - [08/Jun/2025:20:50:22 -0400] "GET /wp-admin/install.php HTTP/1.1" 200 442 "-" "-"
198.54.114.35 - - [08/Jun/2025:21:56:23 -0400] "POST /wp-cron.php?doing_wp_cron=1749434183.0341560840606689453125 HTTP/1.1" 200 0 "-" "WordPress/6.8.1; https://client.socialdigiinnovator.com"
87.236.176.185 - - [08/Jun/2025:21:56:20 -0400] "GET / HTTP/1.1" 200 9212 "http://client.socialdigiinnovator.com:8880" "Mozilla/5.0 (compatible; InternetMeasurement/1.0; +https://internet-measurement.com/)"
107.170.65.169 - - [08/Jun/2025:21:56:25 -0400] "GET /favicon.ico HTTP/1.1" 404 1251 "-" "Mozilla/5.0 (compatible; InternetMeasurement/1.0; +https://internet-measurement.com/)"
185.247.137.125 - - [08/Jun/2025:21:56:24 -0400] "GET /favicon.ico HTTP/1.1" 404 1251 "-" "Mozilla/5.0 (compatible; InternetMeasurement/1.0; +https://internet-measurement.com/)"
198.54.114.35 - - [08/Jun/2025:22:47:30 -0400] "POST /wp-cron.php?doing_wp_cron=1749437250.2119660377502441406250 HTTP/1.1" 200 0 "-" "WordPress/6.8.1; https://client.socialdigiinnovator.com"
87.236.176.40 - - [08/Jun/2025:22:47:31 -0400] "GET /favicon.ico HTTP/1.1" 404 1251 "-" "Mozilla/5.0 (compatible; InternetMeasurement/1.0; +https://internet-measurement.com/)"
185.247.137.39 - - [08/Jun/2025:22:47:27 -0400] "GET / HTTP/1.1" 200 9214 "http://client.socialdigiinnovator.com:8080" "Mozilla/5.0 (compatible; InternetMeasurement/1.0; +https://internet-measurement.com/)"
64.227.108.146 - - [08/Jun/2025:22:47:32 -0400] "GET /favicon.ico HTTP/1.1" 404 1251 "-" "Mozilla/5.0 (compatible; InternetMeasurement/1.0; +https://internet-measurement.com/)"