芝麻web文件管理V1.00
编辑当前文件:/home/sditechnicalteam/access-logs/client.socialdigiinnovator.com-ssl_log
198.54.114.35 - - [10/Jun/2025:08:24:51 -0400] "POST /wp-cron.php?doing_wp_cron=1749558290.8733689785003662109375 HTTP/1.1" 200 0 "-" "WordPress/6.8.1; https://client.socialdigiinnovator.com"
198.54.114.35 - - [10/Jun/2025:08:24:51 -0400] "POST /wp-cron.php?doing_wp_cron=1749558290.8733561038970947265625 HTTP/1.1" 200 0 "-" "WordPress/6.8.1; https://client.socialdigiinnovator.com"
196.251.86.133 - - [10/Jun/2025:08:24:48 -0400] "GET /hbrbebch.php?Fox=d3wL7 HTTP/1.1" 404 8472 "www.google.com" "Mozilla/5.0 (Linux; Android 7.0; SM-G892A Bulid/NRD90M; wv) AppleWebKit/537.36 (KHTML, like Gecko) Version/4.0 Chrome/60.0.3112.107 Moblie Safari/537.36"
196.251.86.133 - - [10/Jun/2025:08:24:47 -0400] "GET /wp-content/themes/seotheme/db.php?u HTTP/1.1" 404 8472 "www.google.com" "Mozlila/5.0 (Linux; Android 7.0; SM-G892A Bulid/NRD90M; wv) AppleWebKit/537.36 (KHTML, like Gecko) Version/4.0 Chrome/60.0.3112.107 Moblie Safari/537.36"
196.251.86.133 - - [10/Jun/2025:08:24:51 -0400] "GET /wp-content/themes/seotheme/db.php?u HTTP/1.1" 404 8472 "www.google.com" "Mozlila/5.0 (Linux; Android 7.0; SM-G892A Bulid/NRD90M; wv) AppleWebKit/537.36 (KHTML, like Gecko) Version/4.0 Chrome/60.0.3112.107 Moblie Safari/537.36"
196.251.86.133 - - [10/Jun/2025:08:24:51 -0400] "POST /alfacgiapi/perl.alfa HTTP/1.1" 404 8472 "www.google.com" "Mozlila/5.0 (Linux; Android 7.0; SM-G892A Bulid/NRD90M; wv) AppleWebKit/537.36 (KHTML, like Gecko) Version/4.0 Chrome/60.0.3112.107 Moblie Safari/537.36"
196.251.86.133 - - [10/Jun/2025:08:24:52 -0400] "GET /plugins/content/apismtp/apismtp.php?test=hello HTTP/1.1" 404 8472 "-" "Mozlila/5.0 (Linux; Android 7.0; SM-G892A Bulid/NRD90M; wv) AppleWebKit/537.36 (KHTML, like Gecko) Version/4.0 Chrome/60.0.3112.107 Moblie Safari/537.36"
196.251.86.133 - - [10/Jun/2025:08:24:52 -0400] "GET /wp-content/plugins/apikey/apikey.php.suspected?test=hello HTTP/1.1" 404 8472 "-" "Mozlila/5.0 (Linux; Android 7.0; SM-G892A Bulid/NRD90M; wv) AppleWebKit/537.36 (KHTML, like Gecko) Version/4.0 Chrome/60.0.3112.107 Moblie Safari/537.36"
198.54.114.35 - - [10/Jun/2025:08:24:51 -0400] "POST /wp-cron.php?doing_wp_cron=1749558290.8737239837646484375000 HTTP/1.1" 200 0 "-" "WordPress/6.8.1; https://client.socialdigiinnovator.com"
196.251.86.133 - - [10/Jun/2025:08:24:47 -0400] "GET / HTTP/1.1" 200 9217 "-" "Mozlila/5.0 (Linux; Android 7.0; SM-G892A Bulid/NRD90M; wv) AppleWebKit/537.36 (KHTML, like Gecko) Version/4.0 Chrome/60.0.3112.107 Moblie Safari/537.36"
196.251.86.133 - - [10/Jun/2025:08:24:47 -0400] "POST /ALFA_DATA/alfacgiapi/perl.alfa HTTP/1.1" 404 8472 "www.google.com" "Mozlila/5.0 (Linux; Android 7.0; SM-G892A Bulid/NRD90M; wv) AppleWebKit/537.36 (KHTML, like Gecko) Version/4.0 Chrome/60.0.3112.107 Moblie Safari/537.36"
196.251.86.133 - - [10/Jun/2025:08:24:47 -0400] "GET /wp-content/plugins/fix/up.php HTTP/1.1" 404 8472 "-" "Mozilla/5.0 (Windows NT 10.0; Win64; x64) AppleWebKit/537.36 (KHTML, like Gecko) Chrome/85.0.4183.102 Safari/537.36"
196.251.86.133 - - [10/Jun/2025:08:24:51 -0400] "GET /wp-content/plugins/apikey/apikey.php?test=hello HTTP/1.1" 404 8472 "-" "Mozlila/5.0 (Linux; Android 7.0; SM-G892A Bulid/NRD90M; wv) AppleWebKit/537.36 (KHTML, like Gecko) Version/4.0 Chrome/60.0.3112.107 Moblie Safari/537.36"
196.251.86.133 - - [10/Jun/2025:08:24:53 -0400] "GET /plugins/content/apismtp/apismtp.php.suspected?test=hello HTTP/1.1" 404 8472 "-" "Mozlila/5.0 (Linux; Android 7.0; SM-G892A Bulid/NRD90M; wv) AppleWebKit/537.36 (KHTML, like Gecko) Version/4.0 Chrome/60.0.3112.107 Moblie Safari/537.36"
198.54.114.35 - - [10/Jun/2025:08:45:28 -0400] "POST /wp-cron.php?doing_wp_cron=1749559528.3101930618286132812500 HTTP/1.1" 200 0 "-" "WordPress/6.8.1; https://client.socialdigiinnovator.com"
111.90.176.235 - - [10/Jun/2025:08:45:25 -0400] "GET /vendor/htmlawed/htmlawed/htmLawedTest.php HTTP/1.1" 404 8470 "-" "python-requests/2.32.3"
111.90.176.235 - - [10/Jun/2025:08:45:30 -0400] "GET /glpi/vendor/htmlawed/htmlawed/htmLawedTest.php HTTP/1.1" 404 8472 "-" "python-requests/2.32.3"
182.2.51.19 - - [10/Jun/2025:09:19:09 -0400] "GET /wp-login.php HTTP/1.1" 302 0 "-" "Mozilla/5.0 (Windows NT 6.1; Win64; x64) AppleWebKit/537.36 (KHTML, like Gecko) Chrome/106.0.5249.103 Safari/537.36"
198.54.114.35 - - [10/Jun/2025:09:19:13 -0400] "POST /wp-cron.php?doing_wp_cron=1749561552.8819139003753662109375 HTTP/1.1" 200 0 "-" "WordPress/6.8.1; https://client.socialdigiinnovator.com"
182.2.51.31 - - [10/Jun/2025:09:19:15 -0400] "GET /404 HTTP/1.1" 404 8472 "-" "Mozilla/5.0 (Windows NT 10.0; WOW64) AppleWebKit/537.36 (KHTML, like Gecko) Chrome/107.0.5304.62 Safari/537.36"
182.2.40.195 - - [10/Jun/2025:09:19:16 -0400] "GET /wp-login.php HTTP/1.1" 302 0 "-" "Mozilla/5.0 (Windows NT 10.0) AppleWebKit/537.36 (KHTML, like Gecko) Chrome/106.0.5249.91 Safari/537.36"
182.2.40.195 - - [10/Jun/2025:09:19:17 -0400] "GET /404 HTTP/1.1" 404 8472 "-" "Mozilla/5.0 (Windows NT 10.0) AppleWebKit/537.36 (KHTML, like Gecko) Chrome/106.0.5249.91 Safari/537.36"
182.2.40.195 - - [10/Jun/2025:09:19:19 -0400] "GET /wp-login.php HTTP/1.1" 302 0 "-" "Mozilla/5.0 (Windows NT 6.3; Win64; x64) AppleWebKit/537.36 (KHTML, like Gecko) Chrome/103.0.5060.66 Safari/537.36"
182.2.41.231 - - [10/Jun/2025:09:19:22 -0400] "GET /wp-login.php HTTP/1.1" 302 0 "-" "Mozilla/5.0 (Windows NT 10.0; Win64; x64) AppleWebKit/537.36 (KHTML, like Gecko) Chrome/105.0.5195.52 Safari/537.36"
182.2.51.19 - - [10/Jun/2025:09:19:11 -0400] "GET /404 HTTP/1.1" 404 8472 "-" "Mozilla/5.0 (Windows NT 6.1; Win64; x64) AppleWebKit/537.36 (KHTML, like Gecko) Chrome/106.0.5249.103 Safari/537.36"
182.2.51.31 - - [10/Jun/2025:09:19:14 -0400] "GET /wp-login.php HTTP/1.1" 302 0 "-" "Mozilla/5.0 (Windows NT 10.0; WOW64) AppleWebKit/537.36 (KHTML, like Gecko) Chrome/107.0.5304.62 Safari/537.36"
182.2.40.195 - - [10/Jun/2025:09:19:20 -0400] "GET /404 HTTP/1.1" 404 8472 "-" "Mozilla/5.0 (Windows NT 6.3; Win64; x64) AppleWebKit/537.36 (KHTML, like Gecko) Chrome/103.0.5060.66 Safari/537.36"
182.2.41.231 - - [10/Jun/2025:09:19:22 -0400] "GET /404 HTTP/1.1" 404 8472 "-" "Mozilla/5.0 (Windows NT 10.0; Win64; x64) AppleWebKit/537.36 (KHTML, like Gecko) Chrome/105.0.5195.52 Safari/537.36"
198.54.114.35 - - [10/Jun/2025:09:33:55 -0400] "POST /wp-cron.php?doing_wp_cron=1749562434.9033970832824707031250 HTTP/1.1" 200 0 "-" "WordPress/6.8.1; https://client.socialdigiinnovator.com"
2a03:2880:32ff:70:: - - [10/Jun/2025:09:33:51 -0400] "GET / HTTP/1.1" 200 9215 "-" "facebookexternalhit/1.1 (+http://www.facebook.com/externalhit_uatext.php)"
170.39.218.62 - - [10/Jun/2025:09:44:51 -0400] "GET /wp-content/plugins/ultimate-member/assets/js/um-profile.min.js?ver=2.10.4 HTTP/1.1" 200 1039 "-" "Mozilla/5.0 (Windows NT 10.0; Win64; x64) AppleWebKit/537.36 Chrome/121.0.0.0"
198.54.114.35 - - [10/Jun/2025:09:45:10 -0400] "POST /wp-cron.php?doing_wp_cron=1749563110.3687191009521484375000 HTTP/1.1" 200 0 "-" "WordPress/6.8.1; https://client.socialdigiinnovator.com"
170.106.165.186 - - [10/Jun/2025:09:45:05 -0400] "GET / HTTP/1.1" 200 9217 "http://client.socialdigiinnovator.com" "Mozilla/5.0 (iPhone; CPU iPhone OS 13_2_3 like Mac OS X) AppleWebKit/605.1.15 (KHTML, like Gecko) Version/13.0.3 Mobile/15E148 Safari/604.1"
196.251.117.231 - - [10/Jun/2025:10:21:54 -0400] "GET /wp-admin/?wc-ajax=1 HTTP/1.1" 302 0 "www.google.com" "Mozilla/5.0 (Windows NT 10.0; Win64; x64) AppleWebKit/537.36 (KHTML, like Gecko) Chrome/90.0.4430.85 Safari/537.36"
196.251.117.231 - - [10/Jun/2025:10:21:54 -0400] "GET /wp-login.php?redirect_to=https%3A%2F%2Fclient.socialdigiinnovator.com%2Fwp-admin%2F%3Fwc-ajax%3D1&reauth=1 HTTP/1.1" 302 0 "www.google.com" "Mozilla/5.0 (Windows NT 10.0; Win64; x64) AppleWebKit/537.36 (KHTML, like Gecko) Chrome/90.0.4430.85 Safari/537.36"
196.251.117.231 - - [10/Jun/2025:10:21:55 -0400] "GET /404 HTTP/1.1" 404 8472 "www.google.com" "Mozilla/5.0 (Windows NT 10.0; Win64; x64) AppleWebKit/537.36 (KHTML, like Gecko) Chrome/90.0.4430.85 Safari/537.36"
196.251.117.231 - - [10/Jun/2025:10:21:48 -0400] "POST /wp-login.php?wc-ajax=1 HTTP/1.1" 302 0 "https://client.socialdigiinnovator.com/wp-admin/" "Mozilla/5.0 (Windows NT 10.0; Win64; x64) AppleWebKit/537.36 (KHTML, like Gecko) Chrome/90.0.4430.85 Safari/537.36"
196.251.117.231 - - [10/Jun/2025:10:21:50 -0400] "GET /404 HTTP/1.1" 404 8472 "https://client.socialdigiinnovator.com/wp-admin/" "Mozilla/5.0 (Windows NT 10.0; Win64; x64) AppleWebKit/537.36 (KHTML, like Gecko) Chrome/90.0.4430.85 Safari/537.36"
198.54.114.35 - - [10/Jun/2025:11:16:56 -0400] "POST /wp-cron.php?doing_wp_cron=1749568616.3381888866424560546875 HTTP/1.1" 200 0 "-" "WordPress/6.8.1; https://client.socialdigiinnovator.com"
196.251.117.231 - - [10/Jun/2025:11:16:53 -0400] "GET /wp-content/plugins/pwnd/pwnd.php HTTP/1.1" 404 8472 "www.google.com" "Mozlila/5.0 (Linux; Android 7.0; SM-G892A Bulid/NRD90M; wv) AppleWebKit/537.36 (KHTML, like Gecko) Version/4.0 Chrome/60.0.3112.107 Moblie Safari/537.36"
27.131.136.58 - - [10/Jun/2025:11:45:23 -0400] "GET /wp-login.php HTTP/1.1" 302 771 "-" "python-requests/2.32.3"
198.54.114.35 - - [10/Jun/2025:11:58:12 -0400] "POST /wp-cron.php?doing_wp_cron=1749571092.4625461101531982421875 HTTP/1.1" 200 0 "-" "WordPress/6.8.1; https://client.socialdigiinnovator.com"
161.35.99.251 - - [10/Jun/2025:11:58:13 -0400] "POST /wp-login.php HTTP/1.1" 302 0 "-" "Mozilla/5.0 (X11; Linux x86_64; rv:121.0) Gecko/20100101 Firefox/121.0"
161.35.99.251 - - [10/Jun/2025:11:58:13 -0400] "GET /404 HTTP/1.1" 404 8470 "-" "Mozilla/5.0 (X11; Linux x86_64; rv:121.0) Gecko/20100101 Firefox/121.0"
161.35.99.251 - - [10/Jun/2025:11:58:14 -0400] "POST /wp-login.php HTTP/1.1" 302 0 "-" "Mozilla/5.0 (X11; Linux x86_64; rv:121.0) Gecko/20100101 Firefox/121.0"
161.35.99.251 - - [10/Jun/2025:11:58:09 -0400] "GET /wp-login.php HTTP/1.1" 302 0 "-" "Mozilla/5.0 (X11; Linux x86_64; rv:121.0) Gecko/20100101 Firefox/121.0"
161.35.99.251 - - [10/Jun/2025:11:58:11 -0400] "GET /404 HTTP/1.1" 404 8470 "-" "Mozilla/5.0 (X11; Linux x86_64; rv:121.0) Gecko/20100101 Firefox/121.0"
161.35.99.251 - - [10/Jun/2025:11:58:14 -0400] "GET /404 HTTP/1.1" 404 8470 "-" "Mozilla/5.0 (X11; Linux x86_64; rv:121.0) Gecko/20100101 Firefox/121.0"
185.54.229.34 - - [10/Jun/2025:12:42:26 -0400] "GET / HTTP/1.1" 200 9215 "-" "Mozilla/5.0 (Windows NT 10.0; Win64; x64) AppleWebKit/537.36 (KHTML, like Gecko) Chrome/58.0.3029.110 Safari/537.3"
198.54.114.35 - - [10/Jun/2025:12:42:29 -0400] "POST /wp-cron.php?doing_wp_cron=1749573749.2312340736389160156250 HTTP/1.1" 200 0 "-" "WordPress/6.8.1; https://client.socialdigiinnovator.com"
198.54.114.35 - - [10/Jun/2025:13:00:11 -0400] "POST /wp-cron.php?doing_wp_cron=1749574811.5959138870239257812500 HTTP/1.1" 200 0 "-" "WordPress/6.8.1; https://client.socialdigiinnovator.com"
2a01:239:38d:3f00::1 - - [10/Jun/2025:13:00:20 -0400] "GET /bala.php HTTP/1.1" 404 8470 "www.google.com" "Mozlila/5.0 (Linux; Android 7.0; SM-G892A Bulid/NRD90M; wv) AppleWebKit/537.36 (KHTML, like Gecko) Version/4.0 Chrome/60.0.3112.107 Moblie Safari/537.36"
198.54.114.35 - - [10/Jun/2025:13:00:35 -0400] "POST /wp-cron.php?doing_wp_cron=1749574835.2269160747528076171875 HTTP/1.1" 200 0 "-" "WordPress/6.8.1; https://client.socialdigiinnovator.com"
2a01:239:38d:3f00::1 - - [10/Jun/2025:13:01:02 -0400] "GET /wp-class.php HTTP/1.1" 404 8472 "www.google.com" "Mozlila/5.0 (Linux; Android 7.0; SM-G892A Bulid/NRD90M; wv) AppleWebKit/537.36 (KHTML, like Gecko) Version/4.0 Chrome/60.0.3112.107 Moblie Safari/537.36"
2a01:239:38d:3f00::1 - - [10/Jun/2025:13:01:08 -0400] "GET /xleet-shell.php HTTP/1.1" 404 8472 "www.google.com" "Mozlila/5.0 (Linux; Android 7.0; SM-G892A Bulid/NRD90M; wv) AppleWebKit/537.36 (KHTML, like Gecko) Version/4.0 Chrome/60.0.3112.107 Moblie Safari/537.36"
198.54.114.35 - - [10/Jun/2025:12:59:47 -0400] "POST /wp-cron.php?doing_wp_cron=1749574787.6952419281005859375000 HTTP/1.1" 200 0 "-" "WordPress/6.8.1; https://client.socialdigiinnovator.com"
2a01:239:38d:3f00::1 - - [10/Jun/2025:12:59:45 -0400] "GET /wso112233.php HTTP/1.1" 404 8472 "www.google.com" "Mozlila/5.0 (Linux; Android 7.0; SM-G892A Bulid/NRD90M; wv) AppleWebKit/537.36 (KHTML, like Gecko) Version/4.0 Chrome/60.0.3112.107 Moblie Safari/537.36"
2a01:239:38d:3f00::1 - - [10/Jun/2025:13:00:11 -0400] "GET /wp-content/wso112233.php HTTP/1.1" 404 8472 "www.google.com" "Mozlila/5.0 (Linux; Android 7.0; SM-G892A Bulid/NRD90M; wv) AppleWebKit/537.36 (KHTML, like Gecko) Version/4.0 Chrome/60.0.3112.107 Moblie Safari/537.36"
2a01:239:38d:3f00::1 - - [10/Jun/2025:13:00:29 -0400] "GET /wp-content/plugins/sid/sidwso.php HTTP/1.1" 404 8472 "www.google.com" "Mozlila/5.0 (Linux; Android 7.0; SM-G892A Bulid/NRD90M; wv) AppleWebKit/537.36 (KHTML, like Gecko) Version/4.0 Chrome/60.0.3112.107 Moblie Safari/537.36"
2a01:239:38d:3f00::1 - - [10/Jun/2025:13:00:34 -0400] "GET /wp-content/shell20211028.php HTTP/1.1" 404 8472 "www.google.com" "Mozlila/5.0 (Linux; Android 7.0; SM-G892A Bulid/NRD90M; wv) AppleWebKit/537.36 (KHTML, like Gecko) Version/4.0 Chrome/60.0.3112.107 Moblie Safari/537.36"
2a01:239:38d:3f00::1 - - [10/Jun/2025:13:00:47 -0400] "GET /wp-includes/wp-class.php HTTP/1.1" 403 1242 "www.google.com" "Mozlila/5.0 (Linux; Android 7.0; SM-G892A Bulid/NRD90M; wv) AppleWebKit/537.36 (KHTML, like Gecko) Version/4.0 Chrome/60.0.3112.107 Moblie Safari/537.36"
170.39.218.62 - - [10/Jun/2025:13:21:33 -0400] "GET /wp-content/plugins/elementor-pro/assets/js/webpack-pro.runtime.min.js?ver=3.23.3 HTTP/1.1" 200 2548 "-" "Mozilla/5.0 (Windows NT 10.0; Win64; x64) AppleWebKit/537.36 Chrome/121.0.0.0"
161.35.99.251 - - [10/Jun/2025:14:12:55 -0400] "GET /wp-login.php HTTP/1.1" 302 0 "-" "Mozilla/5.0 (Linux; Android 12; Redmi Note 9 Pro Build/SKQ1.211019.001; wv) AppleWebKit/537.36 (KHTML, like Gecko) Version/4.0 Chrome/126.0.6478.71 Mobile Safari/537.36"
198.54.114.35 - - [10/Jun/2025:14:12:58 -0400] "POST /wp-cron.php?doing_wp_cron=1749579178.8279459476470947265625 HTTP/1.1" 200 0 "-" "WordPress/6.8.1; https://client.socialdigiinnovator.com"
161.35.99.251 - - [10/Jun/2025:14:12:57 -0400] "GET /404 HTTP/1.1" 404 8472 "-" "Mozilla/5.0 (Linux; Android 12; Redmi Note 9 Pro Build/SKQ1.211019.001; wv) AppleWebKit/537.36 (KHTML, like Gecko) Version/4.0 Chrome/126.0.6478.71 Mobile Safari/537.36"
198.54.114.35 - - [10/Jun/2025:14:33:53 -0400] "POST /wp-cron.php?doing_wp_cron=1749580433.7000889778137207031250 HTTP/1.1" 200 0 "-" "WordPress/6.8.1; https://client.socialdigiinnovator.com"
156.233.86.170 - - [10/Jun/2025:14:33:50 -0400] "GET /wp-login.php HTTP/1.1" 302 0 "-" "Mozilla/5.0 (Linux; Android 10; K) AppleWebKit/537.36 (KHTML, like Gecko) Chrome/125.0.0.0 Mobile Safari/537.36"
156.233.86.170 - - [10/Jun/2025:14:33:52 -0400] "GET /404 HTTP/1.1" 404 8472 "-" "Mozilla/5.0 (Linux; Android 10; K) AppleWebKit/537.36 (KHTML, like Gecko) Chrome/125.0.0.0 Mobile Safari/537.36"
156.233.86.170 - - [10/Jun/2025:14:33:55 -0400] "POST /wp-login.php HTTP/1.1" 302 0 "-" "Mozilla/5.0 (Linux; Android 10; K) AppleWebKit/537.36 (KHTML, like Gecko) Chrome/125.0.0.0 Mobile Safari/537.36"
156.233.86.170 - - [10/Jun/2025:14:33:55 -0400] "GET /404 HTTP/1.1" 404 8472 "-" "Mozilla/5.0 (Linux; Android 10; K) AppleWebKit/537.36 (KHTML, like Gecko) Chrome/125.0.0.0 Mobile Safari/537.36"
185.240.76.114 - - [10/Jun/2025:14:45:47 -0400] "GET /wp-login.php HTTP/1.1" 302 0 "-" "Mozilla/5.0 (Windows NT 10.0; Win64; x64) AppleWebKit/537.36 (KHTML, like Gecko) Chrome/103.0.5060.134 Safari/537.36"
185.240.76.114 - - [10/Jun/2025:14:45:49 -0400] "GET /wp-login.php HTTP/1.1" 302 0 "-" "Mozilla/5.0 (Windows NT 10.0) AppleWebKit/537.36 (KHTML, like Gecko) Chrome/106.0.5249.168 Safari/537.36"
185.240.76.114 - - [10/Jun/2025:14:45:41 -0400] "GET /wp-login.php HTTP/1.1" 302 0 "-" "Mozilla/5.0 (Windows NT 6.3; Win64; x64) AppleWebKit/537.36 (KHTML, like Gecko) Chrome/104.0.5112.81 Safari/537.36"
198.54.114.35 - - [10/Jun/2025:14:45:45 -0400] "POST /wp-cron.php?doing_wp_cron=1749581145.2917399406433105468750 HTTP/1.1" 200 0 "-" "WordPress/6.8.1; https://client.socialdigiinnovator.com"
185.240.76.114 - - [10/Jun/2025:14:45:43 -0400] "GET /404 HTTP/1.1" 404 8472 "-" "Mozilla/5.0 (Windows NT 6.3; Win64; x64) AppleWebKit/537.36 (KHTML, like Gecko) Chrome/104.0.5112.81 Safari/537.36"
185.240.76.114 - - [10/Jun/2025:14:45:47 -0400] "GET /404 HTTP/1.1" 404 8472 "-" "Mozilla/5.0 (Windows NT 10.0; Win64; x64) AppleWebKit/537.36 (KHTML, like Gecko) Chrome/103.0.5060.134 Safari/537.36"
185.240.76.114 - - [10/Jun/2025:14:45:49 -0400] "GET /404 HTTP/1.1" 404 8470 "-" "Mozilla/5.0 (Windows NT 10.0) AppleWebKit/537.36 (KHTML, like Gecko) Chrome/106.0.5249.168 Safari/537.36"
185.240.76.114 - - [10/Jun/2025:14:45:50 -0400] "GET /wp-login.php HTTP/1.1" 302 0 "-" "Mozilla/5.0 (Windows NT 10.0) AppleWebKit/537.36 (KHTML, like Gecko) Chrome/105.0.5195.52 Safari/537.36"
185.240.76.114 - - [10/Jun/2025:14:45:51 -0400] "GET /404 HTTP/1.1" 404 8470 "-" "Mozilla/5.0 (Windows NT 10.0) AppleWebKit/537.36 (KHTML, like Gecko) Chrome/105.0.5195.52 Safari/537.36"
185.240.76.114 - - [10/Jun/2025:14:45:52 -0400] "GET /wp-login.php HTTP/1.1" 302 0 "-" "Mozilla/5.0 (Windows NT 6.3; Win64; x64) AppleWebKit/537.36 (KHTML, like Gecko) Chrome/105.0.5195.52 Safari/537.36"
185.240.76.114 - - [10/Jun/2025:14:45:52 -0400] "GET /404 HTTP/1.1" 404 8472 "-" "Mozilla/5.0 (Windows NT 6.3; Win64; x64) AppleWebKit/537.36 (KHTML, like Gecko) Chrome/105.0.5195.52 Safari/537.36"
146.235.204.148 - - [10/Jun/2025:15:23:56 -0400] "GET /.env HTTP/1.1" 403 1242 "-" "-"
170.39.218.62 - - [10/Jun/2025:16:37:06 -0400] "GET /wp-content/plugins/elementor/assets/js/webpack.runtime.min.js?ver=3.29.2 HTTP/1.1" 200 2319 "-" "Mozilla/5.0 (Windows NT 10.0; Win64; x64) AppleWebKit/537.36 Chrome/121.0.0.0"
43.173.1.69 - - [10/Jun/2025:16:40:34 -0400] "GET / HTTP/1.1" 200 9217 "http://client.socialdigiinnovator.com" "Mozilla/5.0 (iPhone; CPU iPhone OS 13_2_3 like Mac OS X) AppleWebKit/605.1.15 (KHTML, like Gecko) Version/13.0.3 Mobile/15E148 Safari/604.1"
170.39.218.62 - - [10/Jun/2025:16:43:27 -0400] "GET /wp-content/plugins/ultimate-member/assets/js/um-account.min.js?ver=2.10.4 HTTP/1.1" 200 679 "-" "Mozilla/5.0 (Macintosh; Intel Mac OS X 10_15_7) AppleWebKit/537.36 Chrome/120.0.0.0"
198.54.114.35 - - [10/Jun/2025:16:40:37 -0400] "POST /wp-cron.php?doing_wp_cron=1749588036.9679710865020751953125 HTTP/1.1" 200 0 "-" "WordPress/6.8.1; https://client.socialdigiinnovator.com"
47.82.60.6 - - [10/Jun/2025:17:17:54 -0400] "GET / HTTP/1.1" 200 9217 "https://client.socialdigiinnovator.com/" "Mozilla/5.0 (Windows NT 10.0; Win64; x64) AppleWebKit/537.36 (KHTML, like Gecko) Chrome/114.0.0.0 Safari/537.36 Edg/114.0.1823.43"
198.54.114.35 - - [10/Jun/2025:17:17:59 -0400] "POST /wp-cron.php?doing_wp_cron=1749590279.1405780315399169921875 HTTP/1.1" 200 0 "-" "WordPress/6.8.1; https://client.socialdigiinnovator.com"
198.54.114.35 - - [10/Jun/2025:17:46:35 -0400] "POST /wp-cron.php?doing_wp_cron=1749591995.2702240943908691406250 HTTP/1.1" 200 0 "-" "WordPress/6.8.1; https://client.socialdigiinnovator.com"
179.43.128.101 - - [10/Jun/2025:17:46:32 -0400] "GET / HTTP/1.1" 200 9215 "-" "Mozilla/5.0 (Macintosh; Intel Mac OS X 10_9_3) AppleWebKit/537.36 (KHTML, like Gecko) Chrome/35.0.1916.47 Safari/537.36"
2602:fb54:646:: - - [10/Jun/2025:19:49:19 -0400] "POST /wp-login.php HTTP/1.1" 302 0 "-" "Mozilla/5.0 (Windows NT 10.0; Win64; x64) AppleWebKit/537.36"
2602:fb54:646:: - - [10/Jun/2025:19:49:22 -0400] "GET /404 HTTP/1.1" 404 8472 "-" "Mozilla/5.0 (Windows NT 10.0; Win64; x64) AppleWebKit/537.36"
64.227.144.128 - - [10/Jun/2025:19:52:30 -0400] "GET /wp-content/uploads/2017-------/09/wp-console.php HTTP/1.1" 404 8472 "-" "Mozilla/5.0 (Linux; Android 11; M2010J19SI) AppleWebKit/537.36 (KHTML, like Gecko) Chrome/109.0.0.0 Mobile Safari/537.36"
64.227.144.128 - - [10/Jun/2025:19:52:39 -0400] "GET /wp-includes/js/crop/uword.php HTTP/1.1" 404 8472 "-" "Mozilla/5.0 (Linux; Android 11; M2010J19SI) AppleWebKit/537.36 (KHTML, like Gecko) Chrome/109.0.0.0 Mobile Safari/537.36"
64.227.144.128 - - [10/Jun/2025:19:52:52 -0400] "GET /autoload_classmap.php HTTP/1.1" 404 8472 "-" "Mozilla/5.0 (Linux; Android 11; M2010J19SI) AppleWebKit/537.36 (KHTML, like Gecko) Chrome/109.0.0.0 Mobile Safari/537.36"
64.227.144.128 - - [10/Jun/2025:19:52:58 -0400] "GET /wp-content/uploads/2014/07/olx.php HTTP/1.1" 404 8470 "-" "Mozilla/5.0 (Linux; Android 11; M2010J19SI) AppleWebKit/537.36 (KHTML, like Gecko) Chrome/109.0.0.0 Mobile Safari/537.36"
64.227.144.128 - - [10/Jun/2025:19:53:05 -0400] "GET /wp-admin/css/colors/midnight/ HTTP/1.1" 403 1242 "-" "Mozilla/5.0 (Linux; Android 11; M2010J19SI) AppleWebKit/537.36 (KHTML, like Gecko) Chrome/109.0.0.0 Mobile Safari/537.36"
64.227.144.128 - - [10/Jun/2025:19:53:11 -0400] "GET /wp-content/uploads/2020/wp-couldent.php.suspected HTTP/1.1" 404 8472 "-" "Mozilla/5.0 (Linux; Android 11; M2010J19SI) AppleWebKit/537.36 (KHTML, like Gecko) Chrome/109.0.0.0 Mobile Safari/537.36"
64.227.144.128 - - [10/Jun/2025:19:53:22 -0400] "GET /wp-includes/js/imgareaselect/index.php HTTP/1.1" 301 0 "-" "Mozilla/5.0 (Linux; Android 11; M2010J19SI) AppleWebKit/537.36 (KHTML, like Gecko) Chrome/109.0.0.0 Mobile Safari/537.36"
64.227.144.128 - - [10/Jun/2025:19:53:49 -0400] "GET /wp-content/themes/travelscape/json.php HTTP/1.1" 404 8470 "-" "Mozilla/5.0 (Linux; Android 11; M2010J19SI) AppleWebKit/537.36 (KHTML, like Gecko) Chrome/109.0.0.0 Mobile Safari/537.36"
64.227.144.128 - - [10/Jun/2025:19:53:57 -0400] "GET /wp-content/themes/travel/issue.php HTTP/1.1" 404 8470 "-" "Mozilla/5.0 (Linux; Android 11; M2010J19SI) AppleWebKit/537.36 (KHTML, like Gecko) Chrome/109.0.0.0 Mobile Safari/537.36"
64.227.144.128 - - [10/Jun/2025:19:54:18 -0400] "GET /wp-content/themes/digital-download/new.php HTTP/1.1" 404 8470 "-" "Mozilla/5.0 (Linux; Android 11; M2010J19SI) AppleWebKit/537.36 (KHTML, like Gecko) Chrome/109.0.0.0 Mobile Safari/537.36"
64.227.144.128 - - [10/Jun/2025:19:54:27 -0400] "GET /epinyins.php HTTP/1.1" 404 8470 "-" "Mozilla/5.0 (Linux; Android 11; M2010J19SI) AppleWebKit/537.36 (KHTML, like Gecko) Chrome/109.0.0.0 Mobile Safari/537.36"
198.54.114.35 - - [10/Jun/2025:19:54:36 -0400] "POST /wp-cron.php?doing_wp_cron=1749599676.4699530601501464843750 HTTP/1.1" 200 0 "-" "WordPress/6.8.1; https://client.socialdigiinnovator.com"
64.227.144.128 - - [10/Jun/2025:19:54:51 -0400] "GET /wp-admin/css/index.php HTTP/1.1" 301 0 "-" "Mozilla/5.0 (Linux; Android 11; M2010J19SI) AppleWebKit/537.36 (KHTML, like Gecko) Chrome/109.0.0.0 Mobile Safari/537.36"
64.227.144.128 - - [10/Jun/2025:19:54:51 -0400] "GET /wp-admin/css/ HTTP/1.1" 403 1242 "-" "Mozilla/5.0 (Linux; Android 11; M2010J19SI) AppleWebKit/537.36 (KHTML, like Gecko) Chrome/109.0.0.0 Mobile Safari/537.36"
64.227.144.128 - - [10/Jun/2025:19:54:58 -0400] "GET /wp-content/mah.php HTTP/1.1" 404 8470 "-" "Mozilla/5.0 (Linux; Android 11; M2010J19SI) AppleWebKit/537.36 (KHTML, like Gecko) Chrome/109.0.0.0 Mobile Safari/537.36"
64.227.144.128 - - [10/Jun/2025:19:55:07 -0400] "GET /wp-content/item.php HTTP/1.1" 404 8470 "-" "Mozilla/5.0 (Linux; Android 11; M2010J19SI) AppleWebKit/537.36 (KHTML, like Gecko) Chrome/109.0.0.0 Mobile Safari/537.36"
198.54.114.35 - - [10/Jun/2025:19:49:23 -0400] "POST /wp-cron.php?doing_wp_cron=1749599363.4187240600585937500000 HTTP/1.1" 200 0 "-" "WordPress/6.8.1; https://client.socialdigiinnovator.com"
198.54.114.35 - - [10/Jun/2025:19:52:33 -0400] "POST /wp-cron.php?doing_wp_cron=1749599553.8440909385681152343750 HTTP/1.1" 200 0 "-" "WordPress/6.8.1; https://client.socialdigiinnovator.com"
64.227.144.128 - - [10/Jun/2025:19:52:45 -0400] "GET /wp-content/themes/bltm/wp-login.php HTTP/1.1" 302 0 "-" "Mozilla/5.0 (Linux; Android 11; M2010J19SI) AppleWebKit/537.36 (KHTML, like Gecko) Chrome/109.0.0.0 Mobile Safari/537.36"
64.227.144.128 - - [10/Jun/2025:19:52:45 -0400] "GET /404 HTTP/1.1" 404 8472 "-" "Mozilla/5.0 (Linux; Android 11; M2010J19SI) AppleWebKit/537.36 (KHTML, like Gecko) Chrome/109.0.0.0 Mobile Safari/537.36"
64.227.144.128 - - [10/Jun/2025:19:53:04 -0400] "GET /wp-admin/css/colors/midnight/index.php HTTP/1.1" 301 0 "-" "Mozilla/5.0 (Linux; Android 11; M2010J19SI) AppleWebKit/537.36 (KHTML, like Gecko) Chrome/109.0.0.0 Mobile Safari/537.36"
64.227.144.128 - - [10/Jun/2025:19:53:16 -0400] "GET /wp-content/plugins/523453244/ninja.php HTTP/1.1" 404 8472 "-" "Mozilla/5.0 (Linux; Android 11; M2010J19SI) AppleWebKit/537.36 (KHTML, like Gecko) Chrome/109.0.0.0 Mobile Safari/537.36"
64.227.144.128 - - [10/Jun/2025:19:53:23 -0400] "GET /wp-includes/js/imgareaselect/ HTTP/1.1" 403 1242 "-" "Mozilla/5.0 (Linux; Android 11; M2010J19SI) AppleWebKit/537.36 (KHTML, like Gecko) Chrome/109.0.0.0 Mobile Safari/537.36"
64.227.144.128 - - [10/Jun/2025:19:53:28 -0400] "GET /wp-includes/PHPMailer/load.php HTTP/1.1" 404 8472 "-" "Mozilla/5.0 (Linux; Android 11; M2010J19SI) AppleWebKit/537.36 (KHTML, like Gecko) Chrome/109.0.0.0 Mobile Safari/537.36"
198.54.114.35 - - [10/Jun/2025:19:53:36 -0400] "POST /wp-cron.php?doing_wp_cron=1749599616.1333289146423339843750 HTTP/1.1" 200 0 "-" "WordPress/6.8.1; https://client.socialdigiinnovator.com"
64.227.144.128 - - [10/Jun/2025:19:53:35 -0400] "GET /wp-links.php HTTP/1.1" 404 8470 "-" "Mozilla/5.0 (Linux; Android 11; M2010J19SI) AppleWebKit/537.36 (KHTML, like Gecko) Chrome/109.0.0.0 Mobile Safari/537.36"
64.227.144.128 - - [10/Jun/2025:19:53:42 -0400] "GET /wp-aa.php HTTP/1.1" 404 8472 "-" "Mozilla/5.0 (Linux; Android 11; M2010J19SI) AppleWebKit/537.36 (KHTML, like Gecko) Chrome/109.0.0.0 Mobile Safari/537.36"
64.227.144.128 - - [10/Jun/2025:19:54:03 -0400] "GET /about.php HTTP/1.1" 404 8470 "-" "Mozilla/5.0 (Linux; Android 11; M2010J19SI) AppleWebKit/537.36 (KHTML, like Gecko) Chrome/109.0.0.0 Mobile Safari/537.36"
64.227.144.128 - - [10/Jun/2025:19:54:10 -0400] "GET /xx.php HTTP/1.1" 404 8470 "-" "Mozilla/5.0 (Linux; Android 11; M2010J19SI) AppleWebKit/537.36 (KHTML, like Gecko) Chrome/109.0.0.0 Mobile Safari/537.36"
64.227.144.128 - - [10/Jun/2025:19:54:36 -0400] "GET /wp-admin/dropdown.php HTTP/1.1" 404 8470 "-" "Mozilla/5.0 (Linux; Android 11; M2010J19SI) AppleWebKit/537.36 (KHTML, like Gecko) Chrome/109.0.0.0 Mobile Safari/537.36"
64.227.144.128 - - [10/Jun/2025:19:54:43 -0400] "GET /dropdown.php HTTP/1.1" 404 8470 "-" "Mozilla/5.0 (Linux; Android 11; M2010J19SI) AppleWebKit/537.36 (KHTML, like Gecko) Chrome/109.0.0.0 Mobile Safari/537.36"
64.227.144.128 - - [10/Jun/2025:19:55:17 -0400] "GET /wp-content/plugins/shell/about.php HTTP/1.1" 404 8472 "-" "Mozilla/5.0 (Linux; Android 11; M2010J19SI) AppleWebKit/537.36 (KHTML, like Gecko) Chrome/109.0.0.0 Mobile Safari/537.36"
64.227.144.128 - - [10/Jun/2025:19:55:32 -0400] "GET /wp-content/plugins/fix/up.php HTTP/1.1" 404 8472 "-" "Mozilla/5.0 (Linux; Android 11; M2010J19SI) AppleWebKit/537.36 (KHTML, like Gecko) Chrome/109.0.0.0 Mobile Safari/537.36"
64.227.144.128 - - [10/Jun/2025:19:55:40 -0400] "GET /wp-content/plugins/ph-file-manager/wp-file.php HTTP/1.1" 404 8470 "-" "Mozilla/5.0 (Linux; Android 11; M2010J19SI) AppleWebKit/537.36 (KHTML, like Gecko) Chrome/109.0.0.0 Mobile Safari/537.36"
64.227.144.128 - - [10/Jun/2025:19:55:54 -0400] "GET /wp-content/plugins/wp-help/mini.php HTTP/1.1" 404 8470 "-" "Mozilla/5.0 (Linux; Android 11; M2010J19SI) AppleWebKit/537.36 (KHTML, like Gecko) Chrome/109.0.0.0 Mobile Safari/537.36"
64.227.144.128 - - [10/Jun/2025:19:56:03 -0400] "GET /wp-content/themes/travel/issue.php HTTP/1.1" 404 8470 "-" "Mozilla/5.0 (Linux; Android 11; M2010J19SI) AppleWebKit/537.36 (KHTML, like Gecko) Chrome/109.0.0.0 Mobile Safari/537.36"
64.227.144.128 - - [10/Jun/2025:19:56:27 -0400] "GET /ext.php HTTP/1.1" 404 8470 "-" "Mozilla/5.0 (Linux; Android 11; M2010J19SI) AppleWebKit/537.36 (KHTML, like Gecko) Chrome/109.0.0.0 Mobile Safari/537.36"
64.227.144.128 - - [10/Jun/2025:19:55:24 -0400] "GET /wp-content/plugins/pwnd/pwnd.php HTTP/1.1" 404 8472 "-" "Mozilla/5.0 (Linux; Android 11; M2010J19SI) AppleWebKit/537.36 (KHTML, like Gecko) Chrome/109.0.0.0 Mobile Safari/537.36"
198.54.114.35 - - [10/Jun/2025:19:55:40 -0400] "POST /wp-cron.php?doing_wp_cron=1749599740.7116630077362060546875 HTTP/1.1" 200 0 "-" "WordPress/6.8.1; https://client.socialdigiinnovator.com"
64.227.144.128 - - [10/Jun/2025:19:55:47 -0400] "GET /wp-content/plugins/root-file-manager/wp-file.php HTTP/1.1" 404 8470 "-" "Mozilla/5.0 (Linux; Android 11; M2010J19SI) AppleWebKit/537.36 (KHTML, like Gecko) Chrome/109.0.0.0 Mobile Safari/537.36"
64.227.144.128 - - [10/Jun/2025:19:56:11 -0400] "GET /wp-content/themes/jaida/lang.php HTTP/1.1" 404 8472 "-" "Mozilla/5.0 (Linux; Android 11; M2010J19SI) AppleWebKit/537.36 (KHTML, like Gecko) Chrome/109.0.0.0 Mobile Safari/537.36"
64.227.144.128 - - [10/Jun/2025:19:56:19 -0400] "GET /wp-l0gin.php HTTP/1.1" 404 8472 "-" "Mozilla/5.0 (Linux; Android 11; M2010J19SI) AppleWebKit/537.36 (KHTML, like Gecko) Chrome/109.0.0.0 Mobile Safari/537.36"
198.54.114.35 - - [10/Jun/2025:19:56:34 -0400] "POST /wp-cron.php?doing_wp_cron=1749599794.6883559226989746093750 HTTP/1.1" 200 0 "-" "WordPress/6.8.1; https://client.socialdigiinnovator.com"
64.227.144.128 - - [10/Jun/2025:19:56:34 -0400] "GET /wp-l0gin.php HTTP/1.1" 404 8470 "-" "Mozilla/5.0 (Linux; Android 11; M2010J19SI) AppleWebKit/537.36 (KHTML, like Gecko) Chrome/109.0.0.0 Mobile Safari/537.36"
198.54.114.35 - - [10/Jun/2025:20:46:12 -0400] "POST /wp-cron.php?doing_wp_cron=1749602772.5992379188537597656250 HTTP/1.1" 200 0 "-" "WordPress/6.8.1; https://client.socialdigiinnovator.com"
216.244.66.226 - - [10/Jun/2025:20:46:12 -0400] "GET /?redirect_to=https%3A%2F%2Fclient.socialdigiinnovator.com%2Frobots.txt HTTP/1.1" 200 9211 "-" "Mozilla/5.0 (compatible; DotBot/1.2; +https://opensiteexplorer.org/dotbot; help@moz.com)"
198.54.114.35 - - [10/Jun/2025:20:47:04 -0400] "POST /wp-cron.php?doing_wp_cron=1749602824.0920341014862060546875 HTTP/1.1" 200 0 "-" "WordPress/6.8.1; https://client.socialdigiinnovator.com"
198.54.114.35 - - [10/Jun/2025:20:47:03 -0400] "GET / HTTP/1.1" 200 9216 "-" "Mozilla/5.0 (Windows NT 10.0; Win64; x64; rv:122.0) Gecko/20100101 Firefox/122.0"
198.54.114.35 - - [10/Jun/2025:20:53:19 -0400] "POST /wp-cron.php?doing_wp_cron=1749603199.0886020660400390625000 HTTP/1.1" 200 0 "-" "WordPress/6.8.1; https://client.socialdigiinnovator.com"
216.244.66.226 - - [10/Jun/2025:20:46:09 -0400] "GET /robots.txt HTTP/1.1" 302 0 "-" "Mozilla/5.0 (compatible; DotBot/1.2; +https://opensiteexplorer.org/dotbot; help@moz.com)"
157.230.44.159 - - [10/Jun/2025:20:53:14 -0400] "GET /wp-login.php HTTP/1.1" 302 0 "-" "Mozila/5.0"
157.230.44.159 - - [10/Jun/2025:20:53:16 -0400] "GET /404 HTTP/1.1" 404 8471 "-" "Mozila/5.0"
8.208.12.196 - - [10/Jun/2025:20:57:00 -0400] "GET /404 HTTP/1.1" 404 8471 "http://client.socialdigiinnovator.com/wp-admin/" "Mozilla/5.0 (Windows NT 10.0; Win64; x64) AppleWebKit/537.36 (KHTML, like Gecko) Chrome/90.0.4430.85 Safari/537.36"
8.208.12.196 - - [10/Jun/2025:20:57:10 -0400] "GET /404 HTTP/1.1" 404 8471 "http://client.socialdigiinnovator.com/wp-admin/" "Mozilla/5.0 (Windows NT 10.0; Win64; x64) AppleWebKit/537.36 (KHTML, like Gecko) Chrome/90.0.4430.85 Safari/537.36"
8.208.12.196 - - [10/Jun/2025:20:56:58 -0400] "GET /wp-login.php HTTP/1.1" 302 0 "http://client.socialdigiinnovator.com/wp-admin/" "Mozilla/5.0 (Windows NT 10.0; Win64; x64) AppleWebKit/537.36 (KHTML, like Gecko) Chrome/90.0.4430.85 Safari/537.36"
198.54.114.35 - - [10/Jun/2025:20:57:01 -0400] "POST /wp-cron.php?doing_wp_cron=1749603421.3854539394378662109375 HTTP/1.1" 200 0 "-" "WordPress/6.8.1; https://client.socialdigiinnovator.com"
8.208.12.196 - - [10/Jun/2025:20:57:09 -0400] "POST /404/wp-login.php HTTP/1.1" 302 0 "http://client.socialdigiinnovator.com/wp-admin/" "Mozilla/5.0 (Windows NT 10.0; Win64; x64) AppleWebKit/537.36 (KHTML, like Gecko) Chrome/90.0.4430.85 Safari/537.36"
8.208.12.196 - - [10/Jun/2025:20:57:11 -0400] "GET /404/wp-admin/ HTTP/1.1" 404 8471 "www.google.com" "Mozilla/5.0 (Windows NT 10.0; Win64; x64) AppleWebKit/537.36 (KHTML, like Gecko) Chrome/90.0.4430.85 Safari/537.36"
170.39.218.62 - - [10/Jun/2025:21:30:07 -0400] "GET /wp-includes/js/dist/hooks.min.js?ver=4d63a3d491d11ffd8ac6 HTTP/1.1" 200 1571 "-" "Mozilla/5.0 (Macintosh; Intel Mac OS X 10_15_7) AppleWebKit/537.36 Chrome/120.0.0.0"
207.46.13.229 - - [10/Jun/2025:21:43:13 -0400] "GET /robots.txt HTTP/1.1" 302 0 "-" "Mozilla/5.0 AppleWebKit/537.36 (KHTML, like Gecko; compatible; bingbot/2.0; +http://www.bing.com/bingbot.htm) Chrome/116.0.1938.76 Safari/537.36"
198.54.114.35 - - [10/Jun/2025:21:43:16 -0400] "POST /wp-cron.php?doing_wp_cron=1749606196.4876310825347900390625 HTTP/1.1" 200 0 "-" "WordPress/6.8.1; https://client.socialdigiinnovator.com"
207.46.13.229 - - [10/Jun/2025:21:43:16 -0400] "GET /?redirect_to=https%3A%2F%2Fclient.socialdigiinnovator.com%2Frobots.txt HTTP/1.1" 200 9211 "-" "Mozilla/5.0 AppleWebKit/537.36 (KHTML, like Gecko; compatible; bingbot/2.0; +http://www.bing.com/bingbot.htm) Chrome/116.0.1938.76 Safari/537.36"
40.77.167.52 - - [10/Jun/2025:21:43:28 -0400] "GET /index.php/fa7indeliberationfab23404539.htm HTTP/1.1" 301 0 "-" "Mozilla/5.0 AppleWebKit/537.36 (KHTML, like Gecko; compatible; bingbot/2.0; +http://www.bing.com/bingbot.htm) Chrome/116.0.1938.76 Safari/537.36"
101.33.55.204 - - [10/Jun/2025:23:28:42 -0400] "GET / HTTP/1.1" 200 9216 "http://client.socialdigiinnovator.com" "Mozilla/5.0 (iPhone; CPU iPhone OS 13_2_3 like Mac OS X) AppleWebKit/605.1.15 (KHTML, like Gecko) Version/13.0.3 Mobile/15E148 Safari/604.1"
198.54.114.35 - - [10/Jun/2025:23:28:46 -0400] "POST /wp-cron.php?doing_wp_cron=1749612526.2857089042663574218750 HTTP/1.1" 200 0 "-" "WordPress/6.8.1; https://client.socialdigiinnovator.com"